Bio-VertRes-Config v1.133090 Perl 5 v5.27.6 MSWin32-x86-multi-thread-64int

Status
Fail
From
Alexandr Ciornii (CHORNY)
Dist
Bio-VertRes-Config v1.133090
Platform
Perl 5 v5.27.6 MSWin32-x86-multi-thread-64int
Date
2018-02-16 12:07:27
ID
936b47bd-6ca5-1014-aec4-6fcc76bcab4d
This distribution has been tested as part of the CPAN Testers
project, supporting the Perl programming language.  See
http://wiki.cpantesters.org/ for more information or email
questions to cpan-testers-discuss@perl.org


--
Dear Andrew Page,

This is a computer-generated report for Bio-VertRes-Config-1.133090
on perl 5.27.6, created by CPAN-Reporter-1.2018.

Thank you for uploading your work to CPAN.  However, there was a problem
testing your distribution.

If you think this report is invalid, please consult the CPAN Testers Wiki
for suggestions on how to avoid getting FAIL reports for missing library
or binary dependencies, unsupported operating systems, and so on:

http://wiki.cpantesters.org/wiki/CPANAuthorNotes

Sections of this report:

    * Tester comments
    * Program output
    * Prerequisites
    * Environment and other context

------------------------------
TESTER COMMENTS
------------------------------

Additional comments from tester:

this report is from an automated smoke testing program
and was not reviewed by a human for accuracy

------------------------------
PROGRAM OUTPUT
------------------------------

Output from 'C:\STRAWB~1\c\bin\gmake.exe test':

"C:\Strawberry276\perl\bin\perl.exe" "-MExtUtils::Command::MM" "-MTest::Harness" "-e" "undef *Test::Harness::Switches; test_harness(0, 'blib\lib', 'blib\arch')" t/Bio/VertRes/Config/*.t t/Bio/VertRes/Config/CommandLine/*.t t/Bio/VertRes/Config/Pipelines/*.t t/Bio/VertRes/Config/Recipes/*.t t/bin/*.t

#   Failed test 'files created as expected for -d some_other_db_name -t study -i ZZZ  -c C:\DOCUME~1\a\LOCALS~1\Temp\_Z_6xqzwwg -l t/data/refs.index'
#   at t/lib/TestHelper.pm line 55.
#     Structures begin differing at:
#          $got->[0] = Does not exist
#     $expected->[0] = 'command_line.log'

#   Failed test 'files created as expected for -t file -i t/data/lanes_file  -c C:\DOCUME~1\a\LOCALS~1\Temp\2m5SDn7pW3 -l t/data/refs.index'
#   at t/lib/TestHelper.pm line 55.
#     Structures begin differing at:
#          $got->[0] = Does not exist
#     $expected->[0] = 'command_line.log'

#   Failed test 'files created as expected for -t lane -i 1234_5#6  -c C:\DOCUME~1\a\LOCALS~1\Temp\JfXokxglaL -l t/data/refs.index'
#   at t/lib/TestHelper.pm line 55.
#     Structures begin differing at:
#          $got->[0] = Does not exist
#     $expected->[0] = 'command_line.log'

#   Failed test 'files created as expected for -t library -i libname  -c C:\DOCUME~1\a\LOCALS~1\Temp\GplmVR6qPK -l t/data/refs.index'
#   at t/lib/TestHelper.pm line 55.
#     Structures begin differing at:
#          $got->[0] = Does not exist
#     $expected->[0] = 'command_line.log'

#   Failed test 'files created as expected for -t sample -i sample  -c C:\DOCUME~1\a\LOCALS~1\Temp\CuI47OMC9D -l t/data/refs.index'
#   at t/lib/TestHelper.pm line 55.
#     Structures begin differing at:
#          $got->[0] = Does not exist
#     $expected->[0] = 'command_line.log'

#   Failed test 'files created as expected for -t study -i ZZZ -c C:\DOCUME~1\a\LOCALS~1\Temp\l73ZwWfcyA -l t/data/refs.index'
#   at t/lib/TestHelper.pm line 55.
#     Structures begin differing at:
#          $got->[0] = Does not exist
#     $expected->[0] = 'command_line.log'

#   Failed test 'files created as expected for -t study -i ZZZ  -s Staphylococcus_aureus -c C:\DOCUME~1\a\LOCALS~1\Temp\ETGNmqSPgn -l t/data/refs.index'
#   at t/lib/TestHelper.pm line 55.
#     Structures begin differing at:
#          $got->[0] = Does not exist
#     $expected->[0] = 'command_line.log'

#   Failed test 'files created as expected for -t study -i ZZZ -assembler spades -c C:\DOCUME~1\a\LOCALS~1\Temp\pb3wF05XuC -l t/data/refs.index'
#   at t/lib/TestHelper.pm line 55.
#     Structures begin differing at:
#          $got->[0] = Does not exist
#     $expected->[0] = 'command_line.log'
# Looks like you failed 8 tests of 8.
t/bin/bacteria_assembly_and_annotation.t ........................... 
Dubious, test returned 8 (wstat 2048, 0x800)
Failed 8/8 subtests 

#   Failed test 'files created as expected for -d some_other_db_name -t study -i ZZZ  -c C:\DOCUME~1\a\LOCALS~1\Temp\mGWI9ZHiFg -l t/data/refs.index'
#   at t/lib/TestHelper.pm line 55.
#     Structures begin differing at:
#          $got->[0] = Does not exist
#     $expected->[0] = 'command_line.log'

#   Failed test 'files created as expected for -t file -i t/data/lanes_file  -c C:\DOCUME~1\a\LOCALS~1\Temp\Bu9P9_7RiH -l t/data/refs.index'
#   at t/lib/TestHelper.pm line 55.
#     Structures begin differing at:
#          $got->[0] = Does not exist
#     $expected->[0] = 'command_line.log'

#   Failed test 'files created as expected for -t lane -i 1234_5#6  -c C:\DOCUME~1\a\LOCALS~1\Temp\MqxksiZDrp -l t/data/refs.index'
#   at t/lib/TestHelper.pm line 55.
#     Structures begin differing at:
#          $got->[0] = Does not exist
#     $expected->[0] = 'command_line.log'

#   Failed test 'files created as expected for -t library -i libname  -c C:\DOCUME~1\a\LOCALS~1\Temp\2GtIm5MBnm -l t/data/refs.index'
#   at t/lib/TestHelper.pm line 55.
#     Structures begin differing at:
#          $got->[0] = Does not exist
#     $expected->[0] = 'command_line.log'

#   Failed test 'files created as expected for -t sample -i sample  -c C:\DOCUME~1\a\LOCALS~1\Temp\GmBL5xqurf -l t/data/refs.index'
#   at t/lib/TestHelper.pm line 55.
#     Structures begin differing at:
#          $got->[0] = Does not exist
#     $expected->[0] = 'command_line.log'

#   Failed test 'files created as expected for -t study -i ZZZ -c C:\DOCUME~1\a\LOCALS~1\Temp\HFEU75NqdV -l t/data/refs.index'
#   at t/lib/TestHelper.pm line 55.
#     Structures begin differing at:
#          $got->[0] = Does not exist
#     $expected->[0] = 'command_line.log'
# Looks like you failed 6 tests of 6.
t/bin/bacteria_assembly_single_cell.t .............................. 
Dubious, test returned 6 (wstat 1536, 0x600)
Failed 6/6 subtests 

#   Failed test 'files created as expected for -a ABC -c C:\DOCUME~1\a\LOCALS~1\Temp\qp4rofPIKw -l t/data/refs.index'
#   at t/lib/TestHelper.pm line 55.
#     Structures begin differing at:
#          $got->[0] = Does not exist
#     $expected->[0] = 'command_line.log'

#   Failed test 'files created as expected for -t file -i t/data/lanes_file -r ABC -c C:\DOCUME~1\a\LOCALS~1\Temp\DIFl9x6hvw -l t/data/refs.index'
#   at t/lib/TestHelper.pm line 55.
#     Structures begin differing at:
#          $got->[0] = Does not exist
#     $expected->[0] = 'command_line.log'

#   Failed test 'files created as expected for -t lane -i 1234_5#6 -r ABC -c C:\DOCUME~1\a\LOCALS~1\Temp\VM1GVKwCnU -l t/data/refs.index'
#   at t/lib/TestHelper.pm line 55.
#     Structures begin differing at:
#          $got->[0] = Does not exist
#     $expected->[0] = 'command_line.log'

#   Failed test 'files created as expected for -t library -i libname -r ABC -c C:\DOCUME~1\a\LOCALS~1\Temp\mhjNMgErL_ -l t/data/refs.index'
#   at t/lib/TestHelper.pm line 55.
#     Structures begin differing at:
#          $got->[0] = Does not exist
#     $expected->[0] = 'command_line.log'

#   Failed test 'files created as expected for -t sample -i sample -r ABC -c C:\DOCUME~1\a\LOCALS~1\Temp\i9USyNg8_j -l t/data/refs.index'
#   at t/lib/TestHelper.pm line 55.
#     Structures begin differing at:
#          $got->[0] = Does not exist
#     $expected->[0] = 'command_line.log'

#   Failed test 'files created as expected for -t study -i ZZZ -r ABC -c C:\DOCUME~1\a\LOCALS~1\Temp\uLFzjIJ65z -l t/data/refs.index'
#   at t/lib/TestHelper.pm line 55.
#     Structures begin differing at:
#          $got->[0] = Does not exist
#     $expected->[0] = 'command_line.log'

#   Failed test 'files created as expected for -t study -i ZZZ -r ABC -m bowtie2 -c C:\DOCUME~1\a\LOCALS~1\Temp\bvVpsXSUUD -l t/data/refs.index'
#   at t/lib/TestHelper.pm line 55.
#     Structures begin differing at:
#          $got->[0] = Does not exist
#     $expected->[0] = 'command_line.log'

#   Failed test 'files created as expected for -t study -i ZZZ -r ABC -m bwa -c C:\DOCUME~1\a\LOCALS~1\Temp\5pTT5VmQAC -l t/data/refs.index'
#   at t/lib/TestHelper.pm line 55.
#     Structures begin differing at:
#          $got->[0] = Does not exist
#     $expected->[0] = 'command_line.log'

#   Failed test 'files created as expected for -t study -i ZZZ -r ABC -m ssaha2 -c C:\DOCUME~1\a\LOCALS~1\Temp\4PAJEVaTur -l t/data/refs.index'
#   at t/lib/TestHelper.pm line 55.
#     Structures begin differing at:
#          $got->[0] = Does not exist
#     $expected->[0] = 'command_line.log'

#   Failed test 'files created as expected for -t study -i ZZZ -r ABC -m stampy -c C:\DOCUME~1\a\LOCALS~1\Temp\O3GFgrISxn -l t/data/refs.index'
#   at t/lib/TestHelper.pm line 55.
#     Structures begin differing at:
#          $got->[0] = Does not exist
#     $expected->[0] = 'command_line.log'

#   Failed test 'files created as expected for -t study -i ZZZ -r ABC -m tophat -c C:\DOCUME~1\a\LOCALS~1\Temp\O3etV_QlA1 -l t/data/refs.index'
#   at t/lib/TestHelper.pm line 55.
#     Structures begin differing at:
#          $got->[0] = Does not exist
#     $expected->[0] = 'command_line.log'

#   Failed test 'files created as expected for -t study -i ZZZ -r ABC -p StandardProtocol -c C:\DOCUME~1\a\LOCALS~1\Temp\5WN7NdPC9x -l t/data/refs.index'
#   at t/lib/TestHelper.pm line 55.
#     Structures begin differing at:
#          $got->[0] = Does not exist
#     $expected->[0] = 'command_line.log'

#   Failed test 'files created as expected for -t study -i ZZZ -r ABC -s "Staphylococcus_aureus" -c C:\DOCUME~1\a\LOCALS~1\Temp\fSuS0mRXYK -l t/data/refs.index'
#   at t/lib/TestHelper.pm line 55.
#     Structures begin differing at:
#          $got->[0] = Does not exist
#     $expected->[0] = 'command_line.log'
# Looks like you failed 13 tests of 13.
t/bin/bacteria_mapping.t ........................................... 
Dubious, test returned 13 (wstat 3328, 0xd00)
Failed 13/13 subtests 

#   Failed test 'files created as expected for -a ABC  -c C:\DOCUME~1\a\LOCALS~1\Temp\bheHPQafAZ -l t/data/refs.index'
#   at t/lib/TestHelper.pm line 55.
#     Structures begin differing at:
#          $got->[0] = Does not exist
#     $expected->[0] = 'command_line.log'

#   Failed test 'files created as expected for -d some_other_db_name -t study -i ZZZ -r ABC -c C:\DOCUME~1\a\LOCALS~1\Temp\jBbBiFyseO -l t/data/refs.index'
#   at t/lib/TestHelper.pm line 55.
#     Structures begin differing at:
#          $got->[0] = Does not exist
#     $expected->[0] = 'command_line.log'

#   Failed test 'files created as expected for -t file -i t/data/lanes_file -r ABC -c C:\DOCUME~1\a\LOCALS~1\Temp\ZyMLsYah6v -l t/data/refs.index'
#   at t/lib/TestHelper.pm line 55.
#     Structures begin differing at:
#          $got->[0] = Does not exist
#     $expected->[0] = 'command_line.log'

#   Failed test 'files created as expected for -t lane -i 1234_5#6 -r ABC -c C:\DOCUME~1\a\LOCALS~1\Temp\upB4rQV7iW -l t/data/refs.index'
#   at t/lib/TestHelper.pm line 55.
#     Structures begin differing at:
#          $got->[0] = Does not exist
#     $expected->[0] = 'command_line.log'

#   Failed test 'files created as expected for -t library -i libname -r ABC -c C:\DOCUME~1\a\LOCALS~1\Temp\D10mUqbqt1 -l t/data/refs.index'
#   at t/lib/TestHelper.pm line 55.
#     Structures begin differing at:
#          $got->[0] = Does not exist
#     $expected->[0] = 'command_line.log'

#   Failed test 'files created as expected for -t sample -i sample -r ABC -c C:\DOCUME~1\a\LOCALS~1\Temp\Y8tvNFcRPf -l t/data/refs.index'
#   at t/lib/TestHelper.pm line 55.
#     Structures begin differing at:
#          $got->[0] = Does not exist
#     $expected->[0] = 'command_line.log'

#   Failed test 'files created as expected for -t study -i ZZZ -r ABC -c C:\DOCUME~1\a\LOCALS~1\Temp\9EuST4xcH3 -l t/data/refs.index'
#   at t/lib/TestHelper.pm line 55.
#     Structures begin differing at:
#          $got->[0] = Does not exist
#     $expected->[0] = 'command_line.log'

#   Failed test 'files created as expected for -t study -i ZZZ -r ABC -assembler spades -c C:\DOCUME~1\a\LOCALS~1\Temp\EL_91E4hlE -l t/data/refs.index'
#   at t/lib/TestHelper.pm line 55.
#     Structures begin differing at:
#          $got->[0] = Does not exist
#     $expected->[0] = 'command_line.log'

#   Failed test 'files created as expected for -t study -i ZZZ -r ABC -s Staphylococcus_aureus -c C:\DOCUME~1\a\LOCALS~1\Temp\8653HhBSe9 -l t/data/refs.index'
#   at t/lib/TestHelper.pm line 55.
#     Structures begin differing at:
#          $got->[0] = Does not exist
#     $expected->[0] = 'command_line.log'
# Looks like you failed 9 tests of 9.
t/bin/bacteria_register_and_qc_study.t ............................. 
Dubious, test returned 9 (wstat 2304, 0x900)
Failed 9/9 subtests 

#   Failed test 'files created as expected for -a ABC  -c C:\DOCUME~1\a\LOCALS~1\Temp\AMfGSm2ad3 -l t/data/refs.index'
#   at t/lib/TestHelper.pm line 55.
#     Structures begin differing at:
#          $got->[0] = Does not exist
#     $expected->[0] = 'command_line.log'

#   Failed test 'files created as expected for -t file -i t/data/lanes_file -r ABC -c C:\DOCUME~1\a\LOCALS~1\Temp\6SP_JAJGVJ -l t/data/refs.index'
#   at t/lib/TestHelper.pm line 55.
#     Structures begin differing at:
#          $got->[0] = Does not exist
#     $expected->[0] = 'command_line.log'

#   Failed test 'files created as expected for -t lane -i 1234_5#6 -r ABC -c C:\DOCUME~1\a\LOCALS~1\Temp\JjBjBJywOT -l t/data/refs.index'
#   at t/lib/TestHelper.pm line 55.
#     Structures begin differing at:
#          $got->[0] = Does not exist
#     $expected->[0] = 'command_line.log'

#   Failed test 'files created as expected for -t library -i libname -r ABC -c C:\DOCUME~1\a\LOCALS~1\Temp\MktwWC99i_ -l t/data/refs.index'
#   at t/lib/TestHelper.pm line 55.
#     Structures begin differing at:
#          $got->[0] = Does not exist
#     $expected->[0] = 'command_line.log'

#   Failed test 'files created as expected for -t sample -i sample -r ABC -c C:\DOCUME~1\a\LOCALS~1\Temp\whhT6uZ0tU -l t/data/refs.index'
#   at t/lib/TestHelper.pm line 55.
#     Structures begin differing at:
#          $got->[0] = Does not exist
#     $expected->[0] = 'command_line.log'

#   Failed test 'files created as expected for -t study -i ZZZ -r ABC -c C:\DOCUME~1\a\LOCALS~1\Temp\ZWxi6us4SQ -l t/data/refs.index'
#   at t/lib/TestHelper.pm line 55.
#     Structures begin differing at:
#          $got->[0] = Does not exist
#     $expected->[0] = 'command_line.log'

#   Failed test 'files created as expected for -t study -i ZZZ -r ABC -m bowtie2 -c C:\DOCUME~1\a\LOCALS~1\Temp\tDIAGLRQiC -l t/data/refs.index'
#   at t/lib/TestHelper.pm line 55.
#     Structures begin differing at:
#          $got->[0] = Does not exist
#     $expected->[0] = 'command_line.log'

#   Failed test 'files created as expected for -t study -i ZZZ -r ABC -m smalt -c C:\DOCUME~1\a\LOCALS~1\Temp\qgLHfI9W8B -l t/data/refs.index'
#   at t/lib/TestHelper.pm line 55.
#     Structures begin differing at:
#          $got->[0] = Does not exist
#     $expected->[0] = 'command_line.log'

#   Failed test 'files created as expected for -t study -i ZZZ -r ABC -m stampy -c C:\DOCUME~1\a\LOCALS~1\Temp\yDq_CQBo_D -l t/data/refs.index'
#   at t/lib/TestHelper.pm line 55.
#     Structures begin differing at:
#          $got->[0] = Does not exist
#     $expected->[0] = 'command_line.log'

#   Failed test 'files created as expected for -t study -i ZZZ -r ABC -m tophat -c C:\DOCUME~1\a\LOCALS~1\Temp\dUBhwJjBES -l t/data/refs.index'
#   at t/lib/TestHelper.pm line 55.
#     Structures begin differing at:
#          $got->[0] = Does not exist
#     $expected->[0] = 'command_line.log'

#   Failed test 'files created as expected for -t study -i ZZZ -r ABC -p "StandardProtocol" -c C:\DOCUME~1\a\LOCALS~1\Temp\dNRnHzpO0y -l t/data/refs.index'
#   at t/lib/TestHelper.pm line 55.
#     Structures begin differing at:
#          $got->[0] = Does not exist
#     $expected->[0] = 'command_line.log'

#   Failed test 'files created as expected for -t study -i ZZZ -r ABC -s Staphylococcus_aureus -c C:\DOCUME~1\a\LOCALS~1\Temp\yQDj3nnHQw -l t/data/refs.index'
#   at t/lib/TestHelper.pm line 55.
#     Structures begin differing at:
#          $got->[0] = Does not exist
#     $expected->[0] = 'command_line.log'
# Looks like you failed 12 tests of 12.
t/bin/bacteria_rna_seq_expression.t ................................ 
Dubious, test returned 12 (wstat 3072, 0xc00)
Failed 12/12 subtests 

#   Failed test 'files created as expected for -a ABC  -c C:\DOCUME~1\a\LOCALS~1\Temp\RKMmRMpYL3 -l t/data/refs.index'
#   at t/lib/TestHelper.pm line 55.
#     Structures begin differing at:
#          $got->[0] = Does not exist
#     $expected->[0] = 'command_line.log'

#   Failed test 'files created as expected for -t file -i t/data/lanes_file -r ABC -c C:\DOCUME~1\a\LOCALS~1\Temp\PWJ__PAnZ1 -l t/data/refs.index'
#   at t/lib/TestHelper.pm line 55.
#     Structures begin differing at:
#          $got->[0] = Does not exist
#     $expected->[0] = 'command_line.log'

#   Failed test 'files created as expected for -t lane -i 1234_5#6 -r ABC -c C:\DOCUME~1\a\LOCALS~1\Temp\gAuGHAHB3h -l t/data/refs.index'
#   at t/lib/TestHelper.pm line 55.
#     Structures begin differing at:
#          $got->[0] = Does not exist
#     $expected->[0] = 'command_line.log'

#   Failed test 'files created as expected for -t library -i libname -r ABC -c C:\DOCUME~1\a\LOCALS~1\Temp\u6ibAEuKjJ -l t/data/refs.index'
#   at t/lib/TestHelper.pm line 55.
#     Structures begin differing at:
#          $got->[0] = Does not exist
#     $expected->[0] = 'command_line.log'

#   Failed test 'files created as expected for -t sample -i sample -r ABC -c C:\DOCUME~1\a\LOCALS~1\Temp\uXwNRSsVJa -l t/data/refs.index'
#   at t/lib/TestHelper.pm line 55.
#     Structures begin differing at:
#          $got->[0] = Does not exist
#     $expected->[0] = 'command_line.log'

#   Failed test 'files created as expected for -t study -i ZZZ -r ABC -c C:\DOCUME~1\a\LOCALS~1\Temp\lVK0jLxP4l -l t/data/refs.index'
#   at t/lib/TestHelper.pm line 55.
#     Structures begin differing at:
#          $got->[0] = Does not exist
#     $expected->[0] = 'command_line.log'

#   Failed test 'files created as expected for -t study -i ZZZ -r ABC -m bowtie2 -c C:\DOCUME~1\a\LOCALS~1\Temp\ad1LuDicuC -l t/data/refs.index'
#   at t/lib/TestHelper.pm line 55.
#     Structures begin differing at:
#          $got->[0] = Does not exist
#     $expected->[0] = 'command_line.log'

#   Failed test 'files created as expected for -t study -i ZZZ -r ABC -m bwa -c C:\DOCUME~1\a\LOCALS~1\Temp\loZNvIqOK4 -l t/data/refs.index'
#   at t/lib/TestHelper.pm line 55.
#     Structures begin differing at:
#          $got->[0] = Does not exist
#     $expected->[0] = 'command_line.log'

#   Failed test 'files created as expected for -t study -i ZZZ -r ABC -m ssaha2 -c C:\DOCUME~1\a\LOCALS~1\Temp\hTwS1bph41 -l t/data/refs.index'
#   at t/lib/TestHelper.pm line 55.
#     Structures begin differing at:
#          $got->[0] = Does not exist
#     $expected->[0] = 'command_line.log'

#   Failed test 'files created as expected for -t study -i ZZZ -r ABC -m stampy -c C:\DOCUME~1\a\LOCALS~1\Temp\ZhQEsDtbRD -l t/data/refs.index'
#   at t/lib/TestHelper.pm line 55.
#     Structures begin differing at:
#          $got->[0] = Does not exist
#     $expected->[0] = 'command_line.log'

#   Failed test 'files created as expected for -t study -i ZZZ -r ABC -s Staphylococcus_aureus -c C:\DOCUME~1\a\LOCALS~1\Temp\lQyuTw0Kw7 -l t/data/refs.index'
#   at t/lib/TestHelper.pm line 55.
#     Structures begin differing at:
#          $got->[0] = Does not exist
#     $expected->[0] = 'command_line.log'
# Looks like you failed 11 tests of 11.
t/bin/bacteria_snp_calling.t ....................................... 
Dubious, test returned 11 (wstat 2816, 0xb00)
Failed 11/11 subtests 

#   Failed test 'files created as expected for -d some_other_db_name -t study -i ZZZ  -c C:\DOCUME~1\a\LOCALS~1\Temp\SjicMsjxiC -l t/data/refs.index'
#   at t/lib/TestHelper.pm line 55.
#     Structures begin differing at:
#          $got->[0] = Does not exist
#     $expected->[0] = 'command_line.log'

#   Failed test 'files created as expected for -t file -i t/data/lanes_file  -c C:\DOCUME~1\a\LOCALS~1\Temp\TVGdJfrhb0 -l t/data/refs.index'
#   at t/lib/TestHelper.pm line 55.
#     Structures begin differing at:
#          $got->[0] = Does not exist
#     $expected->[0] = 'command_line.log'

#   Failed test 'files created as expected for -t lane -i 1234_5#6  -c C:\DOCUME~1\a\LOCALS~1\Temp\iblDGnbyol -l t/data/refs.index'
#   at t/lib/TestHelper.pm line 55.
#     Structures begin differing at:
#          $got->[0] = Does not exist
#     $expected->[0] = 'command_line.log'

#   Failed test 'files created as expected for -t library -i libname  -c C:\DOCUME~1\a\LOCALS~1\Temp\GV5gGRbXi6 -l t/data/refs.index'
#   at t/lib/TestHelper.pm line 55.
#     Structures begin differing at:
#          $got->[0] = Does not exist
#     $expected->[0] = 'command_line.log'

#   Failed test 'files created as expected for -t sample -i sample  -c C:\DOCUME~1\a\LOCALS~1\Temp\Ak7Fvx25in -l t/data/refs.index'
#   at t/lib/TestHelper.pm line 55.
#     Structures begin differing at:
#          $got->[0] = Does not exist
#     $expected->[0] = 'command_line.log'

#   Failed test 'files created as expected for -t study -i ZZZ -c C:\DOCUME~1\a\LOCALS~1\Temp\tB54OAVuG0 -l t/data/refs.index'
#   at t/lib/TestHelper.pm line 55.
#     Structures begin differing at:
#          $got->[0] = Does not exist
#     $expected->[0] = 'command_line.log'

#   Failed test 'files created as expected for -t study -i ZZZ  -s Staphylococcus_aureus -c C:\DOCUME~1\a\LOCALS~1\Temp\IIMx0XoTRz -l t/data/refs.index'
#   at t/lib/TestHelper.pm line 55.
#     Structures begin differing at:
#          $got->[0] = Does not exist
#     $expected->[0] = 'command_line.log'

#   Failed test 'files created as expected for -t study -i ZZZ -assembler spades -c C:\DOCUME~1\a\LOCALS~1\Temp\RMjaBnJlPE -l t/data/refs.index'
#   at t/lib/TestHelper.pm line 55.
#     Structures begin differing at:
#          $got->[0] = Does not exist
#     $expected->[0] = 'command_line.log'
# Looks like you failed 8 tests of 8.
t/bin/eukaryote_assembly.t ......................................... 
Dubious, test returned 8 (wstat 2048, 0x800)
Failed 8/8 subtests 

#   Failed test 'files created as expected for -a ABC  -c C:\DOCUME~1\a\LOCALS~1\Temp\FWUXp9ZPZi -l t/data/refs.index'
#   at t/lib/TestHelper.pm line 55.
#     Structures begin differing at:
#          $got->[0] = Does not exist
#     $expected->[0] = 'command_line.log'

#   Failed test 'files created as expected for -t file -i t/data/lanes_file -r ABC -c C:\DOCUME~1\a\LOCALS~1\Temp\v2dl7MOV_e -l t/data/refs.index'
#   at t/lib/TestHelper.pm line 55.
#     Structures begin differing at:
#          $got->[0] = Does not exist
#     $expected->[0] = 'command_line.log'

#   Failed test 'files created as expected for -t lane -i 1234_5#6 -r ABC -c C:\DOCUME~1\a\LOCALS~1\Temp\LqUaVab68C -l t/data/refs.index'
#   at t/lib/TestHelper.pm line 55.
#     Structures begin differing at:
#          $got->[0] = Does not exist
#     $expected->[0] = 'command_line.log'

#   Failed test 'files created as expected for -t library -i libname -r ABC -c C:\DOCUME~1\a\LOCALS~1\Temp\a34cGIARLE -l t/data/refs.index'
#   at t/lib/TestHelper.pm line 55.
#     Structures begin differing at:
#          $got->[0] = Does not exist
#     $expected->[0] = 'command_line.log'

#   Failed test 'files created as expected for -t sample -i sample -r ABC -c C:\DOCUME~1\a\LOCALS~1\Temp\L0Mw4rCjYa -l t/data/refs.index'
#   at t/lib/TestHelper.pm line 55.
#     Structures begin differing at:
#          $got->[0] = Does not exist
#     $expected->[0] = 'command_line.log'

#   Failed test 'files created as expected for -t study -i ZZZ -r ABC -c C:\DOCUME~1\a\LOCALS~1\Temp\W8L4WKsbOF -l t/data/refs.index'
#   at t/lib/TestHelper.pm line 55.
#     Structures begin differing at:
#          $got->[0] = Does not exist
#     $expected->[0] = 'command_line.log'

#   Failed test 'files created as expected for -t study -i ZZZ -r ABC -m bowtie2 -c C:\DOCUME~1\a\LOCALS~1\Temp\XKc8hGPToF -l t/data/refs.index'
#   at t/lib/TestHelper.pm line 55.
#     Structures begin differing at:
#          $got->[0] = Does not exist
#     $expected->[0] = 'command_line.log'

#   Failed test 'files created as expected for -t study -i ZZZ -r ABC -m bwa -c C:\DOCUME~1\a\LOCALS~1\Temp\g6oyw4kzxG -l t/data/refs.index'
#   at t/lib/TestHelper.pm line 55.
#     Structures begin differing at:
#          $got->[0] = Does not exist
#     $expected->[0] = 'command_line.log'

#   Failed test 'files created as expected for -t study -i ZZZ -r ABC -m smalt --smalt_index_k 15 --smalt_index_s 4 --smalt_mapper_r 1 --smalt_mapper_y 0.9 --smalt_mapper_x --smalt_mapper_l pe -c C:\DOCUME~1\a\LOCALS~1\Temp\kq4uQzY2oY -l t/data/refs.index'
#   at t/lib/TestHelper.pm line 55.
#     Structures begin differing at:
#          $got->[0] = Does not exist
#     $expected->[0] = 'command_line.log'

#   Failed test 'files created as expected for -t study -i ZZZ -r ABC -m ssaha2 -c C:\DOCUME~1\a\LOCALS~1\Temp\sQpKwCLfBf -l t/data/refs.index'
#   at t/lib/TestHelper.pm line 55.
#     Structures begin differing at:
#          $got->[0] = Does not exist
#     $expected->[0] = 'command_line.log'

#   Failed test 'files created as expected for -t study -i ZZZ -r ABC -m stampy -c C:\DOCUME~1\a\LOCALS~1\Temp\Ur9VG12bde -l t/data/refs.index'
#   at t/lib/TestHelper.pm line 55.
#     Structures begin differing at:
#          $got->[0] = Does not exist
#     $expected->[0] = 'command_line.log'

#   Failed test 'files created as expected for -t study -i ZZZ -r ABC -m tophat -c C:\DOCUME~1\a\LOCALS~1\Temp\wCcQCuv8IK -l t/data/refs.index'
#   at t/lib/TestHelper.pm line 55.
#     Structures begin differing at:
#          $got->[0] = Does not exist
#     $expected->[0] = 'command_line.log'

#   Failed test 'files created as expected for -t study -i ZZZ -r ABC -p "StandardProtocol" -c C:\DOCUME~1\a\LOCALS~1\Temp\1F_e6BPTdX -l t/data/refs.index'
#   at t/lib/TestHelper.pm line 55.
#     Structures begin differing at:
#          $got->[0] = Does not exist
#     $expected->[0] = 'command_line.log'

#   Failed test 'files created as expected for -t study -i ZZZ -r ABC -s Staphylococcus_aureus -c C:\DOCUME~1\a\LOCALS~1\Temp\YRGXNtSoEm -l t/data/refs.index'
#   at t/lib/TestHelper.pm line 55.
#     Structures begin differing at:
#          $got->[0] = Does not exist
#     $expected->[0] = 'command_line.log'
# Looks like you failed 14 tests of 14.
t/bin/eukaryote_mapping.t .......................................... 
Dubious, test returned 14 (wstat 3584, 0xe00)
Failed 14/14 subtests 

#   Failed test 'files created as expected for -a ABC  -c C:\DOCUME~1\a\LOCALS~1\Temp\fseoUBP5UH -l t/data/refs.index'
#   at t/lib/TestHelper.pm line 55.
#     Structures begin differing at:
#          $got->[0] = Does not exist
#     $expected->[0] = 'command_line.log'

#   Failed test 'files created as expected for -d some_other_db_name -t study -i ZZZ -r ABC -c C:\DOCUME~1\a\LOCALS~1\Temp\QKG9Qaee6E -l t/data/refs.index'
#   at t/lib/TestHelper.pm line 55.
#     Structures begin differing at:
#          $got->[0] = Does not exist
#     $expected->[0] = 'command_line.log'

#   Failed test 'files created as expected for -t file -i t/data/lanes_file -r ABC -c C:\DOCUME~1\a\LOCALS~1\Temp\pfj8WA4clB -l t/data/refs.index'
#   at t/lib/TestHelper.pm line 55.
#     Structures begin differing at:
#          $got->[0] = Does not exist
#     $expected->[0] = 'command_line.log'

#   Failed test 'files created as expected for -t lane -i 1234_5#6 -r ABC -c C:\DOCUME~1\a\LOCALS~1\Temp\bYD3DeU5LW -l t/data/refs.index'
#   at t/lib/TestHelper.pm line 55.
#     Structures begin differing at:
#          $got->[0] = Does not exist
#     $expected->[0] = 'command_line.log'

#   Failed test 'files created as expected for -t library -i libname -r ABC -c C:\DOCUME~1\a\LOCALS~1\Temp\Tju8SjiLuV -l t/data/refs.index'
#   at t/lib/TestHelper.pm line 55.
#     Structures begin differing at:
#          $got->[0] = Does not exist
#     $expected->[0] = 'command_line.log'

#   Failed test 'files created as expected for -t sample -i sample -r ABC -c C:\DOCUME~1\a\LOCALS~1\Temp\g0ONKi_vZ3 -l t/data/refs.index'
#   at t/lib/TestHelper.pm line 55.
#     Structures begin differing at:
#          $got->[0] = Does not exist
#     $expected->[0] = 'command_line.log'

#   Failed test 'files created as expected for -t study -i ZZZ -r ABC -c C:\DOCUME~1\a\LOCALS~1\Temp\BToxZ6EUKe -l t/data/refs.index'
#   at t/lib/TestHelper.pm line 55.
#     Structures begin differing at:
#          $got->[0] = Does not exist
#     $expected->[0] = 'command_line.log'

#   Failed test 'files created as expected for -t study -i ZZZ -r ABC -s Staphylococcus_aureus -c C:\DOCUME~1\a\LOCALS~1\Temp\gDYZkyR3Yz -l t/data/refs.index'
#   at t/lib/TestHelper.pm line 55.
#     Structures begin differing at:
#          $got->[0] = Does not exist
#     $expected->[0] = 'command_line.log'
# Looks like you failed 8 tests of 8.
t/bin/eukaryote_register_and_qc_study.t ............................ 
Dubious, test returned 8 (wstat 2048, 0x800)
Failed 8/8 subtests 

#   Failed test 'files created as expected for -a ABC  -c C:\DOCUME~1\a\LOCALS~1\Temp\0fwUNP_R8u -l t/data/refs.index'
#   at t/lib/TestHelper.pm line 55.
#     Structures begin differing at:
#          $got->[0] = Does not exist
#     $expected->[0] = 'command_line.log'

#   Failed test 'files created as expected for -t file -i t/data/lanes_file -r ABC -c C:\DOCUME~1\a\LOCALS~1\Temp\3eBQezUMI9 -l t/data/refs.index'
#   at t/lib/TestHelper.pm line 55.
#     Structures begin differing at:
#          $got->[0] = Does not exist
#     $expected->[0] = 'command_line.log'

#   Failed test 'files created as expected for -t lane -i 1234_5#6 -r ABC -c C:\DOCUME~1\a\LOCALS~1\Temp\5cJr0aoUJ4 -l t/data/refs.index'
#   at t/lib/TestHelper.pm line 55.
#     Structures begin differing at:
#          $got->[0] = Does not exist
#     $expected->[0] = 'command_line.log'

#   Failed test 'files created as expected for -t library -i libname -r ABC -c C:\DOCUME~1\a\LOCALS~1\Temp\G3xu0WJ3Oo -l t/data/refs.index'
#   at t/lib/TestHelper.pm line 55.
#     Structures begin differing at:
#          $got->[0] = Does not exist
#     $expected->[0] = 'command_line.log'

#   Failed test 'files created as expected for -t sample -i sample -r ABC -c C:\DOCUME~1\a\LOCALS~1\Temp\U89JeFZput -l t/data/refs.index'
#   at t/lib/TestHelper.pm line 55.
#     Structures begin differing at:
#          $got->[0] = Does not exist
#     $expected->[0] = 'command_line.log'

#   Failed test 'files created as expected for -t study -i ZZZ -r ABC -c C:\DOCUME~1\a\LOCALS~1\Temp\_tySbwq0mq -l t/data/refs.index'
#   at t/lib/TestHelper.pm line 55.
#     Structures begin differing at:
#          $got->[0] = Does not exist
#     $expected->[0] = 'command_line.log'

#   Failed test 'files created as expected for -t study -i ZZZ -r ABC --tophat_mapper_max_intron 10000 --tophat_mapper_min_intron 70 --tophat_mapper_max_multihit 1 -c C:\DOCUME~1\a\LOCALS~1\Temp\5acFh8Kcar -l t/data/refs.index'
#   at t/lib/TestHelper.pm line 55.
#     Structures begin differing at:
#          $got->[0] = Does not exist
#     $expected->[0] = 'command_line.log'

#   Failed test 'files created as expected for -t study -i ZZZ -r ABC -m bowtie2 -c C:\DOCUME~1\a\LOCALS~1\Temp\1sPz3yBSPe -l t/data/refs.index'
#   at t/lib/TestHelper.pm line 55.
#     Structures begin differing at:
#          $got->[0] = Does not exist
#     $expected->[0] = 'command_line.log'

#   Failed test 'files created as expected for -t study -i ZZZ -r ABC -m bwa -c C:\DOCUME~1\a\LOCALS~1\Temp\IUEfA891Rx -l t/data/refs.index'
#   at t/lib/TestHelper.pm line 55.
#     Structures begin differing at:
#          $got->[0] = Does not exist
#     $expected->[0] = 'command_line.log'

#   Failed test 'files created as expected for -t study -i ZZZ -r ABC -m smalt -c C:\DOCUME~1\a\LOCALS~1\Temp\FFvMqAqbGe -l t/data/refs.index'
#   at t/lib/TestHelper.pm line 55.
#     Structures begin differing at:
#          $got->[0] = Does not exist
#     $expected->[0] = 'command_line.log'

#   Failed test 'files created as expected for -t study -i ZZZ -r ABC -m smalt --smalt_index_k 15 --smalt_index_s 4 --smalt_mapper_r 1 --smalt_mapper_y 0.9 --smalt_mapper_x -c C:\DOCUME~1\a\LOCALS~1\Temp\Q1wihrir66 -l t/data/refs.index'
#   at t/lib/TestHelper.pm line 55.
#     Structures begin differing at:
#          $got->[0] = Does not exist
#     $expected->[0] = 'command_line.log'

#   Failed test 'files created as expected for -t study -i ZZZ -r ABC -m stampy -c C:\DOCUME~1\a\LOCALS~1\Temp\OmUhWoks0o -l t/data/refs.index'
#   at t/lib/TestHelper.pm line 55.
#     Structures begin differing at:
#          $got->[0] = Does not exist
#     $expected->[0] = 'command_line.log'

#   Failed test 'files created as expected for -t study -i ZZZ -r ABC -p "StrandSpecificProtocol" -c C:\DOCUME~1\a\LOCALS~1\Temp\iaRtUnPemo -l t/data/refs.index'
#   at t/lib/TestHelper.pm line 55.
#     Structures begin differing at:
#          $got->[0] = Does not exist
#     $expected->[0] = 'command_line.log'

#   Failed test 'files created as expected for -t study -i ZZZ -r ABC -s Staphylococcus_aureus -c C:\DOCUME~1\a\LOCALS~1\Temp\ldrJ7Oy6ET -l t/data/refs.index'
#   at t/lib/TestHelper.pm line 55.
#     Structures begin differing at:
#          $got->[0] = Does not exist
#     $expected->[0] = 'command_line.log'
# Looks like you failed 14 tests of 14.
t/bin/eukaryote_rna_seq_expression.t ............................... 
Dubious, test returned 14 (wstat 3584, 0xe00)
Failed 14/14 subtests 

#   Failed test 'files created as expected for -a ABC  -c C:\DOCUME~1\a\LOCALS~1\Temp\mQmtkTbHmw -l t/data/refs.index'
#   at t/lib/TestHelper.pm line 55.
#     Structures begin differing at:
#          $got->[0] = Does not exist
#     $expected->[0] = 'command_line.log'

#   Failed test 'files created as expected for -t file -i t/data/lanes_file -r ABC -c C:\DOCUME~1\a\LOCALS~1\Temp\a3SU6fyPa6 -l t/data/refs.index'
#   at t/lib/TestHelper.pm line 55.
#     Structures begin differing at:
#          $got->[0] = Does not exist
#     $expected->[0] = 'command_line.log'

#   Failed test 'files created as expected for -t lane -i 1234_5#6 -r ABC -c C:\DOCUME~1\a\LOCALS~1\Temp\ZWc5zHC95h -l t/data/refs.index'
#   at t/lib/TestHelper.pm line 55.
#     Structures begin differing at:
#          $got->[0] = Does not exist
#     $expected->[0] = 'command_line.log'

#   Failed test 'files created as expected for -t library -i libname -r ABC -c C:\DOCUME~1\a\LOCALS~1\Temp\O6EOP1Mg9W -l t/data/refs.index'
#   at t/lib/TestHelper.pm line 55.
#     Structures begin differing at:
#          $got->[0] = Does not exist
#     $expected->[0] = 'command_line.log'

#   Failed test 'files created as expected for -t sample -i sample -r ABC -c C:\DOCUME~1\a\LOCALS~1\Temp\1OwoTIl6cR -l t/data/refs.index'
#   at t/lib/TestHelper.pm line 55.
#     Structures begin differing at:
#          $got->[0] = Does not exist
#     $expected->[0] = 'command_line.log'

#   Failed test 'files created as expected for -t study -i ZZZ -r ABC -c C:\DOCUME~1\a\LOCALS~1\Temp\blqOU2FGEg -l t/data/refs.index'
#   at t/lib/TestHelper.pm line 55.
#     Structures begin differing at:
#          $got->[0] = Does not exist
#     $expected->[0] = 'command_line.log'

#   Failed test 'files created as expected for -t study -i ZZZ -r ABC -m bowtie2 -c C:\DOCUME~1\a\LOCALS~1\Temp\ULqcALr_UJ -l t/data/refs.index'
#   at t/lib/TestHelper.pm line 55.
#     Structures begin differing at:
#          $got->[0] = Does not exist
#     $expected->[0] = 'command_line.log'

#   Failed test 'files created as expected for -t study -i ZZZ -r ABC -m bwa -c C:\DOCUME~1\a\LOCALS~1\Temp\dqAbmuSQec -l t/data/refs.index'
#   at t/lib/TestHelper.pm line 55.
#     Structures begin differing at:
#          $got->[0] = Does not exist
#     $expected->[0] = 'command_line.log'

#   Failed test 'files created as expected for -t study -i ZZZ -r ABC -m smalt --smalt_index_k 15 --smalt_index_s 4 --smalt_mapper_r 1 --smalt_mapper_y 0.9 --smalt_mapper_x -c C:\DOCUME~1\a\LOCALS~1\Temp\E6HYmQ9QXv -l t/data/refs.index'
#   at t/lib/TestHelper.pm line 55.
#     Structures begin differing at:
#          $got->[0] = Does not exist
#     $expected->[0] = 'command_line.log'

#   Failed test 'files created as expected for -t study -i ZZZ -r ABC -m ssaha2 -c C:\DOCUME~1\a\LOCALS~1\Temp\J5NQ75U0eY -l t/data/refs.index'
#   at t/lib/TestHelper.pm line 55.
#     Structures begin differing at:
#          $got->[0] = Does not exist
#     $expected->[0] = 'command_line.log'

#   Failed test 'files created as expected for -t study -i ZZZ -r ABC -m stampy -c C:\DOCUME~1\a\LOCALS~1\Temp\xXp6ZDDcxF -l t/data/refs.index'
#   at t/lib/TestHelper.pm line 55.
#     Structures begin differing at:
#          $got->[0] = Does not exist
#     $expected->[0] = 'command_line.log'

#   Failed test 'files created as expected for -t study -i ZZZ -r ABC -s Staphylococcus_aureus -c C:\DOCUME~1\a\LOCALS~1\Temp\FPL3jNRYN2 -l t/data/refs.index'
#   at t/lib/TestHelper.pm line 55.
#     Structures begin differing at:
#          $got->[0] = Does not exist
#     $expected->[0] = 'command_line.log'
# Looks like you failed 12 tests of 12.
t/bin/eukaryote_snp_calling.t ...................................... 
Dubious, test returned 12 (wstat 3072, 0xc00)
Failed 12/12 subtests 

#   Failed test 'files created as expected for -a ABC  -c C:\DOCUME~1\a\LOCALS~1\Temp\7tD9NIp5ML -l t/data/refs.index'
#   at t/lib/TestHelper.pm line 55.
#     Structures begin differing at:
#          $got->[0] = Does not exist
#     $expected->[0] = 'command_line.log'

#   Failed test 'files created as expected for -t file -i t/data/lanes_file -r ABC -c C:\DOCUME~1\a\LOCALS~1\Temp\LRDumCqi2M -l t/data/refs.index'
#   at t/lib/TestHelper.pm line 55.
#     Structures begin differing at:
#          $got->[0] = Does not exist
#     $expected->[0] = 'command_line.log'

#   Failed test 'files created as expected for -t lane -i 1234_5#6 -r ABC -c C:\DOCUME~1\a\LOCALS~1\Temp\3q3PCuDh4V -l t/data/refs.index'
#   at t/lib/TestHelper.pm line 55.
#     Structures begin differing at:
#          $got->[0] = Does not exist
#     $expected->[0] = 'command_line.log'

#   Failed test 'files created as expected for -t library -i libname -r ABC -c C:\DOCUME~1\a\LOCALS~1\Temp\nZFsBkVmPF -l t/data/refs.index'
#   at t/lib/TestHelper.pm line 55.
#     Structures begin differing at:
#          $got->[0] = Does not exist
#     $expected->[0] = 'command_line.log'

#   Failed test 'files created as expected for -t sample -i sample -r ABC -c C:\DOCUME~1\a\LOCALS~1\Temp\FpRGXf3z28 -l t/data/refs.index'
#   at t/lib/TestHelper.pm line 55.
#     Structures begin differing at:
#          $got->[0] = Does not exist
#     $expected->[0] = 'command_line.log'

#   Failed test 'files created as expected for -t study -i ZZZ -r ABC -c C:\DOCUME~1\a\LOCALS~1\Temp\oG0kt11Fuk -l t/data/refs.index'
#   at t/lib/TestHelper.pm line 55.
#     Structures begin differing at:
#          $got->[0] = Does not exist
#     $expected->[0] = 'command_line.log'

#   Failed test 'files created as expected for -t study -i ZZZ -r ABC -m bowtie2 -c C:\DOCUME~1\a\LOCALS~1\Temp\FboVN0Iuef -l t/data/refs.index'
#   at t/lib/TestHelper.pm line 55.
#     Structures begin differing at:
#          $got->[0] = Does not exist
#     $expected->[0] = 'command_line.log'

#   Failed test 'files created as expected for -t study -i ZZZ -r ABC -m bwa -c C:\DOCUME~1\a\LOCALS~1\Temp\iKjD0kgMiu -l t/data/refs.index'
#   at t/lib/TestHelper.pm line 55.
#     Structures begin differing at:
#          $got->[0] = Does not exist
#     $expected->[0] = 'command_line.log'

#   Failed test 'files created as expected for -t study -i ZZZ -r ABC -m smalt --smalt_index_k 15 --smalt_index_s 4 --smalt_mapper_r 1 --smalt_mapper_y 0.9 --smalt_mapper_x -c C:\DOCUME~1\a\LOCALS~1\Temp\ib9sCKxyDL -l t/data/refs.index'
#   at t/lib/TestHelper.pm line 55.
#     Structures begin differing at:
#          $got->[0] = Does not exist
#     $expected->[0] = 'command_line.log'

#   Failed test 'files created as expected for -t study -i ZZZ -r ABC -m ssaha2 -c C:\DOCUME~1\a\LOCALS~1\Temp\3Gp9b2MJRw -l t/data/refs.index'
#   at t/lib/TestHelper.pm line 55.
#     Structures begin differing at:
#          $got->[0] = Does not exist
#     $expected->[0] = 'command_line.log'

#   Failed test 'files created as expected for -t study -i ZZZ -r ABC -m stampy -c C:\DOCUME~1\a\LOCALS~1\Temp\DSXtUrBigS -l t/data/refs.index'
#   at t/lib/TestHelper.pm line 55.
#     Structures begin differing at:
#          $got->[0] = Does not exist
#     $expected->[0] = 'command_line.log'

#   Failed test 'files created as expected for -t study -i ZZZ -r ABC -m tophat -c C:\DOCUME~1\a\LOCALS~1\Temp\SsFhrB5QSn -l t/data/refs.index'
#   at t/lib/TestHelper.pm line 55.
#     Structures begin differing at:
#          $got->[0] = Does not exist
#     $expected->[0] = 'command_line.log'

#   Failed test 'files created as expected for -t study -i ZZZ -r ABC -p "StandardProtocol" -c C:\DOCUME~1\a\LOCALS~1\Temp\yTHFOFPtOc -l t/data/refs.index'
#   at t/lib/TestHelper.pm line 55.
#     Structures begin differing at:
#          $got->[0] = Does not exist
#     $expected->[0] = 'command_line.log'

#   Failed test 'files created as expected for -t study -i ZZZ -r ABC -s Staphylococcus_aureus -c C:\DOCUME~1\a\LOCALS~1\Temp\fplqFxcVol -l t/data/refs.index'
#   at t/lib/TestHelper.pm line 55.
#     Structures begin differing at:
#          $got->[0] = Does not exist
#     $expected->[0] = 'command_line.log'
# Looks like you failed 14 tests of 14.
t/bin/helminth_mapping.t ........................................... 
Dubious, test returned 14 (wstat 3584, 0xe00)
Failed 14/14 subtests 

#   Failed test 'files created as expected for -a ABC  -c C:\DOCUME~1\a\LOCALS~1\Temp\NcAK_zyHDK -l t/data/refs.index'
#   at t/lib/TestHelper.pm line 55.
#     Structures begin differing at:
#          $got->[0] = Does not exist
#     $expected->[0] = 'command_line.log'

#   Failed test 'files created as expected for -d some_other_db_name -t study -i ZZZ -r ABC -c C:\DOCUME~1\a\LOCALS~1\Temp\QOQ7KG_GSB -l t/data/refs.index'
#   at t/lib/TestHelper.pm line 55.
#     Structures begin differing at:
#          $got->[0] = Does not exist
#     $expected->[0] = 'command_line.log'

#   Failed test 'files created as expected for -t file -i t/data/lanes_file -r ABC -c C:\DOCUME~1\a\LOCALS~1\Temp\aGDp1pv1p_ -l t/data/refs.index'
#   at t/lib/TestHelper.pm line 55.
#     Structures begin differing at:
#          $got->[0] = Does not exist
#     $expected->[0] = 'command_line.log'

#   Failed test 'files created as expected for -t lane -i 1234_5#6 -r ABC -c C:\DOCUME~1\a\LOCALS~1\Temp\mQINqRNrGs -l t/data/refs.index'
#   at t/lib/TestHelper.pm line 55.
#     Structures begin differing at:
#          $got->[0] = Does not exist
#     $expected->[0] = 'command_line.log'

#   Failed test 'files created as expected for -t library -i libname -r ABC -c C:\DOCUME~1\a\LOCALS~1\Temp\OxPp4H6yqA -l t/data/refs.index'
#   at t/lib/TestHelper.pm line 55.
#     Structures begin differing at:
#          $got->[0] = Does not exist
#     $expected->[0] = 'command_line.log'

#   Failed test 'files created as expected for -t sample -i sample -r ABC -c C:\DOCUME~1\a\LOCALS~1\Temp\QnkS2EoD7t -l t/data/refs.index'
#   at t/lib/TestHelper.pm line 55.
#     Structures begin differing at:
#          $got->[0] = Does not exist
#     $expected->[0] = 'command_line.log'

#   Failed test 'files created as expected for -t study -i ZZZ -r ABC -c C:\DOCUME~1\a\LOCALS~1\Temp\GNw7tU5zCL -l t/data/refs.index'
#   at t/lib/TestHelper.pm line 55.
#     Structures begin differing at:
#          $got->[0] = Does not exist
#     $expected->[0] = 'command_line.log'

#   Failed test 'files created as expected for -t study -i ZZZ -r ABC -s Staphylococcus_aureus -c C:\DOCUME~1\a\LOCALS~1\Temp\O4hzmOVmd0 -l t/data/refs.index'
#   at t/lib/TestHelper.pm line 55.
#     Structures begin differing at:
#          $got->[0] = Does not exist
#     $expected->[0] = 'command_line.log'
# Looks like you failed 8 tests of 8.
t/bin/helminth_register_and_qc_study.t ............................. 
Dubious, test returned 8 (wstat 2048, 0x800)
Failed 8/8 subtests 

#   Failed test 'files created as expected for -a ABC  -c C:\DOCUME~1\a\LOCALS~1\Temp\ksJQPHv9j7 -l t/data/refs.index'
#   at t/lib/TestHelper.pm line 55.
#     Structures begin differing at:
#          $got->[0] = Does not exist
#     $expected->[0] = 'command_line.log'

#   Failed test 'files created as expected for -t file -i t/data/lanes_file -r ABC -c C:\DOCUME~1\a\LOCALS~1\Temp\I3ZqcHjLJv -l t/data/refs.index'
#   at t/lib/TestHelper.pm line 55.
#     Structures begin differing at:
#          $got->[0] = Does not exist
#     $expected->[0] = 'command_line.log'

#   Failed test 'files created as expected for -t lane -i 1234_5#6 -r ABC -c C:\DOCUME~1\a\LOCALS~1\Temp\UBExtFHJJF -l t/data/refs.index'
#   at t/lib/TestHelper.pm line 55.
#     Structures begin differing at:
#          $got->[0] = Does not exist
#     $expected->[0] = 'command_line.log'

#   Failed test 'files created as expected for -t library -i libname -r ABC -c C:\DOCUME~1\a\LOCALS~1\Temp\XmhWHXLrMb -l t/data/refs.index'
#   at t/lib/TestHelper.pm line 55.
#     Structures begin differing at:
#          $got->[0] = Does not exist
#     $expected->[0] = 'command_line.log'

#   Failed test 'files created as expected for -t sample -i sample -r ABC -c C:\DOCUME~1\a\LOCALS~1\Temp\sNI98hnlYZ -l t/data/refs.index'
#   at t/lib/TestHelper.pm line 55.
#     Structures begin differing at:
#          $got->[0] = Does not exist
#     $expected->[0] = 'command_line.log'

#   Failed test 'files created as expected for -t study -i ZZZ -r ABC -c C:\DOCUME~1\a\LOCALS~1\Temp\tY9BjL2YZ6 -l t/data/refs.index'
#   at t/lib/TestHelper.pm line 55.
#     Structures begin differing at:
#          $got->[0] = Does not exist
#     $expected->[0] = 'command_line.log'

#   Failed test 'files created as expected for -t study -i ZZZ -r ABC --tophat_mapper_max_intron 10000 --tophat_mapper_min_intron 70 --tophat_mapper_max_multihit 1 -c C:\DOCUME~1\a\LOCALS~1\Temp\6LIYvpW047 -l t/data/refs.index'
#   at t/lib/TestHelper.pm line 55.
#     Structures begin differing at:
#          $got->[0] = Does not exist
#     $expected->[0] = 'command_line.log'

#   Failed test 'files created as expected for -t study -i ZZZ -r ABC -m bowtie2 -c C:\DOCUME~1\a\LOCALS~1\Temp\LsUu1K9kR7 -l t/data/refs.index'
#   at t/lib/TestHelper.pm line 55.
#     Structures begin differing at:
#          $got->[0] = Does not exist
#     $expected->[0] = 'command_line.log'

#   Failed test 'files created as expected for -t study -i ZZZ -r ABC -m bwa -c C:\DOCUME~1\a\LOCALS~1\Temp\O7aYTjrfRk -l t/data/refs.index'
#   at t/lib/TestHelper.pm line 55.
#     Structures begin differing at:
#          $got->[0] = Does not exist
#     $expected->[0] = 'command_line.log'

#   Failed test 'files created as expected for -t study -i ZZZ -r ABC -m smalt -c C:\DOCUME~1\a\LOCALS~1\Temp\8Z2aL0hxWE -l t/data/refs.index'
#   at t/lib/TestHelper.pm line 55.
#     Structures begin differing at:
#          $got->[0] = Does not exist
#     $expected->[0] = 'command_line.log'

#   Failed test 'files created as expected for -t study -i ZZZ -r ABC -m smalt --smalt_index_k 15 --smalt_index_s 4 --smalt_mapper_r 1 --smalt_mapper_y 0.9 --smalt_mapper_x -c C:\DOCUME~1\a\LOCALS~1\Temp\ip2fABQQOO -l t/data/refs.index'
#   at t/lib/TestHelper.pm line 55.
#     Structures begin differing at:
#          $got->[0] = Does not exist
#     $expected->[0] = 'command_line.log'

#   Failed test 'files created as expected for -t study -i ZZZ -r ABC -m stampy -c C:\DOCUME~1\a\LOCALS~1\Temp\JmvtGkZ6ZF -l t/data/refs.index'
#   at t/lib/TestHelper.pm line 55.
#     Structures begin differing at:
#          $got->[0] = Does not exist
#     $expected->[0] = 'command_line.log'

#   Failed test 'files created as expected for -t study -i ZZZ -r ABC -p "StrandSpecificProtocol" -c C:\DOCUME~1\a\LOCALS~1\Temp\0UpOO_N2SB -l t/data/refs.index'
#   at t/lib/TestHelper.pm line 55.
#     Structures begin differing at:
#          $got->[0] = Does not exist
#     $expected->[0] = 'command_line.log'

#   Failed test 'files created as expected for -t study -i ZZZ -r ABC -s Staphylococcus_aureus -c C:\DOCUME~1\a\LOCALS~1\Temp\niVJzZhb2J -l t/data/refs.index'
#   at t/lib/TestHelper.pm line 55.
#     Structures begin differing at:
#          $got->[0] = Does not exist
#     $expected->[0] = 'command_line.log'
# Looks like you failed 14 tests of 14.
t/bin/helminth_rna_seq_expression.t ................................ 
Dubious, test returned 14 (wstat 3584, 0xe00)
Failed 14/14 subtests 

#   Failed test 'files created as expected for -a ABC  -c C:\DOCUME~1\a\LOCALS~1\Temp\R9io7wC3i5 -l t/data/refs.index'
#   at t/lib/TestHelper.pm line 55.
#     Structures begin differing at:
#          $got->[0] = Does not exist
#     $expected->[0] = 'command_line.log'

#   Failed test 'files created as expected for -t file -i t/data/lanes_file -r ABC -c C:\DOCUME~1\a\LOCALS~1\Temp\p11U0GagXS -l t/data/refs.index'
#   at t/lib/TestHelper.pm line 55.
#     Structures begin differing at:
#          $got->[0] = Does not exist
#     $expected->[0] = 'command_line.log'

#   Failed test 'files created as expected for -t lane -i 1234_5#6 -r ABC -c C:\DOCUME~1\a\LOCALS~1\Temp\9T0ckHkdCB -l t/data/refs.index'
#   at t/lib/TestHelper.pm line 55.
#     Structures begin differing at:
#          $got->[0] = Does not exist
#     $expected->[0] = 'command_line.log'

#   Failed test 'files created as expected for -t library -i libname -r ABC -c C:\DOCUME~1\a\LOCALS~1\Temp\S04ydsxNFa -l t/data/refs.index'
#   at t/lib/TestHelper.pm line 55.
#     Structures begin differing at:
#          $got->[0] = Does not exist
#     $expected->[0] = 'command_line.log'

#   Failed test 'files created as expected for -t sample -i sample -r ABC -c C:\DOCUME~1\a\LOCALS~1\Temp\3TCErtm9Y3 -l t/data/refs.index'
#   at t/lib/TestHelper.pm line 55.
#     Structures begin differing at:
#          $got->[0] = Does not exist
#     $expected->[0] = 'command_line.log'

#   Failed test 'files created as expected for -t study -i ZZZ -r ABC -c C:\DOCUME~1\a\LOCALS~1\Temp\cb0vyASakv -l t/data/refs.index'
#   at t/lib/TestHelper.pm line 55.
#     Structures begin differing at:
#          $got->[0] = Does not exist
#     $expected->[0] = 'command_line.log'

#   Failed test 'files created as expected for -t study -i ZZZ -r ABC -m bowtie2 -c C:\DOCUME~1\a\LOCALS~1\Temp\HyoooK2ASC -l t/data/refs.index'
#   at t/lib/TestHelper.pm line 55.
#     Structures begin differing at:
#          $got->[0] = Does not exist
#     $expected->[0] = 'command_line.log'

#   Failed test 'files created as expected for -t study -i ZZZ -r ABC -m bwa -c C:\DOCUME~1\a\LOCALS~1\Temp\oOjDcz9RjX -l t/data/refs.index'
#   at t/lib/TestHelper.pm line 55.
#     Structures begin differing at:
#          $got->[0] = Does not exist
#     $expected->[0] = 'command_line.log'

#   Failed test 'files created as expected for -t study -i ZZZ -r ABC -m smalt --smalt_index_k 15 --smalt_index_s 4 --smalt_mapper_r 1 --smalt_mapper_y 0.9 --smalt_mapper_x -c C:\DOCUME~1\a\LOCALS~1\Temp\XgDhAKuDcW -l t/data/refs.index'
#   at t/lib/TestHelper.pm line 55.
#     Structures begin differing at:
#          $got->[0] = Does not exist
#     $expected->[0] = 'command_line.log'

#   Failed test 'files created as expected for -t study -i ZZZ -r ABC -m ssaha2 -c C:\DOCUME~1\a\LOCALS~1\Temp\MZJYFwNPDJ -l t/data/refs.index'
#   at t/lib/TestHelper.pm line 55.
#     Structures begin differing at:
#          $got->[0] = Does not exist
#     $expected->[0] = 'command_line.log'

#   Failed test 'files created as expected for -t study -i ZZZ -r ABC -m stampy -c C:\DOCUME~1\a\LOCALS~1\Temp\AO4xcW5oe9 -l t/data/refs.index'
#   at t/lib/TestHelper.pm line 55.
#     Structures begin differing at:
#          $got->[0] = Does not exist
#     $expected->[0] = 'command_line.log'

#   Failed test 'files created as expected for -t study -i ZZZ -r ABC -s Staphylococcus_aureus -c C:\DOCUME~1\a\LOCALS~1\Temp\bvtKyKubGy -l t/data/refs.index'
#   at t/lib/TestHelper.pm line 55.
#     Structures begin differing at:
#          $got->[0] = Does not exist
#     $expected->[0] = 'command_line.log'
# Looks like you failed 12 tests of 12.
t/bin/helminth_snp_calling.t ....................................... 
Dubious, test returned 12 (wstat 3072, 0xc00)
Failed 12/12 subtests 

#   Failed test 'log file has been created for bacteria_assembly_and_annotation'
#   at t/bin/log_parameters.t line 23.
readline() on closed filehandle $fh at t/bin/log_parameters.t line 25.
Unrecognized escape \L passed through in regex; marked by <-- HERE in m/^[\d]+ .+ \./bin/bacteria_assembly_and_annotation -c C:\DOCUME~1\a\L <-- HERE OCALS~1\Temp\M68f0fDz3N$/ at t/bin/log_parameters.t line 25.
Unrecognized escape \T passed through in regex; marked by <-- HERE in m/^[\d]+ .+ \./bin/bacteria_assembly_and_annotation -c C:\DOCUME~1\a\LOCALS~1\T <-- HERE emp\M68f0fDz3N$/ at t/bin/log_parameters.t line 25.
Unrecognized escape \M passed through in regex; marked by <-- HERE in m/^[\d]+ .+ \./bin/bacteria_assembly_and_annotation -c C:\DOCUME~1\a\LOCALS~1\Temp\M <-- HERE 68f0fDz3N$/ at t/bin/log_parameters.t line 25.
Use of uninitialized value in pattern match (m//) at t/bin/log_parameters.t line 25.

#   Failed test 'correct format of log file'
#   at t/bin/log_parameters.t line 25.

#   Failed test 'log file has been created for bacteria_assembly_single_cell'
#   at t/bin/log_parameters.t line 23.
readline() on closed filehandle $fh at t/bin/log_parameters.t line 25.
Unrecognized escape \L passed through in regex; marked by <-- HERE in m/^[\d]+ .+ \./bin/bacteria_assembly_single_cell -c C:\DOCUME~1\a\L <-- HERE OCALS~1\Temp\cKw3l36x0Q$/ at t/bin/log_parameters.t line 25.
Unrecognized escape \T passed through in regex; marked by <-- HERE in m/^[\d]+ .+ \./bin/bacteria_assembly_single_cell -c C:\DOCUME~1\a\LOCALS~1\T <-- HERE emp\cKw3l36x0Q$/ at t/bin/log_parameters.t line 25.
Use of uninitialized value in pattern match (m//) at t/bin/log_parameters.t line 25.

#   Failed test 'correct format of log file'
#   at t/bin/log_parameters.t line 25.

#   Failed test 'log file has been created for bacteria_mapping'
#   at t/bin/log_parameters.t line 23.
readline() on closed filehandle $fh at t/bin/log_parameters.t line 25.
Unrecognized escape \L passed through in regex; marked by <-- HERE in m/^[\d]+ .+ \./bin/bacteria_mapping -c C:\DOCUME~1\a\L <-- HERE OCALS~1\Temp\TGmyqDLEYF$/ at t/bin/log_parameters.t line 25.
Unrecognized escape \T passed through in regex; marked by <-- HERE in m/^[\d]+ .+ \./bin/bacteria_mapping -c C:\DOCUME~1\a\LOCALS~1\T <-- HERE emp\TGmyqDLEYF$/ at t/bin/log_parameters.t line 25.
Unrecognized escape \T passed through in regex; marked by <-- HERE in m/^[\d]+ .+ \./bin/bacteria_mapping -c C:\DOCUME~1\a\LOCALS~1\Temp\T <-- HERE GmyqDLEYF$/ at t/bin/log_parameters.t line 25.
Use of uninitialized value in pattern match (m//) at t/bin/log_parameters.t line 25.

#   Failed test 'correct format of log file'
#   at t/bin/log_parameters.t line 25.

#   Failed test 'log file has been created for bacteria_register_and_qc_study'
#   at t/bin/log_parameters.t line 23.
readline() on closed filehandle $fh at t/bin/log_parameters.t line 25.
Unrecognized escape \L passed through in regex; marked by <-- HERE in m/^[\d]+ .+ \./bin/bacteria_register_and_qc_study -c C:\DOCUME~1\a\L <-- HERE OCALS~1\Temp\pSoJ03XmCr$/ at t/bin/log_parameters.t line 25.
Unrecognized escape \T passed through in regex; marked by <-- HERE in m/^[\d]+ .+ \./bin/bacteria_register_and_qc_study -c C:\DOCUME~1\a\LOCALS~1\T <-- HERE emp\pSoJ03XmCr$/ at t/bin/log_parameters.t line 25.
Use of uninitialized value in pattern match (m//) at t/bin/log_parameters.t line 25.

#   Failed test 'correct format of log file'
#   at t/bin/log_parameters.t line 25.

#   Failed test 'log file has been created for bacteria_rna_seq_expression'
#   at t/bin/log_parameters.t line 23.
readline() on closed filehandle $fh at t/bin/log_parameters.t line 25.
Unrecognized escape \L passed through in regex; marked by <-- HERE in m/^[\d]+ .+ \./bin/bacteria_rna_seq_expression -c C:\DOCUME~1\a\L <-- HERE OCALS~1\Temp\KMm6zYRYQo$/ at t/bin/log_parameters.t line 25.
Unrecognized escape \T passed through in regex; marked by <-- HERE in m/^[\d]+ .+ \./bin/bacteria_rna_seq_expression -c C:\DOCUME~1\a\LOCALS~1\T <-- HERE emp\KMm6zYRYQo$/ at t/bin/log_parameters.t line 25.
Use of uninitialized value in pattern match (m//) at t/bin/log_parameters.t line 25.

#   Failed test 'correct format of log file'
#   at t/bin/log_parameters.t line 25.

#   Failed test 'log file has been created for bacteria_snp_calling'
#   at t/bin/log_parameters.t line 23.
readline() on closed filehandle $fh at t/bin/log_parameters.t line 25.
Unrecognized escape \L passed through in regex; marked by <-- HERE in m/^[\d]+ .+ \./bin/bacteria_snp_calling -c C:\DOCUME~1\a\L <-- HERE OCALS~1\Temp\zZlv5zi1jh$/ at t/bin/log_parameters.t line 25.
Unrecognized escape \T passed through in regex; marked by <-- HERE in m/^[\d]+ .+ \./bin/bacteria_snp_calling -c C:\DOCUME~1\a\LOCALS~1\T <-- HERE emp\zZlv5zi1jh$/ at t/bin/log_parameters.t line 25.
Use of uninitialized value in pattern match (m//) at t/bin/log_parameters.t line 25.

#   Failed test 'correct format of log file'
#   at t/bin/log_parameters.t line 25.

#   Failed test 'log file has been created for eukaryote_assembly'
#   at t/bin/log_parameters.t line 23.
readline() on closed filehandle $fh at t/bin/log_parameters.t line 25.
Unrecognized escape \L passed through in regex; marked by <-- HERE in m/^[\d]+ .+ \./bin/eukaryote_assembly -c C:\DOCUME~1\a\L <-- HERE OCALS~1\Temp\VFpTjLKmlm$/ at t/bin/log_parameters.t line 25.
Unrecognized escape \T passed through in regex; marked by <-- HERE in m/^[\d]+ .+ \./bin/eukaryote_assembly -c C:\DOCUME~1\a\LOCALS~1\T <-- HERE emp\VFpTjLKmlm$/ at t/bin/log_parameters.t line 25.
Use of uninitialized value in pattern match (m//) at t/bin/log_parameters.t line 25.

#   Failed test 'correct format of log file'
#   at t/bin/log_parameters.t line 25.

#   Failed test 'log file has been created for eukaryote_mapping'
#   at t/bin/log_parameters.t line 23.
readline() on closed filehandle $fh at t/bin/log_parameters.t line 25.
Sequence \k... not terminated in regex; marked by <-- HERE in m/^[\d]+ .+ \./bin/eukaryote_mapping -c C:\DOCUME~1\a\LOCALS~1\Temp\k <-- HERE mz2JfCrcz$/ at t/bin/log_parameters.t line 25.
# Tests were run but no plan was declared and done_testing() was not seen.
# Looks like your test exited with 2 just after 15.
t/bin/log_parameters.t ............................................. 
Dubious, test returned 2 (wstat 512, 0x200)
Failed 15/15 subtests 

#   Failed test 'files created as expected for ./bin/setup_global_configs -d pathogen_euk_track -c C:\DOCUME~1\a\LOCALS~1\Temp\ihWt7YuB07 -l t/data/refs.index'
#   at t/lib/TestHelper.pm line 25.
#     Structures begin differing at:
#          $got->[0] = Does not exist
#     $expected->[0] = 'command_line.log'

#   Failed test 'files created as expected for ./bin/setup_global_configs -d some_other_db_name -c C:\DOCUME~1\a\LOCALS~1\Temp\yVKS0TZnE4 -l t/data/refs.index'
#   at t/lib/TestHelper.pm line 25.
#     Structures begin differing at:
#          $got->[0] = Does not exist
#     $expected->[0] = 'command_line.log'
# Looks like you failed 2 tests of 2.
t/bin/setup_global_configs.t ....................................... 
Dubious, test returned 2 (wstat 512, 0x200)
Failed 2/2 subtests 

#   Failed test 'files created as expected for -d some_other_db_name -t study -i ZZZ -c C:\DOCUME~1\a\LOCALS~1\Temp\_BDIC3wCJT -l t/data/refs.index'
#   at t/lib/TestHelper.pm line 55.
#     Structures begin differing at:
#          $got->[0] = Does not exist
#     $expected->[0] = 'command_line.log'

#   Failed test 'files created as expected for -t file -i t/data/lanes_file -c C:\DOCUME~1\a\LOCALS~1\Temp\ne1yyEFZyA -l t/data/refs.index'
#   at t/lib/TestHelper.pm line 55.
#     Structures begin differing at:
#          $got->[0] = Does not exist
#     $expected->[0] = 'command_line.log'

#   Failed test 'files created as expected for -t lane -i 1234_5#6 -c C:\DOCUME~1\a\LOCALS~1\Temp\UkWbw867cA -l t/data/refs.index'
#   at t/lib/TestHelper.pm line 55.
#     Structures begin differing at:
#          $got->[0] = Does not exist
#     $expected->[0] = 'command_line.log'

#   Failed test 'files created as expected for -t library -i libname -c C:\DOCUME~1\a\LOCALS~1\Temp\PF6GYWhBZh -l t/data/refs.index'
#   at t/lib/TestHelper.pm line 55.
#     Structures begin differing at:
#          $got->[0] = Does not exist
#     $expected->[0] = 'command_line.log'

#   Failed test 'files created as expected for -t sample -i sample -c C:\DOCUME~1\a\LOCALS~1\Temp\ULjMYK2Ymu -l t/data/refs.index'
#   at t/lib/TestHelper.pm line 55.
#     Structures begin differing at:
#          $got->[0] = Does not exist
#     $expected->[0] = 'command_line.log'

#   Failed test 'files created as expected for -t study -i ZZZ -c C:\DOCUME~1\a\LOCALS~1\Temp\qrBIEGU1gU -l t/data/refs.index'
#   at t/lib/TestHelper.pm line 55.
#     Structures begin differing at:
#          $got->[0] = Does not exist
#     $expected->[0] = 'command_line.log'

#   Failed test 'files created as expected for -t study -i ZZZ -assembler velvet -c C:\DOCUME~1\a\LOCALS~1\Temp\yI3fpfOln9 -l t/data/refs.index'
#   at t/lib/TestHelper.pm line 55.
#     Structures begin differing at:
#          $got->[0] = Does not exist
#     $expected->[0] = 'command_line.log'

#   Failed test 'files created as expected for -t study -i ZZZ -s Staphylococcus_aureus -c C:\DOCUME~1\a\LOCALS~1\Temp\4bMtC0f2IG -l t/data/refs.index'
#   at t/lib/TestHelper.pm line 55.
#     Structures begin differing at:
#          $got->[0] = Does not exist
#     $expected->[0] = 'command_line.log'
# Looks like you failed 8 tests of 8.
t/bin/virus_assembly_and_annotation.t .............................. 
Dubious, test returned 8 (wstat 2048, 0x800)
Failed 8/8 subtests 

#   Failed test 'files created as expected for -a ABC  -c C:\DOCUME~1\a\LOCALS~1\Temp\34G8MCUNtf -l t/data/refs.index'
#   at t/lib/TestHelper.pm line 55.
#     Structures begin differing at:
#          $got->[0] = Does not exist
#     $expected->[0] = 'command_line.log'

#   Failed test 'files created as expected for -t file -i t/data/lanes_file -r ABC -c C:\DOCUME~1\a\LOCALS~1\Temp\s8pFB9wygN -l t/data/refs.index'
#   at t/lib/TestHelper.pm line 55.
#     Structures begin differing at:
#          $got->[0] = Does not exist
#     $expected->[0] = 'command_line.log'

#   Failed test 'files created as expected for -t lane -i 1234_5#6 -r ABC -c C:\DOCUME~1\a\LOCALS~1\Temp\5MAtiB45M3 -l t/data/refs.index'
#   at t/lib/TestHelper.pm line 55.
#     Structures begin differing at:
#          $got->[0] = Does not exist
#     $expected->[0] = 'command_line.log'

#   Failed test 'files created as expected for -t library -i libname -r ABC -c C:\DOCUME~1\a\LOCALS~1\Temp\rHzRrJewW7 -l t/data/refs.index'
#   at t/lib/TestHelper.pm line 55.
#     Structures begin differing at:
#          $got->[0] = Does not exist
#     $expected->[0] = 'command_line.log'

#   Failed test 'files created as expected for -t sample -i sample -r ABC -c C:\DOCUME~1\a\LOCALS~1\Temp\ZQYukuuITb -l t/data/refs.index'
#   at t/lib/TestHelper.pm line 55.
#     Structures begin differing at:
#          $got->[0] = Does not exist
#     $expected->[0] = 'command_line.log'

#   Failed test 'files created as expected for -t study -i ZZZ -r ABC -c C:\DOCUME~1\a\LOCALS~1\Temp\Nrs_GrYZBv -l t/data/refs.index'
#   at t/lib/TestHelper.pm line 55.
#     Structures begin differing at:
#          $got->[0] = Does not exist
#     $expected->[0] = 'command_line.log'

#   Failed test 'files created as expected for -t study -i ZZZ -r ABC -m bowtie2 -c C:\DOCUME~1\a\LOCALS~1\Temp\qD6sdZWMGa -l t/data/refs.index'
#   at t/lib/TestHelper.pm line 55.
#     Structures begin differing at:
#          $got->[0] = Does not exist
#     $expected->[0] = 'command_line.log'

#   Failed test 'files created as expected for -t study -i ZZZ -r ABC -m bwa -c C:\DOCUME~1\a\LOCALS~1\Temp\CRlfVc0_4M -l t/data/refs.index'
#   at t/lib/TestHelper.pm line 55.
#     Structures begin differing at:
#          $got->[0] = Does not exist
#     $expected->[0] = 'command_line.log'

#   Failed test 'files created as expected for -t study -i ZZZ -r ABC -m ssaha2 -c C:\DOCUME~1\a\LOCALS~1\Temp\tkUPEMF5Xo -l t/data/refs.index'
#   at t/lib/TestHelper.pm line 55.
#     Structures begin differing at:
#          $got->[0] = Does not exist
#     $expected->[0] = 'command_line.log'

#   Failed test 'files created as expected for -t study -i ZZZ -r ABC -m stampy -c C:\DOCUME~1\a\LOCALS~1\Temp\Xd9Hhqx7WS -l t/data/refs.index'
#   at t/lib/TestHelper.pm line 55.
#     Structures begin differing at:
#          $got->[0] = Does not exist
#     $expected->[0] = 'command_line.log'

#   Failed test 'files created as expected for -t study -i ZZZ -r ABC -m tophat -c C:\DOCUME~1\a\LOCALS~1\Temp\wcwVbkL9oS -l t/data/refs.index'
#   at t/lib/TestHelper.pm line 55.
#     Structures begin differing at:
#          $got->[0] = Does not exist
#     $expected->[0] = 'command_line.log'

#   Failed test 'files created as expected for -t study -i ZZZ -r ABC -p "StandardProtocol" -c C:\DOCUME~1\a\LOCALS~1\Temp\VVEWLLdl72 -l t/data/refs.index'
#   at t/lib/TestHelper.pm line 55.
#     Structures begin differing at:
#          $got->[0] = Does not exist
#     $expected->[0] = 'command_line.log'

#   Failed test 'files created as expected for -t study -i ZZZ -r ABC -s Staphylococcus_aureus -c C:\DOCUME~1\a\LOCALS~1\Temp\rBLkmECfZN -l t/data/refs.index'
#   at t/lib/TestHelper.pm line 55.
#     Structures begin differing at:
#          $got->[0] = Does not exist
#     $expected->[0] = 'command_line.log'
# Looks like you failed 13 tests of 13.
t/bin/virus_mapping.t .............................................. 
Dubious, test returned 13 (wstat 3328, 0xd00)
Failed 13/13 subtests 

#   Failed test 'files created as expected for -a ABC  -c C:\DOCUME~1\a\LOCALS~1\Temp\APSVGtlZP0 -l t/data/refs.index'
#   at t/lib/TestHelper.pm line 55.
#     Structures begin differing at:
#          $got->[0] = Does not exist
#     $expected->[0] = 'command_line.log'

#   Failed test 'files created as expected for -d some_other_db_name -t study -i ZZZ -r ABC -c C:\DOCUME~1\a\LOCALS~1\Temp\sbKgA58l73 -l t/data/refs.index'
#   at t/lib/TestHelper.pm line 55.
#     Structures begin differing at:
#          $got->[0] = Does not exist
#     $expected->[0] = 'command_line.log'

#   Failed test 'files created as expected for -t file -i t/data/lanes_file -r ABC -c C:\DOCUME~1\a\LOCALS~1\Temp\HhFmouVzu5 -l t/data/refs.index'
#   at t/lib/TestHelper.pm line 55.
#     Structures begin differing at:
#          $got->[0] = Does not exist
#     $expected->[0] = 'command_line.log'

#   Failed test 'files created as expected for -t lane -i 1234_5#6 -r ABC -c C:\DOCUME~1\a\LOCALS~1\Temp\iGfQ6LsBEN -l t/data/refs.index'
#   at t/lib/TestHelper.pm line 55.
#     Structures begin differing at:
#          $got->[0] = Does not exist
#     $expected->[0] = 'command_line.log'

#   Failed test 'files created as expected for -t library -i libname -r ABC -c C:\DOCUME~1\a\LOCALS~1\Temp\lwpmG0NRy8 -l t/data/refs.index'
#   at t/lib/TestHelper.pm line 55.
#     Structures begin differing at:
#          $got->[0] = Does not exist
#     $expected->[0] = 'command_line.log'

#   Failed test 'files created as expected for -t sample -i sample -r ABC -c C:\DOCUME~1\a\LOCALS~1\Temp\xXGu8BoDqK -l t/data/refs.index'
#   at t/lib/TestHelper.pm line 55.
#     Structures begin differing at:
#          $got->[0] = Does not exist
#     $expected->[0] = 'command_line.log'

#   Failed test 'files created as expected for -t study -i ZZZ -r ABC -c C:\DOCUME~1\a\LOCALS~1\Temp\oorxPrPVlc -l t/data/refs.index'
#   at t/lib/TestHelper.pm line 55.
#     Structures begin differing at:
#          $got->[0] = Does not exist
#     $expected->[0] = 'command_line.log'

#   Failed test 'files created as expected for -t study -i ZZZ -r ABC -assembler velvet -c C:\DOCUME~1\a\LOCALS~1\Temp\0YzGypzmZ9 -l t/data/refs.index'
#   at t/lib/TestHelper.pm line 55.
#     Structures begin differing at:
#          $got->[0] = Does not exist
#     $expected->[0] = 'command_line.log'

#   Failed test 'files created as expected for -t study -i ZZZ -r ABC -s Staphylococcus_aureus -c C:\DOCUME~1\a\LOCALS~1\Temp\EiBCK_EATi -l t/data/refs.index'
#   at t/lib/TestHelper.pm line 55.
#     Structures begin differing at:
#          $got->[0] = Does not exist
#     $expected->[0] = 'command_line.log'
# Looks like you failed 9 tests of 9.
t/bin/virus_register_and_qc_study.t ................................ 
Dubious, test returned 9 (wstat 2304, 0x900)
Failed 9/9 subtests 

#   Failed test 'files created as expected for -a ABC  -c C:\DOCUME~1\a\LOCALS~1\Temp\BSiuV9rVNK -l t/data/refs.index'
#   at t/lib/TestHelper.pm line 55.
#     Structures begin differing at:
#          $got->[0] = Does not exist
#     $expected->[0] = 'command_line.log'

#   Failed test 'files created as expected for -t file -i t/data/lanes_file -r ABC -c C:\DOCUME~1\a\LOCALS~1\Temp\xCRC8ikdxx -l t/data/refs.index'
#   at t/lib/TestHelper.pm line 55.
#     Structures begin differing at:
#          $got->[0] = Does not exist
#     $expected->[0] = 'command_line.log'

#   Failed test 'files created as expected for -t lane -i 1234_5#6 -r ABC -c C:\DOCUME~1\a\LOCALS~1\Temp\bQGk0vCqLd -l t/data/refs.index'
#   at t/lib/TestHelper.pm line 55.
#     Structures begin differing at:
#          $got->[0] = Does not exist
#     $expected->[0] = 'command_line.log'

#   Failed test 'files created as expected for -t library -i libname -r ABC -c C:\DOCUME~1\a\LOCALS~1\Temp\vvjbwhhdsZ -l t/data/refs.index'
#   at t/lib/TestHelper.pm line 55.
#     Structures begin differing at:
#          $got->[0] = Does not exist
#     $expected->[0] = 'command_line.log'

#   Failed test 'files created as expected for -t sample -i sample -r ABC -c C:\DOCUME~1\a\LOCALS~1\Temp\Cyp5IT7gPN -l t/data/refs.index'
#   at t/lib/TestHelper.pm line 55.
#     Structures begin differing at:
#          $got->[0] = Does not exist
#     $expected->[0] = 'command_line.log'

#   Failed test 'files created as expected for -t study -i ZZZ -r ABC -c C:\DOCUME~1\a\LOCALS~1\Temp\WHysIVhyyk -l t/data/refs.index'
#   at t/lib/TestHelper.pm line 55.
#     Structures begin differing at:
#          $got->[0] = Does not exist
#     $expected->[0] = 'command_line.log'

#   Failed test 'files created as expected for -t study -i ZZZ -r ABC -m bowtie2 -c C:\DOCUME~1\a\LOCALS~1\Temp\rC3MlHpPWU -l t/data/refs.index'
#   at t/lib/TestHelper.pm line 55.
#     Structures begin differing at:
#          $got->[0] = Does not exist
#     $expected->[0] = 'command_line.log'

#   Failed test 'files created as expected for -t study -i ZZZ -r ABC -m bwa -c C:\DOCUME~1\a\LOCALS~1\Temp\E9vfx1Mvyi -l t/data/refs.index'
#   at t/lib/TestHelper.pm line 55.
#     Structures begin differing at:
#          $got->[0] = Does not exist
#     $expected->[0] = 'command_line.log'

#   Failed test 'files created as expected for -t study -i ZZZ -r ABC -m stampy -c C:\DOCUME~1\a\LOCALS~1\Temp\eMK4cENbI9 -l t/data/refs.index'
#   at t/lib/TestHelper.pm line 55.
#     Structures begin differing at:
#          $got->[0] = Does not exist
#     $expected->[0] = 'command_line.log'

#   Failed test 'files created as expected for -t study -i ZZZ -r ABC -m tophat -c C:\DOCUME~1\a\LOCALS~1\Temp\6Ev0Kl0W2G -l t/data/refs.index'
#   at t/lib/TestHelper.pm line 55.
#     Structures begin differing at:
#          $got->[0] = Does not exist
#     $expected->[0] = 'command_line.log'

#   Failed test 'files created as expected for -t study -i ZZZ -r ABC -p "StandardProtocol" -c C:\DOCUME~1\a\LOCALS~1\Temp\Pi56IVBNTt -l t/data/refs.index'
#   at t/lib/TestHelper.pm line 55.
#     Structures begin differing at:
#          $got->[0] = Does not exist
#     $expected->[0] = 'command_line.log'

#   Failed test 'files created as expected for -t study -i ZZZ -r ABC -s Staphylococcus_aureus -c C:\DOCUME~1\a\LOCALS~1\Temp\AA4qqPRcz0 -l t/data/refs.index'
#   at t/lib/TestHelper.pm line 55.
#     Structures begin differing at:
#          $got->[0] = Does not exist
#     $expected->[0] = 'command_line.log'
# Looks like you failed 12 tests of 12.
t/bin/virus_rna_seq_expression.t ................................... 
Dubious, test returned 12 (wstat 3072, 0xc00)
Failed 12/12 subtests 

#   Failed test 'files created as expected for -a ABC  -c C:\DOCUME~1\a\LOCALS~1\Temp\8ioI3DT9Y3 -l t/data/refs.index'
#   at t/lib/TestHelper.pm line 55.
#     Structures begin differing at:
#          $got->[0] = Does not exist
#     $expected->[0] = 'command_line.log'

#   Failed test 'files created as expected for -t file -i t/data/lanes_file -r ABC -c C:\DOCUME~1\a\LOCALS~1\Temp\oGCjxTGlSr -l t/data/refs.index'
#   at t/lib/TestHelper.pm line 55.
#     Structures begin differing at:
#          $got->[0] = Does not exist
#     $expected->[0] = 'command_line.log'

#   Failed test 'files created as expected for -t lane -i 1234_5#6 -r ABC -c C:\DOCUME~1\a\LOCALS~1\Temp\tQtXXUqpWf -l t/data/refs.index'
#   at t/lib/TestHelper.pm line 55.
#     Structures begin differing at:
#          $got->[0] = Does not exist
#     $expected->[0] = 'command_line.log'

#   Failed test 'files created as expected for -t library -i libname -r ABC -c C:\DOCUME~1\a\LOCALS~1\Temp\veQDUapy4L -l t/data/refs.index'
#   at t/lib/TestHelper.pm line 55.
#     Structures begin differing at:
#          $got->[0] = Does not exist
#     $expected->[0] = 'command_line.log'

#   Failed test 'files created as expected for -t sample -i sample -r ABC -c C:\DOCUME~1\a\LOCALS~1\Temp\ULBTjpv6jv -l t/data/refs.index'
#   at t/lib/TestHelper.pm line 55.
#     Structures begin differing at:
#          $got->[0] = Does not exist
#     $expected->[0] = 'command_line.log'

#   Failed test 'files created as expected for -t study -i ZZZ -r ABC -c C:\DOCUME~1\a\LOCALS~1\Temp\U0RLsWVtfM -l t/data/refs.index'
#   at t/lib/TestHelper.pm line 55.
#     Structures begin differing at:
#          $got->[0] = Does not exist
#     $expected->[0] = 'command_line.log'

#   Failed test 'files created as expected for -t study -i ZZZ -r ABC -m bowtie2 -c C:\DOCUME~1\a\LOCALS~1\Temp\2Oyi09chc_ -l t/data/refs.index'
#   at t/lib/TestHelper.pm line 55.
#     Structures begin differing at:
#          $got->[0] = Does not exist
#     $expected->[0] = 'command_line.log'

#   Failed test 'files created as expected for -t study -i ZZZ -r ABC -m bwa -c C:\DOCUME~1\a\LOCALS~1\Temp\UxF6QvfP40 -l t/data/refs.index'
#   at t/lib/TestHelper.pm line 55.
#     Structures begin differing at:
#          $got->[0] = Does not exist
#     $expected->[0] = 'command_line.log'

#   Failed test 'files created as expected for -t study -i ZZZ -r ABC -m ssaha2 -c C:\DOCUME~1\a\LOCALS~1\Temp\djO0Zz9Zwi -l t/data/refs.index'
#   at t/lib/TestHelper.pm line 55.
#     Structures begin differing at:
#          $got->[0] = Does not exist
#     $expected->[0] = 'command_line.log'

#   Failed test 'files created as expected for -t study -i ZZZ -r ABC -m stampy -c C:\DOCUME~1\a\LOCALS~1\Temp\YWf_Kab_iN -l t/data/refs.index'
#   at t/lib/TestHelper.pm line 55.
#     Structures begin differing at:
#          $got->[0] = Does not exist
#     $expected->[0] = 'command_line.log'

#   Failed test 'files created as expected for -t study -i ZZZ -r ABC -s Staphylococcus_aureus -c C:\DOCUME~1\a\LOCALS~1\Temp\JZNpFTGlfj -l t/data/refs.index'
#   at t/lib/TestHelper.pm line 55.
#     Structures begin differing at:
#          $got->[0] = Does not exist
#     $expected->[0] = 'command_line.log'
# Looks like you failed 11 tests of 11.
t/bin/virus_snp_calling.t .......................................... 
Dubious, test returned 11 (wstat 2816, 0xb00)
Failed 11/11 subtests 
The getpwuid function is unimplemented at lib/Bio/VertRes/Config/CommandLine/LogParameters.pm line 28.
# Tests were run but no plan was declared and done_testing() was not seen.
# Looks like your test exited with 255 just after 1.
t/Bio/VertRes/Config/CommandLine/Common.t .......................... 
Dubious, test returned 255 (wstat 65280, 0xff00)
All 1 subtests passed 
t/Bio/VertRes/Config/CommandLine/ConstructLimits.t ................. ok
The getpwuid function is unimplemented at lib/Bio/VertRes/Config/CommandLine/LogParameters.pm line 28.
# Tests were run but no plan was declared and done_testing() was not seen.
# Looks like your test exited with 255 just after 1.
t/Bio/VertRes/Config/CommandLine/LogParameters.t ................... 
Dubious, test returned 255 (wstat 65280, 0xff00)
All 1 subtests passed 
t/Bio/VertRes/Config/CommandLine/StudyNameSearch.t ................. ok
t/Bio/VertRes/Config/MultipleTopLevelFiles.t ....................... ok
t/Bio/VertRes/Config/Pipelines/AnnotateAssembly.t .................. ok
t/Bio/VertRes/Config/Pipelines/Assembly.t .......................... ok
t/Bio/VertRes/Config/Pipelines/BamImprovement.t .................... ok
t/Bio/VertRes/Config/Pipelines/Bowtie2Mapping.t .................... ok
t/Bio/VertRes/Config/Pipelines/BwaMapping.t ........................ ok
t/Bio/VertRes/Config/Pipelines/Common.t ............................ ok
t/Bio/VertRes/Config/Pipelines/Import.t ............................ ok
t/Bio/VertRes/Config/Pipelines/Mapping.t ........................... ok
t/Bio/VertRes/Config/Pipelines/QC.t ................................ ok
t/Bio/VertRes/Config/Pipelines/RnaSeqExpression.t .................. ok
t/Bio/VertRes/Config/Pipelines/SmaltMapping.t ...................... ok
t/Bio/VertRes/Config/Pipelines/SnpCalling.t ........................ ok
t/Bio/VertRes/Config/Pipelines/SpadesAssembly.t .................... ok
t/Bio/VertRes/Config/Pipelines/Ssaha2Mapping.t ..................... ok
t/Bio/VertRes/Config/Pipelines/StampyMapping.t ..................... ok
t/Bio/VertRes/Config/Pipelines/Store.t ............................. ok
t/Bio/VertRes/Config/Pipelines/Tradis.t ............................ ok
t/Bio/VertRes/Config/Pipelines/VelvetAssembly.t .................... ok
t/Bio/VertRes/Config/Recipes/BacteriaAssemblyAndAnnotation.t ....... ok
t/Bio/VertRes/Config/Recipes/BacteriaAssemblySingleCell.t .......... ok
t/Bio/VertRes/Config/Recipes/BacteriaRegisterAndQCStudy.t .......... ok
t/Bio/VertRes/Config/Recipes/BacteriaRnaSeqExpressionUsingBwa.t .... ok
t/Bio/VertRes/Config/Recipes/BacteriaRnaSeqExpressionUsingSmalt.t .. ok
t/Bio/VertRes/Config/Recipes/BacteriaSnpCallingUsingBwa.t .......... ok
t/Bio/VertRes/Config/Recipes/BacteriaSnpCallingUsingSmalt.t ........ ok
t/Bio/VertRes/Config/Recipes/EukaryotesAssembly.t .................. ok
t/Bio/VertRes/Config/Recipes/EukaryotesMappingUsingBwa.t ........... ok
t/Bio/VertRes/Config/Recipes/EukaryotesMappingUsingSmalt.t ......... ok
t/Bio/VertRes/Config/Recipes/EukaryotesMappingUsingSsaha2.t ........ ok
t/Bio/VertRes/Config/Recipes/EukaryotesMappingUsingStampy.t ........ ok
t/Bio/VertRes/Config/Recipes/EukaryotesRegisterAndQCStudy.t ........ ok
t/Bio/VertRes/Config/Recipes/EukaryotesRnaSeqExpression.t .......... ok
t/Bio/VertRes/Config/Recipes/EukaryotesSnpCallingUsingBwa.t ........ ok
t/Bio/VertRes/Config/Recipes/EukaryotesSnpCallingUsingSmalt.t ...... ok
t/Bio/VertRes/Config/Recipes/EukaryotesSnpCallingUsingSsaha2.t ..... ok
t/Bio/VertRes/Config/Recipes/EukaryotesSnpCallingUsingStampy.t ..... ok
t/Bio/VertRes/Config/Recipes/Global.t .............................. ok
t/Bio/VertRes/Config/Recipes/HelminthRegisterAndQCStudy.t .......... ok
t/Bio/VertRes/Config/Recipes/VirusAssemblyAndAnnotation.t .......... ok
t/Bio/VertRes/Config/Recipes/VirusRegisterAndQCStudy.t ............. ok
t/Bio/VertRes/Config/References.t .................................. ok
t/Bio/VertRes/Config/RegisterStudy.t ............................... ok
t/Bio/VertRes/Config/TopLevel.t .................................... ok

Test Summary Report
-------------------
t/bin/bacteria_assembly_and_annotation.t                         (Wstat: 2048 Tests: 8 Failed: 8)
  Failed tests:  1-8
  Non-zero exit status: 8
t/bin/bacteria_assembly_single_cell.t                            (Wstat: 1536 Tests: 6 Failed: 6)
  Failed tests:  1-6
  Non-zero exit status: 6
t/bin/bacteria_mapping.t                                         (Wstat: 3328 Tests: 13 Failed: 13)
  Failed tests:  1-13
  Non-zero exit status: 13
t/bin/bacteria_register_and_qc_study.t                           (Wstat: 2304 Tests: 9 Failed: 9)
  Failed tests:  1-9
  Non-zero exit status: 9
t/bin/bacteria_rna_seq_expression.t                              (Wstat: 3072 Tests: 12 Failed: 12)
  Failed tests:  1-12
  Non-zero exit status: 12
t/bin/bacteria_snp_calling.t                                     (Wstat: 2816 Tests: 11 Failed: 11)
  Failed tests:  1-11
  Non-zero exit status: 11
t/bin/eukaryote_assembly.t                                       (Wstat: 2048 Tests: 8 Failed: 8)
  Failed tests:  1-8
  Non-zero exit status: 8
t/bin/eukaryote_mapping.t                                        (Wstat: 3584 Tests: 14 Failed: 14)
  Failed tests:  1-14
  Non-zero exit status: 14
t/bin/eukaryote_register_and_qc_study.t                          (Wstat: 2048 Tests: 8 Failed: 8)
  Failed tests:  1-8
  Non-zero exit status: 8
t/bin/eukaryote_rna_seq_expression.t                             (Wstat: 3584 Tests: 14 Failed: 14)
  Failed tests:  1-14
  Non-zero exit status: 14
t/bin/eukaryote_snp_calling.t                                    (Wstat: 3072 Tests: 12 Failed: 12)
  Failed tests:  1-12
  Non-zero exit status: 12
t/bin/helminth_mapping.t                                         (Wstat: 3584 Tests: 14 Failed: 14)
  Failed tests:  1-14
  Non-zero exit status: 14
t/bin/helminth_register_and_qc_study.t                           (Wstat: 2048 Tests: 8 Failed: 8)
  Failed tests:  1-8
  Non-zero exit status: 8
t/bin/helminth_rna_seq_expression.t                              (Wstat: 3584 Tests: 14 Failed: 14)
  Failed tests:  1-14
  Non-zero exit status: 14
t/bin/helminth_snp_calling.t                                     (Wstat: 3072 Tests: 12 Failed: 12)
  Failed tests:  1-12
  Non-zero exit status: 12
t/bin/log_parameters.t                                           (Wstat: 512 Tests: 15 Failed: 15)
  Failed tests:  1-15
  Non-zero exit status: 2
  Parse errors: No plan found in TAP output
t/bin/setup_global_configs.t                                     (Wstat: 512 Tests: 2 Failed: 2)
  Failed tests:  1-2
  Non-zero exit status: 2
t/bin/virus_assembly_and_annotation.t                            (Wstat: 2048 Tests: 8 Failed: 8)
  Failed tests:  1-8
  Non-zero exit status: 8
t/bin/virus_mapping.t                                            (Wstat: 3328 Tests: 13 Failed: 13)
  Failed tests:  1-13
  Non-zero exit status: 13
t/bin/virus_register_and_qc_study.t                              (Wstat: 2304 Tests: 9 Failed: 9)
  Failed tests:  1-9
  Non-zero exit status: 9
t/bin/virus_rna_seq_expression.t                                 (Wstat: 3072 Tests: 12 Failed: 12)
  Failed tests:  1-12
  Non-zero exit status: 12
t/bin/virus_snp_calling.t                                        (Wstat: 2816 Tests: 11 Failed: 11)
  Failed tests:  1-11
  Non-zero exit status: 11
t/Bio/VertRes/Config/CommandLine/Common.t                        (Wstat: 65280 Tests: 1 Failed: 0)
  Non-zero exit status: 255
  Parse errors: No plan found in TAP output
t/Bio/VertRes/Config/CommandLine/LogParameters.t                 (Wstat: 65280 Tests: 1 Failed: 0)
  Non-zero exit status: 255
  Parse errors: No plan found in TAP output
Files=70, Tests=759, 95 wallclock secs ( 0.33 usr +  0.13 sys =  0.46 CPU)
Result: FAIL
Failed 24/70 test programs. 233/759 subtests failed.
gmake: *** [Makefile:1148: test_dynamic] Error 255

------------------------------
PREREQUISITES
------------------------------

Prerequisite modules loaded:

requires:

    Module                       Need Have    
    ---------------------------- ---- --------
    Data::Dumper                 0    2.167_02
    DBI                          0    1.639   
    Exception::Class             0    1.44    
    File::Basename               0    2.85    
    File::Path                   0    2.15    
    File::Slurp                  0    9999.19 
    Getopt::Long                 0    2.5     
    Moose                        0    2.2009  
    Moose::Role                  0    2.2009  
    Moose::Util::TypeConstraints 0    2.2009  

build_requires:

    Module                       Need Have    
    ---------------------------- ---- --------
    File::Find                   0    1.34    
    File::Temp                   0    0.2304  
    strict                       0    1.11    
    Test::Most                   0    0.35    
    warnings                     0    1.38    

configure_requires:

    Module                       Need Have    
    ---------------------------- ---- --------
    ExtUtils::MakeMaker          6.30 7.30    


------------------------------
ENVIRONMENT AND OTHER CONTEXT
------------------------------

Environment variables:

    AUTOMATED_TESTING = 1
    COMSPEC = C:\WINDOWS\system32\cmd.exe
    NUMBER_OF_PROCESSORS = 1
    PATH = C:\WINDOWS\system32;C:\WINDOWS;C:\WINDOWS\System32\Wbem;C:\Git\cmd;C:\Strawberry276\c\bin;C:\Strawberry276\perl\site\bin;C:\Strawberry276\perl\bin
    PERL5LIB = 
    PERL5OPT = 
    PERL5_CPANPLUS_IS_RUNNING = 168380
    PERL5_CPAN_IS_RUNNING = 168380
    PERL5_CPAN_IS_RUNNING_IN_RECURSION = 138396,168380
    PERL_CR_SMOKER_CURRENT = Bio-VertRes-Config-1.133090
    PERL_CR_SMOKER_RUNONCE = 1
    PERL_EXTUTILS_AUTOINSTALL = --defaultdeps
    PERL_MM_USE_DEFAULT = 1
    PERL_USE_UNSAFE_INC = 1
    PROCESSOR_IDENTIFIER = x86 Family 18 Model 1 Stepping 0, AuthenticAMD
    TEMP = C:\DOCUME~1\a\LOCALS~1\Temp

Perl special variables (and OS-specific diagnostics, for MSWin32):

    $^X = C:\Strawberry276\perl\bin\perl.exe
    $UID/$EUID = 0 / 0
    $GID = 0
    $EGID = 0
    Win32::GetOSName = WinXP/.Net
    Win32::GetOSVersion = Service Pack 3, 5, 1, 2600, 2, 3, 0, 256, 1
    Win32::FsType = NTFS
    Win32::IsAdminUser = 1

Perl module toolchain versions installed:

    Module              Have    
    ------------------- --------
    CPAN                2.18    
    CPAN::Meta          2.150010
    Cwd                 3.70    
    ExtUtils::CBuilder  0.280230
    ExtUtils::Command   7.30    
    ExtUtils::Install   2.14    
    ExtUtils::MakeMaker 7.30    
    ExtUtils::Manifest  1.70    
    ExtUtils::ParseXS   3.36    
    File::Spec          3.69    
    JSON                2.97001 
    JSON::PP            2.97001 
    Module::Build       0.4224  
    Module::Signature   0.81    
    Parse::CPAN::Meta   2.150010
    Test::Harness       3.39    
    Test::More          1.302120
    YAML                1.24    
    YAML::Syck          1.30    
    version             0.9918  


--

Summary of my perl5 (revision 5 version 27 subversion 6) configuration:
   
  Platform:
    osname=MSWin32
    osvers=5.1.2600
    archname=MSWin32-x86-multi-thread-64int
    uname='Win32 strawberry-perl 5.27.6.1-beta1 #1 Fri Jan 26 07:14:15 2018 i386'
    config_args='undef'
    hint=recommended
    useposix=true
    d_sigaction=undef
    useithreads=define
    usemultiplicity=define
    use64bitint=define
    use64bitall=undef
    uselongdouble=undef
    usemymalloc=n
    default_inc_excludes_dot=define
    bincompat5005=undef
  Compiler:
    cc='gcc'
    ccflags =' -s -O2 -DWIN32 -D__USE_MINGW_ANSI_STDIO -DPERL_TEXTMODE_SCRIPTS -DPERL_IMPLICIT_CONTEXT -DPERL_IMPLICIT_SYS -DUSE_PERLIO -fwrapv -fno-strict-aliasing -mms-bitfields'
    optimize='-s -O2'
    cppflags='-DWIN32'
    ccversion=''
    gccversion='7.1.0'
    gccosandvers=''
    intsize=4
    longsize=4
    ptrsize=4
    doublesize=8
    byteorder=12345678
    doublekind=3
    d_longlong=define
    longlongsize=8
    d_longdbl=define
    longdblsize=12
    longdblkind=3
    ivtype='long long'
    ivsize=8
    nvtype='double'
    nvsize=8
    Off_t='long long'
    lseeksize=8
    alignbytes=8
    prototype=define
  Linker and Libraries:
    ld='g++'
    ldflags ='-s -L"C:\STRAWB~1\perl\lib\CORE" -L"C:\STRAWB~1\c\lib"'
    libpth=C:\STRAWB~1\c\lib C:\STRAWB~1\c\i686-w64-mingw32\lib C:\STRAWB~1\c\lib\gcc\i686-w64-mingw32\7.1.0
    libs= -lmoldname -lkernel32 -luser32 -lgdi32 -lwinspool -lcomdlg32 -ladvapi32 -lshell32 -lole32 -loleaut32 -lnetapi32 -luuid -lws2_32 -lmpr -lwinmm -lversion -lodbc32 -lodbccp32 -lcomctl32
    perllibs= -lmoldname -lkernel32 -luser32 -lgdi32 -lwinspool -lcomdlg32 -ladvapi32 -lshell32 -lole32 -loleaut32 -lnetapi32 -luuid -lws2_32 -lmpr -lwinmm -lversion -lodbc32 -lodbccp32 -lcomctl32
    libc=
    so=dll
    useshrplib=true
    libperl=libperl527.a
    gnulibc_version=''
  Dynamic Linking:
    dlsrc=dl_win32.xs
    dlext=xs.dll
    d_dlsymun=undef
    ccdlflags=' '
    cccdlflags=' '
    lddlflags='-mdll -s -L"C:\STRAWB~1\perl\lib\CORE" -L"C:\STRAWB~1\c\lib"'


Characteristics of this binary (from libperl): 
  Compile-time options:
    HAS_TIMES
    HAVE_INTERP_INTERN
    MULTIPLICITY
    PERLIO_LAYERS
    PERL_COPY_ON_WRITE
    PERL_DONT_CREATE_GVSV
    PERL_IMPLICIT_CONTEXT
    PERL_IMPLICIT_SYS
    PERL_MALLOC_WRAP
    PERL_OP_PARENT
    PERL_PRESERVE_IVUV
    USE_64_BIT_INT
    USE_ITHREADS
    USE_LARGE_FILES
    USE_LOCALE
    USE_LOCALE_COLLATE
    USE_LOCALE_CTYPE
    USE_LOCALE_NUMERIC
    USE_LOCALE_TIME
    USE_PERLIO
    USE_PERL_ATOF
  Built under MSWin32
  Compiled at Jan 26 2018 07:24:09
  %ENV:
    PERL5_CPANPLUS_IS_RUNNING="168380"
    PERL5_CPAN_IS_RUNNING="168380"
    PERL5_CPAN_IS_RUNNING_IN_RECURSION="138396,168380"
    PERL_CR_SMOKER_CURRENT="Bio-VertRes-Config-1.133090"
    PERL_CR_SMOKER_RUNONCE="1"
    PERL_EXTUTILS_AUTOINSTALL="--defaultdeps"
    PERL_MM_USE_DEFAULT="1"
    PERL_USE_UNSAFE_INC="1"
  @INC:
    C:/Strawberry276/perl/site/lib
    C:/Strawberry276/perl/vendor/lib
    C:/Strawberry276/perl/lib
    .