VANAMBURG-SEMPROG-SimpleGraph v0.010 Perl 5 v5.29.2 x86_64-linux-thread-multi-ld

Status
Fail
From
Andreas J. König (ANDK)
Dist
VANAMBURG-SEMPROG-SimpleGraph v0.010
Platform
Perl 5 v5.29.2 x86_64-linux-thread-multi-ld
Date
2018-07-21 11:02:36
ID
9398fc9e-8cd5-11e8-a8a1-1ca969501b7c
This distribution has been tested as part of the CPAN Testers
project, supporting the Perl programming language.  See
http://wiki.cpantesters.org/ for more information or email
questions to cpan-testers-discuss@perl.org


--
Dear Gordon Van Amburg,

This is a computer-generated report for VANAMBURG-SEMPROG-SimpleGraph-0.010
on perl 5.29.2, created by CPAN-Reporter-1.2018.

Thank you for uploading your work to CPAN.  However, there was a problem
testing your distribution.

If you think this report is invalid, please consult the CPAN Testers Wiki
for suggestions on how to avoid getting FAIL reports for missing library
or binary dependencies, unsupported operating systems, and so on:

http://wiki.cpantesters.org/wiki/CPANAuthorNotes

Sections of this report:

    * Tester comments
    * Program output
    * Prerequisites
    * Environment and other context

------------------------------
TESTER COMMENTS
------------------------------

Additional comments from tester:

this report is from an automated smoke testing program
and was not reviewed by a human for accuracy

------------------------------
PROGRAM OUTPUT
------------------------------

Output from '/usr/bin/make test':

PERL_DL_NONLAZY=1 "/tmp/basesmoker-reloperl-trRb/bin/perl" "-MExtUtils::Command::MM" "-MTest::Harness" "-e" "undef *Test::Harness::Switches; test_harness(0, 'blib/lib', 'blib/arch')" t/*.t
# >>> t1 is gordon, add, triple1
# >>> gordon
# >>> gordon triples is 2
# >>> triple2 triples is 1
# >>> gordon triples is now 1
# >>> pot_belly_cost is cheap
t/00-load.t ......................... ok
t/pod-coverage.t .................... ok
# 
#    sub=San_Francisco_California
#    pred=mayor  obj=Gavin Newsom
#    pred=longitude  obj=-122.4183
#    pred=population  obj=744042
#    pred=latitude  obj=37.775
#    pred=inside  obj=California
#    pred=name  obj=San Francisco
#    sub=Cleveland_Ohio  obj=Newton D. Baker
#    sub=Chula_Vista_California  obj=Cheryl Cox
#    sub=Banning_California  obj=Debbie Franklin
#    sub=Aliso_Viejo_California  obj=William Phillips
#    sub=Corona_California  obj=Jeff Miller
#    sub=Half_Moon_Bay_California  obj=Bonnie McClung
#    sub=Chicago_Illinois  obj=Richard M. Daley
#    sub=Philadelphia_Pennsylvania  obj=John F. Street
#    sub=Hillsdale_Michigan  obj=Michael Sessions
#    sub=San_Francisco_California  obj=Gavin Newsom
#    sub=Cincinnati_Ohio  obj=Jerry Springer
#    sub=Corona_California  obj=Steve Nolan
#    sub=Banning_California  obj=Brenda Salas
#    sub=Fontana_California  obj=Mark Nuaimi
#    sub=Glendale_California  obj=John Drayman
#    sub=Portsmouth_New_Hampshire  obj=Thomas G. Ferrini
#    sub=Cleveland_Ohio  obj=Frank G. Jackson
#    sub=Athens_Greece  obj=Dora Bakoyannis
#    sub=Alameda_California  obj=Lena Tam
#    sub=Adelanto_California  obj=Steven R. Baisden
#    sub=Wasilla_Alaska  obj=Sarah Palin
#    sub=Fresno_California  obj=Alan Autry
#    sub=Garden_Grove_California  obj=William Dalton
#    sub=Portsmouth_New_Hampshire  obj=John Blalock
#    sub=Stuttgart_Germany  obj=Manfred Rommel
#    sub=Alameda_California  obj=Beverly Johnson
#    sub=Fontana_California  obj=Acquanetta Warren
#    sub=Half_Moon_Bay_California  obj=John Muller
#    sub=Garden_Grove_California  obj=Mark Rosen
#    sub=Edmonton_Canada  obj=Bill Smith
#    sub=Cleveland_Ohio  obj=Dennis Kucinich
#    sub=New_York_New_York  obj=Michael Bloomberg
#    sub=Fremont_California  obj=Bob Wasserman
#    sub=Detroit_Michigan  obj=Frank Murphy
#    sub=Aliso_Viejo_California  obj=Donald Garcia
#    sub=Adelanto_California  obj=Charley B. Glasper
#    sub=Fremont_California  obj=Bill Harrison
#    sub=Anaheim_California  obj=Curt Pringle
#    sub=San_Jose_California  obj=Norman Mineta
#    sub=Bakersfield_California  obj=Harvey Hall
# there are 30 cal cities
# mayor of Alameda_California is Lena Tam
# mayor of Alameda_California is Beverly Johnson
# mayor of Fremont_California is Bob Wasserman
# mayor of Fremont_California is Bill Harrison
# mayor of Garden_Grove_California is Mark Rosen
# mayor of Garden_Grove_California is William Dalton
# mayor of Fontana_California is Acquanetta Warren
# mayor of Fontana_California is Mark Nuaimi
# mayor of Half_Moon_Bay_California is Bonnie McClung
# mayor of Half_Moon_Bay_California is John Muller
# mayor of San_Jose_California is Norman Mineta
# mayor of Fresno_California is Alan Autry
# mayor of Bakersfield_California is Harvey Hall
# mayor of Anaheim_California is Curt Pringle
# mayor of San_Francisco_California is Gavin Newsom
# mayor of Aliso_Viejo_California is Donald Garcia
# mayor of Aliso_Viejo_California is William Phillips
# mayor of Chula_Vista_California is Cheryl Cox
# mayor of Banning_California is Brenda Salas
# mayor of Banning_California is Debbie Franklin
# mayor of Corona_California is Jeff Miller
# mayor of Corona_California is Steve Nolan
# mayor of Glendale_California is John Drayman
# mayor of Adelanto_California is Steven R. Baisden
# mayor of Adelanto_California is Charley B. Glasper
t/semprog_ch02_03_places.t .......... ok
# jt's partners
#     Alyssa Milano + Justin Timberlake
#     Justin Timberlake + Cameron Diaz
#     Jessica Biel + Justin Timberlake
#     Jenna Dewan + Justin Timberlake
#     Justin Timberlake + Britney Spears
#     Cameron Diaz + Justin Timberlake
#     Justin Timberlake + Alyssa Milano
#     Britney Spears + Justin Timberlake
#     Jenna Dewan + Justin Timberlake
#     Justin Timberlake + Jessica Biel
t/semprog_ch02_04_celebs.t .......... ok
# $VAR1 = 'GBL';
# $VAR2 = 'JEF';
# $VAR3 = 'DHIL';
# $VAR4 = 'SCHW';
# $VAR5 = 'PNSN';
# $VAR6 = 'TRAD';
# $VAR7 = 'SF';
# $VAR8 = 'BSC';
# $VAR9 = 'LEH';
# $VAR10 = 'MKTX';
# $VAR11 = 'CLMS';
# $VAR12 = 'MER';
# $VAR13 = 'GS';
# $VAR14 = 'MS';
# $VAR15 = 'OXPS';
# $VAR16 = 'LAB';
# $VAR17 = 'TWPG';
# $VAR18 = 'WDR';
# $VAR19 = 'NITE';
# $VAR20 = 'COWN';
# $VAR21 = 'LM';
# $VAR22 = 'BLK';
# $VAR23 = 'ITG';
t/semprog_ch02_05_business.t ........ ok
t/semprog_ch02_moviegraph.t ......... ok
# $VAR1 = {
#           'cont' => 'contrib285',
#           'dollars' => '30700.0',
#           'company' => 'BSC'
#         };
t/semprog_ch03_01_queries.t ......... ok
# triples before:
# $VAR1 = [
#           'White House',
#           'address',
#           '1600 Pennsylvania Avenue, Washington DC'
#         ];
Use of uninitialized value $geo_result in split at /tmp/loop_over_bdir-16584-TP37T4/VANAMBURG-SEMPROG-SimpleGraph-0.010-0/blib/lib/VANAMBURG/SEMPROG/GeocodeRule.pm line 24.
# triples after:
# $VAR1 = [
#           'White House',
#           'address',
#           '1600 Pennsylvania Avenue, Washington DC'
#         ];

#   Failed test 'there are three triples after inference'
#   at t/semprog_ch03_02_inference.t line 30.
# Looks like you failed 1 test of 2.
t/semprog_ch03_02_inference.t ....... 
Dubious, test returned 1 (wstat 256, 0x100)
Failed 1/2 subtests 
# getting geo code data from internet -- could take a while...
Use of uninitialized value $geo_result in split at /tmp/loop_over_bdir-16584-TP37T4/VANAMBURG-SEMPROG-SimpleGraph-0.010-0/blib/lib/VANAMBURG/SEMPROG/GeocodeRule.pm line 24.
Use of uninitialized value $geo_result in split at /tmp/loop_over_bdir-16584-TP37T4/VANAMBURG-SEMPROG-SimpleGraph-0.010-0/blib/lib/VANAMBURG/SEMPROG/GeocodeRule.pm line 24.
Use of uninitialized value $geo_result in split at /tmp/loop_over_bdir-16584-TP37T4/VANAMBURG-SEMPROG-SimpleGraph-0.010-0/blib/lib/VANAMBURG/SEMPROG/GeocodeRule.pm line 24.
Use of uninitialized value $geo_result in split at /tmp/loop_over_bdir-16584-TP37T4/VANAMBURG-SEMPROG-SimpleGraph-0.010-0/blib/lib/VANAMBURG/SEMPROG/GeocodeRule.pm line 24.
Use of uninitialized value $geo_result in split at /tmp/loop_over_bdir-16584-TP37T4/VANAMBURG-SEMPROG-SimpleGraph-0.010-0/blib/lib/VANAMBURG/SEMPROG/GeocodeRule.pm line 24.

#   Failed test '24 triples after first inference.'
#   at t/semprog_ch03_03_chain_of_rules.t line 22.
Attribute (latitude) does not pass the type constraint because: Validation failed for 'Num' with value "" at accessor VANAMBURG::SEMPROG::CloseToRule::latitude (defined at /tmp/loop_over_bdir-16584-TP37T4/VANAMBURG-SEMPROG-SimpleGraph-0.010-0/blib/lib/VANAMBURG/SEMPROG/CloseToRule.pm line 54) line 9
	VANAMBURG::SEMPROG::CloseToRule::latitude('VANAMBURG::SEMPROG::CloseToRule=HASH(0x556e29e98550)', '') called at /tmp/loop_over_bdir-16584-TP37T4/VANAMBURG-SEMPROG-SimpleGraph-0.010-0/blib/lib/VANAMBURG/SEMPROG/CloseToRule.pm line 40
	VANAMBURG::SEMPROG::CloseToRule::BUILD('VANAMBURG::SEMPROG::CloseToRule=HASH(0x556e29e98550)', 'HASH(0x556e29e98e20)') called at constructor VANAMBURG::SEMPROG::CloseToRule::new (defined at /tmp/loop_over_bdir-16584-TP37T4/VANAMBURG-SEMPROG-SimpleGraph-0.010-0/blib/lib/VANAMBURG/SEMPROG/CloseToRule.pm line 60) line 79
	VANAMBURG::SEMPROG::CloseToRule::new('VANAMBURG::SEMPROG::CloseToRule', 'place', 'White House', 'graph', 'VANAMBURG::SEMPROG::SimpleGraph=HASH(0x556e27d0be30)') called at t/semprog_ch03_03_chain_of_rules.t line 25
# Looks like your test exited with 255 just after 2.
t/semprog_ch03_03_chain_of_rules.t .. 
Dubious, test returned 255 (wstat 65280, 0xff00)
Failed 3/4 subtests 
# loading movie data...
# load done.  finding path
# path=Kevin Bacon, Wild Things, Neve Campbell, Blind Horizon, Val Kilmer
# path=Kevin Bacon, The Air I Breathe, Clark Gregg, In Good Company, Colleen Camp, Game of Death, Bruce Lee
# path=Kevin Bacon, New York, I Love You, John Hurt, Indiana Jones and the Kingdom of the Crystal Skull, Harrison Ford
t/semprog_ch03_04_shortest_path.t ... ok
t/semprog_ch03_05_join_graph.t ...... ok

Test Summary Report
-------------------
t/semprog_ch03_02_inference.t     (Wstat: 256 Tests: 2 Failed: 1)
  Failed test:  2
  Non-zero exit status: 1
t/semprog_ch03_03_chain_of_rules.t (Wstat: 65280 Tests: 2 Failed: 1)
  Failed test:  2
  Non-zero exit status: 255
  Parse errors: Bad plan.  You planned 4 tests but ran 2.
Files=11, Tests=40, 34 wallclock secs ( 0.01 usr  0.07 sys + 17.85 cusr  0.73 csys = 18.66 CPU)
Result: FAIL
Failed 2/11 test programs. 2/40 subtests failed.
Makefile:887: recipe for target 'test_dynamic' failed
make: *** [test_dynamic] Error 255

------------------------------
PREREQUISITES
------------------------------

Prerequisite modules loaded:

requires:

    Module              Need Have      
    ------------------- ---- ----------
    File::Slurp         0    9999.19   
    JSON                0    2.97001   
    List::MoreUtils     0    0.428     
    LWP::Simple         0    6.35      
    Modern::Perl        1.03 1.20180701
    Moose               0.93 2.2011    
    Moose::Role         0    2.2011    
    Set::Scalar         0    1.29      
    Test::More          0    1.302138  
    Text::CSV_XS        0    1.36      
    URI::Escape         0    3.31      

build_requires:

    Module              Need Have      
    ------------------- ---- ----------
    ExtUtils::MakeMaker 0    7.34      

configure_requires:

    Module              Need Have      
    ------------------- ---- ----------
    ExtUtils::MakeMaker 0    7.34      


------------------------------
ENVIRONMENT AND OTHER CONTEXT
------------------------------

Environment variables:

    AUTOMATED_TESTING = 1
    LANG = en_US.UTF-8
    PATH = /home/sand/bin:/usr/local/bin:/usr/bin:/bin:/usr/games:/usr/local/perl/bin:/usr/X11/bin:/sbin:/usr/sbin
    PERL5LIB = 
    PERL5OPT = 
    PERL5_CPANPLUS_IS_RUNNING = 19697
    PERL5_CPAN_IS_RUNNING = 19697
    PERL_CANARY_STABILITY_NOPROMPT = 1
    PERL_MM_USE_DEFAULT = 1
    PERL_USE_UNSAFE_INC = 1
    SHELL = /usr/bin/zsh
    TERM = screen

Perl special variables (and OS-specific diagnostics, for MSWin32):

    $^X = /tmp/basesmoker-reloperl-trRb/bin/perl
    $UID/$EUID = 1005 / 1005
    $GID = 1005 1005
    $EGID = 1005 1005

Perl module toolchain versions installed:

    Module              Have    
    ------------------- --------
    CPAN                2.20    
    CPAN::Meta          2.150010
    Cwd                 3.74    
    ExtUtils::CBuilder  0.280230
    ExtUtils::Command   7.34    
    ExtUtils::Install   2.14    
    ExtUtils::MakeMaker 7.34    
    ExtUtils::Manifest  1.71    
    ExtUtils::ParseXS   3.39    
    File::Spec          3.74    
    JSON                2.97001 
    JSON::PP            2.97001 
    Module::Build       0.4224  
    Module::Signature   0.81    
    Parse::CPAN::Meta   2.150010
    Test::Harness       3.42    
    Test::More          1.302138
    YAML                1.26    
    YAML::Syck          1.30    
    version             0.9924  


--

Summary of my perl5 (revision 5 version 29 subversion 2) configuration:
  Commit id: 37527a7ed8253652eecd27f1a4f6f1a3074193c1
  Platform:
    osname=linux
    osvers=4.14.0-3-amd64
    archname=x86_64-linux-thread-multi-ld
    uname='linux k93msid 4.14.0-3-amd64 #1 smp debian 4.14.12-2 (2018-01-06) x86_64 gnulinux '
    config_args='-Dprefix=/home/sand/src/perl/repoperls/installed-perls/host/k93msid/v5.29.1-6-g37527a7ed8/8854 -Dmyhostname=k93msid -Dinstallusrbinperl=n -Uversiononly -Dusedevel -des -Ui_db -Dlibswanted=cl pthread socket inet nsl gdbm dbm malloc dl ld sun m crypt sec util c cposix posix ucb BSD gdbm_compat -Duseithreads -Duselongdouble -DEBUGGING=-g'
    hint=recommended
    useposix=true
    d_sigaction=define
    useithreads=define
    usemultiplicity=define
    use64bitint=define
    use64bitall=define
    uselongdouble=define
    usemymalloc=n
    default_inc_excludes_dot=define
    bincompat5005=undef
  Compiler:
    cc='cc'
    ccflags ='-D_REENTRANT -D_GNU_SOURCE -fwrapv -fno-strict-aliasing -pipe -fstack-protector-strong -I/usr/local/include -D_LARGEFILE_SOURCE -D_FILE_OFFSET_BITS=64 -D_FORTIFY_SOURCE=2'
    optimize='-O2 -g'
    cppflags='-D_REENTRANT -D_GNU_SOURCE -fwrapv -fno-strict-aliasing -pipe -fstack-protector-strong -I/usr/local/include'
    ccversion=''
    gccversion='7.2.0'
    gccosandvers=''
    intsize=4
    longsize=8
    ptrsize=8
    doublesize=8
    byteorder=12345678
    doublekind=3
    d_longlong=define
    longlongsize=8
    d_longdbl=define
    longdblsize=16
    longdblkind=3
    ivtype='long'
    ivsize=8
    nvtype='long double'
    nvsize=16
    Off_t='off_t'
    lseeksize=8
    alignbytes=16
    prototype=define
  Linker and Libraries:
    ld='cc'
    ldflags =' -fstack-protector-strong -L/usr/local/lib'
    libpth=/usr/local/lib /usr/lib/gcc/x86_64-linux-gnu/7/include-fixed /usr/include/x86_64-linux-gnu /usr/lib /lib/x86_64-linux-gnu /lib/../lib /usr/lib/x86_64-linux-gnu /usr/lib/../lib /lib
    libs=-lpthread -lnsl -ldl -lm -lcrypt -lutil -lc
    perllibs=-lpthread -lnsl -ldl -lm -lcrypt -lutil -lc
    libc=libc-2.26.so
    so=so
    useshrplib=false
    libperl=libperl.a
    gnulibc_version='2.26'
  Dynamic Linking:
    dlsrc=dl_dlopen.xs
    dlext=so
    d_dlsymun=undef
    ccdlflags='-Wl,-E'
    cccdlflags='-fPIC'
    lddlflags='-shared -O2 -g -L/usr/local/lib -fstack-protector-strong'


Characteristics of this binary (from libperl): 
  Compile-time options:
    HAS_TIMES
    MULTIPLICITY
    PERLIO_LAYERS
    PERL_COPY_ON_WRITE
    PERL_DONT_CREATE_GVSV
    PERL_IMPLICIT_CONTEXT
    PERL_MALLOC_WRAP
    PERL_OP_PARENT
    PERL_PRESERVE_IVUV
    PERL_USE_DEVEL
    USE_64_BIT_ALL
    USE_64_BIT_INT
    USE_ITHREADS
    USE_LARGE_FILES
    USE_LOCALE
    USE_LOCALE_COLLATE
    USE_LOCALE_CTYPE
    USE_LOCALE_NUMERIC
    USE_LOCALE_TIME
    USE_LONG_DOUBLE
    USE_PERLIO
    USE_PERL_ATOF
    USE_REENTRANT_API
  Built under linux
  Compiled at Jul 20 2018 16:13:57
  %ENV:
    PERL5LIB=""
    PERL5OPT=""
    PERL5_CPANPLUS_IS_RUNNING="19697"
    PERL5_CPAN_IS_RUNNING="19697"
    PERL_CANARY_STABILITY_NOPROMPT="1"
    PERL_MM_USE_DEFAULT="1"
    PERL_USE_UNSAFE_INC="1"
  @INC:
    /home/sand/src/perl/repoperls/installed-perls/host/k93msid/v5.29.1-6-g37527a7ed8/8854/lib/site_perl/5.29.2/x86_64-linux-thread-multi-ld
    /home/sand/src/perl/repoperls/installed-perls/host/k93msid/v5.29.1-6-g37527a7ed8/8854/lib/site_perl/5.29.2
    /home/sand/src/perl/repoperls/installed-perls/host/k93msid/v5.29.1-6-g37527a7ed8/8854/lib/5.29.2/x86_64-linux-thread-multi-ld
    /home/sand/src/perl/repoperls/installed-perls/host/k93msid/v5.29.1-6-g37527a7ed8/8854/lib/5.29.2
    .