Back
From: metabase:user:320bfe00-2aae-11df-837a-5e0a49663a4f
Subject: FAIL Google-AJAX-Library-0.022 v5.24.0 GNU/Linux
Date: 2017-05-03T11:42:25Z
This distribution has been tested as part of the CPAN Testers
project, supporting the Perl programming language. See
http://wiki.cpantesters.org/ for more information or email
questions to cpan-testers-discuss@perl.org
--
Dear Robert Krimen,
This is a computer-generated report for Google-AJAX-Library-0.022
on perl 5.24.0, created by CPAN-Reporter-1.2018.
Thank you for uploading your work to CPAN. However, there was a problem
testing your distribution.
If you think this report is invalid, please consult the CPAN Testers Wiki
for suggestions on how to avoid getting FAIL reports for missing library
or binary dependencies, unsupported operating systems, and so on:
http://wiki.cpantesters.org/wiki/CPANAuthorNotes
Sections of this report:
* Tester comments
* Program output
* Prerequisites
* Environment and other context
------------------------------
TESTER COMMENTS
------------------------------
Additional comments from tester:
this report is from an automated smoke testing program
and was not reviewed by a human for accuracy
------------------------------
PROGRAM OUTPUT
------------------------------
Output from '/usr/bin/make test':
PERL_DL_NONLAZY=1 "/home/sand/src/perl/repoperls/installed-perls/host/k93msid/v5.24.0/5ea4/bin/perl" "-MExtUtils::Command::MM" "-MTest::Harness" "-e" "undef *Test::Harness::Switches; test_harness(0, 'blib/lib', 'blib/arch')" t/*.t
You are overwriting a locally defined function (file) with an accessor at /home/sand/src/perl/repoperls/installed-perls/host/k93msid/v5.24.0/5ea4/lib/site_perl/5.24.0/x86_64-linux-thread-multi-ld/Moose/Meta/Attribute.pm line 1113.
Moose::Meta::Attribute::_process_accessors(Moose::Meta::Attribute=HASH(0x563bc0cfd410), "reader", "file", undef) called at /home/sand/src/perl/repoperls/installed-perls/host/k93msid/v5.24.0/5ea4/lib/site_perl/5.24.0/x86_64-linux-thread-multi-ld/Class/MOP/Attribute.pm line 450
Class::MOP::Attribute::install_accessors(Moose::Meta::Attribute=HASH(0x563bc0cfd410)) called at /home/sand/src/perl/repoperls/installed-perls/host/k93msid/v5.24.0/5ea4/lib/site_perl/5.24.0/x86_64-linux-thread-multi-ld/Moose/Meta/Attribute.pm line 1016
Moose::Meta::Attribute::install_accessors(Moose::Meta::Attribute=HASH(0x563bc0cfd410)) called at /home/sand/src/perl/repoperls/installed-perls/host/k93msid/v5.24.0/5ea4/lib/site_perl/5.24.0/x86_64-linux-thread-multi-ld/Class/MOP/Class.pm line 899
Class::MOP::Class::try {...} () called at /home/sand/src/perl/repoperls/installed-perls/host/k93msid/v5.24.0/5ea4/lib/site_perl/5.24.0/Try/Tiny.pm line 103
eval {...} called at /home/sand/src/perl/repoperls/installed-perls/host/k93msid/v5.24.0/5ea4/lib/site_perl/5.24.0/Try/Tiny.pm line 94
Try::Tiny::try(CODE(0x563bc0cfccf0), Try::Tiny::Catch=REF(0x563bc0cfcf00)) called at /home/sand/src/perl/repoperls/installed-perls/host/k93msid/v5.24.0/5ea4/lib/site_perl/5.24.0/x86_64-linux-thread-multi-ld/Class/MOP/Class.pm line 904
Class::MOP::Class::_post_add_attribute(Moose::Meta::Class=HASH(0x563bc208f128), Moose::Meta::Attribute=HASH(0x563bc0cfd410)) called at /home/sand/src/perl/repoperls/installed-perls/host/k93msid/v5.24.0/5ea4/lib/site_perl/5.24.0/x86_64-linux-thread-multi-ld/Class/MOP/Mixin/HasAttributes.pm line 39
Class::MOP::Mixin::HasAttributes::add_attribute(Moose::Meta::Class=HASH(0x563bc208f128), Moose::Meta::Attribute=HASH(0x563bc0cfd410)) called at /home/sand/src/perl/repoperls/installed-perls/host/k93msid/v5.24.0/5ea4/lib/site_perl/5.24.0/x86_64-linux-thread-multi-ld/Moose/Meta/Class.pm line 583
Moose::Meta::Class::add_attribute(Moose::Meta::Class=HASH(0x563bc208f128), "file", "definition_context", HASH(0x563bc0cfc9a8), "is", "ro") called at /home/sand/src/perl/repoperls/installed-perls/host/k93msid/v5.24.0/5ea4/lib/site_perl/5.24.0/x86_64-linux-thread-multi-ld/Moose.pm line 74
Moose::has(Moose::Meta::Class=HASH(0x563bc208f128), "file", "is", "ro") called at /home/sand/src/perl/repoperls/installed-perls/host/k93msid/v5.24.0/5ea4/lib/site_perl/5.24.0/x86_64-linux-thread-multi-ld/Moose/Exporter.pm line 419
Moose::has("file", "is", "ro") called at /tmp/loop_over_bdir-11621-Yf8CmA/Google-AJAX-Library-0.022-0/blib/lib/Google/AJAX/Library.pm line 32
require Google/AJAX/Library.pm called at t/01-basic.t line 5
main::BEGIN() called at /tmp/loop_over_bdir-11621-Yf8CmA/Google-AJAX-Library-0.022-0/blib/lib/Google/AJAX/Library.pm line 0
eval {...} called at /tmp/loop_over_bdir-11621-Yf8CmA/Google-AJAX-Library-0.022-0/blib/lib/Google/AJAX/Library.pm line 0
# Failed test at t/01-basic.t line 13.
# got: '<script type="text/javascript" src="http://ajax.googleapis.com/ajax/libs/jquery/1/jquery.min.js"></script>'
# expected: '<script src="http://ajax.googleapis.com/ajax/libs/jquery/1/jquery.min.js" type="text/javascript"></script>'
# Looks like you failed 1 test of 25.
t/01-basic.t ....
Dubious, test returned 1 (wstat 256, 0x100)
Failed 1/25 subtests
You are overwriting a locally defined function (file) with an accessor at /home/sand/src/perl/repoperls/installed-perls/host/k93msid/v5.24.0/5ea4/lib/site_perl/5.24.0/x86_64-linux-thread-multi-ld/Moose/Meta/Attribute.pm line 1113.
Moose::Meta::Attribute::_process_accessors(Moose::Meta::Attribute=HASH(0x5611bad75720), "reader", "file", undef) called at /home/sand/src/perl/repoperls/installed-perls/host/k93msid/v5.24.0/5ea4/lib/site_perl/5.24.0/x86_64-linux-thread-multi-ld/Class/MOP/Attribute.pm line 450
Class::MOP::Attribute::install_accessors(Moose::Meta::Attribute=HASH(0x5611bad75720)) called at /home/sand/src/perl/repoperls/installed-perls/host/k93msid/v5.24.0/5ea4/lib/site_perl/5.24.0/x86_64-linux-thread-multi-ld/Moose/Meta/Attribute.pm line 1016
Moose::Meta::Attribute::install_accessors(Moose::Meta::Attribute=HASH(0x5611bad75720)) called at /home/sand/src/perl/repoperls/installed-perls/host/k93msid/v5.24.0/5ea4/lib/site_perl/5.24.0/x86_64-linux-thread-multi-ld/Class/MOP/Class.pm line 899
Class::MOP::Class::try {...} () called at /home/sand/src/perl/repoperls/installed-perls/host/k93msid/v5.24.0/5ea4/lib/site_perl/5.24.0/Try/Tiny.pm line 103
eval {...} called at /home/sand/src/perl/repoperls/installed-perls/host/k93msid/v5.24.0/5ea4/lib/site_perl/5.24.0/Try/Tiny.pm line 94
Try::Tiny::try(CODE(0x5611bad74fd0), Try::Tiny::Catch=REF(0x5611bad751e0)) called at /home/sand/src/perl/repoperls/installed-perls/host/k93msid/v5.24.0/5ea4/lib/site_perl/5.24.0/x86_64-linux-thread-multi-ld/Class/MOP/Class.pm line 904
Class::MOP::Class::_post_add_attribute(Moose::Meta::Class=HASH(0x5611bc1074a8), Moose::Meta::Attribute=HASH(0x5611bad75720)) called at /home/sand/src/perl/repoperls/installed-perls/host/k93msid/v5.24.0/5ea4/lib/site_perl/5.24.0/x86_64-linux-thread-multi-ld/Class/MOP/Mixin/HasAttributes.pm line 39
Class::MOP::Mixin::HasAttributes::add_attribute(Moose::Meta::Class=HASH(0x5611bc1074a8), Moose::Meta::Attribute=HASH(0x5611bad75720)) called at /home/sand/src/perl/repoperls/installed-perls/host/k93msid/v5.24.0/5ea4/lib/site_perl/5.24.0/x86_64-linux-thread-multi-ld/Moose/Meta/Class.pm line 583
Moose::Meta::Class::add_attribute(Moose::Meta::Class=HASH(0x5611bc1074a8), "file", "definition_context", HASH(0x5611bad74bb0), "is", "ro") called at /home/sand/src/perl/repoperls/installed-perls/host/k93msid/v5.24.0/5ea4/lib/site_perl/5.24.0/x86_64-linux-thread-multi-ld/Moose.pm line 74
Moose::has(Moose::Meta::Class=HASH(0x5611bc1074a8), "file", "is", "ro") called at /home/sand/src/perl/repoperls/installed-perls/host/k93msid/v5.24.0/5ea4/lib/site_perl/5.24.0/x86_64-linux-thread-multi-ld/Moose/Exporter.pm line 419
Moose::has("file", "is", "ro") called at /tmp/loop_over_bdir-11621-Yf8CmA/Google-AJAX-Library-0.022-0/blib/lib/Google/AJAX/Library.pm line 32
require Google/AJAX/Library.pm called at t/02-library.t line 5
main::BEGIN() called at /tmp/loop_over_bdir-11621-Yf8CmA/Google-AJAX-Library-0.022-0/blib/lib/Google/AJAX/Library.pm line 0
eval {...} called at /tmp/loop_over_bdir-11621-Yf8CmA/Google-AJAX-Library-0.022-0/blib/lib/Google/AJAX/Library.pm line 0
t/02-library.t .. ok
You are overwriting a locally defined function (file) with an accessor at /home/sand/src/perl/repoperls/installed-perls/host/k93msid/v5.24.0/5ea4/lib/site_perl/5.24.0/x86_64-linux-thread-multi-ld/Moose/Meta/Attribute.pm line 1113.
Moose::Meta::Attribute::_process_accessors(Moose::Meta::Attribute=HASH(0x5636eedfe708), "reader", "file", undef) called at /home/sand/src/perl/repoperls/installed-perls/host/k93msid/v5.24.0/5ea4/lib/site_perl/5.24.0/x86_64-linux-thread-multi-ld/Class/MOP/Attribute.pm line 450
Class::MOP::Attribute::install_accessors(Moose::Meta::Attribute=HASH(0x5636eedfe708)) called at /home/sand/src/perl/repoperls/installed-perls/host/k93msid/v5.24.0/5ea4/lib/site_perl/5.24.0/x86_64-linux-thread-multi-ld/Moose/Meta/Attribute.pm line 1016
Moose::Meta::Attribute::install_accessors(Moose::Meta::Attribute=HASH(0x5636eedfe708)) called at /home/sand/src/perl/repoperls/installed-perls/host/k93msid/v5.24.0/5ea4/lib/site_perl/5.24.0/x86_64-linux-thread-multi-ld/Class/MOP/Class.pm line 899
Class::MOP::Class::try {...} () called at /home/sand/src/perl/repoperls/installed-perls/host/k93msid/v5.24.0/5ea4/lib/site_perl/5.24.0/Try/Tiny.pm line 103
eval {...} called at /home/sand/src/perl/repoperls/installed-perls/host/k93msid/v5.24.0/5ea4/lib/site_perl/5.24.0/Try/Tiny.pm line 94
Try::Tiny::try(CODE(0x5636ed265d30), Try::Tiny::Catch=REF(0x5636ed265f28)) called at /home/sand/src/perl/repoperls/installed-perls/host/k93msid/v5.24.0/5ea4/lib/site_perl/5.24.0/x86_64-linux-thread-multi-ld/Class/MOP/Class.pm line 904
Class::MOP::Class::_post_add_attribute(Moose::Meta::Class=HASH(0x5636ee6076b0), Moose::Meta::Attribute=HASH(0x5636eedfe708)) called at /home/sand/src/perl/repoperls/installed-perls/host/k93msid/v5.24.0/5ea4/lib/site_perl/5.24.0/x86_64-linux-thread-multi-ld/Class/MOP/Mixin/HasAttributes.pm line 39
Class::MOP::Mixin::HasAttributes::add_attribute(Moose::Meta::Class=HASH(0x5636ee6076b0), Moose::Meta::Attribute=HASH(0x5636eedfe708)) called at /home/sand/src/perl/repoperls/installed-perls/host/k93msid/v5.24.0/5ea4/lib/site_perl/5.24.0/x86_64-linux-thread-multi-ld/Moose/Meta/Class.pm line 583
Moose::Meta::Class::add_attribute(Moose::Meta::Class=HASH(0x5636ee6076b0), "file", "definition_context", HASH(0x5636ed265808), "is", "ro") called at /home/sand/src/perl/repoperls/installed-perls/host/k93msid/v5.24.0/5ea4/lib/site_perl/5.24.0/x86_64-linux-thread-multi-ld/Moose.pm line 74
Moose::has(Moose::Meta::Class=HASH(0x5636ee6076b0), "file", "is", "ro") called at /home/sand/src/perl/repoperls/installed-perls/host/k93msid/v5.24.0/5ea4/lib/site_perl/5.24.0/x86_64-linux-thread-multi-ld/Moose/Exporter.pm line 419
Moose::has("file", "is", "ro") called at /tmp/loop_over_bdir-11621-Yf8CmA/Google-AJAX-Library-0.022-0/blib/lib/Google/AJAX/Library.pm line 32
require Google/AJAX/Library.pm called at t/03-fetch.t line 5
main::BEGIN() called at /tmp/loop_over_bdir-11621-Yf8CmA/Google-AJAX-Library-0.022-0/blib/lib/Google/AJAX/Library.pm line 0
eval {...} called at /tmp/loop_over_bdir-11621-Yf8CmA/Google-AJAX-Library-0.022-0/blib/lib/Google/AJAX/Library.pm line 0
t/03-fetch.t .... skipped: Not going out to http://ajax.googleapis.com to test fetching/writing
Test Summary Report
-------------------
t/01-basic.t (Wstat: 256 Tests: 25 Failed: 1)
Failed test: 4
Non-zero exit status: 1
Files=3, Tests=61, 3 wallclock secs ( 0.03 usr 0.02 sys + 0.89 cusr 0.13 csys = 1.07 CPU)
Result: FAIL
Failed 1/3 test programs. 1/61 subtests failed.
Makefile:857: recipe for target 'test_dynamic' failed
make: *** [test_dynamic] Error 255
------------------------------
PREREQUISITES
------------------------------
Prerequisite modules loaded:
requires:
Module Need Have
------------------- ---- ------
Carp::Clan::Share 0 0.013
HTML::Declare 0 2.6
LWP::UserAgent 0 6.26
Moose 0 2.2004
Path::Class 0 0.37
URI 0 1.71
build_requires:
Module Need Have
------------------- ---- ------
File::Temp 0 0.2304
Test::Most 0 0.35
configure_requires:
Module Need Have
------------------- ---- ------
ExtUtils::MakeMaker 6.31 7.24
------------------------------
ENVIRONMENT AND OTHER CONTEXT
------------------------------
Environment variables:
AUTOMATED_TESTING = 1
LANG = en_US.UTF-8
PATH = /home/sand/bin:/usr/local/bin:/usr/bin:/bin:/usr/games:/usr/local/perl/bin:/usr/X11/bin:/sbin:/usr/sbin
PERL5LIB =
PERL5OPT =
PERL5_CPANPLUS_IS_RUNNING = 11637
PERL5_CPAN_IS_RUNNING = 11637
PERL_CANARY_STABILITY_NOPROMPT = 1
PERL_MM_USE_DEFAULT = 1
PERL_USE_UNSAFE_INC = 1
SHELL = /usr/bin/zsh
TERM = screen
Perl special variables (and OS-specific diagnostics, for MSWin32):
$^X = /home/sand/src/perl/repoperls/installed-perls/host/k93msid/v5.24.0/5ea4/bin/perl
$UID/$EUID = 1005 / 1005
$GID = 1005 1005
$EGID = 1005 1005
Perl module toolchain versions installed:
Module Have
------------------- --------
CPAN 2.18
CPAN::Meta 2.150010
Cwd 3.63
ExtUtils::CBuilder 0.280225
ExtUtils::Command 7.24
ExtUtils::Install 2.04
ExtUtils::MakeMaker 7.24
ExtUtils::Manifest 1.70
ExtUtils::ParseXS 3.31
File::Spec 3.63
JSON 2.90
JSON::PP 2.27300
Module::Build 0.4222
Module::Signature 0.81
Parse::CPAN::Meta 2.150010
Test::Harness 3.39
Test::More 1.302084
YAML 1.23
YAML::Syck 1.30
version 0.9916
--
Summary of my perl5 (revision 5 version 24 subversion 0) configuration:
Derived from: be2c0c650b028f54e427f2469a59942edfdff8a9
Platform:
osname=linux, osvers=4.9.0-2-amd64, archname=x86_64-linux-thread-multi-ld
uname='linux k93msid 4.9.0-2-amd64 #1 smp debian 4.9.18-1 (2017-03-30) x86_64 gnulinux '
config_args='-Dprefix=/home/sand/src/perl/repoperls/installed-perls/host/k93msid/v5.24.0/5ea4 -Dmyhostname=k93msid -Dinstallusrbinperl=n -Uversiononly -Dusedevel -des -Ui_db -Dlibswanted=cl pthread socket inet nsl gdbm dbm malloc dl ld sun m crypt sec util c cposix posix ucb BSD gdbm_compat -Duseithreads -Duselongdouble -DDEBUGGING=-g'
hint=recommended, useposix=true, d_sigaction=define
useithreads=define, usemultiplicity=define
use64bitint=define, use64bitall=define, uselongdouble=define
usemymalloc=n, bincompat5005=undef
Compiler:
cc='cc', ccflags ='-D_REENTRANT -D_GNU_SOURCE -fwrapv -fno-strict-aliasing -pipe -fstack-protector-strong -I/usr/local/include -D_LARGEFILE_SOURCE -D_FILE_OFFSET_BITS=64',
optimize='-O2 -g',
cppflags='-D_REENTRANT -D_GNU_SOURCE -fwrapv -fno-strict-aliasing -pipe -fstack-protector-strong -I/usr/local/include'
ccversion='', gccversion='6.3.0 20170406', gccosandvers=''
intsize=4, longsize=8, ptrsize=8, doublesize=8, byteorder=12345678, doublekind=3
d_longlong=define, longlongsize=8, d_longdbl=define, longdblsize=16, longdblkind=3
ivtype='long', ivsize=8, nvtype='long double', nvsize=16, Off_t='off_t', lseeksize=8
alignbytes=16, prototype=define
Linker and Libraries:
ld='cc', ldflags =' -fstack-protector-strong -L/usr/local/lib'
libpth=/usr/local/lib /usr/lib/gcc/x86_64-linux-gnu/6/include-fixed /usr/include/x86_64-linux-gnu /usr/lib /lib/x86_64-linux-gnu /lib/../lib /usr/lib/x86_64-linux-gnu /usr/lib/../lib /lib
libs=-lpthread -lnsl -ldl -lm -lcrypt -lutil -lc
perllibs=-lpthread -lnsl -ldl -lm -lcrypt -lutil -lc
libc=libc-2.24.so, so=so, useshrplib=false, libperl=libperl.a
gnulibc_version='2.24'
Dynamic Linking:
dlsrc=dl_dlopen.xs, dlext=so, d_dlsymun=undef, ccdlflags='-Wl,-E'
cccdlflags='-fPIC', lddlflags='-shared -O2 -g -L/usr/local/lib -fstack-protector-strong'
Characteristics of this binary (from libperl):
Compile-time options: HAS_TIMES MULTIPLICITY PERLIO_LAYERS
PERL_COPY_ON_WRITE PERL_DONT_CREATE_GVSV
PERL_HASH_FUNC_ONE_AT_A_TIME_HARD
PERL_IMPLICIT_CONTEXT PERL_MALLOC_WRAP
PERL_PRESERVE_IVUV PERL_USE_DEVEL USE_64_BIT_ALL
USE_64_BIT_INT USE_ITHREADS USE_LARGE_FILES
USE_LOCALE USE_LOCALE_COLLATE USE_LOCALE_CTYPE
USE_LOCALE_NUMERIC USE_LOCALE_TIME USE_LONG_DOUBLE
USE_PERLIO USE_PERL_ATOF USE_REENTRANT_API
Locally applied patches:
uncommitted-changes
Built under linux
Compiled at Apr 17 2017 00:44:04
%ENV:
PERL5LIB=""
PERL5OPT=""
PERL5_CPANPLUS_IS_RUNNING="11637"
PERL5_CPAN_IS_RUNNING="11637"
PERL_CANARY_STABILITY_NOPROMPT="1"
PERL_MM_USE_DEFAULT="1"
PERL_USE_UNSAFE_INC="1"
@INC:
/home/sand/src/perl/repoperls/installed-perls/host/k93msid/v5.24.0/5ea4/lib/site_perl/5.24.0/x86_64-linux-thread-multi-ld
/home/sand/src/perl/repoperls/installed-perls/host/k93msid/v5.24.0/5ea4/lib/site_perl/5.24.0
/home/sand/src/perl/repoperls/installed-perls/host/k93msid/v5.24.0/5ea4/lib/5.24.0/x86_64-linux-thread-multi-ld
/home/sand/src/perl/repoperls/installed-perls/host/k93msid/v5.24.0/5ea4/lib/5.24.0
.