Test-Kwalitee-Extra vv0.4.0 Perl 5 v5.12.5 x86_64-linux

Status
Fail
From
Slaven Rezić (SREZIC)
Dist
Test-Kwalitee-Extra vv0.4.0
Platform
Perl 5 v5.12.5 x86_64-linux
Date
2019-02-24 17:28:19
ID
94081dec-3859-11e9-b24a-9c7a2bb456d1
This distribution has been tested as part of the CPAN Testers
project, supporting the Perl programming language.  See
http://wiki.cpantesters.org/ for more information or email
questions to cpan-testers-discuss@perl.org


--
Dear Yasutaka ATARASHI,

This is a computer-generated report for Test-Kwalitee-Extra-v0.4.0
on perl 5.12.5, created by CPAN-Reporter-1.2018.

Thank you for uploading your work to CPAN.  However, there was a problem
testing your distribution.

If you think this report is invalid, please consult the CPAN Testers Wiki
for suggestions on how to avoid getting FAIL reports for missing library
or binary dependencies, unsupported operating systems, and so on:

http://wiki.cpantesters.org/wiki/CPANAuthorNotes

Sections of this report:

    * Tester comments
    * Program output
    * Prerequisites
    * Environment and other context

------------------------------
TESTER COMMENTS
------------------------------

Additional comments from tester:

none provided

------------------------------
PROGRAM OUTPUT
------------------------------

Output from '/usr/bin/make test':

PERL_DL_NONLAZY=1 "/opt/perl-5.12.5/bin/perl" "-MExtUtils::Command::MM" "-MTest::Harness" "-e" "undef *Test::Harness::Switches; test_harness(0, 'blib/lib', 'blib/arch')" t/*.t
t/00-compile.t .................... ok
t/01-kwalitee.t ................... ok
t/02-exclude-class.t .............. ok
t/03-include.t .................... ok
t/04-prereq_maches_use.t .......... ok

#   Failed test 'expected failure of build_prereq_matches_use'
#   at t/05-build_prereq_matches_use.t line 35.
# STDOUT is:
# > ok 1 - build_prereq_matches_use by Test::Kwalitee::Extra
# not:
# > not ok 1 - build_prereq_matches_use by Test::Kwalitee::Extra
# as expected
# STDERR is:
# > 
# > 
# > 
# > 
# not:
# > /#\s+Failed\ test.*?\n?.*?at\ t\/05\-build_prereq_matches_use\.t line 33.*\n?/
# > #   Detail: This distribution uses a module or a dist in its test suite that's not listed as a build prerequisite.
# > #   Detail: Missing: Pod::Coverage::TrustPod in Pod-Coverage-TrustPod, Test::Pod in Test-Pod, Test::Pod::Coverage in Test-Pod-Coverage
# > #   Remedy: List all modules used in the test suite in META.yml build_requires
# as expected
t/05-build_prereq_matches_use.t ... 
Failed 1/1 subtests 

#   Failed test 'expected failure of build_prereq_matches_use'
#   at t/06-minperlver.t line 29.
# STDOUT is:
# > ok 1 - build_prereq_matches_use by Test::Kwalitee::Extra
# not:
# > not ok 1 - build_prereq_matches_use by Test::Kwalitee::Extra
# as expected
# STDERR is:
# > 
# > 
# > 
# > 
# not:
# > /#\s+Failed\ test.*?\n?.*?at\ t\/06\-minperlver\.t line 27.*\n?/
# > #   Detail: This distribution uses a module or a dist in its test suite that's not listed as a build prerequisite.
# > #   Detail: Missing: File::Spec::Functions in PathTools, Pod::Coverage::TrustPod in Pod-Coverage-TrustPod, Term::ANSIColor in Term-ANSIColor, Test::Pod in Test-Pod, Test::Pod::Coverage in Test-Pod-Coverage
# > #   Remedy: List all modules used in the test suite in META.yml build_requires
# as expected
t/06-minperlver.t ................. 
Failed 1/1 subtests 
t/08-_get_packages_not_indexed.t .. ok
t/09-_count_tests.t ............... ok
t/author-critic.t ................. skipped: these tests are for testing by the author
t/author-pod-coverage.t ........... skipped: these tests are for testing by the author
t/author-pod-syntax.t ............. skipped: these tests are for testing by the author

Test Summary Report
-------------------
t/05-build_prereq_matches_use.t (Wstat: 0 Tests: 1 Failed: 1)
  Failed test:  1
t/06-minperlver.t               (Wstat: 0 Tests: 1 Failed: 1)
  Failed test:  1
Files=12, Tests=64, 11 wallclock secs ( 0.04 usr  0.07 sys +  2.99 cusr  1.29 csys =  4.39 CPU)
Result: FAIL
Failed 2/12 test programs. 2/64 subtests failed.
Makefile:870: recipe for target 'test_dynamic' failed
make: *** [test_dynamic] Error 255

------------------------------
PREREQUISITES
------------------------------

Prerequisite modules loaded:

requires:

    Module                      Need    Have      
    --------------------------- ------- ----------
    MetaCPAN::Client            0       2.025000  
    Module::CoreList            2.31_01 5.20190220
    Module::CPANTS::Analyse     0.87    1.00      
    Module::Extract::Namespaces 0       1.021     
    perl                        5.006   5.012005  
    Test::Builder::Tester       0       1.302162  
    version                     0.77    0.9924    
    warnings                    0       1.09      

build_requires:

    Module                      Need    Have      
    --------------------------- ------- ----------
    ExtUtils::MakeMaker         0       7.34      
    File::Spec                  0       3.75      
    IO::Handle                  0       1.39      
    IPC::Open3                  0       1.05      
    Test::More                  0       1.302162  

configure_requires:

    Module                      Need    Have      
    --------------------------- ------- ----------
    ExtUtils::MakeMaker         0       7.34      
    perl                        5.006   5.012005  


------------------------------
ENVIRONMENT AND OTHER CONTEXT
------------------------------

Environment variables:

    LANG = C
    PATH = /usr/local/bin:/usr/bin:/bin:/usr/local/sbin:/usr/sbin:/sbin:/home/cpansand/bin/linux-gnu:/home/cpansand/bin/sh:/home/cpansand/bin:/usr/games:/home/cpansand/devel:/home/eserte/src/srezic-misc/scripts
    PERL5LIB = /home/cpansand/.cpan/build/2019022416/Module-Extract-Namespaces-1.021-NAS078/blib/arch:/home/cpansand/.cpan/build/2019022416/Module-Extract-Namespaces-1.021-NAS078/blib/lib:/home/cpansand/.cpan/build/2019022416/Module-CPANTS-Analyse-1.00-Sexi3N/blib/arch:/home/cpansand/.cpan/build/2019022416/Module-CPANTS-Analyse-1.00-Sexi3N/blib/lib:/home/cpansand/.cpan/build/2019022416/Perl-PrereqScanner-NotQuiteLite-0.9904-QbN9MM/blib/arch:/home/cpansand/.cpan/build/2019022416/Perl-PrereqScanner-NotQuiteLite-0.9904-QbN9MM/blib/lib:/home/cpansand/.cpan/build/2019022416/Module-CoreList-5.20190220-stIqOJ/blib/arch:/home/cpansand/.cpan/build/2019022416/Module-CoreList-5.20190220-stIqOJ/blib/lib:/home/cpansand/.cpan/build/2019022416/Data-Binary-0.01-he7nl4/blib/arch:/home/cpansand/.cpan/build/2019022416/Data-Binary-0.01-he7nl4/blib/lib
    PERL5OPT = 
    PERL5_CPANPLUS_IS_RUNNING = 1802
    PERL5_CPAN_IS_RUNNING = 1802
    PERL5_CPAN_IS_RUNNING_IN_RECURSION = 32270,1802
    PERLDOC = -MPod::Perldoc::ToTextOverstrike
    PERL_BATCH = yes
    PERL_CANARY_STABILITY_NOPROMPT = 1
    PERL_CPAN_REPORTER_CONFIG = /var/tmp/cpansmoker-1023/2019022416/cpanreporter_000_config.ini
    PERL_EXTUTILS_AUTOINSTALL = --defaultdeps
    SHELL = /usr/bin/zsh
    TERM = screen
    TMPDIR = /var/tmp/cpansmoker-1023/2019022416

Perl special variables (and OS-specific diagnostics, for MSWin32):

    $^X = /opt/perl-5.12.5/bin/perl
    $UID/$EUID = 1023 / 1023
    $GID = 1023 1023
    $EGID = 1023 1023

Perl module toolchain versions installed:

    Module              Have    
    ------------------- --------
    CPAN                1.94_56 
    CPAN::Meta          2.150010
    Cwd                 3.75    
    ExtUtils::CBuilder  0.280230
    ExtUtils::Command   7.34    
    ExtUtils::Install   2.06    
    ExtUtils::MakeMaker 7.34    
    ExtUtils::Manifest  1.70    
    ExtUtils::ParseXS   3.35    
    File::Spec          3.75    
    JSON                4.01    
    JSON::PP            4.01    
    Module::Build       0.4224  
    Module::Signature   n/a     
    Parse::CPAN::Meta   2.150010
    Test::Harness       3.42    
    Test::More          1.302162
    YAML                1.27    
    YAML::Syck          1.31    
    version             0.9924  


--

Summary of my perl5 (revision 5 version 12 subversion 5) configuration:
   
  Platform:
    osname=linux, osvers=4.9.0-8-amd64, archname=x86_64-linux
    uname='linux eserte 4.9.0-8-amd64 #1 smp debian 4.9.130-2 (2018-10-27) x86_64 gnulinux '
    config_args='-ds -e -Dprefix=/opt/perl-5.12.5 -Dcf_email=srezic@cpan.org'
    hint=recommended, useposix=true, d_sigaction=define
    useithreads=undef, usemultiplicity=undef
    useperlio=define, d_sfio=undef, uselargefiles=define, usesocks=undef
    use64bitint=define, use64bitall=define, uselongdouble=undef
    usemymalloc=n, bincompat5005=undef
  Compiler:
    cc='cc', ccflags ='-fno-strict-aliasing -pipe -fstack-protector -I/usr/local/include -D_LARGEFILE_SOURCE -D_FILE_OFFSET_BITS=64',
    optimize='-O2',
    cppflags='-fno-strict-aliasing -pipe -fstack-protector -I/usr/local/include'
    ccversion='', gccversion='6.3.0 20170516', gccosandvers=''
    intsize=4, longsize=8, ptrsize=8, doublesize=8, byteorder=12345678
    d_longlong=define, longlongsize=8, d_longdbl=define, longdblsize=16
    ivtype='long', ivsize=8, nvtype='double', nvsize=8, Off_t='off_t', lseeksize=8
    alignbytes=8, prototype=define
  Linker and Libraries:
    ld='cc', ldflags =' -fstack-protector -L/usr/local/lib'
    libpth=/usr/local/lib /lib/x86_64-linux-gnu /lib/../lib /usr/lib/x86_64-linux-gnu /usr/lib/../lib /lib /usr/lib
    libs=-lnsl -ldb -ldl -lm -lcrypt -lutil -lc
    perllibs=-lnsl -ldl -lm -lcrypt -lutil -lc
    libc=libc-2.24.so, so=so, useshrplib=false, libperl=libperl.a
    gnulibc_version='2.24'
  Dynamic Linking:
    dlsrc=dl_dlopen.xs, dlext=so, d_dlsymun=undef, ccdlflags='-Wl,-E'
    cccdlflags='-fPIC', lddlflags='-shared -O2 -L/usr/local/lib -fstack-protector'


Characteristics of this binary (from libperl): 
  Compile-time options: PERL_DONT_CREATE_GVSV PERL_MALLOC_WRAP USE_64_BIT_ALL
                        USE_64_BIT_INT USE_LARGE_FILES USE_PERLIO
                        USE_PERL_ATOF
  Locally applied patches:
	Devel::PatchPerl 1.46
  Built under linux
  Compiled at Jan  4 2019 20:48:51
  %ENV:
    PERL5LIB="/home/cpansand/.cpan/build/2019022416/Module-Extract-Namespaces-1.021-NAS078/blib/arch:/home/cpansand/.cpan/build/2019022416/Module-Extract-Namespaces-1.021-NAS078/blib/lib:/home/cpansand/.cpan/build/2019022416/Module-CPANTS-Analyse-1.00-Sexi3N/blib/arch:/home/cpansand/.cpan/build/2019022416/Module-CPANTS-Analyse-1.00-Sexi3N/blib/lib:/home/cpansand/.cpan/build/2019022416/Perl-PrereqScanner-NotQuiteLite-0.9904-QbN9MM/blib/arch:/home/cpansand/.cpan/build/2019022416/Perl-PrereqScanner-NotQuiteLite-0.9904-QbN9MM/blib/lib:/home/cpansand/.cpan/build/2019022416/Module-CoreList-5.20190220-stIqOJ/blib/arch:/home/cpansand/.cpan/build/2019022416/Module-CoreList-5.20190220-stIqOJ/blib/lib:/home/cpansand/.cpan/build/2019022416/Data-Binary-0.01-he7nl4/blib/arch:/home/cpansand/.cpan/build/2019022416/Data-Binary-0.01-he7nl4/blib/lib"
    PERL5OPT=""
    PERL5_CPANPLUS_IS_RUNNING="1802"
    PERL5_CPAN_IS_RUNNING="1802"
    PERL5_CPAN_IS_RUNNING_IN_RECURSION="32270,1802"
    PERLDOC="-MPod::Perldoc::ToTextOverstrike"
    PERL_BATCH="yes"
    PERL_CANARY_STABILITY_NOPROMPT="1"
    PERL_CPAN_REPORTER_CONFIG="/var/tmp/cpansmoker-1023/2019022416/cpanreporter_000_config.ini"
    PERL_EXTUTILS_AUTOINSTALL="--defaultdeps"
  @INC:
    /home/cpansand/.cpan/build/2019022416/Module-Extract-Namespaces-1.021-NAS078/blib/arch
    /home/cpansand/.cpan/build/2019022416/Module-Extract-Namespaces-1.021-NAS078/blib/lib
    /home/cpansand/.cpan/build/2019022416/Module-CPANTS-Analyse-1.00-Sexi3N/blib/arch
    /home/cpansand/.cpan/build/2019022416/Module-CPANTS-Analyse-1.00-Sexi3N/blib/lib
    /home/cpansand/.cpan/build/2019022416/Perl-PrereqScanner-NotQuiteLite-0.9904-QbN9MM/blib/arch
    /home/cpansand/.cpan/build/2019022416/Perl-PrereqScanner-NotQuiteLite-0.9904-QbN9MM/blib/lib
    /home/cpansand/.cpan/build/2019022416/Module-CoreList-5.20190220-stIqOJ/blib/arch
    /home/cpansand/.cpan/build/2019022416/Module-CoreList-5.20190220-stIqOJ/blib/lib
    /home/cpansand/.cpan/build/2019022416/Data-Binary-0.01-he7nl4/blib/arch
    /home/cpansand/.cpan/build/2019022416/Data-Binary-0.01-he7nl4/blib/lib
    /opt/perl-5.12.5/lib/site_perl/5.12.5/x86_64-linux
    /opt/perl-5.12.5/lib/site_perl/5.12.5
    /opt/perl-5.12.5/lib/5.12.5/x86_64-linux
    /opt/perl-5.12.5/lib/5.12.5
    .