Unix-PID-Tiny v0.93 Perl 5 v5.24.1 x86_64-linux-thread-multi

Status
Fail
From
Slaven Rezić (SREZIC)
Dist
Unix-PID-Tiny v0.93
Platform
Perl 5 v5.24.1 x86_64-linux-thread-multi
Date
2019-04-24 21:54:47
ID
9415b0fa-66db-11e9-ae77-ad8b1f24ea8f
This distribution has been tested as part of the CPAN Testers
project, supporting the Perl programming language.  See
http://wiki.cpantesters.org/ for more information or email
questions to cpan-testers-discuss@perl.org


--
Dear Daniel Muey,

This is a computer-generated report for Unix-PID-Tiny-0.93
on perl 5.24.1, created by CPAN-Reporter-1.2018.

Thank you for uploading your work to CPAN.  However, there was a problem
testing your distribution.

If you think this report is invalid, please consult the CPAN Testers Wiki
for suggestions on how to avoid getting FAIL reports for missing library
or binary dependencies, unsupported operating systems, and so on:

http://wiki.cpantesters.org/wiki/CPANAuthorNotes

Sections of this report:

    * Tester comments
    * Program output
    * Prerequisites
    * Environment and other context

------------------------------
TESTER COMMENTS
------------------------------

Additional comments from tester:

none provided

------------------------------
PROGRAM OUTPUT
------------------------------

Output from '/usr/bin/make test':

PERL_DL_NONLAZY=1 "/opt/perl-5.24.1t/bin/perl" "-MExtUtils::Command::MM" "-MTest::Harness" "-e" "undef *Test::Harness::Switches; test_harness(0, 'blib/lib', 'blib/arch')" t/*.t
# Testing Unix::PID::Tiny 0.93
t/00.load.t ....... ok
# Looks like you planned 87 tests but ran 86.
t/01.methods.t .... 
Dubious, test returned 255 (wstat 65280, 0xff00)
Failed 1/87 subtests 
	(less 8 skipped subtests: 78 okay)
t/perlcritic.t .... skipped: Critic tests are only run in RELEASE_TESTING mode.
t/perltidy.t ...... skipped: PerlTidy tests are only run in RELEASE_TESTING mode.
t/pod-coverage.t .. skipped: POD tests are only run in RELEASE_TESTING mode.
t/pod.t ........... skipped: POD tests are only run in RELEASE_TESTING mode.

Test Summary Report
-------------------
t/01.methods.t  (Wstat: 65280 Tests: 86 Failed: 0)
  Non-zero exit status: 255
  Parse errors: Bad plan.  You planned 87 tests but ran 86.
Files=6, Tests=87,  0 wallclock secs ( 0.05 usr  0.01 sys +  0.42 cusr  0.19 csys =  0.67 CPU)
Result: FAIL
Failed 1/6 test programs. 0/87 subtests failed.
Makefile:842: die Regel für Ziel „test_dynamic“ scheiterte
make: *** [test_dynamic] Fehler 255

------------------------------
PREREQUISITES
------------------------------

Prerequisite modules loaded:

requires:

    Module              Need Have    
    ------------------- ---- --------
    File::Slurp         0    9999.19 
    Test::MockFile      0    0.018   
    Test::More          0    1.302162

build_requires:

    Module              Need Have    
    ------------------- ---- --------
    ExtUtils::MakeMaker 0    7.10_02 

configure_requires:

    Module              Need Have    
    ------------------- ---- --------
    ExtUtils::MakeMaker 0    7.10_02 


------------------------------
ENVIRONMENT AND OTHER CONTEXT
------------------------------

Environment variables:

    LANG = C
    LC_ALL = de_DE.UTF-8
    PATH = /usr/local/bin:/usr/bin:/bin:/usr/local/sbin:/usr/sbin:/sbin:/home/cpansand/bin/linux-gnu:/home/cpansand/bin/sh:/home/cpansand/bin:/usr/games:/home/cpansand/devel:/home/eserte/src/srezic-misc/scripts
    PERL5LIB = /home/cpansand/.cpan/build/2019042420/Test-MockFile-0.018-wxUxYE/blib/arch:/home/cpansand/.cpan/build/2019042420/Test-MockFile-0.018-wxUxYE/blib/lib:/home/cpansand/.cpan/build/2019042420/Test2-Suite-0.000119-o3T3cd/blib/arch:/home/cpansand/.cpan/build/2019042420/Test2-Suite-0.000119-o3T3cd/blib/lib:/home/cpansand/.cpan/build/2019042420/Term-Table-0.013-fCzz94/blib/arch:/home/cpansand/.cpan/build/2019042420/Term-Table-0.013-fCzz94/blib/lib:/home/cpansand/.cpan/build/2019042420/Test-Simple-1.302162-3CH9fo/blib/arch:/home/cpansand/.cpan/build/2019042420/Test-Simple-1.302162-3CH9fo/blib/lib:/home/cpansand/.cpan/build/2019042420/Overload-FileCheck-0.009-zVmAfi/blib/arch:/home/cpansand/.cpan/build/2019042420/Overload-FileCheck-0.009-zVmAfi/blib/lib:/home/cpansand/.cpan/build/2019042420/Test2-Tools-Explain-0.02-qX6UY3/blib/arch:/home/cpansand/.cpan/build/2019042420/Test2-Tools-Explain-0.02-qX6UY3/blib/lib
    PERL5OPT = 
    PERL5_CPANPLUS_IS_RUNNING = 8665
    PERL5_CPAN_IS_RUNNING = 8665
    PERL5_CPAN_IS_RUNNING_IN_RECURSION = 8568,8665
    PERLDOC = -MPod::Perldoc::ToTextOverstrike
    PERL_BATCH = yes
    PERL_CANARY_STABILITY_NOPROMPT = 1
    PERL_CPAN_REPORTER_CONFIG = /var/tmp/cpansmoker-1023/2019042420/cpanreporter_000_config.ini
    PERL_EXTUTILS_AUTOINSTALL = --defaultdeps
    PERL_USE_UNSAFE_INC = 1
    SHELL = /usr/bin/zsh
    TERM = screen
    TMPDIR = /var/tmp/cpansmoker-1023/2019042420

Perl special variables (and OS-specific diagnostics, for MSWin32):

    $^X = /opt/perl-5.24.1t/bin/perl
    $UID/$EUID = 1023 / 1023
    $GID = 1023 1023
    $EGID = 1023 1023

Perl module toolchain versions installed:

    Module              Have      
    ------------------- ----------
    CPAN                2.11_01   
    CPAN::Meta          2.150005  
    Cwd                 3.63_01   
    ExtUtils::CBuilder  0.280225  
    ExtUtils::Command   7.10_02   
    ExtUtils::Install   2.04      
    ExtUtils::MakeMaker 7.10_02   
    ExtUtils::Manifest  1.70      
    ExtUtils::ParseXS   3.31      
    File::Spec          3.63_01   
    JSON                2.94      
    JSON::PP            2.27300_01
    Module::Build       0.4224    
    Module::Signature   n/a       
    Parse::CPAN::Meta   1.4417_001
    Test::Harness       3.36_01   
    Test::More          1.302162  
    YAML                1.23      
    YAML::Syck          1.30      
    version             0.9916    


--

Summary of my perl5 (revision 5 version 24 subversion 1) configuration:
   
  Platform:
    osname=linux, osvers=4.9.0-3-amd64, archname=x86_64-linux-thread-multi
    uname='linux debian9 4.9.0-3-amd64 #1 smp debian 4.9.30-2+deb9u1 (2017-06-18) x86_64 gnulinux '
    config_args='-ds -e -Dprefix=/opt/perl-5.24.1t -Dusethreads -Dcf_email=srezic@cpan.org'
    hint=recommended, useposix=true, d_sigaction=define
    useithreads=define, usemultiplicity=define
    use64bitint=define, use64bitall=define, uselongdouble=undef
    usemymalloc=n, bincompat5005=undef
  Compiler:
    cc='cc', ccflags ='-D_REENTRANT -D_GNU_SOURCE -fwrapv -fno-strict-aliasing -pipe -fstack-protector-strong -I/usr/local/include -D_LARGEFILE_SOURCE -D_FILE_OFFSET_BITS=64',
    optimize='-O2',
    cppflags='-D_REENTRANT -D_GNU_SOURCE -fwrapv -fno-strict-aliasing -pipe -fstack-protector-strong -I/usr/local/include'
    ccversion='', gccversion='6.3.0 20170516', gccosandvers=''
    intsize=4, longsize=8, ptrsize=8, doublesize=8, byteorder=12345678, doublekind=3
    d_longlong=define, longlongsize=8, d_longdbl=define, longdblsize=16, longdblkind=3
    ivtype='long', ivsize=8, nvtype='double', nvsize=8, Off_t='off_t', lseeksize=8
    alignbytes=8, prototype=define
  Linker and Libraries:
    ld='cc', ldflags =' -fstack-protector-strong -L/usr/local/lib'
    libpth=/usr/local/lib /usr/lib/gcc/x86_64-linux-gnu/6/include-fixed /usr/include/x86_64-linux-gnu /usr/lib /lib/x86_64-linux-gnu /lib/../lib /usr/lib/x86_64-linux-gnu /usr/lib/../lib /lib
    libs=-lpthread -lnsl -lgdbm -ldb -ldl -lm -lcrypt -lutil -lc -lgdbm_compat
    perllibs=-lpthread -lnsl -ldl -lm -lcrypt -lutil -lc
    libc=libc-2.24.so, so=so, useshrplib=false, libperl=libperl.a
    gnulibc_version='2.24'
  Dynamic Linking:
    dlsrc=dl_dlopen.xs, dlext=so, d_dlsymun=undef, ccdlflags='-Wl,-E'
    cccdlflags='-fPIC', lddlflags='-shared -O2 -L/usr/local/lib -fstack-protector-strong'


Characteristics of this binary (from libperl): 
  Compile-time options: HAS_TIMES MULTIPLICITY PERLIO_LAYERS
                        PERL_COPY_ON_WRITE PERL_DONT_CREATE_GVSV
                        PERL_HASH_FUNC_ONE_AT_A_TIME_HARD
                        PERL_IMPLICIT_CONTEXT PERL_MALLOC_WRAP
                        PERL_PRESERVE_IVUV USE_64_BIT_ALL USE_64_BIT_INT
                        USE_ITHREADS USE_LARGE_FILES USE_LOCALE
                        USE_LOCALE_COLLATE USE_LOCALE_CTYPE
                        USE_LOCALE_NUMERIC USE_LOCALE_TIME USE_PERLIO
                        USE_PERL_ATOF USE_REENTRANT_API
  Locally applied patches:
	Devel::PatchPerl 1.48
  Built under linux
  Compiled at Jun 25 2017 14:39:12
  %ENV:
    PERL5LIB="/home/cpansand/.cpan/build/2019042420/Test-MockFile-0.018-wxUxYE/blib/arch:/home/cpansand/.cpan/build/2019042420/Test-MockFile-0.018-wxUxYE/blib/lib:/home/cpansand/.cpan/build/2019042420/Test2-Suite-0.000119-o3T3cd/blib/arch:/home/cpansand/.cpan/build/2019042420/Test2-Suite-0.000119-o3T3cd/blib/lib:/home/cpansand/.cpan/build/2019042420/Term-Table-0.013-fCzz94/blib/arch:/home/cpansand/.cpan/build/2019042420/Term-Table-0.013-fCzz94/blib/lib:/home/cpansand/.cpan/build/2019042420/Test-Simple-1.302162-3CH9fo/blib/arch:/home/cpansand/.cpan/build/2019042420/Test-Simple-1.302162-3CH9fo/blib/lib:/home/cpansand/.cpan/build/2019042420/Overload-FileCheck-0.009-zVmAfi/blib/arch:/home/cpansand/.cpan/build/2019042420/Overload-FileCheck-0.009-zVmAfi/blib/lib:/home/cpansand/.cpan/build/2019042420/Test2-Tools-Explain-0.02-qX6UY3/blib/arch:/home/cpansand/.cpan/build/2019042420/Test2-Tools-Explain-0.02-qX6UY3/blib/lib"
    PERL5OPT=""
    PERL5_CPANPLUS_IS_RUNNING="8665"
    PERL5_CPAN_IS_RUNNING="8665"
    PERL5_CPAN_IS_RUNNING_IN_RECURSION="8568,8665"
    PERLDOC="-MPod::Perldoc::ToTextOverstrike"
    PERL_BATCH="yes"
    PERL_CANARY_STABILITY_NOPROMPT="1"
    PERL_CPAN_REPORTER_CONFIG="/var/tmp/cpansmoker-1023/2019042420/cpanreporter_000_config.ini"
    PERL_EXTUTILS_AUTOINSTALL="--defaultdeps"
    PERL_USE_UNSAFE_INC="1"
  @INC:
    /home/cpansand/.cpan/build/2019042420/Test-MockFile-0.018-wxUxYE/blib/arch
    /home/cpansand/.cpan/build/2019042420/Test-MockFile-0.018-wxUxYE/blib/lib
    /home/cpansand/.cpan/build/2019042420/Test2-Suite-0.000119-o3T3cd/blib/arch
    /home/cpansand/.cpan/build/2019042420/Test2-Suite-0.000119-o3T3cd/blib/lib
    /home/cpansand/.cpan/build/2019042420/Term-Table-0.013-fCzz94/blib/arch
    /home/cpansand/.cpan/build/2019042420/Term-Table-0.013-fCzz94/blib/lib
    /home/cpansand/.cpan/build/2019042420/Test-Simple-1.302162-3CH9fo/blib/arch
    /home/cpansand/.cpan/build/2019042420/Test-Simple-1.302162-3CH9fo/blib/lib
    /home/cpansand/.cpan/build/2019042420/Overload-FileCheck-0.009-zVmAfi/blib/arch
    /home/cpansand/.cpan/build/2019042420/Overload-FileCheck-0.009-zVmAfi/blib/lib
    /home/cpansand/.cpan/build/2019042420/Test2-Tools-Explain-0.02-qX6UY3/blib/arch
    /home/cpansand/.cpan/build/2019042420/Test2-Tools-Explain-0.02-qX6UY3/blib/lib
    /opt/perl-5.24.1t/lib/site_perl/5.24.1/x86_64-linux-thread-multi
    /opt/perl-5.24.1t/lib/site_perl/5.24.1
    /opt/perl-5.24.1t/lib/5.24.1/x86_64-linux-thread-multi
    /opt/perl-5.24.1t/lib/5.24.1
    .