Report for SQL-Abstract-FromQuery-0.06

Back
From: metabase:user:44f2c5a5-6e3a-1014-94c2-1572a694d5e7
Subject: FAIL SQL-Abstract-FromQuery-0.06 v5.18.2 
Date: 2015-01-14T18:48:32Z

This distribution has been tested as part of the CPAN Testers
project, supporting the Perl programming language.  See
http://wiki.cpantesters.org/ for more information or email
questions to cpan-testers-discuss@perl.org


--
Dear Laurent Dami,

This is a computer-generated report for SQL-Abstract-FromQuery-0.06
on perl 5.18.2, created by CPAN-Reporter-1.2011.

Thank you for uploading your work to CPAN.  However, there was a problem
testing your distribution.

If you think this report is invalid, please consult the CPAN Testers Wiki
for suggestions on how to avoid getting FAIL reports for missing library
or binary dependencies, unsupported operating systems, and so on:

http://wiki.cpantesters.org/wiki/CPANAuthorNotes

Sections of this report:

    * Tester comments
    * Program output
    * Prerequisites
    * Environment and other context

------------------------------
TESTER COMMENTS
------------------------------

Additional comments from tester:

this report is from an automated smoke testing program
and was not reviewed by a human for accuracy

------------------------------
PROGRAM OUTPUT
------------------------------

Output from 'C:\strawberry\perl\bin\perl.exe ./Build test':

Warning: Regexp::Grammars is currently unsupported (and unsupportable)
         under Perl 5.18 due to a bug in regex parsing under that version.

         The module runs correctly under Perl 5.16 and earlier.

         The module also runs correctly under Perl 5.20 or later
         (except that one special edge-case of rule arguments is
         no longer supported: See "Parametric Subrules" in the
         module's documentation for details).
 at C:\Users\dhorner\.cpan\build\SQL-Abstract-FromQuery-0.06-65P1VP\blib\lib/SQL/Abstract/FromQuery.pm line 19.
BEGIN failed--compilation aborted at C:\Users\dhorner\.cpan\build\SQL-Abstract-FromQuery-0.06-65P1VP\blib\lib/SQL/Abstract/FromQuery.pm line 19.
Compilation failed in require at t\00-base.t line 5.
BEGIN failed--compilation aborted at t\00-base.t line 5.
t\00-base.t .............. 
Dubious, test returned 255 (wstat 65280, 0xff00)
No subtests run 
Warning: Regexp::Grammars is currently unsupported (and unsupportable)
         under Perl 5.18 due to a bug in regex parsing under that version.

         The module runs correctly under Perl 5.16 and earlier.

         The module also runs correctly under Perl 5.20 or later
         (except that one special edge-case of rule arguments is
         no longer supported: See "Parametric Subrules" in the
         module's documentation for details).
 at C:\Users\dhorner\.cpan\build\SQL-Abstract-FromQuery-0.06-65P1VP\blib\lib/SQL/Abstract/FromQuery.pm line 19.
BEGIN failed--compilation aborted at C:\Users\dhorner\.cpan\build\SQL-Abstract-FromQuery-0.06-65P1VP\blib\lib/SQL/Abstract/FromQuery.pm line 19.
Compilation failed in require at C:/strawberry/perl/lib/Module/Load.pm line 77.
Can't locate SQL/Abstract/FromQuery in @INC (@INC contains: C:\Users\dhorner\.cpan\build\SQL-Abstract-FromQuery-0.06-65P1VP\blib\lib C:\Users\dhorner\.cpan\build\SQL-Abstract-FromQuery-0.06-65P1VP\blib\arch C:/strawberry/perl/site/lib/MSWin32-x64-multi-thread C:/strawberry/perl/site/lib C:/strawberry/perl/vendor/lib C:/strawberry/perl/lib .) at C:/strawberry/perl/lib/Module/Load.pm line 77.
t\01-FR.t ................ 
Dubious, test returned 2 (wstat 512, 0x200)
No subtests run 
Warning: Regexp::Grammars is currently unsupported (and unsupportable)
         under Perl 5.18 due to a bug in regex parsing under that version.

         The module runs correctly under Perl 5.16 and earlier.

         The module also runs correctly under Perl 5.20 or later
         (except that one special edge-case of rule arguments is
         no longer supported: See "Parametric Subrules" in the
         module's documentation for details).
 at C:\Users\dhorner\.cpan\build\SQL-Abstract-FromQuery-0.06-65P1VP\blib\lib/SQL/Abstract/FromQuery.pm line 19.
BEGIN failed--compilation aborted at C:\Users\dhorner\.cpan\build\SQL-Abstract-FromQuery-0.06-65P1VP\blib\lib/SQL/Abstract/FromQuery.pm line 19.
Compilation failed in require at C:/strawberry/perl/lib/Module/Load.pm line 77.
Can't locate SQL/Abstract/FromQuery in @INC (@INC contains: C:\Users\dhorner\.cpan\build\SQL-Abstract-FromQuery-0.06-65P1VP\blib\lib C:\Users\dhorner\.cpan\build\SQL-Abstract-FromQuery-0.06-65P1VP\blib\arch C:/strawberry/perl/site/lib/MSWin32-x64-multi-thread C:/strawberry/perl/site/lib C:/strawberry/perl/vendor/lib C:/strawberry/perl/lib .) at C:/strawberry/perl/lib/Module/Load.pm line 77.
t\02-Oracle.t ............ 
Dubious, test returned 2 (wstat 512, 0x200)
No subtests run 
Warning: Regexp::Grammars is currently unsupported (and unsupportable)
         under Perl 5.18 due to a bug in regex parsing under that version.

         The module runs correctly under Perl 5.16 and earlier.

         The module also runs correctly under Perl 5.20 or later
         (except that one special edge-case of rule arguments is
         no longer supported: See "Parametric Subrules" in the
         module's documentation for details).
 at C:\Users\dhorner\.cpan\build\SQL-Abstract-FromQuery-0.06-65P1VP\blib\lib/SQL/Abstract/FromQuery.pm line 19.
BEGIN failed--compilation aborted at C:\Users\dhorner\.cpan\build\SQL-Abstract-FromQuery-0.06-65P1VP\blib\lib/SQL/Abstract/FromQuery.pm line 19.
Compilation failed in require at C:/strawberry/perl/lib/Module/Load.pm line 77.
Can't locate SQL/Abstract/FromQuery in @INC (@INC contains: C:\Users\dhorner\.cpan\build\SQL-Abstract-FromQuery-0.06-65P1VP\blib\lib C:\Users\dhorner\.cpan\build\SQL-Abstract-FromQuery-0.06-65P1VP\blib\arch C:/strawberry/perl/site/lib/MSWin32-x64-multi-thread C:/strawberry/perl/site/lib C:/strawberry/perl/vendor/lib C:/strawberry/perl/lib .) at C:/strawberry/perl/lib/Module/Load.pm line 77.
t\03-multiple_inherit.t .. 
Dubious, test returned 2 (wstat 512, 0x200)
No subtests run 
Warning: Regexp::Grammars is currently unsupported (and unsupportable)
         under Perl 5.18 due to a bug in regex parsing under that version.

         The module runs correctly under Perl 5.16 and earlier.

         The module also runs correctly under Perl 5.20 or later
         (except that one special edge-case of rule arguments is
         no longer supported: See "Parametric Subrules" in the
         module's documentation for details).
 at C:\Users\dhorner\.cpan\build\SQL-Abstract-FromQuery-0.06-65P1VP\blib\lib/SQL/Abstract/FromQuery.pm line 19.
BEGIN failed--compilation aborted at C:\Users\dhorner\.cpan\build\SQL-Abstract-FromQuery-0.06-65P1VP\blib\lib/SQL/Abstract/FromQuery.pm line 19.
Compilation failed in require at t\04-parse_errors.t line 5.
BEGIN failed--compilation aborted at t\04-parse_errors.t line 5.
t\04-parse_errors.t ...... 
Dubious, test returned 255 (wstat 65280, 0xff00)
No subtests run 
Warning: Regexp::Grammars is currently unsupported (and unsupportable)
         under Perl 5.18 due to a bug in regex parsing under that version.

         The module runs correctly under Perl 5.16 and earlier.

         The module also runs correctly under Perl 5.20 or later
         (except that one special edge-case of rule arguments is
         no longer supported: See "Parametric Subrules" in the
         module's documentation for details).
 at C:\Users\dhorner\.cpan\build\SQL-Abstract-FromQuery-0.06-65P1VP\blib\lib/SQL/Abstract/FromQuery.pm line 19.
BEGIN failed--compilation aborted at C:\Users\dhorner\.cpan\build\SQL-Abstract-FromQuery-0.06-65P1VP\blib\lib/SQL/Abstract/FromQuery.pm line 19.
Compilation failed in require at C:/strawberry/perl/lib/Module/Load.pm line 77.
Can't locate SQL/Abstract/FromQuery in @INC (@INC contains: C:\Users\dhorner\.cpan\build\SQL-Abstract-FromQuery-0.06-65P1VP\blib\lib C:\Users\dhorner\.cpan\build\SQL-Abstract-FromQuery-0.06-65P1VP\blib\arch C:/strawberry/perl/site/lib/MSWin32-x64-multi-thread C:/strawberry/perl/site/lib C:/strawberry/perl/vendor/lib C:/strawberry/perl/lib .) at C:/strawberry/perl/lib/Module/Load.pm line 77.
t\05-Contains.t .......... 
Dubious, test returned 2 (wstat 512, 0x200)
No subtests run 
t\pod.t .................. ok

Test Summary Report
-------------------
t\00-base.t            (Wstat: 65280 Tests: 0 Failed: 0)
  Non-zero exit status: 255
  Parse errors: No plan found in TAP output
t\01-FR.t              (Wstat: 512 Tests: 0 Failed: 0)
  Non-zero exit status: 2
  Parse errors: No plan found in TAP output
t\02-Oracle.t          (Wstat: 512 Tests: 0 Failed: 0)
  Non-zero exit status: 2
  Parse errors: No plan found in TAP output
t\03-multiple_inherit.t (Wstat: 512 Tests: 0 Failed: 0)
  Non-zero exit status: 2
  Parse errors: No plan found in TAP output
t\04-parse_errors.t    (Wstat: 65280 Tests: 0 Failed: 0)
  Non-zero exit status: 255
  Parse errors: No plan found in TAP output
t\05-Contains.t        (Wstat: 512 Tests: 0 Failed: 0)
  Non-zero exit status: 2
  Parse errors: No plan found in TAP output
Files=7, Tests=4,  2 wallclock secs ( 0.05 usr +  0.00 sys =  0.05 CPU)
Result: FAIL
Failed 6/7 test programs. 0/4 subtests failed.

------------------------------
PREREQUISITES
------------------------------

Prerequisite modules loaded:

requires:

    Module           Need  Have    
    ---------------- ----- --------
    Digest::MD5      0     2.54    
    Module::Load     0     0.32    
    namespace::clean 0     0.25    
    Params::Validate 0     1.17    
    parent           0     0.228   
    perl             5.01  5.018002
    Regexp::Grammars 1.038 1.038   
    Scalar::Util     0     1.41    
    UNIVERSAL::DOES  0     0.005   

build_requires:

    Module           Need  Have    
    ---------------- ----- --------
    Test::More       0     1.001014

configure_requires:

    Module           Need  Have    
    ---------------- ----- --------
    Module::Build    0.42  0.4210  


------------------------------
ENVIRONMENT AND OTHER CONTEXT
------------------------------

Environment variables:

    AUTOMATED_TESTING = 1
    COMSPEC = C:\WINDOWS\system32\cmd.exe
    NUMBER_OF_PROCESSORS = 4
    PATH = C:\Program Files\ConEmu;C:\Program Files\ConEmu\ConEmu;C:\strawberry\c\bin;C:\strawberry\perl\site\bin;C:\strawberry\perl\bin;C:\Ruby193\bin;C:\Program Files (x86)\NVIDIA Corporation\PhysX\Common;C:\Tools\ruby200\bin;C:\Program Files (x86)\Windows Resource Kits\Tools\;C:\ruby200\bin;C:\Program Files\Common Files\Microsoft Shared\Windows Live;C:\Program Files (x86)\Common Files\Microsoft Shared\Windows Live;C:\Windows\system32;C:\Windows;C:\Windows\System32\Wbem;C:\Windows\System32\WindowsPowerShell\v1.0\;C:\Program Files (x86)\Microsoft SQL Server\100\Tools\Binn\;C:\Program Files\Microsoft SQL Server\100\Tools\Binn\;C:\Program Files\Microsoft SQL Server\100\DTS\Binn\;C:\Program Files\Microsoft\Web Platform Installer\;C:\Program Files (x86)\Microsoft ASP.NET\ASP.NET Web Pages\v1.0\;C:\Program Files\Microsoft SQL Server\110\Tools\Binn\;C:\Program Files\jEdit;C:\Program Files (x86)\CMake 2.8\bin;C:\Program Files (x86)\WinMerge;C:\Program Files\Java\jre7\bin;C:\Program Files (x86)\Windows Live\Shared;C:\Program Files (x86)\vim\bin;C:\Program Files (x86)\Windows Kits\8.1\Windows Performance Toolkit\;C:\Program Files\OpenNI\Bin64;C:\Program Files\Mercurial\;C:\Program Files\nodejs\;C:\HashiCorp\Vagrant\bin;C:\Program Files (x86)\Subversion\bin;C:\Program Files (x86)\Git\cmd;C:\Program Files (x86)\Git\bin;C:\WINDOWS\System32\WindowsPowerShell\v1.0\;C:\Program Files (x86)\QuickTime\QTSystem\;C:\dart\dart-sdk\bin;C:\WINDOWS\system32;C:\WINDOWS;C:\WINDOWS\System32\Wbem;C:\WINDOWS\System32\WindowsPowerShell\v1.0\;C:\Program Files (x86)\Microsoft SDKs\TypeScript\1.0\;D:\strawberry\c\bin;D:\strawberry\perl\site\bin;D:\strawberry\perl\bin;C:\strawberry\c\bin;C:\strawberry\perl\site\bin;C:\strawberry\perl\bin;C:\Program Files (x86)\HP webOS\PDK\bin;C:\Program Files (x86)\HP webOS\SDK\bin;C:\Program Files (x86)\HP webOS\SDK\bin\novacom;C:\Chocolatey\bin;C:\Python27;C:\Python27\Scripts;C:\CasperJS\batchbin;C:\Users\dhorner\AppData\Roaming\npm;C:\C:\Tools\OptiPNG;C:\Chocolatey\lib\gradle.1.8.0\tools\gradle-1.6\bin\;C:\apache-maven-3.1.1\bin;C:\apache-ant-1.9.2\bin;D:\adt-bundle-windows-x86_64-20131030\sdk\tools;D:\adt-bundle-windows-x86_64-20131030\sdk\platform-tools;C:\Tools\Cygwin;D:\android-ndk-r9b;D:\adt-bundle-windows-x86_64-20131030\sdk\build-tools\android-4.4;C:\Program Files\Java\jdk1.7.0_45\bin;C:\tools\ffmpeg\bin;C:\Chocolatey\lib\gradle.1.11\tools\gradle-1.11\bin\;c:\dart;C:\C:\Tools\ChocolateyPackageUpdater;
    PERL5LIB = 
    PERL5OPT = 
    PERL5_CPANPLUS_IS_RUNNING = 168920
    PERL5_CPAN_IS_RUNNING = 168920
    PERL5_CPAN_IS_RUNNING_IN_RECURSION = 167140,168920
    PERL_CR_SMOKER_CURRENT = SQL-Abstract-FromQuery-0.06
    PERL_EXTUTILS_AUTOINSTALL = --defaultdeps
    PERL_JSON_BACKEND = JSON::XS
    PERL_MM_USE_DEFAULT = 1
    PERL_YAML_BACKEND = YAML
    PROCESSOR_IDENTIFIER = Intel64 Family 6 Model 42 Stepping 7, GenuineIntel
    TEMP = C:\Users\dhorner\AppData\Local\Temp
    TERM = msys

Perl special variables (and OS-specific diagnostics, for MSWin32):

    $^X = C:\strawberry\perl\bin\perl.exe
    $UID/$EUID = 0 / 0
    $GID = 0
    $EGID = 0
    Win32::GetOSName = Win8
    Win32::GetOSVersion = , 6, 2, 9200, 2, 0, 0, 256, 1
    Win32::FsType = NTFS
    Win32::IsAdminUser = 0

Perl module toolchain versions installed:

    Module              Have    
    ------------------- --------
    CPAN                2.05    
    CPAN::Meta          2.143240
    Cwd                 3.47    
    ExtUtils::CBuilder  0.280220
    ExtUtils::Command   1.20    
    ExtUtils::Install   2.04    
    ExtUtils::MakeMaker 7.04    
    ExtUtils::Manifest  1.70    
    ExtUtils::ParseXS   3.24    
    File::Spec          3.47    
    JSON                2.90    
    JSON::PP            2.27300 
    Module::Build       0.4210  
    Module::Signature   n/a     
    Parse::CPAN::Meta   1.4414  
    Test::Harness       3.34    
    Test::More          1.001014
    YAML                1.13    
    YAML::Syck          1.29    
    version             0.9909  


--

Summary of my perl5 (revision 5 version 18 subversion 2) configuration:
   
  Platform:
    osname=MSWin32, osvers=6.2, archname=MSWin32-x64-multi-thread
    uname='Win32 strawberry-perl 5.18.2.2 #1 Tue Apr 15 14:36:23 2014 x64'
    config_args='undef'
    hint=recommended, useposix=true, d_sigaction=undef
    useithreads=define, usemultiplicity=define
    useperlio=define, d_sfio=undef, uselargefiles=define, usesocks=undef
    use64bitint=define, use64bitall=undef, uselongdouble=undef
    usemymalloc=n, bincompat5005=undef
  Compiler:
    cc='gcc', ccflags =' -s -O2 -DWIN32 -DWIN64 -DCONSERVATIVE  -DPERL_TEXTMODE_SCRIPTS -DPERL_IMPLICIT_CONTEXT -DPERL_IMPLICIT_SYS -DUSE_PERLIO -fno-strict-aliasing -mms-bitfields',
    optimize='-s -O2',
    cppflags='-DWIN32'
    ccversion='', gccversion='4.7.3', gccosandvers=''
    intsize=4, longsize=4, ptrsize=8, doublesize=8, byteorder=12345678
    d_longlong=define, longlongsize=8, d_longdbl=define, longdblsize=12
    ivtype='long long', ivsize=8, nvtype='double', nvsize=8, Off_t='long long', lseeksize=8
    alignbytes=8, prototype=define
  Linker and Libraries:
    ld='g++', ldflags ='-s -L"C:\strawberry\perl\lib\CORE" -L"C:\strawberry\c\lib"'
    libpth=C:\strawberry\c\lib C:\strawberry\c\x86_64-w64-mingw32\lib C:\strawberry\c\lib\gcc\x86_64-w64-mingw32\4.7.3
    libs=-lmoldname -lkernel32 -luser32 -lgdi32 -lwinspool -lcomdlg32 -ladvapi32 -lshell32 -lole32 -loleaut32 -lnetapi32 -luuid -lws2_32 -lmpr -lwinmm -lversion -lodbc32 -lodbccp32 -lcomctl32
    perllibs=-lmoldname -lkernel32 -luser32 -lgdi32 -lwinspool -lcomdlg32 -ladvapi32 -lshell32 -lole32 -loleaut32 -lnetapi32 -luuid -lws2_32 -lmpr -lwinmm -lversion -lodbc32 -lodbccp32 -lcomctl32
    libc=, so=dll, useshrplib=true, libperl=libperl518.a
    gnulibc_version=''
  Dynamic Linking:
    dlsrc=dl_win32.xs, dlext=dll, d_dlsymun=undef, ccdlflags=' '
    cccdlflags=' ', lddlflags='-mdll -s -L"C:\strawberry\perl\lib\CORE" -L"C:\strawberry\c\lib"'


Characteristics of this binary (from libperl): 
  Compile-time options: HAS_TIMES HAVE_INTERP_INTERN MULTIPLICITY
                        PERLIO_LAYERS PERL_DONT_CREATE_GVSV
                        PERL_HASH_FUNC_ONE_AT_A_TIME_HARD
                        PERL_IMPLICIT_CONTEXT PERL_IMPLICIT_SYS
                        PERL_MALLOC_WRAP PERL_PRESERVE_IVUV PERL_SAWAMPERSAND
                        USE_64_BIT_INT USE_ITHREADS USE_LARGE_FILES
                        USE_LOCALE USE_LOCALE_COLLATE USE_LOCALE_CTYPE
                        USE_LOCALE_NUMERIC USE_PERLIO USE_PERL_ATOF
  Built under MSWin32
  Compiled at Apr 15 2014 14:45:10
  %ENV:
    PERL5_CPANPLUS_IS_RUNNING="168920"
    PERL5_CPAN_IS_RUNNING="168920"
    PERL5_CPAN_IS_RUNNING_IN_RECURSION="167140,168920"
    PERL_CR_SMOKER_CURRENT="SQL-Abstract-FromQuery-0.06"
    PERL_EXTUTILS_AUTOINSTALL="--defaultdeps"
    PERL_JSON_BACKEND="JSON::XS"
    PERL_MM_USE_DEFAULT="1"
    PERL_YAML_BACKEND="YAML"
  @INC:
    C:/strawberry/perl/site/lib/MSWin32-x64-multi-thread
    C:/strawberry/perl/site/lib
    C:/strawberry/perl/vendor/lib
    C:/strawberry/perl/lib
    .