Report for Cvs-0.07

Back
From: metabase:user:313dc9fe-2aae-11df-837a-5e0a49663a4f
Subject: FAIL Cvs-0.07 v5.12.1 GNU/Linux
Date: 2010-11-03T17:48:35Z

This distribution has been tested as part of the CPAN Testers
project, supporting the Perl programming language.  See
http://wiki.cpantesters.org/ for more information or email
questions to cpan-testers-discuss@perl.org


--
Dear Olivier Poitrey,

This is a computer-generated report for Cvs-0.07
on perl 5.12.1, created by CPAN-Reporter-1.1805.

Thank you for uploading your work to CPAN.  However, there was a problem
testing your distribution.

If you think this report is invalid, please consult the CPAN Testers Wiki
for suggestions on how to avoid getting FAIL reports for missing library
or binary dependencies, unsupported operating systems, and so on:

http://wiki.cpantesters.org/wiki/CPANAuthorNotes

Sections of this report:

    * Tester comments
    * Program output
    * Prerequisites
    * Environment and other context

------------------------------
TESTER COMMENTS
------------------------------

Additional comments from tester:

this report is from an automated smoke testing program
and was not reviewed by a human for accuracy

------------------------------
PROGRAM OUTPUT
------------------------------

Output from '/usr/bin/make test':

PERL_DL_NONLAZY=1 /home/perl5121/perl/bin/perl "-MExtUtils::Command::MM" "-e" "test_harness(0, 'blib/lib', 'blib/arch')" t/*.t
Command 'cvs' not found in /usr/local/sbin, /usr/local/bin, /usr/sbin, /usr/bin, /sbin, /bin, /usr/games at /home/perl5121/.cpan/build/Cvs-0.07-isCNeo/blib/lib/Cvs/Command/Base.pm line 113
t/00checkout.t .. 
Dubious, test returned 9 (wstat 2304, 0x900)
Failed 1/3 subtests 
# Failed test 2 in t/05commit.t at line 12
#  t/05commit.t line 12 is: ok($cvs);
Cannot open file `/home/perl5121/.cpan/build/Cvs-0.07-isCNeo/cvs-test/test.txt': No such file or directory at t/05commit.t line 14.
t/05commit.t .... 
Dubious, test returned 2 (wstat 512, 0x200)
Failed 4/5 subtests 
# Failed test 2 in t/10status.t at line 11
#  t/10status.t line 11 is: ok($cvs);
Can't call method "status" on an undefined value at t/10status.t line 13.
t/10status.t .... 
Dubious, test returned 2 (wstat 512, 0x200)
Failed 10/11 subtests 
# Failed test 2 in t/20tag.t at line 11
#  t/20tag.t line 11 is: ok($cvs);
Can't call method "tag" on an undefined value at t/20tag.t line 13.
t/20tag.t ....... 
Dubious, test returned 2 (wstat 512, 0x200)
Failed 5/6 subtests 
Command 'cvs' not found in /usr/local/sbin, /usr/local/bin, /usr/sbin, /usr/bin, /sbin, /bin, /usr/games at /home/perl5121/.cpan/build/Cvs-0.07-isCNeo/blib/lib/Cvs/Command/Base.pm line 113
t/21rtag.t ...... 
Dubious, test returned 9 (wstat 2304, 0x900)
Failed 4/6 subtests 
# Failed test 2 in t/30update.t at line 11
#  t/30update.t line 11 is: ok($cvs);
Cannot open file `/home/perl5121/.cpan/build/Cvs-0.07-isCNeo/cvs-test/test.txt': No such file or directory at t/30update.t line 13.
t/30update.t .... 
Dubious, test returned 2 (wstat 512, 0x200)
Failed 5/6 subtests 
# Failed test 2 in t/40diff.t at line 11
#  t/40diff.t line 11 is: ok($cvs);
Cannot open file `/home/perl5121/.cpan/build/Cvs-0.07-isCNeo/cvs-test/test.txt': No such file or directory at t/40diff.t line 13.
t/40diff.t ...... 
Dubious, test returned 2 (wstat 512, 0x200)
Failed 5/6 subtests 
Command 'cvs' not found in /usr/local/sbin, /usr/local/bin, /usr/sbin, /usr/bin, /sbin, /bin, /usr/games at /home/perl5121/.cpan/build/Cvs-0.07-isCNeo/blib/lib/Cvs/Command/Base.pm line 113
t/50export.t .... 
Dubious, test returned 9 (wstat 2304, 0x900)
Failed 1/3 subtests 
Command 'cvs' not found in /usr/local/sbin, /usr/local/bin, /usr/sbin, /usr/bin, /sbin, /bin, /usr/games at /home/perl5121/.cpan/build/Cvs-0.07-isCNeo/blib/lib/Cvs/Command/Base.pm line 113
t/90release.t ... 
Dubious, test returned 9 (wstat 2304, 0x900)
Failed 2/4 subtests 

Test Summary Report
-------------------
t/00checkout.t (Wstat: 2304 Tests: 2 Failed: 0)
  Non-zero exit status: 9
  Parse errors: Bad plan.  You planned 3 tests but ran 2.
t/05commit.t  (Wstat: 512 Tests: 2 Failed: 1)
  Failed test:  2
  Non-zero exit status: 2
  Parse errors: Bad plan.  You planned 5 tests but ran 2.
t/10status.t  (Wstat: 512 Tests: 2 Failed: 1)
  Failed test:  2
  Non-zero exit status: 2
  Parse errors: Bad plan.  You planned 11 tests but ran 2.
t/20tag.t     (Wstat: 512 Tests: 2 Failed: 1)
  Failed test:  2
  Non-zero exit status: 2
  Parse errors: Bad plan.  You planned 6 tests but ran 2.
t/21rtag.t    (Wstat: 2304 Tests: 2 Failed: 0)
  Non-zero exit status: 9
  Parse errors: Bad plan.  You planned 6 tests but ran 2.
t/30update.t  (Wstat: 512 Tests: 2 Failed: 1)
  Failed test:  2
  Non-zero exit status: 2
  Parse errors: Bad plan.  You planned 6 tests but ran 2.
t/40diff.t    (Wstat: 512 Tests: 2 Failed: 1)
  Failed test:  2
  Non-zero exit status: 2
  Parse errors: Bad plan.  You planned 6 tests but ran 2.
t/50export.t  (Wstat: 2304 Tests: 2 Failed: 0)
  Non-zero exit status: 9
  Parse errors: Bad plan.  You planned 3 tests but ran 2.
t/90release.t (Wstat: 2304 Tests: 2 Failed: 0)
  Non-zero exit status: 9
  Parse errors: Bad plan.  You planned 4 tests but ran 2.
Files=9, Tests=18,  1 wallclock secs ( 0.04 usr  0.01 sys +  0.60 cusr  0.16 csys =  0.81 CPU)
Result: FAIL
Failed 9/9 test programs. 5/18 subtests failed.
make: *** [test_dynamic] Error 9

------------------------------
PREREQUISITES
------------------------------

Prerequisite modules loaded:

requires:

    Module          Need Have
    --------------- ---- ----
    Class::Accessor 0.17 0.34
    Cwd             2.04 3.31
    File::Temp      0.12 0.22
    FileHandle      2.0  2.02
    IO::Pty         1.02 1.10
    IPC::Run        0.74 0.89


------------------------------
ENVIRONMENT AND OTHER CONTEXT
------------------------------

Environment variables:

    AUTOMATED_TESTING = 1
    LANG = en_US.UTF-8
    PATH = /usr/local/sbin:/usr/local/bin:/usr/sbin:/usr/bin:/sbin:/bin:/usr/games
    PERL5LIB = /home/perl5121/.cpan/build/IPC-Run-0.89-EWtFCx/blib/arch:/home/perl5121/.cpan/build/IPC-Run-0.89-EWtFCx/blib/lib
    PERL5OPT = 
    PERL5_CPANPLUS_IS_RUNNING = 12878
    PERL5_CPAN_IS_RUNNING = 12878
    PERL5_CPAN_IS_RUNNING_IN_RECURSION = 9861,12878
    PERL_CR_SMOKER_CURRENT = Cvs-0.07
    PERL_EXTUTILS_AUTOINSTALL = --defaultdeps
    PERL_MM_USE_DEFAULT = 1
    SHELL = /bin/bash
    TERM = xterm

Perl special variables (and OS-specific diagnostics, for MSWin32):

    $^X = /home/perl5121/perl/bin/perl
    $UID/$EUID = 1007 / 1007
    $GID = 1007 1007
    $EGID = 1007 1007

Perl module toolchain versions installed:

    Module              Have   
    ------------------- -------
    CPAN                1.94_56
    Cwd                 3.31   
    ExtUtils::CBuilder  0.2703 
    ExtUtils::Command   1.16   
    ExtUtils::Install   1.55   
    ExtUtils::MakeMaker 6.56   
    ExtUtils::Manifest  1.57   
    ExtUtils::ParseXS   2.21   
    File::Spec          3.31   
    Module::Build       0.3607 
    Module::Signature   n/a    
    Test::Harness       3.17   
    Test::More          0.94   
    YAML                0.71   
    YAML::Syck          1.09   
    version             0.82   


--

Summary of my perl5 (revision 5 version 12 subversion 1) configuration:
   
  Platform:
    osname=linux, osvers=2.6.32-25-generic, archname=i686-linux-thread-multi
    uname='linux st47-laptop 2.6.32-25-generic #44-ubuntu smp fri sep 17 20:26:08 utc 2010 i686 gnulinux '
    config_args=''
    hint=recommended, useposix=true, d_sigaction=define
    useithreads=define, usemultiplicity=define
    useperlio=define, d_sfio=undef, uselargefiles=define, usesocks=undef
    use64bitint=undef, use64bitall=undef, uselongdouble=undef
    usemymalloc=n, bincompat5005=undef
  Compiler:
    cc='cc', ccflags ='-D_REENTRANT -D_GNU_SOURCE -fno-strict-aliasing -pipe -fstack-protector -I/usr/local/include -D_LARGEFILE_SOURCE -D_FILE_OFFSET_BITS=64',
    optimize='-O2',
    cppflags='-D_REENTRANT -D_GNU_SOURCE -fno-strict-aliasing -pipe -fstack-protector -I/usr/local/include'
    ccversion='', gccversion='4.4.3', gccosandvers=''
    intsize=4, longsize=4, ptrsize=4, doublesize=8, byteorder=1234
    d_longlong=define, longlongsize=8, d_longdbl=define, longdblsize=12
    ivtype='long', ivsize=4, nvtype='double', nvsize=8, Off_t='off_t', lseeksize=8
    alignbytes=4, prototype=define
  Linker and Libraries:
    ld='cc', ldflags =' -fstack-protector -L/usr/local/lib'
    libpth=/usr/local/lib /lib /usr/lib /usr/lib64
    libs=-lnsl -ldl -lm -lcrypt -lutil -lpthread -lc
    perllibs=-lnsl -ldl -lm -lcrypt -lutil -lpthread -lc
    libc=/lib/libc-2.11.1.so, so=so, useshrplib=false, libperl=libperl.a
    gnulibc_version='2.11.1'
  Dynamic Linking:
    dlsrc=dl_dlopen.xs, dlext=so, d_dlsymun=undef, ccdlflags='-Wl,-E'
    cccdlflags='-fPIC', lddlflags='-shared -O2 -L/usr/local/lib -fstack-protector'


Characteristics of this binary (from libperl): 
  Compile-time options: MULTIPLICITY PERL_DONT_CREATE_GVSV
                        PERL_IMPLICIT_CONTEXT PERL_MALLOC_WRAP USE_ITHREADS
                        USE_LARGE_FILES USE_PERLIO USE_PERL_ATOF
                        USE_REENTRANT_API
  Built under linux
  Compiled at Oct  9 2010 12:53:48
  %ENV:
    PERL5LIB="/home/perl5121/.cpan/build/IPC-Run-0.89-EWtFCx/blib/arch:/home/perl5121/.cpan/build/IPC-Run-0.89-EWtFCx/blib/lib"
    PERL5OPT=""
    PERL5_CPANPLUS_IS_RUNNING="12878"
    PERL5_CPAN_IS_RUNNING="12878"
    PERL5_CPAN_IS_RUNNING_IN_RECURSION="9861,12878"
    PERL_CR_SMOKER_CURRENT="Cvs-0.07"
    PERL_EXTUTILS_AUTOINSTALL="--defaultdeps"
    PERL_MM_USE_DEFAULT="1"
  @INC:
    /home/perl5121/.cpan/build/IPC-Run-0.89-EWtFCx/blib/arch
    /home/perl5121/.cpan/build/IPC-Run-0.89-EWtFCx/blib/lib
    /home/perl5121/perl/lib
    /home/perl5121/perl/lib
    .