Back
From: metabase:user:320bfe00-2aae-11df-837a-5e0a49663a4f
Subject: FAIL Test-HTML-Content-0.09 v5.12.5 GNU/Linux
Date: 2014-08-07T01:31:40Z
This distribution has been tested as part of the CPAN Testers
project, supporting the Perl programming language. See
http://wiki.cpantesters.org/ for more information or email
questions to cpan-testers-discuss@perl.org
--
Dear Max Maischein,
This is a computer-generated report for Test-HTML-Content-0.09
on perl 5.12.5, created by CPAN-Reporter-1.2011.
Thank you for uploading your work to CPAN. However, there was a problem
testing your distribution.
If you think this report is invalid, please consult the CPAN Testers Wiki
for suggestions on how to avoid getting FAIL reports for missing library
or binary dependencies, unsupported operating systems, and so on:
http://wiki.cpantesters.org/wiki/CPANAuthorNotes
Sections of this report:
* Tester comments
* Program output
* Prerequisites
* Environment and other context
------------------------------
TESTER COMMENTS
------------------------------
Additional comments from tester:
this report is from an automated smoke testing program
and was not reviewed by a human for accuracy
------------------------------
PROGRAM OUTPUT
------------------------------
Output from '/usr/bin/make test':
PERL_DL_NONLAZY=1 /home/sand/src/perl/repoperls/installed-perls/perl/v5.12.5/127e/bin/perl "-MExtUtils::Command::MM" "-MTest::Harness" "-e" "undef *Test::Harness::Switches; test_harness(0, 'blib/lib', 'blib/arch')" t/*.t
Use of uninitialized value $bit in vec at /home/sand/src/perl/repoperls/installed-perls/perl/v5.12.5/127e/lib/5.12.5/warnings/register.pm line 31.
Use of uninitialized value $warnings::LAST_BIT in vec at /home/sand/src/perl/repoperls/installed-perls/perl/v5.12.5/127e/lib/5.12.5/warnings/register.pm line 41.
Use of uninitialized value $warnings::Bits{"all"} in vec at /home/sand/src/perl/repoperls/installed-perls/perl/v5.12.5/127e/lib/5.12.5/warnings/register.pm line 41.
Use of uninitialized value $warnings::Bits{"all"} in scalar assignment at /home/sand/src/perl/repoperls/installed-perls/perl/v5.12.5/127e/lib/5.12.5/warnings/register.pm line 41.
Use of uninitialized value $warnings::DeadBits{"all"} in vec at /home/sand/src/perl/repoperls/installed-perls/perl/v5.12.5/127e/lib/5.12.5/warnings/register.pm line 47.
Use of uninitialized value $warnings::DeadBits{"all"} in scalar assignment at /home/sand/src/perl/repoperls/installed-perls/perl/v5.12.5/127e/lib/5.12.5/warnings/register.pm line 47.
Subroutine IPC::Open3::xclose redefined at /home/sand/src/perl/repoperls/installed-perls/perl/v5.12.5/127e/lib/site_perl/5.12.5/TAP/Parser/Iterator/Process.pm line 146.
Use of uninitialized value $bit in vec at /home/sand/src/perl/repoperls/installed-perls/perl/v5.12.5/127e/lib/5.12.5/warnings/register.pm line 31.
Use of uninitialized value $warnings::LAST_BIT in vec at /home/sand/src/perl/repoperls/installed-perls/perl/v5.12.5/127e/lib/5.12.5/warnings/register.pm line 41.
Use of uninitialized value $warnings::Bits{"all"} in vec at /home/sand/src/perl/repoperls/installed-perls/perl/v5.12.5/127e/lib/5.12.5/warnings/register.pm line 41.
Use of uninitialized value $warnings::Bits{"all"} in scalar assignment at /home/sand/src/perl/repoperls/installed-perls/perl/v5.12.5/127e/lib/5.12.5/warnings/register.pm line 41.
Use of uninitialized value $warnings::DeadBits{"all"} in vec at /home/sand/src/perl/repoperls/installed-perls/perl/v5.12.5/127e/lib/5.12.5/warnings/register.pm line 47.
Use of uninitialized value $warnings::DeadBits{"all"} in scalar assignment at /home/sand/src/perl/repoperls/installed-perls/perl/v5.12.5/127e/lib/5.12.5/warnings/register.pm line 47.
t/00-prerequisites.t ............................ ok
Subroutine IPC::Open3::xclose redefined at /home/sand/src/perl/repoperls/installed-perls/perl/v5.12.5/127e/lib/site_perl/5.12.5/TAP/Parser/Iterator/Process.pm line 146.
Use of uninitialized value $bit in vec at /home/sand/src/perl/repoperls/installed-perls/perl/v5.12.5/127e/lib/5.12.5/warnings/register.pm line 31.
Use of uninitialized value $warnings::LAST_BIT in vec at /home/sand/src/perl/repoperls/installed-perls/perl/v5.12.5/127e/lib/5.12.5/warnings/register.pm line 41.
Use of uninitialized value $warnings::Bits{"all"} in vec at /home/sand/src/perl/repoperls/installed-perls/perl/v5.12.5/127e/lib/5.12.5/warnings/register.pm line 41.
Use of uninitialized value $warnings::Bits{"all"} in scalar assignment at /home/sand/src/perl/repoperls/installed-perls/perl/v5.12.5/127e/lib/5.12.5/warnings/register.pm line 41.
Use of uninitialized value $warnings::DeadBits{"all"} in vec at /home/sand/src/perl/repoperls/installed-perls/perl/v5.12.5/127e/lib/5.12.5/warnings/register.pm line 47.
Use of uninitialized value $warnings::DeadBits{"all"} in scalar assignment at /home/sand/src/perl/repoperls/installed-perls/perl/v5.12.5/127e/lib/5.12.5/warnings/register.pm line 47.
t/01-fallback-libxml.t .......................... ok
Subroutine IPC::Open3::xclose redefined at /home/sand/src/perl/repoperls/installed-perls/perl/v5.12.5/127e/lib/site_perl/5.12.5/TAP/Parser/Iterator/Process.pm line 146.
Use of uninitialized value $bit in vec at /home/sand/src/perl/repoperls/installed-perls/perl/v5.12.5/127e/lib/5.12.5/warnings/register.pm line 31.
Use of uninitialized value $warnings::LAST_BIT in vec at /home/sand/src/perl/repoperls/installed-perls/perl/v5.12.5/127e/lib/5.12.5/warnings/register.pm line 41.
Use of uninitialized value $warnings::Bits{"all"} in vec at /home/sand/src/perl/repoperls/installed-perls/perl/v5.12.5/127e/lib/5.12.5/warnings/register.pm line 41.
Use of uninitialized value $warnings::Bits{"all"} in scalar assignment at /home/sand/src/perl/repoperls/installed-perls/perl/v5.12.5/127e/lib/5.12.5/warnings/register.pm line 41.
Use of uninitialized value $warnings::DeadBits{"all"} in vec at /home/sand/src/perl/repoperls/installed-perls/perl/v5.12.5/127e/lib/5.12.5/warnings/register.pm line 47.
Use of uninitialized value $warnings::DeadBits{"all"} in scalar assignment at /home/sand/src/perl/repoperls/installed-perls/perl/v5.12.5/127e/lib/5.12.5/warnings/register.pm line 47.
t/01-fallback-pureperl.t ........................ ok
Subroutine IPC::Open3::xclose redefined at /home/sand/src/perl/repoperls/installed-perls/perl/v5.12.5/127e/lib/site_perl/5.12.5/TAP/Parser/Iterator/Process.pm line 146.
Use of uninitialized value $bit in vec at /home/sand/src/perl/repoperls/installed-perls/perl/v5.12.5/127e/lib/5.12.5/warnings/register.pm line 31.
Use of uninitialized value $warnings::LAST_BIT in vec at /home/sand/src/perl/repoperls/installed-perls/perl/v5.12.5/127e/lib/5.12.5/warnings/register.pm line 41.
Use of uninitialized value $warnings::Bits{"all"} in vec at /home/sand/src/perl/repoperls/installed-perls/perl/v5.12.5/127e/lib/5.12.5/warnings/register.pm line 41.
Use of uninitialized value $warnings::Bits{"all"} in scalar assignment at /home/sand/src/perl/repoperls/installed-perls/perl/v5.12.5/127e/lib/5.12.5/warnings/register.pm line 41.
Use of uninitialized value $warnings::DeadBits{"all"} in vec at /home/sand/src/perl/repoperls/installed-perls/perl/v5.12.5/127e/lib/5.12.5/warnings/register.pm line 47.
Use of uninitialized value $warnings::DeadBits{"all"} in scalar assignment at /home/sand/src/perl/repoperls/installed-perls/perl/v5.12.5/127e/lib/5.12.5/warnings/register.pm line 47.
t/01-fallback-xpath.t ........................... ok
Subroutine IPC::Open3::xclose redefined at /home/sand/src/perl/repoperls/installed-perls/perl/v5.12.5/127e/lib/site_perl/5.12.5/TAP/Parser/Iterator/Process.pm line 146.
Use of uninitialized value $bit in vec at /home/sand/src/perl/repoperls/installed-perls/perl/v5.12.5/127e/lib/5.12.5/warnings/register.pm line 31.
Use of uninitialized value $warnings::LAST_BIT in vec at /home/sand/src/perl/repoperls/installed-perls/perl/v5.12.5/127e/lib/5.12.5/warnings/register.pm line 41.
Use of uninitialized value $warnings::Bits{"all"} in vec at /home/sand/src/perl/repoperls/installed-perls/perl/v5.12.5/127e/lib/5.12.5/warnings/register.pm line 41.
Use of uninitialized value $warnings::Bits{"all"} in scalar assignment at /home/sand/src/perl/repoperls/installed-perls/perl/v5.12.5/127e/lib/5.12.5/warnings/register.pm line 41.
Use of uninitialized value $warnings::DeadBits{"all"} in vec at /home/sand/src/perl/repoperls/installed-perls/perl/v5.12.5/127e/lib/5.12.5/warnings/register.pm line 47.
Use of uninitialized value $warnings::DeadBits{"all"} in scalar assignment at /home/sand/src/perl/repoperls/installed-perls/perl/v5.12.5/127e/lib/5.12.5/warnings/register.pm line 47.
t/01-internal-api.t ............................. ok
Subroutine IPC::Open3::xclose redefined at /home/sand/src/perl/repoperls/installed-perls/perl/v5.12.5/127e/lib/site_perl/5.12.5/TAP/Parser/Iterator/Process.pm line 146.
Use of uninitialized value $bit in vec at /home/sand/src/perl/repoperls/installed-perls/perl/v5.12.5/127e/lib/5.12.5/warnings/register.pm line 31.
Use of uninitialized value $warnings::LAST_BIT in vec at /home/sand/src/perl/repoperls/installed-perls/perl/v5.12.5/127e/lib/5.12.5/warnings/register.pm line 41.
Use of uninitialized value $warnings::Bits{"all"} in vec at /home/sand/src/perl/repoperls/installed-perls/perl/v5.12.5/127e/lib/5.12.5/warnings/register.pm line 41.
Use of uninitialized value $warnings::Bits{"all"} in scalar assignment at /home/sand/src/perl/repoperls/installed-perls/perl/v5.12.5/127e/lib/5.12.5/warnings/register.pm line 41.
Use of uninitialized value $warnings::DeadBits{"all"} in vec at /home/sand/src/perl/repoperls/installed-perls/perl/v5.12.5/127e/lib/5.12.5/warnings/register.pm line 47.
Use of uninitialized value $warnings::DeadBits{"all"} in scalar assignment at /home/sand/src/perl/repoperls/installed-perls/perl/v5.12.5/127e/lib/5.12.5/warnings/register.pm line 47.
Exiting subroutine via last at /home/sand/src/perl/repoperls/installed-perls/perl/v5.12.5/127e/lib/site_perl/5.12.5/Test/More.pm line 581.
t/01-libxml-xpath-abstraction.t ................. ok
Subroutine IPC::Open3::xclose redefined at /home/sand/src/perl/repoperls/installed-perls/perl/v5.12.5/127e/lib/site_perl/5.12.5/TAP/Parser/Iterator/Process.pm line 146.
Use of uninitialized value $bit in vec at /home/sand/src/perl/repoperls/installed-perls/perl/v5.12.5/127e/lib/5.12.5/warnings/register.pm line 31.
Use of uninitialized value $warnings::LAST_BIT in vec at /home/sand/src/perl/repoperls/installed-perls/perl/v5.12.5/127e/lib/5.12.5/warnings/register.pm line 41.
Use of uninitialized value $warnings::Bits{"all"} in vec at /home/sand/src/perl/repoperls/installed-perls/perl/v5.12.5/127e/lib/5.12.5/warnings/register.pm line 41.
Use of uninitialized value $warnings::Bits{"all"} in scalar assignment at /home/sand/src/perl/repoperls/installed-perls/perl/v5.12.5/127e/lib/5.12.5/warnings/register.pm line 41.
Use of uninitialized value $warnings::DeadBits{"all"} in vec at /home/sand/src/perl/repoperls/installed-perls/perl/v5.12.5/127e/lib/5.12.5/warnings/register.pm line 47.
Use of uninitialized value $warnings::DeadBits{"all"} in scalar assignment at /home/sand/src/perl/repoperls/installed-perls/perl/v5.12.5/127e/lib/5.12.5/warnings/register.pm line 47.
t/01-xpath-query-builder.t ...................... ok
Subroutine IPC::Open3::xclose redefined at /home/sand/src/perl/repoperls/installed-perls/perl/v5.12.5/127e/lib/site_perl/5.12.5/TAP/Parser/Iterator/Process.pm line 146.
Use of uninitialized value $bit in vec at /home/sand/src/perl/repoperls/installed-perls/perl/v5.12.5/127e/lib/5.12.5/warnings/register.pm line 31.
Use of uninitialized value $warnings::LAST_BIT in vec at /home/sand/src/perl/repoperls/installed-perls/perl/v5.12.5/127e/lib/5.12.5/warnings/register.pm line 41.
Use of uninitialized value $warnings::Bits{"all"} in vec at /home/sand/src/perl/repoperls/installed-perls/perl/v5.12.5/127e/lib/5.12.5/warnings/register.pm line 41.
Use of uninitialized value $warnings::Bits{"all"} in scalar assignment at /home/sand/src/perl/repoperls/installed-perls/perl/v5.12.5/127e/lib/5.12.5/warnings/register.pm line 41.
Use of uninitialized value $warnings::DeadBits{"all"} in vec at /home/sand/src/perl/repoperls/installed-perls/perl/v5.12.5/127e/lib/5.12.5/warnings/register.pm line 47.
Use of uninitialized value $warnings::DeadBits{"all"} in scalar assignment at /home/sand/src/perl/repoperls/installed-perls/perl/v5.12.5/127e/lib/5.12.5/warnings/register.pm line 47.
HTML parser error : Unexpected end tag : a
<html><!-- <A href="http://www.perl.com"> -->Title</A></html>
^
HTML parser error : Unexpected end tag : a
<html><!-- <A href="http://www.perl.com"> -->Title</A></html>
^
HTML parser error : Unexpected end tag : a
<html><!-- <A href="http://www.perl.com"> -->Title</A></html>
^
HTML parser error : Unexpected end tag : a
<html><!-- <A href="http://www.perl.com"> -->Title</A></html>
^
t/02-tags.t ..................................... ok
Subroutine IPC::Open3::xclose redefined at /home/sand/src/perl/repoperls/installed-perls/perl/v5.12.5/127e/lib/site_perl/5.12.5/TAP/Parser/Iterator/Process.pm line 146.
Use of uninitialized value $bit in vec at /home/sand/src/perl/repoperls/installed-perls/perl/v5.12.5/127e/lib/5.12.5/warnings/register.pm line 31.
Use of uninitialized value $warnings::LAST_BIT in vec at /home/sand/src/perl/repoperls/installed-perls/perl/v5.12.5/127e/lib/5.12.5/warnings/register.pm line 41.
Use of uninitialized value $warnings::Bits{"all"} in vec at /home/sand/src/perl/repoperls/installed-perls/perl/v5.12.5/127e/lib/5.12.5/warnings/register.pm line 41.
Use of uninitialized value $warnings::Bits{"all"} in scalar assignment at /home/sand/src/perl/repoperls/installed-perls/perl/v5.12.5/127e/lib/5.12.5/warnings/register.pm line 41.
Use of uninitialized value $warnings::DeadBits{"all"} in vec at /home/sand/src/perl/repoperls/installed-perls/perl/v5.12.5/127e/lib/5.12.5/warnings/register.pm line 47.
Use of uninitialized value $warnings::DeadBits{"all"} in scalar assignment at /home/sand/src/perl/repoperls/installed-perls/perl/v5.12.5/127e/lib/5.12.5/warnings/register.pm line 47.
t/03-links.t .................................... ok
Subroutine IPC::Open3::xclose redefined at /home/sand/src/perl/repoperls/installed-perls/perl/v5.12.5/127e/lib/site_perl/5.12.5/TAP/Parser/Iterator/Process.pm line 146.
Use of uninitialized value $bit in vec at /home/sand/src/perl/repoperls/installed-perls/perl/v5.12.5/127e/lib/5.12.5/warnings/register.pm line 31.
Use of uninitialized value $warnings::LAST_BIT in vec at /home/sand/src/perl/repoperls/installed-perls/perl/v5.12.5/127e/lib/5.12.5/warnings/register.pm line 41.
Use of uninitialized value $warnings::Bits{"all"} in vec at /home/sand/src/perl/repoperls/installed-perls/perl/v5.12.5/127e/lib/5.12.5/warnings/register.pm line 41.
Use of uninitialized value $warnings::Bits{"all"} in scalar assignment at /home/sand/src/perl/repoperls/installed-perls/perl/v5.12.5/127e/lib/5.12.5/warnings/register.pm line 41.
Use of uninitialized value $warnings::DeadBits{"all"} in vec at /home/sand/src/perl/repoperls/installed-perls/perl/v5.12.5/127e/lib/5.12.5/warnings/register.pm line 47.
Use of uninitialized value $warnings::DeadBits{"all"} in scalar assignment at /home/sand/src/perl/repoperls/installed-perls/perl/v5.12.5/127e/lib/5.12.5/warnings/register.pm line 47.
t/04-comments.t ................................. ok
Subroutine IPC::Open3::xclose redefined at /home/sand/src/perl/repoperls/installed-perls/perl/v5.12.5/127e/lib/site_perl/5.12.5/TAP/Parser/Iterator/Process.pm line 146.
Use of uninitialized value $bit in vec at /home/sand/src/perl/repoperls/installed-perls/perl/v5.12.5/127e/lib/5.12.5/warnings/register.pm line 31.
Use of uninitialized value $warnings::LAST_BIT in vec at /home/sand/src/perl/repoperls/installed-perls/perl/v5.12.5/127e/lib/5.12.5/warnings/register.pm line 41.
Use of uninitialized value $warnings::Bits{"all"} in vec at /home/sand/src/perl/repoperls/installed-perls/perl/v5.12.5/127e/lib/5.12.5/warnings/register.pm line 41.
Use of uninitialized value $warnings::Bits{"all"} in scalar assignment at /home/sand/src/perl/repoperls/installed-perls/perl/v5.12.5/127e/lib/5.12.5/warnings/register.pm line 41.
Use of uninitialized value $warnings::DeadBits{"all"} in vec at /home/sand/src/perl/repoperls/installed-perls/perl/v5.12.5/127e/lib/5.12.5/warnings/register.pm line 47.
Use of uninitialized value $warnings::DeadBits{"all"} in scalar assignment at /home/sand/src/perl/repoperls/installed-perls/perl/v5.12.5/127e/lib/5.12.5/warnings/register.pm line 47.
t/05-doctype.t .................................. ok
Subroutine IPC::Open3::xclose redefined at /home/sand/src/perl/repoperls/installed-perls/perl/v5.12.5/127e/lib/site_perl/5.12.5/TAP/Parser/Iterator/Process.pm line 146.
Use of uninitialized value $bit in vec at /home/sand/src/perl/repoperls/installed-perls/perl/v5.12.5/127e/lib/5.12.5/warnings/register.pm line 31.
Use of uninitialized value $warnings::LAST_BIT in vec at /home/sand/src/perl/repoperls/installed-perls/perl/v5.12.5/127e/lib/5.12.5/warnings/register.pm line 41.
Use of uninitialized value $warnings::Bits{"all"} in vec at /home/sand/src/perl/repoperls/installed-perls/perl/v5.12.5/127e/lib/5.12.5/warnings/register.pm line 41.
Use of uninitialized value $warnings::Bits{"all"} in scalar assignment at /home/sand/src/perl/repoperls/installed-perls/perl/v5.12.5/127e/lib/5.12.5/warnings/register.pm line 41.
Use of uninitialized value $warnings::DeadBits{"all"} in vec at /home/sand/src/perl/repoperls/installed-perls/perl/v5.12.5/127e/lib/5.12.5/warnings/register.pm line 47.
Use of uninitialized value $warnings::DeadBits{"all"} in scalar assignment at /home/sand/src/perl/repoperls/installed-perls/perl/v5.12.5/127e/lib/5.12.5/warnings/register.pm line 47.
t/06-text.t ..................................... ok
Subroutine IPC::Open3::xclose redefined at /home/sand/src/perl/repoperls/installed-perls/perl/v5.12.5/127e/lib/site_perl/5.12.5/TAP/Parser/Iterator/Process.pm line 146.
Use of uninitialized value $bit in vec at /home/sand/src/perl/repoperls/installed-perls/perl/v5.12.5/127e/lib/5.12.5/warnings/register.pm line 31.
Use of uninitialized value $warnings::LAST_BIT in vec at /home/sand/src/perl/repoperls/installed-perls/perl/v5.12.5/127e/lib/5.12.5/warnings/register.pm line 41.
Use of uninitialized value $warnings::Bits{"all"} in vec at /home/sand/src/perl/repoperls/installed-perls/perl/v5.12.5/127e/lib/5.12.5/warnings/register.pm line 41.
Use of uninitialized value $warnings::Bits{"all"} in scalar assignment at /home/sand/src/perl/repoperls/installed-perls/perl/v5.12.5/127e/lib/5.12.5/warnings/register.pm line 41.
Use of uninitialized value $warnings::DeadBits{"all"} in vec at /home/sand/src/perl/repoperls/installed-perls/perl/v5.12.5/127e/lib/5.12.5/warnings/register.pm line 47.
Use of uninitialized value $warnings::DeadBits{"all"} in scalar assignment at /home/sand/src/perl/repoperls/installed-perls/perl/v5.12.5/127e/lib/5.12.5/warnings/register.pm line 47.
# Failed test 'Finding no link works'
# at t/07-errors.link.t line 33.
# STDERR is:
# # Failed test 'Link failure (no links)'
# # at t/07-errors.link.t line 32.
# # Invalid HTML:
# #
#
# not:
# /#\s+Failed\ test.*?\n?.*?at\ t\/07\-errors\.link\.t line 32.*\n?/
# # Invalid HTML:
#
#
# as expected
t/07-errors.link.t ..............................
Failed 1/11 subtests
Subroutine IPC::Open3::xclose redefined at /home/sand/src/perl/repoperls/installed-perls/perl/v5.12.5/127e/lib/site_perl/5.12.5/TAP/Parser/Iterator/Process.pm line 146.
Use of uninitialized value $bit in vec at /home/sand/src/perl/repoperls/installed-perls/perl/v5.12.5/127e/lib/5.12.5/warnings/register.pm line 31.
Use of uninitialized value $warnings::LAST_BIT in vec at /home/sand/src/perl/repoperls/installed-perls/perl/v5.12.5/127e/lib/5.12.5/warnings/register.pm line 41.
Use of uninitialized value $warnings::Bits{"all"} in vec at /home/sand/src/perl/repoperls/installed-perls/perl/v5.12.5/127e/lib/5.12.5/warnings/register.pm line 41.
Use of uninitialized value $warnings::Bits{"all"} in scalar assignment at /home/sand/src/perl/repoperls/installed-perls/perl/v5.12.5/127e/lib/5.12.5/warnings/register.pm line 41.
Use of uninitialized value $warnings::DeadBits{"all"} in vec at /home/sand/src/perl/repoperls/installed-perls/perl/v5.12.5/127e/lib/5.12.5/warnings/register.pm line 47.
Use of uninitialized value $warnings::DeadBits{"all"} in scalar assignment at /home/sand/src/perl/repoperls/installed-perls/perl/v5.12.5/127e/lib/5.12.5/warnings/register.pm line 47.
# Failed test 'Finding no comment works'
# at t/08-errors.comment.t line 32.
# STDERR is:
# # Failed test 'Comment failure (no comments)'
# # at t/08-errors.comment.t line 31.
# # Invalid HTML:
# #
#
# not:
# /#\s+Failed\ test.*?\n?.*?at\ t\/08\-errors\.comment\.t line 31.*\n?/
# # Invalid HTML:
#
#
# as expected
t/08-errors.comment.t ...........................
Failed 1/11 subtests
Subroutine IPC::Open3::xclose redefined at /home/sand/src/perl/repoperls/installed-perls/perl/v5.12.5/127e/lib/site_perl/5.12.5/TAP/Parser/Iterator/Process.pm line 146.
Use of uninitialized value $bit in vec at /home/sand/src/perl/repoperls/installed-perls/perl/v5.12.5/127e/lib/5.12.5/warnings/register.pm line 31.
Use of uninitialized value $warnings::LAST_BIT in vec at /home/sand/src/perl/repoperls/installed-perls/perl/v5.12.5/127e/lib/5.12.5/warnings/register.pm line 41.
Use of uninitialized value $warnings::Bits{"all"} in vec at /home/sand/src/perl/repoperls/installed-perls/perl/v5.12.5/127e/lib/5.12.5/warnings/register.pm line 41.
Use of uninitialized value $warnings::Bits{"all"} in scalar assignment at /home/sand/src/perl/repoperls/installed-perls/perl/v5.12.5/127e/lib/5.12.5/warnings/register.pm line 41.
Use of uninitialized value $warnings::DeadBits{"all"} in vec at /home/sand/src/perl/repoperls/installed-perls/perl/v5.12.5/127e/lib/5.12.5/warnings/register.pm line 47.
Use of uninitialized value $warnings::DeadBits{"all"} in scalar assignment at /home/sand/src/perl/repoperls/installed-perls/perl/v5.12.5/127e/lib/5.12.5/warnings/register.pm line 47.
t/09-errors.declaration.t ....................... ok
Subroutine IPC::Open3::xclose redefined at /home/sand/src/perl/repoperls/installed-perls/perl/v5.12.5/127e/lib/site_perl/5.12.5/TAP/Parser/Iterator/Process.pm line 146.
Use of uninitialized value $bit in vec at /home/sand/src/perl/repoperls/installed-perls/perl/v5.12.5/127e/lib/5.12.5/warnings/register.pm line 31.
Use of uninitialized value $warnings::LAST_BIT in vec at /home/sand/src/perl/repoperls/installed-perls/perl/v5.12.5/127e/lib/5.12.5/warnings/register.pm line 41.
Use of uninitialized value $warnings::Bits{"all"} in vec at /home/sand/src/perl/repoperls/installed-perls/perl/v5.12.5/127e/lib/5.12.5/warnings/register.pm line 41.
Use of uninitialized value $warnings::Bits{"all"} in scalar assignment at /home/sand/src/perl/repoperls/installed-perls/perl/v5.12.5/127e/lib/5.12.5/warnings/register.pm line 41.
Use of uninitialized value $warnings::DeadBits{"all"} in vec at /home/sand/src/perl/repoperls/installed-perls/perl/v5.12.5/127e/lib/5.12.5/warnings/register.pm line 47.
Use of uninitialized value $warnings::DeadBits{"all"} in scalar assignment at /home/sand/src/perl/repoperls/installed-perls/perl/v5.12.5/127e/lib/5.12.5/warnings/register.pm line 47.
t/09-errors.xpath.t ............................. ok
Subroutine IPC::Open3::xclose redefined at /home/sand/src/perl/repoperls/installed-perls/perl/v5.12.5/127e/lib/site_perl/5.12.5/TAP/Parser/Iterator/Process.pm line 146.
Use of uninitialized value $bit in vec at /home/sand/src/perl/repoperls/installed-perls/perl/v5.12.5/127e/lib/5.12.5/warnings/register.pm line 31.
Use of uninitialized value $warnings::LAST_BIT in vec at /home/sand/src/perl/repoperls/installed-perls/perl/v5.12.5/127e/lib/5.12.5/warnings/register.pm line 41.
Use of uninitialized value $warnings::Bits{"all"} in vec at /home/sand/src/perl/repoperls/installed-perls/perl/v5.12.5/127e/lib/5.12.5/warnings/register.pm line 41.
Use of uninitialized value $warnings::Bits{"all"} in scalar assignment at /home/sand/src/perl/repoperls/installed-perls/perl/v5.12.5/127e/lib/5.12.5/warnings/register.pm line 41.
Use of uninitialized value $warnings::DeadBits{"all"} in vec at /home/sand/src/perl/repoperls/installed-perls/perl/v5.12.5/127e/lib/5.12.5/warnings/register.pm line 47.
Use of uninitialized value $warnings::DeadBits{"all"} in scalar assignment at /home/sand/src/perl/repoperls/installed-perls/perl/v5.12.5/127e/lib/5.12.5/warnings/register.pm line 47.
# Failed test 'Empty document gets reported'
# at t/10-errors.text.t line 31.
# STDERR is:
# # Failed test 'Text failure (empty document)'
# # at t/10-errors.text.t line 22.
# # Invalid HTML:
# #
#
# not:
# /#\s+Failed\ test.*?\n?.*?at\ t\/10\-errors\.text\.t line 22.*\n?/
# # Invalid HTML:
#
#
# as expected
t/10-errors.text.t ..............................
Failed 1/3 subtests
Subroutine IPC::Open3::xclose redefined at /home/sand/src/perl/repoperls/installed-perls/perl/v5.12.5/127e/lib/site_perl/5.12.5/TAP/Parser/Iterator/Process.pm line 146.
Use of uninitialized value $bit in vec at /home/sand/src/perl/repoperls/installed-perls/perl/v5.12.5/127e/lib/5.12.5/warnings/register.pm line 31.
Use of uninitialized value $warnings::LAST_BIT in vec at /home/sand/src/perl/repoperls/installed-perls/perl/v5.12.5/127e/lib/5.12.5/warnings/register.pm line 41.
Use of uninitialized value $warnings::Bits{"all"} in vec at /home/sand/src/perl/repoperls/installed-perls/perl/v5.12.5/127e/lib/5.12.5/warnings/register.pm line 41.
Use of uninitialized value $warnings::Bits{"all"} in scalar assignment at /home/sand/src/perl/repoperls/installed-perls/perl/v5.12.5/127e/lib/5.12.5/warnings/register.pm line 41.
Use of uninitialized value $warnings::DeadBits{"all"} in vec at /home/sand/src/perl/repoperls/installed-perls/perl/v5.12.5/127e/lib/5.12.5/warnings/register.pm line 47.
Use of uninitialized value $warnings::DeadBits{"all"} in scalar assignment at /home/sand/src/perl/repoperls/installed-perls/perl/v5.12.5/127e/lib/5.12.5/warnings/register.pm line 47.
t/12-title-fallback.t ........................... ok
Subroutine IPC::Open3::xclose redefined at /home/sand/src/perl/repoperls/installed-perls/perl/v5.12.5/127e/lib/site_perl/5.12.5/TAP/Parser/Iterator/Process.pm line 146.
Use of uninitialized value $bit in vec at /home/sand/src/perl/repoperls/installed-perls/perl/v5.12.5/127e/lib/5.12.5/warnings/register.pm line 31.
Use of uninitialized value $warnings::LAST_BIT in vec at /home/sand/src/perl/repoperls/installed-perls/perl/v5.12.5/127e/lib/5.12.5/warnings/register.pm line 41.
Use of uninitialized value $warnings::Bits{"all"} in vec at /home/sand/src/perl/repoperls/installed-perls/perl/v5.12.5/127e/lib/5.12.5/warnings/register.pm line 41.
Use of uninitialized value $warnings::Bits{"all"} in scalar assignment at /home/sand/src/perl/repoperls/installed-perls/perl/v5.12.5/127e/lib/5.12.5/warnings/register.pm line 41.
Use of uninitialized value $warnings::DeadBits{"all"} in vec at /home/sand/src/perl/repoperls/installed-perls/perl/v5.12.5/127e/lib/5.12.5/warnings/register.pm line 47.
Use of uninitialized value $warnings::DeadBits{"all"} in scalar assignment at /home/sand/src/perl/repoperls/installed-perls/perl/v5.12.5/127e/lib/5.12.5/warnings/register.pm line 47.
t/12-title.t .................................... ok
Subroutine IPC::Open3::xclose redefined at /home/sand/src/perl/repoperls/installed-perls/perl/v5.12.5/127e/lib/site_perl/5.12.5/TAP/Parser/Iterator/Process.pm line 146.
Use of uninitialized value $bit in vec at /home/sand/src/perl/repoperls/installed-perls/perl/v5.12.5/127e/lib/5.12.5/warnings/register.pm line 31.
Use of uninitialized value $warnings::LAST_BIT in vec at /home/sand/src/perl/repoperls/installed-perls/perl/v5.12.5/127e/lib/5.12.5/warnings/register.pm line 41.
Use of uninitialized value $warnings::Bits{"all"} in vec at /home/sand/src/perl/repoperls/installed-perls/perl/v5.12.5/127e/lib/5.12.5/warnings/register.pm line 41.
Use of uninitialized value $warnings::Bits{"all"} in scalar assignment at /home/sand/src/perl/repoperls/installed-perls/perl/v5.12.5/127e/lib/5.12.5/warnings/register.pm line 41.
Use of uninitialized value $warnings::DeadBits{"all"} in vec at /home/sand/src/perl/repoperls/installed-perls/perl/v5.12.5/127e/lib/5.12.5/warnings/register.pm line 47.
Use of uninitialized value $warnings::DeadBits{"all"} in scalar assignment at /home/sand/src/perl/repoperls/installed-perls/perl/v5.12.5/127e/lib/5.12.5/warnings/register.pm line 47.
Exiting subroutine via last at /home/sand/src/perl/repoperls/installed-perls/perl/v5.12.5/127e/lib/site_perl/5.12.5/Test/More.pm line 581.
t/13-xpath-gracefull-errors.t ................... ok
Subroutine IPC::Open3::xclose redefined at /home/sand/src/perl/repoperls/installed-perls/perl/v5.12.5/127e/lib/site_perl/5.12.5/TAP/Parser/Iterator/Process.pm line 146.
Use of uninitialized value $bit in vec at /home/sand/src/perl/repoperls/installed-perls/perl/v5.12.5/127e/lib/5.12.5/warnings/register.pm line 31.
Use of uninitialized value $warnings::LAST_BIT in vec at /home/sand/src/perl/repoperls/installed-perls/perl/v5.12.5/127e/lib/5.12.5/warnings/register.pm line 41.
Use of uninitialized value $warnings::Bits{"all"} in vec at /home/sand/src/perl/repoperls/installed-perls/perl/v5.12.5/127e/lib/5.12.5/warnings/register.pm line 41.
Use of uninitialized value $warnings::Bits{"all"} in scalar assignment at /home/sand/src/perl/repoperls/installed-perls/perl/v5.12.5/127e/lib/5.12.5/warnings/register.pm line 41.
Use of uninitialized value $warnings::DeadBits{"all"} in vec at /home/sand/src/perl/repoperls/installed-perls/perl/v5.12.5/127e/lib/5.12.5/warnings/register.pm line 47.
Use of uninitialized value $warnings::DeadBits{"all"} in scalar assignment at /home/sand/src/perl/repoperls/installed-perls/perl/v5.12.5/127e/lib/5.12.5/warnings/register.pm line 47.
# Checking for version 0.09
t/99-changes.t .................................. ok
Subroutine IPC::Open3::xclose redefined at /home/sand/src/perl/repoperls/installed-perls/perl/v5.12.5/127e/lib/site_perl/5.12.5/TAP/Parser/Iterator/Process.pm line 146.
Use of uninitialized value $bit in vec at /home/sand/src/perl/repoperls/installed-perls/perl/v5.12.5/127e/lib/5.12.5/warnings/register.pm line 31.
Use of uninitialized value $warnings::LAST_BIT in vec at /home/sand/src/perl/repoperls/installed-perls/perl/v5.12.5/127e/lib/5.12.5/warnings/register.pm line 41.
Use of uninitialized value $warnings::Bits{"all"} in vec at /home/sand/src/perl/repoperls/installed-perls/perl/v5.12.5/127e/lib/5.12.5/warnings/register.pm line 41.
Use of uninitialized value $warnings::Bits{"all"} in scalar assignment at /home/sand/src/perl/repoperls/installed-perls/perl/v5.12.5/127e/lib/5.12.5/warnings/register.pm line 41.
Use of uninitialized value $warnings::DeadBits{"all"} in vec at /home/sand/src/perl/repoperls/installed-perls/perl/v5.12.5/127e/lib/5.12.5/warnings/register.pm line 47.
Use of uninitialized value $warnings::DeadBits{"all"} in scalar assignment at /home/sand/src/perl/repoperls/installed-perls/perl/v5.12.5/127e/lib/5.12.5/warnings/register.pm line 47.
t/99-manifest.t ................................. ok
Subroutine IPC::Open3::xclose redefined at /home/sand/src/perl/repoperls/installed-perls/perl/v5.12.5/127e/lib/site_perl/5.12.5/TAP/Parser/Iterator/Process.pm line 146.
Use of uninitialized value $bit in vec at /home/sand/src/perl/repoperls/installed-perls/perl/v5.12.5/127e/lib/5.12.5/warnings/register.pm line 31.
Use of uninitialized value $warnings::LAST_BIT in vec at /home/sand/src/perl/repoperls/installed-perls/perl/v5.12.5/127e/lib/5.12.5/warnings/register.pm line 41.
Use of uninitialized value $warnings::Bits{"all"} in vec at /home/sand/src/perl/repoperls/installed-perls/perl/v5.12.5/127e/lib/5.12.5/warnings/register.pm line 41.
Use of uninitialized value $warnings::Bits{"all"} in scalar assignment at /home/sand/src/perl/repoperls/installed-perls/perl/v5.12.5/127e/lib/5.12.5/warnings/register.pm line 41.
Use of uninitialized value $warnings::DeadBits{"all"} in vec at /home/sand/src/perl/repoperls/installed-perls/perl/v5.12.5/127e/lib/5.12.5/warnings/register.pm line 47.
Use of uninitialized value $warnings::DeadBits{"all"} in scalar assignment at /home/sand/src/perl/repoperls/installed-perls/perl/v5.12.5/127e/lib/5.12.5/warnings/register.pm line 47.
t/99-Pod.t ...................................... ok
Subroutine IPC::Open3::xclose redefined at /home/sand/src/perl/repoperls/installed-perls/perl/v5.12.5/127e/lib/site_perl/5.12.5/TAP/Parser/Iterator/Process.pm line 146.
Use of uninitialized value $bit in vec at /home/sand/src/perl/repoperls/installed-perls/perl/v5.12.5/127e/lib/5.12.5/warnings/register.pm line 31.
Use of uninitialized value $warnings::LAST_BIT in vec at /home/sand/src/perl/repoperls/installed-perls/perl/v5.12.5/127e/lib/5.12.5/warnings/register.pm line 41.
Use of uninitialized value $warnings::Bits{"all"} in vec at /home/sand/src/perl/repoperls/installed-perls/perl/v5.12.5/127e/lib/5.12.5/warnings/register.pm line 41.
Use of uninitialized value $warnings::Bits{"all"} in scalar assignment at /home/sand/src/perl/repoperls/installed-perls/perl/v5.12.5/127e/lib/5.12.5/warnings/register.pm line 41.
Use of uninitialized value $warnings::DeadBits{"all"} in vec at /home/sand/src/perl/repoperls/installed-perls/perl/v5.12.5/127e/lib/5.12.5/warnings/register.pm line 47.
Use of uninitialized value $warnings::DeadBits{"all"} in scalar assignment at /home/sand/src/perl/repoperls/installed-perls/perl/v5.12.5/127e/lib/5.12.5/warnings/register.pm line 47.
t/99-todo.t ..................................... ok
Subroutine IPC::Open3::xclose redefined at /home/sand/src/perl/repoperls/installed-perls/perl/v5.12.5/127e/lib/site_perl/5.12.5/TAP/Parser/Iterator/Process.pm line 146.
Use of uninitialized value $bit in vec at /home/sand/src/perl/repoperls/installed-perls/perl/v5.12.5/127e/lib/5.12.5/warnings/register.pm line 31.
Use of uninitialized value $warnings::LAST_BIT in vec at /home/sand/src/perl/repoperls/installed-perls/perl/v5.12.5/127e/lib/5.12.5/warnings/register.pm line 41.
Use of uninitialized value $warnings::Bits{"all"} in vec at /home/sand/src/perl/repoperls/installed-perls/perl/v5.12.5/127e/lib/5.12.5/warnings/register.pm line 41.
Use of uninitialized value $warnings::Bits{"all"} in scalar assignment at /home/sand/src/perl/repoperls/installed-perls/perl/v5.12.5/127e/lib/5.12.5/warnings/register.pm line 41.
Use of uninitialized value $warnings::DeadBits{"all"} in vec at /home/sand/src/perl/repoperls/installed-perls/perl/v5.12.5/127e/lib/5.12.5/warnings/register.pm line 47.
Use of uninitialized value $warnings::DeadBits{"all"} in scalar assignment at /home/sand/src/perl/repoperls/installed-perls/perl/v5.12.5/127e/lib/5.12.5/warnings/register.pm line 47.
t/99-unix-text.t ................................ ok
Subroutine IPC::Open3::xclose redefined at /home/sand/src/perl/repoperls/installed-perls/perl/v5.12.5/127e/lib/site_perl/5.12.5/TAP/Parser/Iterator/Process.pm line 146.
Use of uninitialized value $bit in vec at /home/sand/src/perl/repoperls/installed-perls/perl/v5.12.5/127e/lib/5.12.5/warnings/register.pm line 31.
Use of uninitialized value $warnings::LAST_BIT in vec at /home/sand/src/perl/repoperls/installed-perls/perl/v5.12.5/127e/lib/5.12.5/warnings/register.pm line 41.
Use of uninitialized value $warnings::Bits{"all"} in vec at /home/sand/src/perl/repoperls/installed-perls/perl/v5.12.5/127e/lib/5.12.5/warnings/register.pm line 41.
Use of uninitialized value $warnings::Bits{"all"} in scalar assignment at /home/sand/src/perl/repoperls/installed-perls/perl/v5.12.5/127e/lib/5.12.5/warnings/register.pm line 41.
Use of uninitialized value $warnings::DeadBits{"all"} in vec at /home/sand/src/perl/repoperls/installed-perls/perl/v5.12.5/127e/lib/5.12.5/warnings/register.pm line 47.
Use of uninitialized value $warnings::DeadBits{"all"} in scalar assignment at /home/sand/src/perl/repoperls/installed-perls/perl/v5.12.5/127e/lib/5.12.5/warnings/register.pm line 47.
# Checking for $VERSION = '0.09';
t/99-versions.t ................................. ok
Subroutine IPC::Open3::xclose redefined at /home/sand/src/perl/repoperls/installed-perls/perl/v5.12.5/127e/lib/site_perl/5.12.5/TAP/Parser/Iterator/Process.pm line 146.
Use of uninitialized value $bit in vec at /home/sand/src/perl/repoperls/installed-perls/perl/v5.12.5/127e/lib/5.12.5/warnings/register.pm line 31.
Use of uninitialized value $warnings::LAST_BIT in vec at /home/sand/src/perl/repoperls/installed-perls/perl/v5.12.5/127e/lib/5.12.5/warnings/register.pm line 41.
Use of uninitialized value $warnings::Bits{"all"} in vec at /home/sand/src/perl/repoperls/installed-perls/perl/v5.12.5/127e/lib/5.12.5/warnings/register.pm line 41.
Use of uninitialized value $warnings::Bits{"all"} in scalar assignment at /home/sand/src/perl/repoperls/installed-perls/perl/v5.12.5/127e/lib/5.12.5/warnings/register.pm line 41.
Use of uninitialized value $warnings::DeadBits{"all"} in vec at /home/sand/src/perl/repoperls/installed-perls/perl/v5.12.5/127e/lib/5.12.5/warnings/register.pm line 47.
Use of uninitialized value $warnings::DeadBits{"all"} in scalar assignment at /home/sand/src/perl/repoperls/installed-perls/perl/v5.12.5/127e/lib/5.12.5/warnings/register.pm line 47.
t/embedded-Test-HTML-Content-NoXPath.t .......... ok
Subroutine IPC::Open3::xclose redefined at /home/sand/src/perl/repoperls/installed-perls/perl/v5.12.5/127e/lib/site_perl/5.12.5/TAP/Parser/Iterator/Process.pm line 146.
Use of uninitialized value $bit in vec at /home/sand/src/perl/repoperls/installed-perls/perl/v5.12.5/127e/lib/5.12.5/warnings/register.pm line 31.
Use of uninitialized value $warnings::LAST_BIT in vec at /home/sand/src/perl/repoperls/installed-perls/perl/v5.12.5/127e/lib/5.12.5/warnings/register.pm line 41.
Use of uninitialized value $warnings::Bits{"all"} in vec at /home/sand/src/perl/repoperls/installed-perls/perl/v5.12.5/127e/lib/5.12.5/warnings/register.pm line 41.
Use of uninitialized value $warnings::Bits{"all"} in scalar assignment at /home/sand/src/perl/repoperls/installed-perls/perl/v5.12.5/127e/lib/5.12.5/warnings/register.pm line 41.
Use of uninitialized value $warnings::DeadBits{"all"} in vec at /home/sand/src/perl/repoperls/installed-perls/perl/v5.12.5/127e/lib/5.12.5/warnings/register.pm line 47.
Use of uninitialized value $warnings::DeadBits{"all"} in scalar assignment at /home/sand/src/perl/repoperls/installed-perls/perl/v5.12.5/127e/lib/5.12.5/warnings/register.pm line 47.
t/embedded-Test-HTML-Content-XPathExtensions.t .. ok
Subroutine IPC::Open3::xclose redefined at /home/sand/src/perl/repoperls/installed-perls/perl/v5.12.5/127e/lib/site_perl/5.12.5/TAP/Parser/Iterator/Process.pm line 146.
Use of uninitialized value $bit in vec at /home/sand/src/perl/repoperls/installed-perls/perl/v5.12.5/127e/lib/5.12.5/warnings/register.pm line 31.
Use of uninitialized value $warnings::LAST_BIT in vec at /home/sand/src/perl/repoperls/installed-perls/perl/v5.12.5/127e/lib/5.12.5/warnings/register.pm line 41.
Use of uninitialized value $warnings::Bits{"all"} in vec at /home/sand/src/perl/repoperls/installed-perls/perl/v5.12.5/127e/lib/5.12.5/warnings/register.pm line 41.
Use of uninitialized value $warnings::Bits{"all"} in scalar assignment at /home/sand/src/perl/repoperls/installed-perls/perl/v5.12.5/127e/lib/5.12.5/warnings/register.pm line 41.
Use of uninitialized value $warnings::DeadBits{"all"} in vec at /home/sand/src/perl/repoperls/installed-perls/perl/v5.12.5/127e/lib/5.12.5/warnings/register.pm line 47.
Use of uninitialized value $warnings::DeadBits{"all"} in scalar assignment at /home/sand/src/perl/repoperls/installed-perls/perl/v5.12.5/127e/lib/5.12.5/warnings/register.pm line 47.
t/embedded-Test-HTML-Content.t .................. ok
Test Summary Report
-------------------
t/07-errors.link.t (Wstat: 0 Tests: 11 Failed: 1)
Failed test: 2
t/08-errors.comment.t (Wstat: 0 Tests: 11 Failed: 1)
Failed test: 2
t/10-errors.text.t (Wstat: 0 Tests: 3 Failed: 1)
Failed test: 2
Files=29, Tests=462, 12 wallclock secs ( 0.13 usr 0.05 sys + 4.38 cusr 0.26 csys = 4.82 CPU)
Result: FAIL
Failed 3/29 test programs. 3/462 subtests failed.
Makefile:844: recipe for target 'test_dynamic' failed
make: *** [test_dynamic] Error 255
------------------------------
PREREQUISITES
------------------------------
Prerequisite modules loaded:
requires:
Module Need Have
------------------- ---- ------------
HTML::TokeParser 0 3.69
Test::Builder 0 1.301001_022
Test::More 0 1.301001_022
build_requires:
Module Need Have
------------------- ---- ------------
ExtUtils::MakeMaker 0 6.98
configure_requires:
Module Need Have
------------------- ---- ------------
ExtUtils::MakeMaker 0 6.98
------------------------------
ENVIRONMENT AND OTHER CONTEXT
------------------------------
Environment variables:
AUTOMATED_TESTING = 1
LANG = en_US.UTF-8
LANGUAGE = en_US:en
PATH = /usr/lib/ccache:/home/sand/bin:/usr/local/bin:/usr/bin:/bin:/usr/games:/usr/local/perl/bin:/usr/X11/bin:/sbin:/usr/sbin
PERL5LIB =
PERL5OPT =
PERL5_CPANPLUS_IS_RUNNING = 17917
PERL5_CPAN_IS_RUNNING = 17917
PERL_MM_USE_DEFAULT = 1
SHELL = /usr/bin/zsh
TERM = screen
Perl special variables (and OS-specific diagnostics, for MSWin32):
$^X = /home/sand/src/perl/repoperls/installed-perls/perl/v5.12.5/127e/bin/perl
$UID/$EUID = 1005 / 1005
$GID = 1005 1005
$EGID = 1005 1005
Perl module toolchain versions installed:
Module Have
------------------- ------------
CPAN 2.05
CPAN::Meta 2.142060
Cwd 3.47
ExtUtils::CBuilder 0.280216
ExtUtils::Command 1.16
ExtUtils::Install 1.55
ExtUtils::MakeMaker 6.98
ExtUtils::Manifest 1.60
ExtUtils::ParseXS 3.24
File::Spec 3.47
JSON 2.90
JSON::PP 2.27203
Module::Build 0.4206
Module::Signature 0.73
Parse::CPAN::Meta 1.4414
Test::Harness 3.32
Test::More 1.301001_022
YAML 0.98
YAML::Syck 1.27
version 0.9908
--
Summary of my perl5 (revision 5 version 12 subversion 5) configuration:
Commit id: 9a9cbd715960a905dcbc9166349a73a64a007e4e
Platform:
osname=linux, osvers=3.14-2-amd64, archname=x86_64-linux-ld
uname='linux k83 3.14-2-amd64 #1 smp debian 3.14.13-2 (2014-07-24) x86_64 gnulinux '
config_args='-Dprefix=/home/sand/src/perl/repoperls/installed-perls/perl/v5.12.5/127e -Dmyhostname=k83 -Dinstallusrbinperl=n -Uversiononly -Dusedevel -des -Ui_db -Uuseithreads -Duselongdouble -DDEBUGGING=-g'
hint=recommended, useposix=true, d_sigaction=define
useithreads=undef, usemultiplicity=undef
useperlio=define, d_sfio=undef, uselargefiles=define, usesocks=undef
use64bitint=define, use64bitall=define, uselongdouble=define
usemymalloc=n, bincompat5005=undef
Compiler:
cc='cc', ccflags ='-fno-strict-aliasing -pipe -fstack-protector -I/usr/local/include -D_LARGEFILE_SOURCE -D_FILE_OFFSET_BITS=64',
optimize='-O2 -g',
cppflags='-fno-strict-aliasing -pipe -fstack-protector -I/usr/local/include'
ccversion='', gccversion='4.9.1', gccosandvers=''
intsize=4, longsize=8, ptrsize=8, doublesize=8, byteorder=12345678
d_longlong=define, longlongsize=8, d_longdbl=define, longdblsize=16
ivtype='long', ivsize=8, nvtype='long double', nvsize=16, Off_t='off_t', lseeksize=8
alignbytes=16, prototype=define
Linker and Libraries:
ld='cc', ldflags =' -fstack-protector -L/usr/local/lib'
libpth=/usr/local/lib /lib/x86_64-linux-gnu /lib/../lib /usr/lib/x86_64-linux-gnu /usr/lib/../lib /lib /usr/lib
libs=-lnsl -lgdbm -ldb -ldl -lm -lcrypt -lutil -lc -lgdbm_compat
perllibs=-lnsl -ldl -lm -lcrypt -lutil -lc
libc=, so=so, useshrplib=false, libperl=libperl.a
gnulibc_version='2.19'
Dynamic Linking:
dlsrc=dl_dlopen.xs, dlext=so, d_dlsymun=undef, ccdlflags='-Wl,-E'
cccdlflags='-fPIC', lddlflags='-shared -O2 -g -L/usr/local/lib -fstack-protector'
Characteristics of this binary (from libperl):
Compile-time options: PERL_DONT_CREATE_GVSV PERL_MALLOC_WRAP PERL_USE_DEVEL
USE_64_BIT_ALL USE_64_BIT_INT USE_LARGE_FILES
USE_LONG_DOUBLE USE_PERLIO USE_PERL_ATOF
Built under linux
Compiled at Aug 1 2014 12:40:19
%ENV:
PERL5LIB=""
PERL5OPT=""
PERL5_CPANPLUS_IS_RUNNING="17917"
PERL5_CPAN_IS_RUNNING="17917"
PERL_MM_USE_DEFAULT="1"
@INC:
/home/sand/src/perl/repoperls/installed-perls/perl/v5.12.5/127e/lib/site_perl/5.12.5/x86_64-linux-ld
/home/sand/src/perl/repoperls/installed-perls/perl/v5.12.5/127e/lib/site_perl/5.12.5
/home/sand/src/perl/repoperls/installed-perls/perl/v5.12.5/127e/lib/5.12.5/x86_64-linux-ld
/home/sand/src/perl/repoperls/installed-perls/perl/v5.12.5/127e/lib/5.12.5
.