Net-Statsd-Server v0.20 Perl 5 v5.27.2 x86_64-linux-thread-multi-ld

Status
Fail
From
Andreas J. König (ANDK)
Dist
Net-Statsd-Server v0.20
Platform
Perl 5 v5.27.2 x86_64-linux-thread-multi-ld
Date
2017-08-17 15:27:29
ID
94e2e36e-8360-11e7-8e45-237437aafb3d
This distribution has been tested as part of the CPAN Testers
project, supporting the Perl programming language.  See
http://wiki.cpantesters.org/ for more information or email
questions to cpan-testers-discuss@perl.org


--
Dear Cosimo Streppone,

This is a computer-generated report for Net-Statsd-Server-0.20
on perl 5.27.2, created by CPAN-Reporter-1.2018.

Thank you for uploading your work to CPAN.  However, there was a problem
testing your distribution.

If you think this report is invalid, please consult the CPAN Testers Wiki
for suggestions on how to avoid getting FAIL reports for missing library
or binary dependencies, unsupported operating systems, and so on:

http://wiki.cpantesters.org/wiki/CPANAuthorNotes

Sections of this report:

    * Tester comments
    * Program output
    * Prerequisites
    * Environment and other context

------------------------------
TESTER COMMENTS
------------------------------

Additional comments from tester:

this report is from an automated smoke testing program
and was not reviewed by a human for accuracy

------------------------------
PROGRAM OUTPUT
------------------------------

Output from '/usr/bin/make test':

PERL_DL_NONLAZY=1 "/home/sand/src/perl/repoperls/installed-perls/host/k93msid/v5.27.2/a1a1/bin/perl" "-MExtUtils::Command::MM" "-MTest::Harness" "-e" "undef *Test::Harness::Switches; test_harness(0, 'blib/lib', 'blib/arch')" t/*.t t/integration-tests/*.t
t/000-sanity.t ............................. ok
t/config.t ................................. ok
t/graphite.t ............................... ok
2017-08-17 14:53:27.000000 +0000 note  Net::Statsd::Server: Initializing Net::Statsd::Server::Backend::Console backend
2017-08-17 14:53:27.000000 +0000 note  Net::Statsd::Server: Initializing Net::Statsd::Server::Backend::Graphite backend
2017-08-17 14:53:27.000000 +0000 info  AnyEvent: Autoloaded model 'AnyEvent::Impl::EV', using it.
tcp_bind: Address already in use at /tmp/loop_over_bdir-9073-bcIjTb/Net-Statsd-Server-0.20-0/bin/../lib/Net/Statsd/Server.pm line 734.
tcp_bind: Address already in use at /tmp/loop_over_bdir-9073-bcIjTb/Net-Statsd-Server-0.20-0/blib/lib/Test/Statsd.pm line 69.
t/integration-tests/bad-message.t .......... 
Dubious, test returned 98 (wstat 25088, 0x6200)
No subtests run 
2017-08-17 14:53:28.000000 +0000 note  Net::Statsd::Server: Initializing Net::Statsd::Server::Backend::Console backend
2017-08-17 14:53:28.000000 +0000 note  Net::Statsd::Server: Initializing Net::Statsd::Server::Backend::Graphite backend
2017-08-17 14:53:28.000000 +0000 info  AnyEvent: Autoloaded model 'AnyEvent::Impl::EV', using it.
tcp_bind: Address already in use at /tmp/loop_over_bdir-9073-bcIjTb/Net-Statsd-Server-0.20-0/bin/../lib/Net/Statsd/Server.pm line 734.
# stats.counters.a_test_value.rate 100.000000 1502981608
# stats.counters.a_test_value.count 100 1502981608
# stats.counters.statsd.packets_received.rate 2.000000 1502981608
# stats.counters.statsd.packets_received.count 2 1502981608
# stats.counters.a_test_value,category=web,severity=high.rate 0.000000 1502981608
# stats.counters.a_test_value,category=web,severity=high.count 0 1502981608
# stats.counters.statsd.bad_lines_seen.rate 0.000000 1502981608
# stats.counters.statsd.bad_lines_seen.count 0 1502981608
# stats.timers.read_latency.count_ps 0.000000 1502981608
# stats.timers.read_latency.count 0.000000 1502981608
# stats.timers.a_test_value.mean 100.000000 1502981608
# stats.timers.a_test_value.count_ps 1.000000 1502981608
# stats.timers.a_test_value.median 100.000000 1502981608
# stats.timers.a_test_value.sum_squares_90 10000.000000 1502981608
# stats.timers.a_test_value.sum 100.000000 1502981608
# stats.timers.a_test_value.count_90 1.000000 1502981608
# stats.timers.a_test_value.upper_90 100.000000 1502981608
# stats.timers.a_test_value.mean_90 100.000000 1502981608
# stats.timers.a_test_value.std 0.000000 1502981608
# stats.timers.a_test_value.lower 100.000000 1502981608
# stats.timers.a_test_value.count 1.000000 1502981608
# stats.timers.a_test_value.sum_90 100.000000 1502981608
# stats.timers.a_test_value.upper 100.000000 1502981608
# stats.timers.a_test_value.sum_squares 10000.000000 1502981608
# stats.gauges.a_test_gauge 100.000000 1502981608
# stats.statsd.numStats 7 1502981608
# stats.statsd.graphiteStats.calculationtime 0.111000 1502981608
# stats.statsd.processing_time 0.056 1502981608
# stats.statsd.graphiteStats.last_exception 94212996241696 1502981608
# stats.statsd.graphiteStats.last_flush 94212999031144 1502981608
Failed to stop statsd (pid: 9438). Please do something manually (No such process) at /tmp/loop_over_bdir-9073-bcIjTb/Net-Statsd-Server-0.20-0/blib/lib/Test/Statsd.pm line 119.
# Looks like your test exited with 3 just after 1.
t/integration-tests/counts-are-valid.t ..... 
Dubious, test returned 3 (wstat 768, 0x300)
Failed 3/4 subtests 
2017-08-17 14:53:29.000000 +0000 note  Net::Statsd::Server: Initializing Net::Statsd::Server::Backend::Graphite backend
2017-08-17 14:53:29.000000 +0000 info  AnyEvent: Autoloaded model 'AnyEvent::Impl::EV', using it.
tcp_bind: Address already in use at /tmp/loop_over_bdir-9073-bcIjTb/Net-Statsd-Server-0.20-0/bin/../lib/Net/Statsd/Server.pm line 734.
# First flush. Test gauge should be there.
# Second flush. deleteGauges=false should keep the test gauge.
Failed to stop statsd (pid: 9460). Please do something manually (No such process) at /tmp/loop_over_bdir-9073-bcIjTb/Net-Statsd-Server-0.20-0/blib/lib/Test/Statsd.pm line 119.
# Looks like your test exited with 3 just after 4.
t/integration-tests/delete-gauges-false.t .. 
Dubious, test returned 3 (wstat 768, 0x300)
All 4 subtests passed 
2017-08-17 14:53:31.000000 +0000 note  Net::Statsd::Server: Initializing Net::Statsd::Server::Backend::Graphite backend
2017-08-17 14:53:31.000000 +0000 info  AnyEvent: Autoloaded model 'AnyEvent::Impl::EV', using it.
tcp_bind: Address already in use at /tmp/loop_over_bdir-9073-bcIjTb/Net-Statsd-Server-0.20-0/bin/../lib/Net/Statsd/Server.pm line 734.
# First flush. Test gauge should be there.
# Second flush. deleteIdleStats should have cleared the test gauge.

#   Failed test 'Test gauge should have been cleared by deleteIdleStats config directive'
#   at t/integration-tests/delete-idle-stats.t line 50.
Failed to stop statsd (pid: 9563). Please do something manually (No such process) at /tmp/loop_over_bdir-9073-bcIjTb/Net-Statsd-Server-0.20-0/blib/lib/Test/Statsd.pm line 119.
# Looks like your test exited with 3 just after 4.
t/integration-tests/delete-idle-stats.t .... 
Dubious, test returned 3 (wstat 768, 0x300)
Failed 1/4 subtests 
2017-08-17 14:53:34.000000 +0000 note  Net::Statsd::Server: Initializing Net::Statsd::Server::Backend::Console backend
2017-08-17 14:53:34.000000 +0000 note  Net::Statsd::Server: Initializing Net::Statsd::Server::Backend::Graphite backend
2017-08-17 14:53:34.000000 +0000 info  AnyEvent: Autoloaded model 'AnyEvent::Impl::EV', using it.
tcp_bind: Address already in use at /tmp/loop_over_bdir-9073-bcIjTb/Net-Statsd-Server-0.20-0/bin/../lib/Net/Statsd/Server.pm line 734.
tcp_bind: Address already in use at /tmp/loop_over_bdir-9073-bcIjTb/Net-Statsd-Server-0.20-0/blib/lib/Test/Statsd.pm line 69.
# Looks like your test exited with 98 before it could output anything.
t/integration-tests/keys-with-tags.t ....... 
Dubious, test returned 98 (wstat 25088, 0x6200)
Failed 2/2 subtests 
2017-08-17 14:53:34.000000 +0000 note  Net::Statsd::Server: Initializing Net::Statsd::Server::Backend::Graphite backend
2017-08-17 14:53:34.000000 +0000 info  AnyEvent: Autoloaded model 'AnyEvent::Impl::EV', using it.
tcp_bind: Address already in use at /tmp/loop_over_bdir-9073-bcIjTb/Net-Statsd-Server-0.20-0/bin/../lib/Net/Statsd/Server.pm line 734.
# Expected mean value is 2034.67
tcp_bind: Address already in use at /tmp/loop_over_bdir-9073-bcIjTb/Net-Statsd-Server-0.20-0/blib/lib/Test/Statsd.pm line 69.
# Looks like your test exited with 98 before it could output anything.
t/integration-tests/percent-threshold.t .... 
Dubious, test returned 98 (wstat 25088, 0x6200)
Failed 8/8 subtests 
2017-08-17 14:53:35.000000 +0000 note  Net::Statsd::Server: Initializing Net::Statsd::Server::Backend::Console backend
2017-08-17 14:53:35.000000 +0000 note  Net::Statsd::Server: Initializing Net::Statsd::Server::Backend::Graphite backend
2017-08-17 14:53:35.000000 +0000 info  AnyEvent: Autoloaded model 'AnyEvent::Impl::EV', using it.
tcp_bind: Address already in use at /tmp/loop_over_bdir-9073-bcIjTb/Net-Statsd-Server-0.20-0/bin/../lib/Net/Statsd/Server.pm line 734.
# stats.counters.a_test_value.rate 0.000000 1502981615
# stats.counters.a_test_value.count 0 1502981615
# stats.counters.statsd.packets_received.rate 4.000000 1502981615
# stats.counters.statsd.packets_received.count 4 1502981615
# stats.counters.a_test_value,category=web,severity=high.rate 100.000000 1502981615
# stats.counters.a_test_value,category=web,severity=high.count 100 1502981615
# stats.counters.statsd.bad_lines_seen.rate 0.000000 1502981615
# stats.counters.statsd.bad_lines_seen.count 0 1502981615
# stats.timers.read_latency.count_ps 0.000000 1502981615
# stats.timers.read_latency.count 0.000000 1502981615
# stats.timers.a_test_value.sum_90 100.000000 1502981615
# stats.timers.a_test_value.count 1.000000 1502981615
# stats.timers.a_test_value.lower 100.000000 1502981615
# stats.timers.a_test_value.sum_squares 10000.000000 1502981615
# stats.timers.a_test_value.upper 100.000000 1502981615
# stats.timers.a_test_value.median 100.000000 1502981615
# stats.timers.a_test_value.sum_squares_90 10000.000000 1502981615
# stats.timers.a_test_value.count_ps 1.000000 1502981615
# stats.timers.a_test_value.mean 100.000000 1502981615
# stats.timers.a_test_value.std 0.000000 1502981615
# stats.timers.a_test_value.upper_90 100.000000 1502981615
# stats.timers.a_test_value.mean_90 100.000000 1502981615
# stats.timers.a_test_value.sum 100.000000 1502981615
# stats.timers.a_test_value.count_90 1.000000 1502981615
# stats.gauges.a_test_gauge 100.000000 1502981615
# stats.statsd.numStats 7 1502981615
# stats.statsd.graphiteStats.calculationtime 0.114000 1502981615
# stats.statsd.processing_time 0.058 1502981615
# stats.statsd.graphiteStats.last_exception 94212998950488 1502981615
# stats.statsd.graphiteStats.last_flush 94212999032056 1502981615
Failed to stop statsd (pid: 9794). Please do something manually (No such process) at /tmp/loop_over_bdir-9073-bcIjTb/Net-Statsd-Server-0.20-0/blib/lib/Test/Statsd.pm line 119.
# Looks like your test exited with 3 just after 1.
t/integration-tests/timers-are-valid.t ..... 
Dubious, test returned 3 (wstat 768, 0x300)
Failed 4/5 subtests 
t/process-metrics.t ........................ ok
t/trim.t ................................... ok

Test Summary Report
-------------------
t/integration-tests/bad-message.t        (Wstat: 25088 Tests: 0 Failed: 0)
  Non-zero exit status: 98
  Parse errors: No plan found in TAP output
t/integration-tests/counts-are-valid.t   (Wstat: 768 Tests: 1 Failed: 0)
  Non-zero exit status: 3
  Parse errors: Bad plan.  You planned 4 tests but ran 1.
t/integration-tests/delete-gauges-false.t (Wstat: 768 Tests: 4 Failed: 0)
  Non-zero exit status: 3
t/integration-tests/delete-idle-stats.t  (Wstat: 768 Tests: 4 Failed: 1)
  Failed test:  4
  Non-zero exit status: 3
t/integration-tests/keys-with-tags.t     (Wstat: 25088 Tests: 0 Failed: 0)
  Non-zero exit status: 98
  Parse errors: Bad plan.  You planned 2 tests but ran 0.
t/integration-tests/percent-threshold.t  (Wstat: 25088 Tests: 0 Failed: 0)
  Non-zero exit status: 98
  Parse errors: Bad plan.  You planned 8 tests but ran 0.
t/integration-tests/timers-are-valid.t   (Wstat: 768 Tests: 1 Failed: 0)
  Non-zero exit status: 3
  Parse errors: Bad plan.  You planned 5 tests but ran 1.
Files=12, Tests=71, 10 wallclock secs ( 0.04 usr  0.08 sys +  1.67 cusr  0.42 csys =  2.21 CPU)
Result: FAIL
Failed 7/12 test programs. 1/71 subtests failed.
Makefile:915: recipe for target 'test_dynamic' failed
make: *** [test_dynamic] Error 255

------------------------------
PREREQUISITES
------------------------------

Prerequisite modules loaded:

requires:

    Module                Need Have    
    --------------------- ---- --------
    AnyEvent::Handle::UDP 0    0.048   
    IO::Socket::INET      0    1.35    
    JSON::XS              0    3.04    

build_requires:

    Module                Need Have    
    --------------------- ---- --------
    ExtUtils::MakeMaker   0    7.30    
    Test::More            0    1.302086

configure_requires:

    Module                Need Have    
    --------------------- ---- --------
    ExtUtils::MakeMaker   0    7.30    


------------------------------
ENVIRONMENT AND OTHER CONTEXT
------------------------------

Environment variables:

    AUTOMATED_TESTING = 1
    LANG = en_US.UTF-8
    PATH = /home/sand/bin:/usr/local/bin:/usr/bin:/bin:/usr/games:/usr/local/perl/bin:/usr/X11/bin:/sbin:/usr/sbin
    PERL5LIB = 
    PERL5OPT = 
    PERL5_CPANPLUS_IS_RUNNING = 9078
    PERL5_CPAN_IS_RUNNING = 9078
    PERL_CANARY_STABILITY_NOPROMPT = 1
    PERL_MM_USE_DEFAULT = 1
    PERL_USE_UNSAFE_INC = 1
    SHELL = /usr/bin/zsh
    TERM = screen

Perl special variables (and OS-specific diagnostics, for MSWin32):

    $^X = /home/sand/src/perl/repoperls/installed-perls/host/k93msid/v5.27.2/a1a1/bin/perl
    $UID/$EUID = 1005 / 1005
    $GID = 1005 1005
    $EGID = 1005 1005

Perl module toolchain versions installed:

    Module              Have    
    ------------------- --------
    CPAN                2.18    
    CPAN::Meta          2.150010
    Cwd                 3.68    
    ExtUtils::CBuilder  0.280228
    ExtUtils::Command   7.30    
    ExtUtils::Install   2.14    
    ExtUtils::MakeMaker 7.30    
    ExtUtils::Manifest  1.70    
    ExtUtils::ParseXS   3.35    
    File::Spec          3.68    
    JSON                2.94    
    JSON::PP            2.94    
    Module::Build       0.4224  
    Module::Signature   0.81    
    Parse::CPAN::Meta   2.150010
    Test::Harness       3.39    
    Test::More          1.302086
    YAML                1.23    
    YAML::Syck          1.30    
    version             0.9918  


--

Summary of my perl5 (revision 5 version 27 subversion 2) configuration:
  Commit id: cf07591c56a81be8313edfa55671e8e741db95b3
  Platform:
    osname=linux
    osvers=4.9.0-2-amd64
    archname=x86_64-linux-thread-multi-ld
    uname='linux k93msid 4.9.0-2-amd64 #1 smp debian 4.9.18-1 (2017-03-30) x86_64 gnulinux '
    config_args='-Dprefix=/home/sand/src/perl/repoperls/installed-perls/host/k93msid/v5.27.2/a1a1 -Dmyhostname=k93msid -Dinstallusrbinperl=n -Uversiononly -Dusedevel -des -Ui_db -Dlibswanted=cl pthread socket inet nsl gdbm dbm malloc dl ld sun m crypt sec util c cposix posix ucb BSD gdbm_compat -Duseithreads -Duselongdouble -DDEBUGGING=both'
    hint=recommended
    useposix=true
    d_sigaction=define
    useithreads=define
    usemultiplicity=define
    use64bitint=define
    use64bitall=define
    uselongdouble=define
    usemymalloc=n
    default_inc_excludes_dot=define
    bincompat5005=undef
  Compiler:
    cc='cc'
    ccflags ='-D_REENTRANT -D_GNU_SOURCE -fwrapv -DDEBUGGING -fno-strict-aliasing -pipe -fstack-protector-strong -I/usr/local/include -D_LARGEFILE_SOURCE -D_FILE_OFFSET_BITS=64'
    optimize='-O2 -g'
    cppflags='-D_REENTRANT -D_GNU_SOURCE -fwrapv -DDEBUGGING -fno-strict-aliasing -pipe -fstack-protector-strong -I/usr/local/include'
    ccversion=''
    gccversion='6.3.0 20170406'
    gccosandvers=''
    intsize=4
    longsize=8
    ptrsize=8
    doublesize=8
    byteorder=12345678
    doublekind=3
    d_longlong=define
    longlongsize=8
    d_longdbl=define
    longdblsize=16
    longdblkind=3
    ivtype='long'
    ivsize=8
    nvtype='long double'
    nvsize=16
    Off_t='off_t'
    lseeksize=8
    alignbytes=16
    prototype=define
  Linker and Libraries:
    ld='cc'
    ldflags =' -fstack-protector-strong -L/usr/local/lib'
    libpth=/usr/local/lib /usr/lib/gcc/x86_64-linux-gnu/6/include-fixed /usr/include/x86_64-linux-gnu /usr/lib /lib/x86_64-linux-gnu /lib/../lib /usr/lib/x86_64-linux-gnu /usr/lib/../lib /lib
    libs=-lpthread -lnsl -ldl -lm -lcrypt -lutil -lc
    perllibs=-lpthread -lnsl -ldl -lm -lcrypt -lutil -lc
    libc=libc-2.24.so
    so=so
    useshrplib=false
    libperl=libperl.a
    gnulibc_version='2.24'
  Dynamic Linking:
    dlsrc=dl_dlopen.xs
    dlext=so
    d_dlsymun=undef
    ccdlflags='-Wl,-E'
    cccdlflags='-fPIC'
    lddlflags='-shared -O2 -g -L/usr/local/lib -fstack-protector-strong'


Characteristics of this binary (from libperl): 
  Compile-time options:
    DEBUGGING
    HAS_TIMES
    MULTIPLICITY
    PERLIO_LAYERS
    PERL_COPY_ON_WRITE
    PERL_DONT_CREATE_GVSV
    PERL_IMPLICIT_CONTEXT
    PERL_MALLOC_WRAP
    PERL_OP_PARENT
    PERL_PRESERVE_IVUV
    PERL_TRACK_MEMPOOL
    PERL_USE_DEVEL
    USE_64_BIT_ALL
    USE_64_BIT_INT
    USE_ITHREADS
    USE_LARGE_FILES
    USE_LOCALE
    USE_LOCALE_COLLATE
    USE_LOCALE_CTYPE
    USE_LOCALE_NUMERIC
    USE_LOCALE_TIME
    USE_LONG_DOUBLE
    USE_PERLIO
    USE_PERL_ATOF
    USE_REENTRANT_API
  Built under linux
  Compiled at Jul 20 2017 20:17:18
  %ENV:
    PERL5LIB=""
    PERL5OPT=""
    PERL5_CPANPLUS_IS_RUNNING="9078"
    PERL5_CPAN_IS_RUNNING="9078"
    PERL_CANARY_STABILITY_NOPROMPT="1"
    PERL_MM_USE_DEFAULT="1"
    PERL_USE_UNSAFE_INC="1"
  @INC:
    /home/sand/src/perl/repoperls/installed-perls/host/k93msid/v5.27.2/a1a1/lib/site_perl/5.27.2/x86_64-linux-thread-multi-ld
    /home/sand/src/perl/repoperls/installed-perls/host/k93msid/v5.27.2/a1a1/lib/site_perl/5.27.2
    /home/sand/src/perl/repoperls/installed-perls/host/k93msid/v5.27.2/a1a1/lib/5.27.2/x86_64-linux-thread-multi-ld
    /home/sand/src/perl/repoperls/installed-perls/host/k93msid/v5.27.2/a1a1/lib/5.27.2
    .