Back
From: metabase:user:30ae4450-2aae-11df-837a-5e0a49663a4f
Subject: FAIL MyLibrary-3.0.4 v5.25.8
Date: 2017-02-09T15:22:33Z
This distribution has been tested as part of the CPAN Testers
project, supporting the Perl programming language. See
http://wiki.cpantesters.org/ for more information or email
questions to cpan-testers-discuss@perl.org
--
Dear Eric Lease Morgan,
This is a computer-generated report for MyLibrary-3.0.4
on perl 5.25.8, created by CPAN-Reporter-1.2018.
Thank you for uploading your work to CPAN. However, there was a problem
testing your distribution.
If you think this report is invalid, please consult the CPAN Testers Wiki
for suggestions on how to avoid getting FAIL reports for missing library
or binary dependencies, unsupported operating systems, and so on:
http://wiki.cpantesters.org/wiki/CPANAuthorNotes
Sections of this report:
* Tester comments
* Program output
* Prerequisites
* Environment and other context
------------------------------
TESTER COMMENTS
------------------------------
Additional comments from tester:
this report is from an automated smoke testing program
and was not reviewed by a human for accuracy
------------------------------
PROGRAM OUTPUT
------------------------------
Output from 'C:\STRAWB~1\c\bin\dmake.exe test':
"C:\Strawberry258\perl\bin\perl.exe" "-MExtUtils::Command::MM" "-MTest::Harness" "-e" "undef *Test::Harness::Switches; test_harness(0, 'blib\lib', 'blib\arch')" t/*.t
DBI connect('mylibrary','nobody',...) failed: Can't connect to MySQL server on 'localhost' (10061) at C:\STRAWB~1\cpan\build\MyLibrary-3.0.4-0\blib\lib/MyLibrary/DB.pm line 42.
Can't connect to database. at C:\STRAWB~1\cpan\build\MyLibrary-3.0.4-0\blib\lib/MyLibrary/Auth.pm line 137.
# Looks like your test exited with 255 just after 1.
t/Auth_Basic.t .....
Dubious, test returned 255 (wstat 65280, 0xff00)
Failed 9/10 subtests
t/Config.t ......... ok
DBI connect('mylibrary','nobody',...) failed: Can't connect to MySQL server on 'localhost' (10061) at C:\STRAWB~1\cpan\build\MyLibrary-3.0.4-0\blib\lib/MyLibrary/DB.pm line 42.
Can't connect to database. at t/DB.t line 7.
# Looks like your test exited with 255 just after 1.
t/DB.t .............
Dubious, test returned 255 (wstat 65280, 0xff00)
Failed 2/3 subtests
DBI connect('mylibrary','nobody',...) failed: Can't connect to MySQL server on 'localhost' (10061) at C:\STRAWB~1\cpan\build\MyLibrary-3.0.4-0\blib\lib/MyLibrary/DB.pm line 42.
Can't connect to database. at C:\STRAWB~1\cpan\build\MyLibrary-3.0.4-0\blib\lib/MyLibrary/Facet.pm line 232.
# Looks like your test exited with 255 just after 4.
t/Facet.t ..........
Dubious, test returned 255 (wstat 65280, 0xff00)
Failed 27/31 subtests
DBI connect('mylibrary','nobody',...) failed: Can't connect to MySQL server on 'localhost' (10061) at C:\STRAWB~1\cpan\build\MyLibrary-3.0.4-0\blib\lib/MyLibrary/DB.pm line 42.
Can't connect to database. at C:\STRAWB~1\cpan\build\MyLibrary-3.0.4-0\blib\lib/MyLibrary/Librarian.pm line 441.
# Looks like your test exited with 255 just after 7.
t/Librarian.t ......
Dubious, test returned 255 (wstat 65280, 0xff00)
Failed 10/17 subtests
DBI connect('mylibrary','nobody',...) failed: Can't connect to MySQL server on 'localhost' (10061) at C:\STRAWB~1\cpan\build\MyLibrary-3.0.4-0\blib\lib/MyLibrary/DB.pm line 42.
Can't connect to database. at C:\STRAWB~1\cpan\build\MyLibrary-3.0.4-0\blib\lib/MyLibrary/Resource/Location/Type.pm line 79.
# Looks like your test exited with 255 just after 1.
t/Location.t .......
Dubious, test returned 255 (wstat 65280, 0xff00)
Failed 22/23 subtests
DBI connect('mylibrary','nobody',...) failed: Can't connect to MySQL server on 'localhost' (10061) at C:\STRAWB~1\cpan\build\MyLibrary-3.0.4-0\blib\lib/MyLibrary/DB.pm line 42.
Can't connect to database. at C:\STRAWB~1\cpan\build\MyLibrary-3.0.4-0\blib\lib/MyLibrary/Resource/Location/Type.pm line 173.
# Looks like your test exited with 255 just after 4.
t/Location_Type.t ..
Dubious, test returned 255 (wstat 65280, 0xff00)
Failed 3/7 subtests
DBI connect('mylibrary','nobody',...) failed: Can't connect to MySQL server on 'localhost' (10061) at C:\STRAWB~1\cpan\build\MyLibrary-3.0.4-0\blib\lib/MyLibrary/DB.pm line 42.
Can't connect to database. at C:\STRAWB~1\cpan\build\MyLibrary-3.0.4-0\blib\lib/MyLibrary/Message.pm line 136.
# Looks like your test exited with 255 just after 6.
t/Message.t ........
Dubious, test returned 255 (wstat 65280, 0xff00)
Failed 9/15 subtests
DBI connect('mylibrary','nobody',...) failed: Can't connect to MySQL server on 'localhost' (10061) at C:\STRAWB~1\cpan\build\MyLibrary-3.0.4-0\blib\lib/MyLibrary/DB.pm line 42.
Can't connect to database. at C:\STRAWB~1\cpan\build\MyLibrary-3.0.4-0\blib\lib/MyLibrary/Patron.pm line 475.
# Looks like your test exited with 255 just after 20.
t/Patron.t .........
Dubious, test returned 255 (wstat 65280, 0xff00)
Failed 20/40 subtests
DBI connect('mylibrary','nobody',...) failed: Can't connect to MySQL server on 'localhost' (10061) at C:\STRAWB~1\cpan\build\MyLibrary-3.0.4-0\blib\lib/MyLibrary/DB.pm line 42.
Can't connect to database. at C:\STRAWB~1\cpan\build\MyLibrary-3.0.4-0\blib\lib/MyLibrary/Patron.pm line 475.
# Looks like your test exited with 255 just after 1.
t/Patron_Links.t ...
Dubious, test returned 255 (wstat 65280, 0xff00)
Failed 9/10 subtests
DBI connect('mylibrary','nobody',...) failed: Can't connect to MySQL server on 'localhost' (10061) at C:\STRAWB~1\cpan\build\MyLibrary-3.0.4-0\blib\lib/MyLibrary/DB.pm line 42.
Can't connect to database. at C:\STRAWB~1\cpan\build\MyLibrary-3.0.4-0\blib\lib/MyLibrary/Resource.pm line 1047.
# Looks like your test exited with 255 just after 26.
t/Resource.t .......
Dubious, test returned 255 (wstat 65280, 0xff00)
Failed 74/100 subtests
DBI connect('mylibrary','nobody',...) failed: Can't connect to MySQL server on 'localhost' (10061) at C:\STRAWB~1\cpan\build\MyLibrary-3.0.4-0\blib\lib/MyLibrary/DB.pm line 42.
Can't connect to database. at C:\STRAWB~1\cpan\build\MyLibrary-3.0.4-0\blib\lib/MyLibrary/Review.pm line 350.
# Looks like your test exited with 255 just after 8.
t/Review.t .........
Dubious, test returned 255 (wstat 65280, 0xff00)
Failed 12/20 subtests
DBI connect('mylibrary','nobody',...) failed: Can't connect to MySQL server on 'localhost' (10061) at C:\STRAWB~1\cpan\build\MyLibrary-3.0.4-0\blib\lib/MyLibrary/DB.pm line 42.
Can't connect to database. at C:\STRAWB~1\cpan\build\MyLibrary-3.0.4-0\blib\lib/MyLibrary/Stylesheet.pm line 180.
# Looks like your test exited with 255 just after 5.
t/Stylesheet.t .....
Dubious, test returned 255 (wstat 65280, 0xff00)
Failed 7/12 subtests
DBI connect('mylibrary','nobody',...) failed: Can't connect to MySQL server on 'localhost' (10061) at C:\STRAWB~1\cpan\build\MyLibrary-3.0.4-0\blib\lib/MyLibrary/DB.pm line 42.
Can't connect to database. at C:\STRAWB~1\cpan\build\MyLibrary-3.0.4-0\blib\lib/MyLibrary/Term.pm line 392.
# Looks like your test exited with 255 just after 5.
t/Term.t ...........
Dubious, test returned 255 (wstat 65280, 0xff00)
Failed 43/48 subtests
Test Summary Report
-------------------
t/Auth_Basic.t (Wstat: 65280 Tests: 1 Failed: 0)
Non-zero exit status: 255
Parse errors: Bad plan. You planned 10 tests but ran 1.
t/DB.t (Wstat: 65280 Tests: 1 Failed: 0)
Non-zero exit status: 255
Parse errors: Bad plan. You planned 3 tests but ran 1.
t/Facet.t (Wstat: 65280 Tests: 4 Failed: 0)
Non-zero exit status: 255
Parse errors: Bad plan. You planned 31 tests but ran 4.
t/Librarian.t (Wstat: 65280 Tests: 7 Failed: 0)
Non-zero exit status: 255
Parse errors: Bad plan. You planned 17 tests but ran 7.
t/Location.t (Wstat: 65280 Tests: 1 Failed: 0)
Non-zero exit status: 255
Parse errors: Bad plan. You planned 23 tests but ran 1.
t/Location_Type.t (Wstat: 65280 Tests: 4 Failed: 0)
Non-zero exit status: 255
Parse errors: Bad plan. You planned 7 tests but ran 4.
t/Message.t (Wstat: 65280 Tests: 6 Failed: 0)
Non-zero exit status: 255
Parse errors: Bad plan. You planned 15 tests but ran 6.
t/Patron.t (Wstat: 65280 Tests: 20 Failed: 0)
Non-zero exit status: 255
Parse errors: Bad plan. You planned 40 tests but ran 20.
t/Patron_Links.t (Wstat: 65280 Tests: 1 Failed: 0)
Non-zero exit status: 255
Parse errors: Bad plan. You planned 10 tests but ran 1.
t/Resource.t (Wstat: 65280 Tests: 26 Failed: 0)
Non-zero exit status: 255
Parse errors: Bad plan. You planned 100 tests but ran 26.
t/Review.t (Wstat: 65280 Tests: 8 Failed: 0)
Non-zero exit status: 255
Parse errors: Bad plan. You planned 20 tests but ran 8.
t/Stylesheet.t (Wstat: 65280 Tests: 5 Failed: 0)
Non-zero exit status: 255
Parse errors: Bad plan. You planned 12 tests but ran 5.
t/Term.t (Wstat: 65280 Tests: 5 Failed: 0)
Non-zero exit status: 255
Parse errors: Bad plan. You planned 48 tests but ran 5.
Files=14, Tests=93, 21 wallclock secs ( 0.06 usr + 0.13 sys = 0.19 CPU)
Result: FAIL
Failed 13/14 test programs. 0/93 subtests failed.
dmake.exe: Error code 255, while making 'test_dynamic'
------------------------------
PREREQUISITES
------------------------------
Prerequisite modules loaded:
requires:
Module Need Have
------------------- ---- --------
Carp 0 1.42
CGI::Session 0 4.48
DBI 1.43 1.636
Test::More 0 1.302073
build_requires:
Module Need Have
------------------- ---- --------
ExtUtils::MakeMaker 0 7.24
------------------------------
ENVIRONMENT AND OTHER CONTEXT
------------------------------
Environment variables:
AUTOMATED_TESTING = 1
COMSPEC = C:\WINDOWS\system32\cmd.exe
NUMBER_OF_PROCESSORS = 1
PATH = C:\WINDOWS\system32;C:\WINDOWS;C:\WINDOWS\System32\Wbem;C:\Git\cmd;C:\Strawberry258\c\bin;C:\Strawberry258\perl\site\bin;C:\Strawberry258\perl\bin
PERL5LIB =
PERL5OPT =
PERL5_CPANPLUS_IS_RUNNING = 12644
PERL5_CPAN_IS_RUNNING = 12644
PERL5_CPAN_IS_RUNNING_IN_RECURSION = 3136,12644
PERL_CR_SMOKER_CURRENT = MyLibrary-3.0.4
PERL_CR_SMOKER_RUNONCE = 1
PERL_EXTUTILS_AUTOINSTALL = --defaultdeps
PERL_HASH_SEED = 0x11111111
PERL_MM_USE_DEFAULT = 1
PROCESSOR_IDENTIFIER = x86 Family 16 Model 5 Stepping 3, AuthenticAMD
TEMP = C:\DOCUME~1\a\LOCALS~1\Temp
Perl special variables (and OS-specific diagnostics, for MSWin32):
$^X = C:\Strawberry258\perl\bin\perl.exe
$UID/$EUID = 0 / 0
$GID = 0
$EGID = 0
Win32::GetOSName = WinXP/.Net
Win32::GetOSVersion = Service Pack 3, 5, 1, 2600, 2, 3, 0, 256, 1
Win32::FsType = NTFS
Win32::IsAdminUser = 1
Perl module toolchain versions installed:
Module Have
------------------- ----------
CPAN 2.14_01
CPAN::Meta 2.150010
Cwd 3.66
ExtUtils::CBuilder 0.280225
ExtUtils::Command 7.24
ExtUtils::Install 2.04
ExtUtils::MakeMaker 7.24
ExtUtils::Manifest 1.70
ExtUtils::ParseXS 3.33
File::Spec 3.66
JSON 2.90
JSON::PP 2.27400_02
Module::Build 0.4220
Module::Signature 0.81
Parse::CPAN::Meta 2.150010
Test::Harness 3.36_01
Test::More 1.302073
YAML 1.21
YAML::Syck 1.29
version 0.9917
--
Summary of my perl5 (revision 5 version 25 subversion 8) configuration:
Platform:
osname=MSWin32
osvers=4.0
archname=MSWin32-x86-multi-thread
uname='Win32 strawberry-perl 5.25.8.1-beta1 #1 Thu Dec 29 20:16:24 2016 i386'
config_args='undef'
hint=recommended
useposix=true
d_sigaction=undef
useithreads=define
usemultiplicity=define
use64bitint=undef
use64bitall=undef
uselongdouble=undef
usemymalloc=n
bincompat5005=undef
Compiler:
cc='gcc'
ccflags =' -s -O2 -DWIN32 -DPERL_TEXTMODE_SCRIPTS -DPERL_IMPLICIT_CONTEXT -DPERL_IMPLICIT_SYS -fwrapv -fno-strict-aliasing -mms-bitfields'
optimize='-s -O2'
cppflags='-DWIN32'
ccversion=''
gccversion='4.9.2'
gccosandvers=''
intsize=4
longsize=4
ptrsize=4
doublesize=8
byteorder=1234
doublekind=3
d_longlong=define
longlongsize=8
d_longdbl=define
longdblsize=12
longdblkind=3
ivtype='long'
ivsize=4
nvtype='double'
nvsize=8
Off_t='long long'
lseeksize=8
alignbytes=8
prototype=define
Linker and Libraries:
ld='g++'
ldflags ='-s -L"C:\STRAWB~1\perl\lib\CORE" -L"C:\STRAWB~1\c\lib"'
libpth=C:\STRAWB~1\c\lib C:\STRAWB~1\c\i686-w64-mingw32\lib C:\STRAWB~1\c\lib\gcc\i686-w64-mingw32\4.9.2
libs=-lmoldname -lkernel32 -luser32 -lgdi32 -lwinspool -lcomdlg32 -ladvapi32 -lshell32 -lole32 -loleaut32 -lnetapi32 -luuid -lws2_32 -lmpr -lwinmm -lversion -lodbc32 -lodbccp32 -lcomctl32
perllibs=-lmoldname -lkernel32 -luser32 -lgdi32 -lwinspool -lcomdlg32 -ladvapi32 -lshell32 -lole32 -loleaut32 -lnetapi32 -luuid -lws2_32 -lmpr -lwinmm -lversion -lodbc32 -lodbccp32 -lcomctl32
libc=
so=dll
useshrplib=true
libperl=libperl525.a
gnulibc_version=''
Dynamic Linking:
dlsrc=dl_win32.xs
dlext=xs.dll
d_dlsymun=undef
ccdlflags=' '
cccdlflags=' '
lddlflags='-mdll -s -L"C:\STRAWB~1\perl\lib\CORE" -L"C:\STRAWB~1\c\lib"'
Characteristics of this binary (from libperl):
Compile-time options:
HAS_TIMES
HAVE_INTERP_INTERN
MULTIPLICITY
PERLIO_LAYERS
PERL_COPY_ON_WRITE
PERL_DONT_CREATE_GVSV
PERL_HASH_FUNC_ONE_AT_A_TIME_HARD
PERL_IMPLICIT_CONTEXT
PERL_IMPLICIT_SYS
PERL_MALLOC_WRAP
PERL_OP_PARENT
PERL_PRESERVE_IVUV
USE_ITHREADS
USE_LARGE_FILES
USE_LOCALE
USE_LOCALE_COLLATE
USE_LOCALE_CTYPE
USE_LOCALE_NUMERIC
USE_LOCALE_TIME
USE_PERLIO
USE_PERL_ATOF
Built under MSWin32
Compiled at Dec 29 2016 20:25:17
%ENV:
PERL5_CPANPLUS_IS_RUNNING="12644"
PERL5_CPAN_IS_RUNNING="12644"
PERL5_CPAN_IS_RUNNING_IN_RECURSION="3136,12644"
PERL_CR_SMOKER_CURRENT="MyLibrary-3.0.4"
PERL_CR_SMOKER_RUNONCE="1"
PERL_EXTUTILS_AUTOINSTALL="--defaultdeps"
PERL_HASH_SEED="0x11111111"
PERL_MM_USE_DEFAULT="1"
@INC:
C:/Strawberry258/perl/site/lib
C:/Strawberry258/perl/vendor/lib
C:/Strawberry258/perl/lib
.