Report for Geo-Coder-All-0.06

Back
From: metabase:user:30f4dfbe-2aae-11df-837a-5e0a49663a4f
Subject: FAIL Geo-Coder-All-0.06 v5.8.5 GNU/Linux
Date: 2016-12-21T17:04:51Z

This distribution has been tested as part of the CPAN Testers
project, supporting the Perl programming language.  See
http://wiki.cpantesters.org/ for more information or email
questions to cpan-testers-discuss@perl.org


--
Dear Rohit Deshmukh,

This is a computer-generated report for Geo-Coder-All-0.06
on perl 5.8.5, created by CPAN-Reporter-1.2017.

Thank you for uploading your work to CPAN.  However, there was a problem
testing your distribution.

If you think this report is invalid, please consult the CPAN Testers Wiki
for suggestions on how to avoid getting FAIL reports for missing library
or binary dependencies, unsupported operating systems, and so on:

http://wiki.cpantesters.org/wiki/CPANAuthorNotes

Sections of this report:

    * Tester comments
    * Program output
    * Prerequisites
    * Environment and other context

------------------------------
TESTER COMMENTS
------------------------------

Additional comments from tester:

none provided

------------------------------
PROGRAM OUTPUT
------------------------------

Output from '/usr/bin/make test':

PERL_DL_NONLAZY=1 "/home/njh/perl5/perlbrew/perls/perl-5.8.5/bin/perl5.8.5" "-MExtUtils::Command::MM" "-MTest::Harness" "-e" "undef *Test::Harness::Switches; test_harness(0, 'blib/lib', 'blib/arch')" t/*.t
t/05bing.t .... skipped: Bing geocoder tests as I can not find Geo::Coder::Bing.
t/02tomtom.t .. skipped: TomTom geocoder tests as I can not find Geo::Coder::TomTom.
t/03ovi.t ..... skipped: Ovi geocoder tests as I can not find Geo::Coder::Ovi.
t/04osm.t ..... skipped: OSM geocoder tests as I can not find Geo::Coder::OSM.

#   Failed test 'checking geocoder'
#   at t/01google.t line 14.
#          got: undef
#     expected: 'Google'

#   Failed test 'checking country'
#   at t/01google.t line 15.
#          got: undef
#     expected: 'United Kingdom'

#   Failed test 'checking country code '
#   at t/01google.t line 16.
#          got: undef
#     expected: 'GB'

#   Failed test 'checking country code alpha3'
#   at t/01google.t line 17.
#          got: undef
#     expected: 'GBR'

#   Failed test 'checking address'
#   at t/01google.t line 18.
#                   undef
#     doesn't match '(?i-xsm:Anfield)'

#   Failed test 'checking latitude'
#   at t/01google.t line 19.
#                   undef
#     doesn't match '(?-xism:53.4)'

#   Failed test 'checking longitude'
#   at t/01google.t line 20.
#                   undef
#     doesn't match '(?-xism:-2.9)'
# Looks like you failed 7 tests of 8.
t/01google.t .. 
Dubious, test returned 7 (wstat 1792, 0x700)
Failed 7/8 subtests 

Test Summary Report
-------------------
t/01google.t (Wstat: 1792 Tests: 8 Failed: 7)
  Failed tests:  2-8
  Non-zero exit status: 7
Files=5, Tests=8,  2 wallclock secs ( 0.03 usr  0.02 sys +  1.74 cusr  0.09 csys =  1.88 CPU)
Result: FAIL
Failed 1/5 test programs. 7/8 subtests failed.
Makefile:881: recipe for target 'test_dynamic' failed
make: *** [test_dynamic] Error 7

------------------------------
PREREQUISITES
------------------------------

Prerequisite modules loaded:

requires:

    Module                 Need  Have    
    ---------------------- ----- --------
    Carp                   0     1.3301  
    Data::Dumper           0     2.154   
    Geo::Coder::Google     0     0.16    
    Locale::Codes::Country 3.30  3.37    
    Module::Runtime        0     0.014   
    Moose                  0     2.1404  
    namespace::autoclean   0     0.24    
    perl                   5.006 5.008005

build_requires:

    Module                 Need  Have    
    ---------------------- ----- --------
    Test::More             0     1.302022


------------------------------
ENVIRONMENT AND OTHER CONTEXT
------------------------------

Environment variables:

    HARNESS_OPTIONS = j10:c
    LANG = en_GB.UTF-8
    LANGUAGE = 
    LD_LIBRARY_PATH = /usr/local/lib::
    NONINTERACTIVE_TESTING = 1
    PATH = /home/njh/perl5/perlbrew/bin:/home/njh/perl5/perlbrew/perls/perl-5.8.5/bin:/home/njh/perl5/perlbrew/bin:/usr/local/bin:/usr/bin:/bin:/usr/local/games:/usr/games:/home/njh/bin:/sbin
    PERL5LIB = 
    PERL5OPT = 
    PERL5_CPANPLUS_IS_RUNNING = 30304
    PERL5_CPAN_IS_RUNNING = 30304
    PERLBREW_BASHRC_VERSION = 0.78
    PERLBREW_HOME = /home/njh/.perlbrew
    PERLBREW_LIB = 
    PERLBREW_MANPATH = /home/njh/perl5/perlbrew/perls/perl-5.8.5/man
    PERLBREW_PATH = /home/njh/perl5/perlbrew/bin:/home/njh/perl5/perlbrew/perls/perl-5.8.5/bin
    PERLBREW_PERL = perl-5.8.5
    PERLBREW_ROOT = /home/njh/perl5/perlbrew
    PERLBREW_VERSION = 0.78
    PERL_LOCAL_LIB_ROOT = 
    PERL_MM_USE_DEFAULT = 1
    SHELL = /bin/bash
    TERM = xterm

Perl special variables (and OS-specific diagnostics, for MSWin32):

    $^X = /home/njh/perl5/perlbrew/perls/perl-5.8.5/bin/perl5.8.5
    $UID/$EUID = 1000 / 1000
    $GID = 1000 1000 118 112 107 46 44 30 29 25 24 4
    $EGID = 1000 1000 118 112 107 46 44 30 29 25 24 4

Perl module toolchain versions installed:

    Module              Have    
    ------------------- --------
    CPAN                2.14    
    CPAN::Meta          2.150005
    Cwd                 3.47    
    ExtUtils::CBuilder  0.280224
    ExtUtils::Command   7.22    
    ExtUtils::Install   2.04    
    ExtUtils::MakeMaker 7.22    
    ExtUtils::Manifest  1.70    
    ExtUtils::ParseXS   3.30    
    File::Spec          3.47    
    JSON                2.90    
    JSON::PP            2.27400 
    Module::Build       0.4216  
    Module::Signature   n/a     
    Parse::CPAN::Meta   1.4417  
    Test::Harness       3.36    
    Test::More          1.302022
    YAML                1.18    
    YAML::Syck          1.29    
    version             0.9912  


--

Summary of my perl5 (revision 5 version 8 subversion 5) configuration:
  Platform:
    osname=linux, osvers=3.16-2-amd64, archname=x86_64-linux-thread-multi
    uname='linux cyberpower2 3.16-2-amd64 #1 smp debian 3.16.3-2 (2014-09-20) x86_64 gnulinux '
    config_args='-de -Dprefix=/home/njh/perl5/perlbrew/perls/perl-5.8.5 -Duseithreads -Dusemultiplicity -Dusedevel -Accflags=-O2 -W -Wformat=2 -Wswitch -Wshadow -Wwrite-strings -Wuninitialized -Wall -pipe -mtune=native -march=native -fomit-frame-pointer -msse2 -msse -mmmx -mfpmath=sse -pedantic -D_FORTIFY_SOURCE=2 -Wpointer-arith -Wstrict-prototypes -fstack-protector -Wstack-protector -Wextra -Wbad-function-cast -Wcast-align -Wcast-qual -Wdisabled-optimization -Wendif-labels -Wfloat-equal -Wformat-nonliteral -Winline -Wmissing-declarations -Wmissing-prototypes -Wnested-externs -Wpointer-arith -Wundef -Wformat-security -ftree-vectorize -fdiagnostics-color=auto -Aeval:scriptdir=/home/njh/perl5/perlbrew/perls/perl-5.8.5/bin'
    hint=recommended, useposix=true, d_sigaction=define
    usethreads=define use5005threads=undef useithreads=define usemultiplicity=define
    useperlio=define d_sfio=undef uselargefiles=define usesocks=undef
    use64bitint=define use64bitall=define uselongdouble=undef
    usemymalloc=n, bincompat5005=undef
  Compiler:
    cc='cc', ccflags ='-D_REENTRANT -D_GNU_SOURCE -O2 -W -Wformat=2 -Wswitch -Wshadow -Wwrite-strings -Wuninitialized -Wall -pipe -mtune=native -march=native -fomit-frame-pointer -msse2 -msse -mmmx -mfpmath=sse -pedantic -D_FORTIFY_SOURCE=2 -Wpointer-arith -Wstrict-prototypes -fstack-protector -Wstack-protector -Wextra -Wbad-function-cast -Wcast-align -Wcast-qual -Wdisabled-optimization -Wendif-labels -Wfloat-equal -Wformat-nonliteral -Winline -Wmissing-declarations -Wmissing-prototypes -Wnested-externs -Wpointer-arith -Wundef -Wformat-security -ftree-vectorize -fdiagnostics-color=auto -fno-strict-aliasing -I/usr/local/include -D_LARGEFILE_SOURCE -D_FILE_OFFSET_BITS=64',
    optimize='-O2',
    cppflags='-D_REENTRANT -D_GNU_SOURCE -O2 -W -Wformat=2 -Wswitch -Wshadow -Wwrite-strings -Wuninitialized -Wall -pipe -mtune=native -march=native -fomit-frame-pointer -msse2 -msse -mmmx -mfpmath=sse -pedantic -D_FORTIFY_SOURCE=2 -Wpointer-arith -Wstrict-prototypes -fstack-protector -Wstack-protector -Wextra -Wbad-function-cast -Wcast-align -Wcast-qual -Wdisabled-optimization -Wendif-labels -Wfloat-equal -Wformat-nonliteral -Winline -Wmissing-declarations -Wmissing-prototypes -Wnested-externs -Wpointer-arith -Wundef -Wformat-security -ftree-vectorize -fdiagnostics-color=auto -fno-strict-aliasing -I/usr/local/include'
    ccversion='', gccversion='4.9.1', gccosandvers=''
    intsize=4, longsize=8, ptrsize=8, doublesize=8, byteorder=12345678
    d_longlong=define, longlongsize=8, d_longdbl=define, longdblsize=16
    ivtype='long', ivsize=8, nvtype='double', nvsize=8, Off_t='off_t', lseeksize=8
    alignbytes=8, prototype=define
  Linker and Libraries:
    ld='cc', ldflags =' -L/usr/local/lib'
    libpth=/usr/local/lib /lib/x86_64-linux-gnu /lib/../lib /usr/lib/x86_64-linux-gnu /usr/lib/../lib /lib /usr/lib
    libs=-lnsl -lgdbm -ldb -ldl -lm -lcrypt -lutil -lpthread -lc -lgdbm_compat
    perllibs=-lnsl -ldl -lm -lcrypt -lutil -lpthread -lc -lgdbm_compat
    libc=libc-2.19.so, so=so, useshrplib=false, libperl=libperl.a
    gnulibc_version='2.19'
  Dynamic Linking:
    dlsrc=dl_dlopen.xs, dlext=so, d_dlsymun=undef, ccdlflags='-Wl,-E'
    cccdlflags='-fpic', lddlflags='-shared -L/usr/local/lib'


Characteristics of this binary (from libperl): 
  Compile-time options: MULTIPLICITY USE_ITHREADS USE_64_BIT_INT USE_64_BIT_ALL USE_LARGE_FILES PERL_IMPLICIT_CONTEXT
  Built under linux
  Compiled at Oct 15 2014 09:47:00
  %ENV:
    PERL5LIB=""
    PERL5OPT=""
    PERL5_CPANPLUS_IS_RUNNING="30304"
    PERL5_CPAN_IS_RUNNING="30304"
    PERLBREW_BASHRC_VERSION="0.78"
    PERLBREW_HOME="/home/njh/.perlbrew"
    PERLBREW_LIB=""
    PERLBREW_MANPATH="/home/njh/perl5/perlbrew/perls/perl-5.8.5/man"
    PERLBREW_PATH="/home/njh/perl5/perlbrew/bin:/home/njh/perl5/perlbrew/perls/perl-5.8.5/bin"
    PERLBREW_PERL="perl-5.8.5"
    PERLBREW_ROOT="/home/njh/perl5/perlbrew"
    PERLBREW_VERSION="0.78"
    PERL_LOCAL_LIB_ROOT=""
    PERL_MM_USE_DEFAULT="1"
  @INC:
    /home/njh/perl5/perlbrew/perls/perl-5.8.5/lib/5.8.5/x86_64-linux-thread-multi
    /home/njh/perl5/perlbrew/perls/perl-5.8.5/lib/5.8.5
    /home/njh/perl5/perlbrew/perls/perl-5.8.5/lib/site_perl/5.8.5/x86_64-linux-thread-multi
    /home/njh/perl5/perlbrew/perls/perl-5.8.5/lib/site_perl/5.8.5
    /home/njh/perl5/perlbrew/perls/perl-5.8.5/lib/site_perl
    .