Back
From: metabase:user:320bfe00-2aae-11df-837a-5e0a49663a4f
Subject: FAIL DBIx-Skinny-0.0742 v5.8.1 GNU/Linux
Date: 2016-02-15T11:30:59Z
This distribution has been tested as part of the CPAN Testers
project, supporting the Perl programming language. See
http://wiki.cpantesters.org/ for more information or email
questions to cpan-testers-discuss@perl.org
--
Dear Atsushi Kobayashi,
This is a computer-generated report for DBIx-Skinny-0.0742
on perl 5.8.1, created by CPAN-Reporter-1.2015.
Thank you for uploading your work to CPAN. However, there was a problem
testing your distribution.
If you think this report is invalid, please consult the CPAN Testers Wiki
for suggestions on how to avoid getting FAIL reports for missing library
or binary dependencies, unsupported operating systems, and so on:
http://wiki.cpantesters.org/wiki/CPANAuthorNotes
Sections of this report:
* Tester comments
* Program output
* Prerequisites
* Environment and other context
------------------------------
TESTER COMMENTS
------------------------------
Additional comments from tester:
this report is from an automated smoke testing program
and was not reviewed by a human for accuracy
------------------------------
PROGRAM OUTPUT
------------------------------
Output from '/usr/bin/make test':
PERL_DL_NONLAZY=1 "/tmp/basesmoker-reloperl-G0fp/bin/perl" "-MExtUtils::Command::MM" "-MTest::Harness" "-e" "undef *Test::Harness::Switches; test_harness(0, 'inc', 'blib/lib', 'blib/arch')" t/*.t t/*/*.t t/*/*/*.t
# DBD::SQLite versin is 1.50
t/001_basic/001_compile.t ............................................... ok
t/001_basic/002_schema_info.t ........................................... ok
t/001_basic/003_explicit_schema.t ....................................... ok
t/001_basic/004_sql.t ................................................... ok
# Failed test at t/001_basic/005_set_columns.t line 13.
# Structures begin differing at:
# $got->[0][0] = 'id'
# $expected->[0][0] = 'name'
# Looks like you failed 1 test of 2.
# Failed test 'insert mode'
# at t/001_basic/005_set_columns.t line 24.
# Failed test at t/001_basic/005_set_columns.t line 29.
# Structures begin differing at:
# $got->[0] = '?'
# $expected->[0] = 'NOW ()'
# Looks like you failed 1 test of 2.
# Failed test 'insert mode / scalarref'
# at t/001_basic/005_set_columns.t line 40.
# Failed test at t/001_basic/005_set_columns.t line 45.
# Structures begin differing at:
# $got->[0] = '`id` = ?'
# $expected->[0] = '`name` = ?'
# Failed test at t/001_basic/005_set_columns.t line 49.
# Structures begin differing at:
# $got->[0][0] = 'id'
# $expected->[0][0] = 'name'
# Looks like you failed 2 tests of 2.
# Failed test 'update mode'
# at t/001_basic/005_set_columns.t line 60.
# Failed test at t/001_basic/005_set_columns.t line 65.
# Structures begin differing at:
# $got->[0] = '`id` = ?'
# $expected->[0] = '`name` = NOW()'
# Looks like you failed 1 test of 2.
# Failed test 'update mode / scalarref'
# at t/001_basic/005_set_columns.t line 76.
# Looks like you failed 4 tests of 4.
t/001_basic/005_set_columns.t ...........................................
Dubious, test returned 4 (wstat 1024, 0x400)
Failed 4/4 subtests
t/001_basic/006_all_in_one_file.t ....................................... ok
t/001_basic/007_connect_info.t .......................................... ok
t/001_basic/008_mixin.t ................................................. ok
t/001_basic/009_no_check_schema.t ....................................... ok
t/001_basic/010_dbh.t ................................................... ok
t/001_basic/011_inflate.t ............................................... ok
t/001_basic/012_trigger.t ............................................... ok
t/001_basic/013_common_trigger.t ........................................ ok
t/001_basic/014_utf8.t .................................................. ok
t/001_basic/015_row_class.t ............................................. ok
t/001_basic/016_row_exception.t ......................................... ok
t/001_basic/017_profile.t ............................................... ok
t/001_basic/018_custom_profiler.t ....................................... ok
t/001_basic/019_profiler_trace.t ........................................ ok
t/001_basic/020_on_connect_do.t ......................................... ok
t/001_basic/021_reconnect.t ............................................. ok
t/001_basic/022_transaction.t ........................................... ok
t/001_basic/023_bulk_insert.t ........................................... ok
t/001_basic/024_bind_column.t ........................................... ok
t/002_common/000_new.t .................................................. ok
t/002_common/001_insert.t ............................................... ok
t/002_common/002_update.t ............................................... ok
t/002_common/003_delete.t ............................................... ok
t/002_common/004_find_or_create.t ....................................... ok
t/002_common/005_count.t ................................................ ok
t/002_common/006_single.t ............................................... ok
t/002_common/007_search.t ............................................... ok
t/002_common/008_search_named.t ......................................... ok
t/002_common/009_search_by_sql.t ........................................ ok
t/002_common/010_resultset.t ............................................ ok
t/002_common/011_do.t ................................................... ok
t/002_common/012_replace.t .............................................. ok
t/002_common/014_find_or_new.t .......................................... ok
t/002_common/015_data2row.t ............................................. ok
t/002_common/016_hash_to_row.t .......................................... ok
t/002_common/017_iterator.t ............................................. ok
t/002_common/018_refetch.t .............................................. ok
t/002_common/019_get_columns.t .......................................... ok
t/002_common/020_get_column.t ........................................... ok
t/002_common/021_quote.t ................................................ ok
t/002_common/022_disconnect.t ........................................... ok
t/002_common/023_multi_pk.t ............................................. ok
t/002_common/024_txn_scope.t ............................................ ok
t/002_common/999_delete_by_sql.t ........................................ ok
t/002_common/999_update_by_sql.t ........................................ ok
t/500_deprecated/001_deprecated_setup.t ................................. ok
t/500_deprecated/002_deprecated_profiler.t .............................. ok
t/999_regression/bind_param.t ........................................... ok
t/999_regression/data2itr_objectarray.t ................................. ok
t/999_regression/dbh_and_txn_manager.t .................................. ok
t/999_regression/deflate_bug.t .......................................... ok
t/999_regression/deflate_scalarref.t .................................... ok
t/999_regression/duplicate_update.t ..................................... ok
t/999_regression/empty_update.t ......................................... ok
t/999_regression/get_row_class.t ........................................ ok
t/999_regression/guess_table_name.t ..................................... ok
t/999_regression/loose_connect_options_after_new.t ...................... ok
t/999_regression/new_attr.t ............................................. ok
t/999_regression/no_schema.t ............................................ ok
t/999_regression/prepare_error_handling.t ............................... ok
t/999_regression/row_update_by_scalarref.t .............................. ok
@@@@@@@@@@@@@@@@@@@@@@@@@@@@@@@@@@@@@
@@@@@ DBIx::Skinny 's Exception @@@@@
Reason : DBD::SQLite::db prepare failed: no such table: mock_basic at /tmp/loop_over_bdir-8540-5KpXyK/DBIx-Skinny-0.0742-0/blib/lib/DBIx/Skinny.pm line 778.
SQL : SELECT id, name, delete_fg
FROM mock_basic
WHERE (name = ?)
LIMIT 1
BIND : $VAR1 = [
'ruby'
];
@@@@@@@@@@@@@@@@@@@@@@@@@@@@@@@@@@@@@
at /tmp/loop_over_bdir-8540-5KpXyK/DBIx-Skinny-0.0742-0/blib/lib/DBIx/Skinny/SQL.pm line 329.
# Tests were run but no plan was declared and done_testing() was not seen.
# Looks like your test exited with 9 just after 4.
t/999_regression/transaction/call_txn_scope_after_fork.t ................
Dubious, test returned 9 (wstat 2304, 0x900)
All 4 subtests passed
t/999_regression/transaction/call_txn_scope_after_missing_connect.t ..... ok
Detected transaction during a reconnect operation (last known transaction at t/999_regression/transaction/call_txn_scope_and_fork.t line 19, pid 16703). Refusing to proceed at at /tmp/loop_over_bdir-8540-5KpXyK/DBIx-Skinny-0.0742-0/blib/lib/DBIx/Skinny.pm line 225.
DBIx::Skinny::reconnect("Mock::Basic") called at /tmp/loop_over_bdir-8540-5KpXyK/DBIx-Skinny-0.0742-0/blib/lib/DBIx/Skinny.pm line 313
DBIx::Skinny::dbh("Mock::Basic") called at t/999_regression/transaction/call_txn_scope_and_fork.t line 23
Transaction was aborted without calling an explicit commit or rollback. (Guard created at t/999_regression/transaction/call_txn_scope_and_fork.t line 19) at /home/sand/src/perl/repoperls/installed-perls/perl/perl-5.8.1/13e0/lib/site_perl/5.8.1/DBIx/TransactionManager.pm line 115.
# Tests were run but no plan was declared and done_testing() was not seen.
# Looks like your test exited with 2 just after 1.
t/999_regression/transaction/call_txn_scope_and_fork.t ..................
Dubious, test returned 2 (wstat 512, 0x200)
All 1 subtests passed
@@@@@@@@@@@@@@@@@@@@@@@@@@@@@@@@@@@@@
@@@@@ DBIx::Skinny 's Exception @@@@@
Reason : DBD::SQLite::db prepare failed: no such table: mock_basic at /tmp/loop_over_bdir-8540-5KpXyK/DBIx-Skinny-0.0742-0/blib/lib/DBIx/Skinny.pm line 778.
SQL : SELECT id, name, delete_fg
FROM mock_basic
WHERE (name = ?)
LIMIT 1
BIND : $VAR1 = [
'ruby'
];
@@@@@@@@@@@@@@@@@@@@@@@@@@@@@@@@@@@@@
at /tmp/loop_over_bdir-8540-5KpXyK/DBIx-Skinny-0.0742-0/blib/lib/DBIx/Skinny/SQL.pm line 329.
# Tests were run but no plan was declared and done_testing() was not seen.
# Looks like your test exited with 9 just after 5.
t/999_regression/transaction/call_txn_scope_before_fork.t ...............
Dubious, test returned 9 (wstat 2304, 0x900)
All 5 subtests passed
@@@@@@@@@@@@@@@@@@@@@@@@@@@@@@@@@@@@@
@@@@@ DBIx::Skinny 's Exception @@@@@
Reason : DBD::SQLite::db prepare failed: no such table: mock_basic at /tmp/loop_over_bdir-8540-5KpXyK/DBIx-Skinny-0.0742-0/blib/lib/DBIx/Skinny.pm line 778.
SQL : SELECT id, name, delete_fg
FROM mock_basic
WHERE (name = ?)
LIMIT 1
BIND : $VAR1 = [
'lestrrat'
];
@@@@@@@@@@@@@@@@@@@@@@@@@@@@@@@@@@@@@
at /tmp/loop_over_bdir-8540-5KpXyK/DBIx-Skinny-0.0742-0/blib/lib/DBIx/Skinny/SQL.pm line 329.
# Tests were run but no plan was declared and done_testing() was not seen.
# Looks like your test exited with 9 just after 5.
t/999_regression/transaction/call_txn_scope_before_fork_and_rollback.t ..
Dubious, test returned 9 (wstat 2304, 0x900)
All 5 subtests passed
t/999_regression/where_condition_in.t ................................... ok
Test Summary Report
-------------------
t/001_basic/005_set_columns.t (Wstat: 1024 Tests: 4 Failed: 4)
Failed tests: 1-4
Non-zero exit status: 4
t/999_regression/transaction/call_txn_scope_after_fork.t (Wstat: 2304 Tests: 4 Failed: 0)
Non-zero exit status: 9
Parse errors: No plan found in TAP output
t/999_regression/transaction/call_txn_scope_and_fork.t (Wstat: 512 Tests: 1 Failed: 0)
Non-zero exit status: 2
Parse errors: No plan found in TAP output
t/999_regression/transaction/call_txn_scope_before_fork.t (Wstat: 2304 Tests: 5 Failed: 0)
Non-zero exit status: 9
Parse errors: No plan found in TAP output
t/999_regression/transaction/call_txn_scope_before_fork_and_rollback.t (Wstat: 2304 Tests: 5 Failed: 0)
Non-zero exit status: 9
Parse errors: No plan found in TAP output
Files=72, Tests=270, 8 wallclock secs ( 0.28 usr 0.43 sys + 5.40 cusr 1.36 csys = 7.47 CPU)
Result: FAIL
Failed 5/72 test programs. 4/270 subtests failed.
Makefile:876: recipe for target 'test_dynamic' failed
make: *** [test_dynamic] Error 255
------------------------------
PREREQUISITES
------------------------------
Prerequisite modules loaded:
requires:
Module Need Have
------------------------ ---- --------
Carp 0 1.38
Class::Accessor::Lite 0 0.08
Class::Load 0 0.23
DBI 0 1.634
DBIx::TransactionManager 1.07 1.13
IO::Handle 0 1.28
Scalar::Util 0 1.43
Try::Tiny 0 0.24
UNIVERSAL::require 0 0.18
build_requires:
Module Need Have
------------------------ ---- --------
ExtUtils::MakeMaker 6.42 7.10
Test::More 0.96 1.001014
Test::SharedFork 0.15 0.35
configure_requires:
Module Need Have
------------------------ ---- --------
ExtUtils::MakeMaker 6.42 7.10
------------------------------
ENVIRONMENT AND OTHER CONTEXT
------------------------------
Environment variables:
AUTOMATED_TESTING = 1
LANG = en_US.UTF-8
LANGUAGE = en_US:en
PATH = /usr/lib/ccache:/home/sand/bin:/usr/local/bin:/usr/lib/ccache:/usr/bin:/bin:/usr/games:/usr/local/perl/bin:/usr/X11/bin:/sbin:/usr/sbin
PERL = /tmp/basesmoker-reloperl-G0fp/bin/perl
PERL5LIB =
PERL5OPT =
PERL5_CPANPLUS_IS_RUNNING = 10980
PERL5_CPAN_IS_RUNNING = 10980
PERL_MM_USE_DEFAULT = 1
SHELL = /usr/bin/zsh
TERM = screen
Perl special variables (and OS-specific diagnostics, for MSWin32):
$^X = /tmp/basesmoker-reloperl-G0fp/bin/perl
$UID/$EUID = 1005 / 1005
$GID = 1005 1005
$EGID = 1005 1005
Perl module toolchain versions installed:
Module Have
------------------- --------
CPAN 2.12
CPAN::Meta 2.150005
Cwd 3.62
ExtUtils::CBuilder 0.280224
ExtUtils::Command 7.10
ExtUtils::Install 1.54
ExtUtils::MakeMaker 7.10
ExtUtils::Manifest 1.65
ExtUtils::ParseXS 3.30
File::Spec 3.62
JSON 2.90
JSON::PP 2.27300
Module::Build 0.4216
Module::Signature 0.79
Parse::CPAN::Meta 1.4417
Test::Harness 3.36
Test::More 1.001014
YAML 1.15
YAML::Syck 1.29
version 0.9912
--
Summary of my perl5 (revision 5.0 version 8 subversion 1) configuration:
Platform:
osname=linux, osvers=4.3.0-1-amd64, archname=x86_64-linux-thread-multi
uname='linux k83 4.3.0-1-amd64 #1 smp debian 4.3.3-7 (2016-01-19) x86_64 gnulinux '
config_args='-Dprefix=/home/sand/src/perl/repoperls/installed-perls/perl/perl-5.8.1/13e0 -Dmyhostname=k83 -Dinstallusrbinperl=n -Uversiononly -Dusedevel -des -Ui_db -Dlibswanted=cl pthread socket inet nsl gdbm dbm malloc dl ld sun m crypt sec util c cposix posix ucb BSD gdbm_compat -Duseithreads -Uuselongdouble'
hint=recommended, useposix=true, d_sigaction=define
usethreads=define use5005threads=undef useithreads=define usemultiplicity=define
useperlio=define d_sfio=undef uselargefiles=define usesocks=undef
use64bitint=define use64bitall=define uselongdouble=undef
usemymalloc=n, bincompat5005=undef
Compiler:
cc='cc', ccflags ='-D_REENTRANT -D_GNU_SOURCE -fno-strict-aliasing -I/usr/local/include -D_LARGEFILE_SOURCE -D_FILE_OFFSET_BITS=64',
optimize='-O2',
cppflags='-D_REENTRANT -D_GNU_SOURCE -fno-strict-aliasing -I/usr/local/include'
ccversion='', gccversion='5.3.1 20160121', gccosandvers=''
intsize=4, longsize=8, ptrsize=8, doublesize=8, byteorder=12345678
d_longlong=define, longlongsize=8, d_longdbl=define, longdblsize=16
ivtype='long', ivsize=8, nvtype='double', nvsize=8, Off_t='off_t', lseeksize=8
alignbytes=8, prototype=define
Linker and Libraries:
ld='cc', ldflags =' -L/usr/local/lib'
libpth=/usr/local/lib /lib/x86_64-linux-gnu /lib/../lib /usr/lib/x86_64-linux-gnu /usr/lib/../lib /lib /usr/lib
libs=-lpthread -lnsl -lgdbm -ldl -lm -lcrypt -lutil -lc -lgdbm_compat
perllibs=-lpthread -lnsl -ldl -lm -lcrypt -lutil -lc -lgdbm_compat
libc=libc-2.21.so, so=so, useshrplib=false, libperl=libperl.a
gnulibc_version='2.21'
Dynamic Linking:
dlsrc=dl_dlopen.xs, dlext=so, d_dlsymun=undef, ccdlflags='-rdynamic'
cccdlflags='-fpic', lddlflags='-shared -L/usr/local/lib'
Characteristics of this binary (from libperl):
Compile-time options: MULTIPLICITY USE_ITHREADS USE_64_BIT_INT USE_64_BIT_ALL USE_LARGE_FILES PERL_IMPLICIT_CONTEXT
Locally applied patches:
Devel::PatchPerl 1.40
Built under linux
Compiled at Feb 12 2016 08:07:50
%ENV:
PERL="/tmp/basesmoker-reloperl-G0fp/bin/perl"
PERL5LIB=""
PERL5OPT=""
PERL5_CPANPLUS_IS_RUNNING="10980"
PERL5_CPAN_IS_RUNNING="10980"
PERL_MM_USE_DEFAULT="1"
@INC:
/home/sand/src/perl/repoperls/installed-perls/perl/perl-5.8.1/13e0/lib/5.8.1/x86_64-linux-thread-multi
/home/sand/src/perl/repoperls/installed-perls/perl/perl-5.8.1/13e0/lib/5.8.1
/home/sand/src/perl/repoperls/installed-perls/perl/perl-5.8.1/13e0/lib/site_perl/5.8.1/x86_64-linux-thread-multi
/home/sand/src/perl/repoperls/installed-perls/perl/perl-5.8.1/13e0/lib/site_perl/5.8.1
/home/sand/src/perl/repoperls/installed-perls/perl/perl-5.8.1/13e0/lib/site_perl
.