Report for Devel-Hints-0.21

Back
From: metabase:user:9820532a-708b-1014-9a05-b18a96298da1
Subject: FAIL Devel-Hints-0.21 v5.8.9 GNU/Linux
Date: 2011-10-14T18:51:54Z

This distribution has been tested as part of the CPAN Testers
project, supporting the Perl programming language.  See
http://wiki.cpantesters.org/ for more information or email
questions to cpan-testers-discuss@perl.org


--
Dear Audrey Tang,

This is a computer-generated report for Devel-Hints-0.21
on perl 5.8.9, created by CPAN-Reporter-1.2002.

Thank you for uploading your work to CPAN.  However, there was a problem
testing your distribution.

If you think this report is invalid, please consult the CPAN Testers Wiki
for suggestions on how to avoid getting FAIL reports for missing library
or binary dependencies, unsupported operating systems, and so on:

http://wiki.cpantesters.org/wiki/CPANAuthorNotes

Sections of this report:

    * Tester comments
    * Program output
    * Prerequisites
    * Environment and other context

------------------------------
TESTER COMMENTS
------------------------------

Additional comments from tester:

this report is from an automated smoke testing program
and was not reviewed by a human for accuracy

------------------------------
PROGRAM OUTPUT
------------------------------

Output from '/usr/bin/make test':

PERL_DL_NONLAZY=1 /home/test/perl5/perlbrew/perls/perl-5.8.9-th/bin/perl5.8.9 "-MExtUtils::Command::MM" "-e" "test_harness(0, 'inc', 'blib/lib', 'blib/arch')" t/*.t
t/1-basic.t ...... ok

#   Failed test 'cop_filegv - return value'
#   at t/2-write.t line 32.
#          got: 'GLOB(0x12d4de0)'
#     expected: 'GLOB(0x12d48d0)'
# Looks like you failed 1 test of 19.
t/2-write.t ...... 
Dubious, test returned 1 (wstat 256, 0x100)
Failed 1/19 subtests 
t/3-coderef.t .... skipped: modifying coderef hints doesn't work properly on 5.8

#   Failed test at t/4-file-line.t line 38.
#                   'foo at t/4-file-line.t line 8.
# '
#     doesn't match '(?-xism:at set by cop_file line)'

#   Failed test at t/4-file-line.t line 38.
#                   'foo at t/4-file-line.t line 9.
# '
#     doesn't match '(?-xism:at set by cop_file line)'

#   Failed test at t/4-file-line.t line 38.
#                   'foo at t/4-file-line.t line 14.
# '
#     doesn't match '(?-xism:at set by cop_file line)'

#   Failed test at t/4-file-line.t line 38.
#                   'foo at t/4-file-line.t line 15.
# '
#     doesn't match '(?-xism:at set by cop_file line)'

#   Failed test at t/4-file-line.t line 71.
#                   'foo at t/4-file-line.t line 45.
# '
#     doesn't match '(?-xism:line 1234\b)'

#   Failed test at t/4-file-line.t line 71.
#                   'foo at t/4-file-line.t line 46.
# '
#     doesn't match '(?-xism:line 1235\b)'

#   Failed test at t/4-file-line.t line 71.
#                   'foo at t/4-file-line.t line 51.
# '
#     doesn't match '(?-xism:line 1240\b)'

#   Failed test at t/4-file-line.t line 71.
#                   'foo at t/4-file-line.t line 52.
# '
#     doesn't match '(?-xism:line 1241\b)'
# Looks like you failed 8 tests of 24.
t/4-file-line.t .. 
Dubious, test returned 8 (wstat 2048, 0x800)
Failed 8/24 subtests 

Test Summary Report
-------------------
t/2-write.t    (Wstat: 256 Tests: 19 Failed: 1)
  Failed test:  6
  Non-zero exit status: 1
t/4-file-line.t (Wstat: 2048 Tests: 24 Failed: 8)
  Failed tests:  7-8, 11-12, 19-20, 23-24
  Non-zero exit status: 8
Files=4, Tests=61,  0 wallclock secs ( 0.04 usr  0.01 sys +  0.08 cusr  0.03 csys =  0.16 CPU)
Result: FAIL
Failed 2/4 test programs. 9/61 subtests failed.
make: *** [test_dynamic] Error 8

------------------------------
PREREQUISITES
------------------------------

Prerequisite modules loaded:

requires:

    Module              Need  Have    
    ------------------- ----- --------
    perl                5.006 5.008009

build_requires:

    Module              Need  Have    
    ------------------- ----- --------
    ExtUtils::MakeMaker 6.42  6.58    
    ok                  0     0.02    
    Test::More          0     0.98    

configure_requires:

    Module              Need  Have    
    ------------------- ----- --------
    ExtUtils::MakeMaker 6.42  6.58    


------------------------------
ENVIRONMENT AND OTHER CONTEXT
------------------------------

Environment variables:

    AUTOMATED_TESTING = 1
    LANG = C
    LC_ALL = C
    PATH = /home/test/perl5/perlbrew/bin:/home/test/perl5/perlbrew/perls/perl-5.8.9-th/bin:/home/test/bin:~/bin:/usr/bin:/bin
    PATH_WITHOUT_PERLBREW = /home/test/bin:~/bin:/usr/bin:/bin
    PERL5LIB = 
    PERL5OPT = 
    PERL5_CPANPLUS_IS_RUNNING = 1697
    PERL5_CPAN_IS_RUNNING = 1697
    PERL5_CPAN_IS_RUNNING_IN_RECURSION = 595,1697
    PERLBREW_HOME = /home/test/.perlbrew
    PERLBREW_PATH = /home/test/perl5/perlbrew/bin:/home/test/perl5/perlbrew/perls/perl-5.8.9-th/bin
    PERLBREW_PERL = perl-5.8.9-th
    PERLBREW_ROOT = /home/test/perl5/perlbrew
    PERLBREW_VERSION = 0.29
    PERL_CPANM_OPT = --prompt --mirror file:///mirrors/cpan/
    PERL_CR_SMOKER_CURRENT = Devel-Hints-0.21
    PERL_EXTUTILS_AUTOINSTALL = --defaultdeps
    PERL_MM_USE_DEFAULT = 1
    SHELL = /bin/bash
    TERM = linux

Perl special variables (and OS-specific diagnostics, for MSWin32):

    $^X = /home/test/perl5/perlbrew/perls/perl-5.8.9-th/bin/perl5.8.9
    $UID/$EUID = 1001 / 1001
    $GID = 1001 1001
    $EGID = 1001 1001

Perl module toolchain versions installed:

    Module              Have    
    ------------------- --------
    CPAN                1.9800  
    CPAN::Meta          2.112621
    Cwd                 3.33    
    ExtUtils::CBuilder  0.280202
    ExtUtils::Command   1.16    
    ExtUtils::Install   1.54    
    ExtUtils::MakeMaker 6.58    
    ExtUtils::Manifest  1.58    
    ExtUtils::ParseXS   3.05    
    File::Spec          3.33    
    JSON                2.53    
    JSON::PP            2.27200 
    Module::Build       0.3800  
    Module::Signature   n/a     
    Parse::CPAN::Meta   1.4401  
    Test::Harness       3.23    
    Test::More          0.98    
    YAML                0.73    
    YAML::Syck          1.17    
    version             0.94    


--

Summary of my perl5 (revision 5 version 8 subversion 9) configuration:
  Platform:
    osname=linux, osvers=2.6.35-28-generic, archname=x86_64-linux-thread-multi
    uname='linux zippy 2.6.35-28-generic #50-ubuntu smp fri mar 18 18:42:20 utc 2011 x86_64 gnulinux '
    config_args='-de -Dprefix=/home/test/perl5/perlbrew/perls/perl-5.8.9-th -Dusethreads'
    hint=recommended, useposix=true, d_sigaction=define
    usethreads=define use5005threads=undef useithreads=define usemultiplicity=define
    useperlio=define d_sfio=undef uselargefiles=define usesocks=undef
    use64bitint=define use64bitall=define uselongdouble=undef
    usemymalloc=n, bincompat5005=undef
  Compiler:
    cc='cc', ccflags ='-D_REENTRANT -D_GNU_SOURCE -fno-strict-aliasing -pipe -I/usr/local/include -D_LARGEFILE_SOURCE -D_FILE_OFFSET_BITS=64',
    optimize='-O2',
    cppflags='-D_REENTRANT -D_GNU_SOURCE -fno-strict-aliasing -pipe -I/usr/local/include'
    ccversion='', gccversion='4.4.5', gccosandvers=''
    intsize=4, longsize=8, ptrsize=8, doublesize=8, byteorder=12345678
    d_longlong=define, longlongsize=8, d_longdbl=define, longdblsize=16
    ivtype='long', ivsize=8, nvtype='double', nvsize=8, Off_t='off_t', lseeksize=8
    alignbytes=8, prototype=define
  Linker and Libraries:
    ld='cc', ldflags =' -L/usr/local/lib'
    libpth=/usr/local/lib /lib/../lib /usr/lib/../lib /lib /usr/lib /usr/lib/x86_64-linux-gnu /lib64 /usr/lib64
    libs=-lnsl -ldl -lm -lcrypt -lutil -lpthread -lc
    perllibs=-lnsl -ldl -lm -lcrypt -lutil -lpthread -lc
    libc=/lib/libc-2.12.1.so, so=so, useshrplib=false, libperl=libperl.a
    gnulibc_version='2.12.1'
  Dynamic Linking:
    dlsrc=dl_dlopen.xs, dlext=so, d_dlsymun=undef, ccdlflags='-Wl,-E'
    cccdlflags='-fPIC', lddlflags='-shared -O2 -L/usr/local/lib'


Characteristics of this binary (from libperl): 
  Compile-time options: MULTIPLICITY PERL_IMPLICIT_CONTEXT PERL_MALLOC_WRAP
                        USE_64_BIT_ALL USE_64_BIT_INT USE_FAST_STDIO
                        USE_ITHREADS USE_LARGE_FILES USE_PERLIO
                        USE_REENTRANT_API
  Built under linux
  Compiled at Oct 12 2011 21:27:30
  %ENV:
    PERL5LIB=""
    PERL5OPT=""
    PERL5_CPANPLUS_IS_RUNNING="1697"
    PERL5_CPAN_IS_RUNNING="1697"
    PERL5_CPAN_IS_RUNNING_IN_RECURSION="595,1697"
    PERLBREW_HOME="/home/test/.perlbrew"
    PERLBREW_PATH="/home/test/perl5/perlbrew/bin:/home/test/perl5/perlbrew/perls/perl-5.8.9-th/bin"
    PERLBREW_PERL="perl-5.8.9-th"
    PERLBREW_ROOT="/home/test/perl5/perlbrew"
    PERLBREW_VERSION="0.29"
    PERL_CPANM_OPT="--prompt --mirror file:///mirrors/cpan/"
    PERL_CR_SMOKER_CURRENT="Devel-Hints-0.21"
    PERL_EXTUTILS_AUTOINSTALL="--defaultdeps"
    PERL_MM_USE_DEFAULT="1"
  @INC:
    /home/test/perl5/perlbrew/perls/perl-5.8.9-th/lib/5.8.9/x86_64-linux-thread-multi
    /home/test/perl5/perlbrew/perls/perl-5.8.9-th/lib/5.8.9
    /home/test/perl5/perlbrew/perls/perl-5.8.9-th/lib/site_perl/5.8.9/x86_64-linux-thread-multi
    /home/test/perl5/perlbrew/perls/perl-5.8.9-th/lib/site_perl/5.8.9
    .