Report for Dancer2-Plugin-Queue-MongoDB-0.003

Back
From: metabase:user:314402c4-2aae-11df-837a-5e0a49663a4f
Subject: FAIL Dancer2-Plugin-Queue-MongoDB-0.003 v5.10.1 GNU/Linux
Date: 2015-10-31T07:47:07Z

This distribution has been tested as part of the CPAN Testers
project, supporting the Perl programming language.  See
http://wiki.cpantesters.org/ for more information or email
questions to cpan-testers-discuss@perl.org


--
Dear David Golden,

This is a computer-generated report for Dancer2-Plugin-Queue-MongoDB-0.003
on perl 5.10.1, created by CPAN-Reporter-1.2015.

Thank you for uploading your work to CPAN.  However, there was a problem
testing your distribution.

If you think this report is invalid, please consult the CPAN Testers Wiki
for suggestions on how to avoid getting FAIL reports for missing library
or binary dependencies, unsupported operating systems, and so on:

http://wiki.cpantesters.org/wiki/CPANAuthorNotes

Sections of this report:

    * Tester comments
    * Program output
    * Prerequisites
    * Environment and other context

------------------------------
TESTER COMMENTS
------------------------------

Additional comments from tester:

none provided

------------------------------
PROGRAM OUTPUT
------------------------------

Output from '/usr/bin/make test':

PERL_DL_NONLAZY=1 "/bbbike/perl-5.10.1/bin/perl5.10.1" "-MExtUtils::Command::MM" "-MTest::Harness" "-e" "undef *Test::Harness::Switches; test_harness(0, 'blib/lib', 'blib/arch')" t/*.t
t/00-compile.t ......... ok
# Prerequisite Report:
#        Version Module                             
#   ------------ -----------------------------------
#          0.005 Dancer2::Plugin::Queue             
#          0.005 Dancer2::Plugin::Queue::Role::Queue
#          0.005 Dancer2::Plugin::Queue::Role::Test 
#           7.04 ExtUtils::MakeMaker                
#           1.14 File::Find                         
#           3.47 File::Spec::Functions              
#         0.2304 File::Temp                         
#          0.056 HTTP::Tiny                         
#           1.42 List::Util                         
#   v0.999.998.5 MongoDB                            
#   v0.999.998.5 MongoDB::MongoClient               
#          1.002 MongoDBx::Queue                    
#           0.29 MooX::Types::MooseLike::Base       
#         2.1603 Moose                              
#       1.001014 Test::More                         
#          1.004 Test::Roo                          
#           2.13 Test::TCP                          
#           1.04 strict                             
#           1.06 warnings                           
t/00-report-prereqs.t .. ok
Can't locate object method "autoflush" via package "FileHandle" at /opt/perl-5.10.1/lib/site_perl/5.10.1/Test/SharedFork/Store.pm line 37.
BEGIN failed--compilation aborted at /opt/perl-5.10.1/lib/site_perl/5.10.1/Test/SharedFork.pm line 105.
Compilation failed in require at /opt/perl-5.10.1/lib/site_perl/5.10.1/Test/TCP.pm line 8.
BEGIN failed--compilation aborted at /opt/perl-5.10.1/lib/site_perl/5.10.1/Test/TCP.pm line 8.
Compilation failed in require at /opt/perl-5.10.1/lib/site_perl/5.10.1/Dancer2/Plugin/Queue/Role/Test.pm line 14.
BEGIN failed--compilation aborted at /opt/perl-5.10.1/lib/site_perl/5.10.1/Dancer2/Plugin/Queue/Role/Test.pm line 14.
Compilation failed in require at /opt/perl-5.10.1/lib/site_perl/5.10.1/Module/Runtime.pm line 317.
Use of uninitialized value in ref-to-glob cast at /opt/perl-5.10.1/lib/site_perl/5.10.1/Test/SharedFork/Store.pm line 104.
Use of uninitialized value in ref-to-glob cast at /opt/perl-5.10.1/lib/site_perl/5.10.1/Test/SharedFork/Store.pm line 104.
flock() on unopened filehandle at /opt/perl-5.10.1/lib/site_perl/5.10.1/Test/SharedFork/Store.pm line 104.
Ungültiger Dateideskriptor at /opt/perl-5.10.1/lib/site_perl/5.10.1/Test/SharedFork/Store.pm line 104.
END failed--call queue aborted at t/mongodb.t line 384.
t/mongodb.t ............ 
Dubious, test returned 9 (wstat 2304, 0x900)
No subtests run 

Test Summary Report
-------------------
t/mongodb.t          (Wstat: 2304 Tests: 0 Failed: 0)
  Non-zero exit status: 9
  Parse errors: No plan found in TAP output
Files=3, Tests=2,  2 wallclock secs ( 0.01 usr  0.01 sys +  1.96 cusr  0.19 csys =  2.17 CPU)
Result: FAIL
Failed 1/3 test programs. 0/2 subtests failed.
make: *** [test_dynamic] Fehler 9

------------------------------
PREREQUISITES
------------------------------

Prerequisite modules loaded:

requires:

    Module                              Need  Have        
    ----------------------------------- ----- ------------
    Dancer2::Plugin::Queue              0.003 0.005       
    Dancer2::Plugin::Queue::Role::Queue 0     0.005       
    MongoDB                             0     v0.999.998.5
    MongoDB::MongoClient                0     v0.999.998.5
    MongoDBx::Queue                     0     1.002       
    Moose                               0     2.1603      
    strict                              0     1.04        
    warnings                            0     1.06        

build_requires:

    Module                              Need  Have        
    ----------------------------------- ----- ------------
    Dancer2::Plugin::Queue::Role::Test  0     0.005       
    ExtUtils::MakeMaker                 0     7.04        
    File::Find                          0     1.14        
    File::Spec::Functions               0     3.47        
    File::Temp                          0     0.2304      
    HTTP::Tiny                          0     0.056       
    List::Util                          0     1.42        
    MongoDB                             0.45  v0.999.998.5
    MooX::Types::MooseLike::Base        0     0.29        
    Test::More                          0     1.001014    
    Test::Roo                           0     1.004       
    Test::TCP                           0     2.13        

configure_requires:

    Module                              Need  Have        
    ----------------------------------- ----- ------------
    ExtUtils::MakeMaker                 6.30  7.04        


------------------------------
ENVIRONMENT AND OTHER CONTEXT
------------------------------

Environment variables:

    LANG = C
    LC_ALL = de_DE.UTF-8
    PATH = /usr/local/bin:/usr/bin:/bin:/usr/local/sbin:/usr/sbin:/sbin:/home/eserte/bin/linux-gnu:/home/eserte/bin/sh:/home/eserte/bin:/usr/games:/home/eserte/devel:/home/eserte/src/srezic-misc/scripts
    PERL5LIB = 
    PERL5OPT = 
    PERL5_CPANPLUS_IS_RUNNING = 9354
    PERL5_CPAN_IS_RUNNING = 9354
    PERL5_CPAN_IS_RUNNING_IN_RECURSION = 20186,9354
    PERLDOC = -MPod::Perldoc::ToTextOverstrike
    PERL_BATCH = yes
    PERL_CANARY_STABILITY_NOPROMPT = 1
    PERL_CPAN_REPORTER_CONFIG = /var/tmp/cpansmoker-1001/2015103021/cpanreporter_000_config.ini
    PERL_EXTUTILS_AUTOINSTALL = --defaultdeps
    PERL_PARALLEL_SMOKER = yes
    SHELL = /bin/zsh
    TERM = screen
    TMPDIR = /var/tmp/cpansmoker-1001/2015103021

Perl special variables (and OS-specific diagnostics, for MSWin32):

    $^X = /bbbike/perl-5.10.1/bin/perl5.10.1
    $UID/$EUID = 1001 / 1001
    $GID = 1001 109 1001
    $EGID = 1001 109 1001

Perl module toolchain versions installed:

    Module              Have    
    ------------------- --------
    CPAN                2.05    
    CPAN::Meta          2.150005
    Cwd                 3.47    
    ExtUtils::CBuilder  0.280223
    ExtUtils::Command   1.16    
    ExtUtils::Install   2.04    
    ExtUtils::MakeMaker 7.04    
    ExtUtils::Manifest  1.68    
    ExtUtils::ParseXS   3.24    
    File::Spec          3.47    
    JSON                2.90    
    JSON::PP            2.27203 
    Module::Build       0.4214  
    Module::Signature   0.78    
    Parse::CPAN::Meta   1.4414  
    Test::Harness       3.35    
    Test::More          1.001014
    YAML                1.15    
    YAML::Syck          1.29    
    version             0.9912  


--

Summary of my perl5 (revision 5 version 10 subversion 1) configuration:
   
  Platform:
    osname=linux, osvers=3.2.0-4-amd64, archname=x86_64-linux
    uname='linux eserte 3.2.0-4-amd64 #1 smp debian 3.2.60-1+deb7u3 x86_64 gnulinux '
    config_args='-ds -e -Dprefix=/opt/perl-5.10.1'
    hint=recommended, useposix=true, d_sigaction=define
    useithreads=undef, usemultiplicity=undef
    useperlio=define, d_sfio=undef, uselargefiles=define, usesocks=undef
    use64bitint=define, use64bitall=define, uselongdouble=undef
    usemymalloc=n, bincompat5005=undef
  Compiler:
    cc='cc', ccflags ='-fno-strict-aliasing -pipe -fstack-protector -I/usr/local/include -D_LARGEFILE_SOURCE -D_FILE_OFFSET_BITS=64',
    optimize='-O2',
    cppflags='-fno-strict-aliasing -pipe -fstack-protector -I/usr/local/include'
    ccversion='', gccversion='4.7.2', gccosandvers=''
    intsize=4, longsize=8, ptrsize=8, doublesize=8, byteorder=12345678
    d_longlong=define, longlongsize=8, d_longdbl=define, longdblsize=16
    ivtype='long', ivsize=8, nvtype='double', nvsize=8, Off_t='off_t', lseeksize=8
    alignbytes=8, prototype=define
  Linker and Libraries:
    ld='cc', ldflags =' -fstack-protector -L/usr/local/lib'
    libpth=/usr/local/lib /lib/x86_64-linux-gnu /lib/../lib /usr/lib/x86_64-linux-gnu /usr/lib/../lib /lib /usr/lib
    libs=-lnsl -ldb -ldl -lm -lcrypt -lutil -lc
    perllibs=-lnsl -ldl -lm -lcrypt -lutil -lc
    libc=libc-2.13.so, so=so, useshrplib=false, libperl=libperl.a
    gnulibc_version='2.13'
  Dynamic Linking:
    dlsrc=dl_dlopen.xs, dlext=so, d_dlsymun=undef, ccdlflags='-Wl,-E'
    cccdlflags='-fPIC', lddlflags='-shared -O2 -L/usr/local/lib -fstack-protector'


Characteristics of this binary (from libperl): 
  Compile-time options: PERL_DONT_CREATE_GVSV PERL_MALLOC_WRAP USE_64_BIT_ALL
                        USE_64_BIT_INT USE_LARGE_FILES USE_PERLIO
  Built under linux
  Compiled at Aug 18 2014 20:38:33
  %ENV:
    PERL5LIB=""
    PERL5OPT=""
    PERL5_CPANPLUS_IS_RUNNING="9354"
    PERL5_CPAN_IS_RUNNING="9354"
    PERL5_CPAN_IS_RUNNING_IN_RECURSION="20186,9354"
    PERLDOC="-MPod::Perldoc::ToTextOverstrike"
    PERL_BATCH="yes"
    PERL_CANARY_STABILITY_NOPROMPT="1"
    PERL_CPAN_REPORTER_CONFIG="/var/tmp/cpansmoker-1001/2015103021/cpanreporter_000_config.ini"
    PERL_EXTUTILS_AUTOINSTALL="--defaultdeps"
    PERL_PARALLEL_SMOKER="yes"
  @INC:
    /opt/perl-5.10.1/lib/5.10.1/x86_64-linux
    /opt/perl-5.10.1/lib/5.10.1
    /opt/perl-5.10.1/lib/site_perl/5.10.1/x86_64-linux
    /opt/perl-5.10.1/lib/site_perl/5.10.1
    .