Report for Module-Build-Kwalitee-0.24

Back
From: metabase:user:3198cbe2-2aae-11df-837a-5e0a49663a4f
Subject: FAIL Module-Build-Kwalitee-0.24 v5.16.3 GNU/Linux
Date: 2013-11-14T15:15:25Z

This distribution has been tested as part of the CPAN Testers
project, supporting the Perl programming language.  See
http://wiki.cpantesters.org/ for more information or email
questions to cpan-testers-discuss@perl.org


--
Dear Fotango Ltd,

This is a computer-generated report for Module-Build-Kwalitee-0.24
on perl 5.16.3, created by CPAN-Reporter-1.2010.

Thank you for uploading your work to CPAN.  However, there was a problem
testing your distribution.

If you think this report is invalid, please consult the CPAN Testers Wiki
for suggestions on how to avoid getting FAIL reports for missing library
or binary dependencies, unsupported operating systems, and so on:

http://wiki.cpantesters.org/wiki/CPANAuthorNotes

Sections of this report:

    * Tester comments
    * Program output
    * Prerequisites
    * Environment and other context

------------------------------
TESTER COMMENTS
------------------------------

Additional comments from tester:

this report is from an automated smoke testing program
and was not reviewed by a human for accuracy

------------------------------
PROGRAM OUTPUT
------------------------------

Output from './Build test':

main::path_to_pkg() called too early to check prototype at t/000compile.t line 15.
t/000compile.t .. ok
t/001pragmas.t .. ok

#   Failed test 'lib/Module/Build/Kwalitee/Stub.pm has POD'
#   at t/003pod.t line 65.
# Looks like you failed 1 test of 7.
t/003pod.t ...... 
Dubious, test returned 1 (wstat 256, 0x100)
Failed 1/7 subtests 
	(less 1 skipped subtest: 5 okay)
t/004uselib.t ... ok
No 'module_name' was provided and it could not be inferred
from other properties.  This will prevent a packlist from
being written for this file.  Please set either 'module_name'
or 'dist_version_from' in Build.PL.
Creating t/ dir for tests...
File 'MANIFEST.SKIP' does not exist: Creating a temporary 'MANIFEST.SKIP'
Added to MANIFEST: MANIFEST
Added to MANIFEST: t/000compile.t
Added to MANIFEST: t/001pragmas.t
Added to MANIFEST: t/003pod.t
Added to MANIFEST: t/004uselib.t
Module::Build was not found in configure_requires! Adding it now
automatically as: configure_requires => { 'Module::Build' => 0.39 }
t/build.t ....... ok

#   Failed test 'passed t/003pod.t'
#   at t/mbk.t line 25.
# 
# #   Failed test 'lib/MBKFail.pm has POD'
# #   at t/003pod.t line 65.
# # Looks like you failed 1 test of 4.
# t/003pod.t .. 
# Dubious, test returned 1 (wstat 256, 0x100)
# Failed 1/4 subtests 
# 	(less 2 skipped subtests: 1 okay)
# 
# Test Summary Report
# -------------------
# t/003pod.t (Wstat: 256 Tests: 4 Failed: 1)
#   Failed test:  2
#   Non-zero exit status: 1
# Files=1, Tests=4,  0 wallclock secs ( 0.02 usr  0.01 sys +  0.08 cusr  0.00 csys =  0.11 CPU)
# Result: FAIL

#   Failed test 'passed t/003pod.t'
#   at t/mbk.t line 25.
# 
# #   Failed test 'lib/MBKFail.pm has POD'
# #   at t/003pod.t line 65.
# # Looks like you failed 1 test of 4.
# t/003pod.t .. 
# Dubious, test returned 1 (wstat 256, 0x100)
# Failed 1/4 subtests 
# 	(less 2 skipped subtests: 1 okay)
# 
# Test Summary Report
# -------------------
# t/003pod.t (Wstat: 256 Tests: 4 Failed: 1)
#   Failed test:  2
#   Non-zero exit status: 1
# Files=1, Tests=4,  0 wallclock secs ( 0.03 usr  0.00 sys +  0.08 cusr  0.00 csys =  0.11 CPU)
# Result: FAIL
# Looks like you failed 2 tests of 30.
t/mbk.t ......... 
Dubious, test returned 2 (wstat 512, 0x200)
Failed 2/30 subtests 

Test Summary Report
-------------------
t/003pod.t    (Wstat: 256 Tests: 7 Failed: 1)
  Failed test:  5
  Non-zero exit status: 1
t/mbk.t       (Wstat: 512 Tests: 30 Failed: 2)
  Failed tests:  17, 29
  Non-zero exit status: 2
Files=6, Tests=59,  8 wallclock secs ( 0.05 usr  0.01 sys +  6.55 cusr  0.74 csys =  7.35 CPU)
Result: FAIL
Failed 2/6 test programs. 3/59 subtests failed.

------------------------------
PREREQUISITES
------------------------------

Prerequisite modules loaded:

requires:

    Module                      Need   Have    
    --------------------------- ------ --------
    File::Find::Rule            0      0.33    
    Module::Build               0.2609 0.39_01 
    perl                        v5.8.1 5.016003
    Pod::Coverage::CountParents 0      0       
    Test::More                  0      1.001002
    Test::Pod                   0      1.48    
    YAML                        0      0.84    

build_requires:

    Module                      Need   Have    
    --------------------------- ------ --------
    IPC::Open3                  0      1.12    


------------------------------
ENVIRONMENT AND OTHER CONTEXT
------------------------------

Environment variables:

    AUTOMATED_TESTING = 1
    LANG = en_GB.UTF-8
    LC_ADDRESS = en_GB.UTF-8
    LC_COLLATE = en_GB.UTF-8
    LC_CTYPE = en_GB.UTF-8
    LC_IDENTIFICATION = en_GB.UTF-8
    LC_MEASUREMENT = en_GB.UTF-8
    LC_MESSAGES = en_GB.UTF-8
    LC_MONETARY = en_GB.UTF-8
    LC_NAME = en_GB.UTF-8
    LC_NUMERIC = en_GB.UTF-8
    LC_PAPER = en_GB.UTF-8
    LC_TELEPHONE = en_GB.UTF-8
    LC_TIME = en_GB.UTF-8
    PATH = /home/graham/perls/perl5.16.3-thread/bin:/home/graham/perls/perl5.16.3-thread/bin:/usr/local/sbin:/usr/local/bin:/usr/bin:/usr/bin/core_perl
    PERL5LIB = 
    PERL5OPT = 
    PERL5_CPANPLUS_IS_RUNNING = 28691
    PERL5_CPAN_IS_RUNNING = 28691
    PERL5_CPAN_IS_RUNNING_IN_RECURSION = 7910,28691
    PERL_CR_SMOKER_CURRENT = Module-Build-Kwalitee-0.24
    PERL_EXTUTILS_AUTOINSTALL = --defaultdeps
    PERL_MM_USE_DEFAULT = 1
    SHELL = /bin/bash
    TERM = xterm

Perl special variables (and OS-specific diagnostics, for MSWin32):

    $^X = /home/graham/perls/perl5.16.3-thread/bin/perl
    $UID/$EUID = 1000 / 1000
    $GID = 100 10 100
    $EGID = 100 10 100

Perl module toolchain versions installed:

    Module              Have    
    ------------------- --------
    CPAN                1.9402  
    CPAN::Meta          2.132830
    Cwd                 3.40    
    ExtUtils::CBuilder  0.280212
    ExtUtils::Command   1.18    
    ExtUtils::Install   1.58    
    ExtUtils::MakeMaker 6.83_02 
    ExtUtils::Manifest  1.63    
    ExtUtils::ParseXS   3.22    
    File::Spec          3.40    
    JSON                2.90    
    JSON::PP            2.27203 
    Module::Build       0.39_01 
    Module::Signature   n/a     
    Parse::CPAN::Meta   1.4409  
    Test::Harness       3.30    
    Test::More          1.001002
    YAML                0.84    
    YAML::Syck          1.27    
    version             0.9904  


--

Summary of my perl5 (revision 5 version 16 subversion 3) configuration:
   
  Platform:
    osname=linux, osvers=3.11.6-1-arch, archname=x86_64-linux-thread-multi
    uname='linux arch002 3.11.6-1-arch #1 smp preempt fri oct 18 23:22:36 cest 2013 x86_64 gnulinux '
    config_args=''
    hint=recommended, useposix=true, d_sigaction=define
    useithreads=define, usemultiplicity=define
    useperlio=define, d_sfio=undef, uselargefiles=define, usesocks=undef
    use64bitint=define, use64bitall=define, uselongdouble=undef
    usemymalloc=n, bincompat5005=undef
  Compiler:
    cc='cc', ccflags ='-D_REENTRANT -D_GNU_SOURCE -fno-strict-aliasing -pipe -fstack-protector -I/usr/local/include -D_LARGEFILE_SOURCE -D_FILE_OFFSET_BITS=64',
    optimize='-O2',
    cppflags='-D_REENTRANT -D_GNU_SOURCE -fno-strict-aliasing -pipe -fstack-protector -I/usr/local/include'
    ccversion='', gccversion='4.8.2', gccosandvers=''
    intsize=4, longsize=8, ptrsize=8, doublesize=8, byteorder=12345678
    d_longlong=define, longlongsize=8, d_longdbl=define, longdblsize=16
    ivtype='long', ivsize=8, nvtype='double', nvsize=8, Off_t='off_t', lseeksize=8
    alignbytes=8, prototype=define
  Linker and Libraries:
    ld='cc', ldflags =' -fstack-protector -L/usr/local/lib'
    libpth=/usr/local/lib /lib/../lib /usr/lib/../lib /lib /usr/lib /lib64 /usr/lib64
    libs=-lnsl -lgdbm -ldb -ldl -lm -lcrypt -lutil -lpthread -lc -lgdbm_compat
    perllibs=-lnsl -ldl -lm -lcrypt -lutil -lpthread -lc
    libc=/lib/libc-2.18.so, so=so, useshrplib=false, libperl=libperl.a
    gnulibc_version='2.18'
  Dynamic Linking:
    dlsrc=dl_dlopen.xs, dlext=so, d_dlsymun=undef, ccdlflags='-Wl,-E'
    cccdlflags='-fPIC', lddlflags='-shared -O2 -L/usr/local/lib -fstack-protector'


Characteristics of this binary (from libperl): 
  Compile-time options: HAS_TIMES MULTIPLICITY PERLIO_LAYERS
                        PERL_DONT_CREATE_GVSV PERL_IMPLICIT_CONTEXT
                        PERL_MALLOC_WRAP PERL_PRESERVE_IVUV USE_64_BIT_ALL
                        USE_64_BIT_INT USE_ITHREADS USE_LARGE_FILES
                        USE_LOCALE USE_LOCALE_COLLATE USE_LOCALE_CTYPE
                        USE_LOCALE_NUMERIC USE_PERLIO USE_PERL_ATOF
                        USE_REENTRANT_API
  Built under linux
  Compiled at Nov  3 2013 12:08:50
  %ENV:
    PERL5LIB=""
    PERL5OPT=""
    PERL5_CPANPLUS_IS_RUNNING="28691"
    PERL5_CPAN_IS_RUNNING="28691"
    PERL5_CPAN_IS_RUNNING_IN_RECURSION="7910,28691"
    PERL_CR_SMOKER_CURRENT="Module-Build-Kwalitee-0.24"
    PERL_EXTUTILS_AUTOINSTALL="--defaultdeps"
    PERL_MM_USE_DEFAULT="1"
  @INC:
    /home/graham/perls/perl5.16.3-thread/lib/site_perl/5.16.3/x86_64-linux-thread-multi
    /home/graham/perls/perl5.16.3-thread/lib/site_perl/5.16.3
    /home/graham/perls/perl5.16.3-thread/lib/5.16.3/x86_64-linux-thread-multi
    /home/graham/perls/perl5.16.3-thread/lib/5.16.3
    .