Git-LowLevel v0.4 Perl 5 v5.12.2 MSWin32-x86-multi-thread

Status
Fail
From
Alexandr Ciornii (CHORNY)
Dist
Git-LowLevel v0.4
Platform
Perl 5 v5.12.2 MSWin32-x86-multi-thread
Date
2018-10-29 13:20:58
ID
96568f29-6c05-1014-a88e-c1e91e9eb9bd
This distribution has been tested as part of the CPAN Testers
project, supporting the Perl programming language.  See
http://wiki.cpantesters.org/ for more information or email
questions to cpan-testers-discuss@perl.org


--
Dear Dominik Meyer,

This is a computer-generated report for Git-LowLevel-0.4
on perl 5.12.2, created by CPAN-Reporter-1.2018.

Thank you for uploading your work to CPAN.  However, there was a problem
testing your distribution.

If you think this report is invalid, please consult the CPAN Testers Wiki
for suggestions on how to avoid getting FAIL reports for missing library
or binary dependencies, unsupported operating systems, and so on:

http://wiki.cpantesters.org/wiki/CPANAuthorNotes

Sections of this report:

    * Tester comments
    * Program output
    * Prerequisites
    * Environment and other context

------------------------------
TESTER COMMENTS
------------------------------

Additional comments from tester:

this report is from an automated smoke testing program
and was not reviewed by a human for accuracy

------------------------------
PROGRAM OUTPUT
------------------------------

Output from 'C:\strawberry\c\bin\dmake.EXE test':

C:\strawberry\perl\bin\perl.exe "-MExtUtils::Command::MM" "-MTest::Harness" "-e" "undef *Test::Harness::Switches; test_harness(0, 'blib\lib', 'blib\arch')" t/*.t
t/00_git.t ........ ok
‘¨á⥬¥ ­¥ 㤠¥âáï ­ ©â¨ 㪠§ ­­ë© ¯ãâì.
Argument "" isn't numeric in numeric eq (==) at C:\strawberry\cpan\build\Git-LowLevel-0.4-0\blib\lib/Git/LowLevel.pm line 33.

#   Failed test 'using non git repository in Git::LowLevel->new'
#   at t/01_base.t line 16.
‘¨á⥬¥ ­¥ 㤠¥âáï ­ ©â¨ 㪠§ ­­ë© ¯ãâì.
‘¨á⥬¥ ­¥ 㤠¥âáï ­ ©â¨ 㪠§ ­­ë© ¯ãâì.
Argument "" isn't numeric in numeric eq (==) at C:\strawberry\cpan\build\Git-LowLevel-0.4-0\blib\lib/Git/LowLevel.pm line 33.
‘¨á⥬¥ ­¥ 㤠¥âáï ­ ©â¨ 㪠§ ­­ë© ¯ãâì.
Argument "" isn't numeric in numeric eq (==) at C:\strawberry\cpan\build\Git-LowLevel-0.4-0\blib\lib/Git/LowLevel.pm line 33.
fatal: Not a git repository: 'C:\DOCUME~1\c\LOCALS~1\Temp\E278kQlqvs'
fatal: Not a git repository: 'C:\DOCUME~1\c\LOCALS~1\Temp\E278kQlqvs'
‘¨á⥬¥ ­¥ 㤠¥âáï ­ ©â¨ 㪠§ ­­ë© ¯ãâì.
# Looks like you failed 1 test of 8.
t/01_base.t ....... 
Dubious, test returned 1 (wstat 256, 0x100)
Failed 1/8 subtests 
‘¨á⥬¥ ­¥ 㤠¥âáï ­ ©â¨ 㪠§ ­­ë© ¯ãâì.
‘¨á⥬¥ ­¥ 㤠¥âáï ­ ©â¨ 㪠§ ­­ë© ¯ãâì.
Argument "" isn't numeric in numeric eq (==) at C:\strawberry\cpan\build\Git-LowLevel-0.4-0\blib\lib/Git/LowLevel.pm line 33.
fatal: Not a git repository: 'C:\DOCUME~1\c\LOCALS~1\Temp\o0roT1j8GM'
‘¨á⥬¥ ­¥ 㤠¥âáï ­ ©â¨ 㪠§ ­­ë© ¯ãâì.
fatal: Not a git repository: 'C:\DOCUME~1\c\LOCALS~1\Temp\o0roT1j8GM'
fatal: Not a git repository: 'C:\DOCUME~1\c\LOCALS~1\Temp\o0roT1j8GM'
‘¨á⥬¥ ­¥ 㤠¥âáï ­ ©â¨ 㪠§ ­­ë© ¯ãâì.
‘¨á⥬¥ ­¥ 㤠¥âáï ­ ©â¨ 㪠§ ­­ë© ¯ãâì.
fatal: Not a git repository: 'C:\DOCUME~1\c\LOCALS~1\Temp\o0roT1j8GM'
‘¨á⥬¥ ­¥ 㤠¥âáï ­ ©â¨ 㪠§ ­­ë© ¯ãâì.
Argument "" isn't numeric in numeric eq (==) at C:\strawberry\cpan\build\Git-LowLevel-0.4-0\blib\lib/Git/LowLevel.pm line 33.
fatal: Not a git repository: 'C:\DOCUME~1\c\LOCALS~1\Temp\o0roT1j8GM'

#   Failed test 'creating/commiting worked(git version 1.9.4.msysgit.0)'
#   at t/02_blob.t line 46.
fatal: Not a git repository: 'C:\DOCUME~1\c\LOCALS~1\Temp\o0roT1j8GM'
‘¨á⥬¥ ­¥ 㤠¥âáï ­ ©â¨ 㪠§ ­­ë© ¯ãâì.

#   Failed test 'tree ist not empty after creating blob (git version 1.9.4.msysgit.0)'
#   at t/02_blob.t line 49.
fatal: Not a git repository: 'C:\DOCUME~1\c\LOCALS~1\Temp\o0roT1j8GM'

#   Failed test 'check correct content of blob (git version 1.9.4.msysgit.0)'
#   at t/02_blob.t line 55.
# Looks like you failed 3 tests of 12.
t/02_blob.t ....... 
Dubious, test returned 3 (wstat 768, 0x300)
Failed 3/12 subtests 
‘¨á⥬¥ ­¥ 㤠¥âáï ­ ©â¨ 㪠§ ­­ë© ¯ãâì.
‘¨á⥬¥ ­¥ 㤠¥âáï ­ ©â¨ 㪠§ ­­ë© ¯ãâì.
Argument "" isn't numeric in numeric eq (==) at C:\strawberry\cpan\build\Git-LowLevel-0.4-0\blib\lib/Git/LowLevel.pm line 33.
fatal: Not a git repository: 'C:\DOCUME~1\c\LOCALS~1\Temp\Jw5CvjM8uR'
‘¨á⥬¥ ­¥ 㤠¥âáï ­ ©â¨ 㪠§ ­­ë© ¯ãâì.
‘¨á⥬¥ ­¥ 㤠¥âáï ­ ©â¨ 㪠§ ­­ë© ¯ãâì.
fatal: Not a git repository: 'C:\DOCUME~1\c\LOCALS~1\Temp\Jw5CvjM8uR'
fatal: Not a git repository: 'C:\DOCUME~1\c\LOCALS~1\Temp\Jw5CvjM8uR'
‘¨á⥬¥ ­¥ 㤠¥âáï ­ ©â¨ 㪠§ ­­ë© ¯ãâì.
‘¨á⥬¥ ­¥ 㤠¥âáï ­ ©â¨ 㪠§ ­­ë© ¯ãâì.
‘¨á⥬¥ ­¥ 㤠¥âáï ­ ©â¨ 㪠§ ­­ë© ¯ãâì.
fatal: Not a git repository: 'C:\DOCUME~1\c\LOCALS~1\Temp\Jw5CvjM8uR'
‘¨á⥬¥ ­¥ 㤠¥âáï ­ ©â¨ 㪠§ ­­ë© ¯ãâì.
Argument "" isn't numeric in numeric eq (==) at C:\strawberry\cpan\build\Git-LowLevel-0.4-0\blib\lib/Git/LowLevel.pm line 33.
fatal: Not a git repository: 'C:\DOCUME~1\c\LOCALS~1\Temp\Jw5CvjM8uR'

#   Failed test 'creating/commiting worked'
#   at t/03_tree.t line 48.
fatal: Not a git repository: 'C:\DOCUME~1\c\LOCALS~1\Temp\Jw5CvjM8uR'
‘¨á⥬¥ ­¥ 㤠¥âáï ­ ©â¨ 㪠§ ­­ë© ¯ãâì.

#   Failed test 'tree ist not empty after creating tree'
#   at t/03_tree.t line 51.
fatal: Not a git repository: 'C:\DOCUME~1\c\LOCALS~1\Temp\Jw5CvjM8uR'

#   Failed test at t/03_tree.t line 63.
# Looks like you failed 3 tests of 16.
t/03_tree.t ....... 
Dubious, test returned 3 (wstat 768, 0x300)
Failed 3/16 subtests 
‘¨á⥬¥ ­¥ 㤠¥âáï ­ ©â¨ 㪠§ ­­ë© ¯ãâì.
‘¨á⥬¥ ­¥ 㤠¥âáï ­ ©â¨ 㪠§ ­­ë© ¯ãâì.
Argument "" isn't numeric in numeric eq (==) at C:\strawberry\cpan\build\Git-LowLevel-0.4-0\blib\lib/Git/LowLevel.pm line 33.
fatal: Not a git repository: 'C:\DOCUME~1\c\LOCALS~1\Temp\vjCWJR0VvE'
‘¨á⥬¥ ­¥ 㤠¥âáï ­ ©â¨ 㪠§ ­­ë© ¯ãâì.
fatal: Not a git repository: 'C:\DOCUME~1\c\LOCALS~1\Temp\vjCWJR0VvE'
fatal: Not a git repository: 'C:\DOCUME~1\c\LOCALS~1\Temp\vjCWJR0VvE'
‘¨á⥬¥ ­¥ 㤠¥âáï ­ ©â¨ 㪠§ ­­ë© ¯ãâì.
‘¨á⥬¥ ­¥ 㤠¥âáï ­ ©â¨ 㪠§ ­­ë© ¯ãâì.
fatal: Not a git repository: 'C:\DOCUME~1\c\LOCALS~1\Temp\vjCWJR0VvE'
‘¨á⥬¥ ­¥ 㤠¥âáï ­ ©â¨ 㪠§ ­­ë© ¯ãâì.
Argument "" isn't numeric in numeric eq (==) at C:\strawberry\cpan\build\Git-LowLevel-0.4-0\blib\lib/Git/LowLevel.pm line 33.
fatal: Not a git repository: 'C:\DOCUME~1\c\LOCALS~1\Temp\vjCWJR0VvE'
‘¨á⥬¥ ­¥ 㤠¥âáï ­ ©â¨ 㪠§ ­­ë© ¯ãâì.

#   Failed test 'find blob PbaPjOGO9DSY4B9NbbV4qXVAOilvo8vLYuDuhvDmKU5'
#   at t/04_extensive.t line 61.

#   Failed test 'checking for Git::LowLevel::Blob object'
#   at t/04_extensive.t line 62.
Can't call method "content" on an undefined value at t/04_extensive.t line 63.
# Tests were run but no plan was declared and done_testing() was not seen.
# Looks like your test exited with 1 just after 7.
t/04_extensive.t .. 
Dubious, test returned 1 (wstat 256, 0x100)
Failed 2/7 subtests 

Test Summary Report
-------------------
t/01_base.t     (Wstat: 256 Tests: 8 Failed: 1)
  Failed test:  5
  Non-zero exit status: 1
t/02_blob.t     (Wstat: 768 Tests: 12 Failed: 3)
  Failed tests:  9-10, 12
  Non-zero exit status: 3
t/03_tree.t     (Wstat: 768 Tests: 16 Failed: 3)
  Failed tests:  10-11, 16
  Non-zero exit status: 3
t/04_extensive.t (Wstat: 256 Tests: 7 Failed: 2)
  Failed tests:  6-7
  Non-zero exit status: 1
  Parse errors: No plan found in TAP output
Files=5, Tests=44,  5 wallclock secs ( 0.02 usr +  0.04 sys =  0.06 CPU)
Result: FAIL
Failed 4/5 test programs. 9/44 subtests failed.
dmake.EXE:  Error code 129, while making 'test_dynamic'

------------------------------
PREREQUISITES
------------------------------

Prerequisite modules loaded:

requires:

    Module              Need Have    
    ------------------- ---- --------
    File::Basename      0    2.78    
    Moose               0    2.1210  
    MooseX::Privacy     0    0.05    
    strict              0    1.04    
    warnings            0    1.09    

build_requires:

    Module              Need Have    
    ------------------- ---- --------
    ExtUtils::MakeMaker 0    6.98    
    File::Temp          0    0.2304  
    String::Random      0    0.26    
    Test::Exception     0    0.32    
    Test::More          0    1.001003

configure_requires:

    Module              Need Have    
    ------------------- ---- --------
    ExtUtils::MakeMaker 0    6.98    


------------------------------
ENVIRONMENT AND OTHER CONTEXT
------------------------------

Environment variables:

    AUTOMATED_TESTING = 1
    COMSPEC = C:\WINDOWS\system32\cmd.exe
    NUMBER_OF_PROCESSORS = 1
    PATH = c:\Windows\system32;c:\Windows\System32\Wbem;C:\Git\cmd;C:\strawberry\c\bin;C:\strawberry\perl\site\bin;C:\strawberry\perl\bin
    PERL5LIB = C:\strawberry\cpan\build\MooseX-Privacy-0.05-0/blib/arch;C:\strawberry\cpan\build\MooseX-Privacy-0.05-0/blib/lib;C:\strawberry\cpan\build\Config-GitLike-1.17-0/blib/arch;C:\strawberry\cpan\build\Config-GitLike-1.17-0/blib/lib
    PERL5OPT = 
    PERL5_CPANPLUS_IS_RUNNING = 228
    PERL5_CPAN_IS_RUNNING = 228
    PERL5_CPAN_IS_RUNNING_IN_RECURSION = 1724,228
    PERL_CR_SMOKER_CURRENT = App-Git-IssueManager-SyncJira-0.1
    PERL_CR_SMOKER_RUNONCE = 1
    PERL_EXTUTILS_AUTOINSTALL = --defaultdeps
    PERL_MM_USE_DEFAULT = 1
    PROCESSOR_IDENTIFIER = x86 Family 18 Model 1 Stepping 0, AuthenticAMD
    TEMP = C:\DOCUME~1\c\LOCALS~1\Temp
    TERM = dumb

Perl special variables (and OS-specific diagnostics, for MSWin32):

    $^X = C:\strawberry\perl\bin\perl.exe
    $UID/$EUID = 0 / 0
    $GID = 0
    $EGID = 0
    Win32::GetOSName = WinXP/.Net
    Win32::GetOSVersion = Service Pack 3, 5, 1, 2600, 2, 3, 0, 256, 1
    Win32::FsType = NTFS
    Win32::IsAdminUser = 1

Perl module toolchain versions installed:

    Module              Have    
    ------------------- --------
    CPAN                2.16    
    CPAN::Meta          2.141520
    Cwd                 3.47    
    ExtUtils::CBuilder  0.280216
    ExtUtils::Command   1.16    
    ExtUtils::Install   1.55    
    ExtUtils::MakeMaker 6.98    
    ExtUtils::Manifest  1.60    
    ExtUtils::ParseXS   3.24    
    File::Spec          3.47    
    JSON                2.90    
    JSON::PP            2.27203 
    Module::Build       0.4206  
    Module::Signature   0.66    
    Parse::CPAN::Meta   1.4414  
    Test::Harness       3.32    
    Test::More          1.001003
    YAML                0.98    
    YAML::Syck          1.27    
    version             0.9908  


--

Summary of my perl5 (revision 5 version 12 subversion 2) configuration:
   
  Platform:
    osname=MSWin32, osvers=5.1, archname=MSWin32-x86-multi-thread
    uname='Win32 strawberryperl 5.12.2.0 #1 Fri Nov  5 05:17:27 2010 i386'
    config_args='undef'
    hint=recommended, useposix=true, d_sigaction=undef
    useithreads=define, usemultiplicity=define
    useperlio=define, d_sfio=undef, uselargefiles=define, usesocks=undef
    use64bitint=undef, use64bitall=undef, uselongdouble=undef
    usemymalloc=n, bincompat5005=undef
  Compiler:
    cc='gcc', ccflags =' -s -O2 -DWIN32 -DHAVE_DES_FCRYPT  -DUSE_SITECUSTOMIZE -DPERL_IMPLICIT_CONTEXT -DPERL_IMPLICIT_SYS -fno-strict-aliasing -mms-bitfields -DPERL_MSVCRT_READFIX',
    optimize='-s -O2',
    cppflags='-DWIN32'
    ccversion='', gccversion='4.4.3', gccosandvers=''
    intsize=4, longsize=4, ptrsize=4, doublesize=8, byteorder=1234
    d_longlong=undef, longlongsize=8, d_longdbl=define, longdblsize=12
    ivtype='long', ivsize=4, nvtype='double', nvsize=8, Off_t='long long', lseeksize=8
    alignbytes=8, prototype=define
  Linker and Libraries:
    ld='g++', ldflags ='-s -L"C:\strawberry\perl\lib\CORE" -L"C:\strawberry\c\lib"'
    libpth=C:\strawberry\c\lib C:\strawberry\c\i686-w64-mingw32\lib
    libs=-lmoldname -lkernel32 -luser32 -lgdi32 -lwinspool -lcomdlg32 -ladvapi32 -lshell32 -lole32 -loleaut32 -lnetapi32 -luuid -lws2_32 -lmpr -lwinmm -lversion -lodbc32 -lodbccp32 -lcomctl32
    perllibs=-lmoldname -lkernel32 -luser32 -lgdi32 -lwinspool -lcomdlg32 -ladvapi32 -lshell32 -lole32 -loleaut32 -lnetapi32 -luuid -lws2_32 -lmpr -lwinmm -lversion -lodbc32 -lodbccp32 -lcomctl32
    libc=, so=dll, useshrplib=true, libperl=libperl512.a
    gnulibc_version=''
  Dynamic Linking:
    dlsrc=dl_win32.xs, dlext=dll, d_dlsymun=undef, ccdlflags=' '
    cccdlflags=' ', lddlflags='-mdll -s -L"C:\strawberry\perl\lib\CORE" -L"C:\strawberry\c\lib"'


Characteristics of this binary (from libperl): 
  Compile-time options: MULTIPLICITY PERL_DONT_CREATE_GVSV
                        PERL_IMPLICIT_CONTEXT PERL_IMPLICIT_SYS
                        PERL_MALLOC_WRAP PL_OP_SLAB_ALLOC USE_ITHREADS
                        USE_LARGE_FILES USE_PERLIO USE_PERL_ATOF
                        USE_SITECUSTOMIZE
  Built under MSWin32
  Compiled at Nov  5 2010 08:39:08
  %ENV:
    PERL5LIB="C:\strawberry\cpan\build\MooseX-Privacy-0.05-0/blib/arch;C:\strawberry\cpan\build\MooseX-Privacy-0.05-0/blib/lib;C:\strawberry\cpan\build\Config-GitLike-1.17-0/blib/arch;C:\strawberry\cpan\build\Config-GitLike-1.17-0/blib/lib"
    PERL5_CPANPLUS_IS_RUNNING="228"
    PERL5_CPAN_IS_RUNNING="228"
    PERL5_CPAN_IS_RUNNING_IN_RECURSION="1724,228"
    PERL_CR_SMOKER_CURRENT="App-Git-IssueManager-SyncJira-0.1"
    PERL_CR_SMOKER_RUNONCE="1"
    PERL_EXTUTILS_AUTOINSTALL="--defaultdeps"
    PERL_MM_USE_DEFAULT="1"
  @INC:
    C:\strawberry\cpan\build\MooseX-Privacy-0.05-0/blib/arch
    C:\strawberry\cpan\build\MooseX-Privacy-0.05-0/blib/lib
    C:\strawberry\cpan\build\Config-GitLike-1.17-0/blib/arch
    C:\strawberry\cpan\build\Config-GitLike-1.17-0/blib/lib
    C:/strawberry/perl/site/lib
    C:/strawberry/perl/vendor/lib
    C:/strawberry/perl/lib
    .