Back
From: metabase:user:a0e144f2-373b-11e6-8edd-c6848980b093
Subject: FAIL AWS-S3-0.040 v5.25.6 GNU/Linux
Date: 2016-11-09T06:56:06Z
This distribution has been tested as part of the CPAN Testers
project, supporting the Perl programming language. See
http://wiki.cpantesters.org/ for more information or email
questions to cpan-testers-discuss@perl.org
--
Dear John Drago,
This is a computer-generated report for AWS-S3-0.040
on perl 5.25.6, created by CPAN-Reporter-1.2018.
Thank you for uploading your work to CPAN. However, there was a problem
testing your distribution.
If you think this report is invalid, please consult the CPAN Testers Wiki
for suggestions on how to avoid getting FAIL reports for missing library
or binary dependencies, unsupported operating systems, and so on:
http://wiki.cpantesters.org/wiki/CPANAuthorNotes
Sections of this report:
* Tester comments
* Program output
* Prerequisites
* Environment and other context
------------------------------
TESTER COMMENTS
------------------------------
Additional comments from tester:
this report is from an automated smoke testing program
and was not reviewed by a human for accuracy
------------------------------
PROGRAM OUTPUT
------------------------------
Output from '/usr/bin/make test':
PERL_DL_NONLAZY=1 "/home/cpan3/install/bin/perl" "-MExtUtils::Command::MM" "-MTest::Harness" "-e" "undef *Test::Harness::Switches; test_harness(0, 'inc', 'blib/lib', 'blib/arch')" t/*.t t/010-basic/*.t
$ENV{AWS_ACCESS_KEY_ID} && $ENV{AWS_SECRET_ACCESS_KEY} must both be defined to run these tests.
t/010-basic/010-basic.t .. ok
Can't locate AWS/S3/Request/GetPreSignedUrl.pm in @INC (you may need to install the AWS::S3::Request::GetPreSignedUrl module) (@INC contains: /home/cpan3/.cpan/build/AWS-S3-0.040-0/inc /home/cpan3/.cpan/build/AWS-S3-0.040-0/blib/lib /home/cpan3/.cpan/build/AWS-S3-0.040-0/blib/arch /home/cpan3/.cpan/build/AWS-S3-0.040-0/inc /home/cpan3/.cpan/build/AWS-S3-0.040-0/blib/lib /home/cpan3/.cpan/build/AWS-S3-0.040-0/blib/arch /home/cpan3/.cpan/build/AWS-S3-0.040-0/inc /home/cpan3/.cpan/build/AWS-S3-0.040-0/blib/lib /home/cpan3/.cpan/build/AWS-S3-0.040-0/blib/arch /home/cpan3/install/lib/perl5/site_perl/5.25.6/x86_64-linux-thread-multi /home/cpan3/install/lib/perl5/site_perl/5.25.6 /home/cpan3/install/lib/perl5/5.25.6/x86_64-linux-thread-multi /home/cpan3/install/lib/perl5/5.25.6 .) at t/040_file.t line 73.
at /home/cpan3/.cpan/build/AWS-S3-0.040-0/blib/lib/AWS/S3.pm line 44.
AWS::S3::request(AWS::S3=HASH(0x1614fe8), "GetPreSignedUrl", "bucket", "maibucket", "key", "040_file.t", "expires", 1406712744) called at /home/cpan3/.cpan/build/AWS-S3-0.040-0/blib/lib/AWS/S3/File.pm line 167
AWS::S3::File::signed_url(AWS::S3::File=HASH(0x3635010), 1406712744) called at t/040_file.t line 73
# Tests were run but no plan was declared and done_testing() was not seen.
# Looks like your test exited with 2 just after 18.
t/040_file.t .............
Dubious, test returned 2 (wstat 512, 0x200)
All 18 subtests passed
# Failed test 'endpoint was used'
# at t/020_endpoint.t line 26.
# 'CreateBucket call had errors: [Server closed connection without sending any data back at /home/cpan3/install/lib/perl5/site_perl/5.25.6/Net/HTTP/Methods.pm line 399.
# ] Server closed connection without sending any data back at /home/cpan3/install/lib/perl5/site_perl/5.25.6/Net/HTTP/Methods.pm line 399.
# at /home/cpan3/.cpan/build/AWS-S3-0.040-0/blib/lib/AWS/S3.pm line 98.
# AWS::S3::add_bucket(AWS::S3=HASH(0x14ce490), "name", "aws-s3-test-528118-1478093276-foo", "location", "us-west-1") called at t/020_endpoint.t line 23
# eval {...} called at t/020_endpoint.t line 22
# '
# doesn't match '(?^:Can't connect to aws-s3-test-.*?bad\.hostname)'
# Looks like you failed 1 test of 2.
t/020_endpoint.t .........
Dubious, test returned 1 (wstat 256, 0x100)
Failed 1/2 subtests
Test Summary Report
-------------------
t/040_file.t (Wstat: 512 Tests: 18 Failed: 0)
Non-zero exit status: 2
Parse errors: No plan found in TAP output
t/020_endpoint.t (Wstat: 256 Tests: 2 Failed: 1)
Failed test: 2
Non-zero exit status: 1
Files=3, Tests=21, 20 wallclock secs ( 0.02 usr 0.00 sys + 2.25 cusr 0.05 csys = 2.32 CPU)
Result: FAIL
Failed 2/3 test programs. 1/21 subtests failed.
Makefile:813: recipe for target 'test_dynamic' failed
make: *** [test_dynamic] Error 1
------------------------------
PREREQUISITES
------------------------------
Prerequisite modules loaded:
requires:
Module Need Have
-------------------------- ---- --------
Carp 0 1.38
Class::Load 0 0.23
Digest::HMAC_SHA1 0 1.03
ExtUtils::MakeMaker 7.24 7.24
HTTP::Date 0 6.02
Iterator::Paged 0 1.001
LWP::UserAgent::Determined 0 1.07
MIME::Base64 0 3.15
Moose 2.0 2.1902
MooseX::Types 0 0.46
MooseX::Types::URI 0 0.08
Test::Deep 0 1.123
Test::More 0 1.302062
URI::Escape 0 3.31
XML::LibXML 0 2.0128
XML::LibXML::XPathContext 0 2.0128
build_requires:
Module Need Have
-------------------------- ---- --------
ExtUtils::MakeMaker 0 7.24
------------------------------
ENVIRONMENT AND OTHER CONTEXT
------------------------------
Environment variables:
AUTOMATED_TESTING = 1
HARNESS_OPTIONS = j3
LANG = en_US.UTF-8
PATH = /usr/local/bin:/usr/bin:/bin:/usr/local/games:/usr/games
PERL5LIB =
PERL5OPT =
PERL5_CPANPLUS_IS_RUNNING = 29098
PERL5_CPAN_IS_RUNNING = 29098
PERL5_CPAN_IS_RUNNING_IN_RECURSION = 7970,29098
PERLBREW_BASHRC_VERSION = 0.76
PERLBREW_HOME = /home/dcollins/.perlbrew
PERLBREW_ROOT = /home/dcollins/toolchain/perl5
PERL_CR_SMOKER_CURRENT = AWS-S3-0.040
PERL_CR_SMOKER_RUNONCE = 1
PERL_EXTUTILS_AUTOINSTALL = --defaultdeps
PERL_MM_USE_DEFAULT = 1
SHELL = /bin/bash
TERM = putty
Perl special variables (and OS-specific diagnostics, for MSWin32):
$^X = /home/cpan3/install/bin/perl
$UID/$EUID = 1004 / 1004
$GID = 1004 1004
$EGID = 1004 1004
Perl module toolchain versions installed:
Module Have
------------------- --------
CPAN 2.14
CPAN::Meta 2.150010
Cwd 3.62
ExtUtils::CBuilder 0.280224
ExtUtils::Command 7.24
ExtUtils::Install 2.04
ExtUtils::MakeMaker 7.24
ExtUtils::Manifest 1.70
ExtUtils::ParseXS 3.30
File::Spec 3.62
JSON 2.90
JSON::PP 2.27400
Module::Build 0.4220
Module::Signature 0.81
Parse::CPAN::Meta 2.150010
Test::Harness 3.36
Test::More 1.302062
YAML 1.18
YAML::Syck 1.29
version 0.9917
--
Summary of my perl5 (revision 5 version 25 subversion 6) configuration:
Commit id: 11a12be6c2df2fcd9601f9fde8c7df8c7538c956
Platform:
osname=linux
osvers=3.16.0-4-amd64
archname=x86_64-linux-thread-multi
uname='linux digitalis 3.16.0-4-amd64 #1 smp debian 3.16.36-1+deb8u1 (2016-09-03) x86_64 gnulinux '
config_args='-Dusedevel -DDEBUGGING -Dusethreads -Dprefix=/home/cpan3/install -Uversiononly -des'
hint=recommended
useposix=true
d_sigaction=define
useithreads=define
usemultiplicity=define
use64bitint=define
use64bitall=define
uselongdouble=undef
usemymalloc=n
bincompat5005=undef
Compiler:
cc='cc'
ccflags ='-D_REENTRANT -D_GNU_SOURCE -fwrapv -DDEBUGGING -fno-strict-aliasing -pipe -fstack-protector-strong -I/usr/local/include -D_LARGEFILE_SOURCE -D_FILE_OFFSET_BITS=64 -D_FORTIFY_SOURCE=2'
optimize='-O2 -g'
cppflags='-D_REENTRANT -D_GNU_SOURCE -fwrapv -DDEBUGGING -fno-strict-aliasing -pipe -fstack-protector-strong -I/usr/local/include'
ccversion=''
gccversion='4.9.2'
gccosandvers=''
intsize=4
longsize=8
ptrsize=8
doublesize=8
byteorder=12345678
doublekind=3
d_longlong=define
longlongsize=8
d_longdbl=define
longdblsize=16
longdblkind=3
ivtype='long'
ivsize=8
nvtype='double'
nvsize=8
Off_t='off_t'
lseeksize=8
alignbytes=8
prototype=define
Linker and Libraries:
ld='cc'
ldflags =' -fstack-protector-strong -L/usr/local/lib'
libpth=/usr/local/lib /usr/lib/gcc/x86_64-linux-gnu/4.9/include-fixed /usr/include/x86_64-linux-gnu /usr/lib /lib/x86_64-linux-gnu /lib/../lib /usr/lib/x86_64-linux-gnu /usr/lib/../lib /lib
libs=-lpthread -lnsl -ldl -lm -lcrypt -lutil -lc
perllibs=-lpthread -lnsl -ldl -lm -lcrypt -lutil -lc
libc=libc-2.19.so
so=so
useshrplib=false
libperl=libperl.a
gnulibc_version='2.19'
Dynamic Linking:
dlsrc=dl_dlopen.xs
dlext=so
d_dlsymun=undef
ccdlflags='-Wl,-E'
cccdlflags='-fPIC'
lddlflags='-shared -O2 -g -L/usr/local/lib -fstack-protector-strong'
Characteristics of this binary (from libperl):
Compile-time options:
DEBUGGING
HAS_TIMES
MULTIPLICITY
PERLIO_LAYERS
PERL_COPY_ON_WRITE
PERL_DONT_CREATE_GVSV
PERL_HASH_FUNC_ONE_AT_A_TIME_HARD
PERL_IMPLICIT_CONTEXT
PERL_MALLOC_WRAP
PERL_OP_PARENT
PERL_PRESERVE_IVUV
PERL_TRACK_MEMPOOL
PERL_USE_DEVEL
USE_64_BIT_ALL
USE_64_BIT_INT
USE_ITHREADS
USE_LARGE_FILES
USE_LOCALE
USE_LOCALE_COLLATE
USE_LOCALE_CTYPE
USE_LOCALE_NUMERIC
USE_LOCALE_TIME
USE_PERLIO
USE_PERL_ATOF
USE_REENTRANT_API
Built under linux
Compiled at Oct 30 2016 10:43:21
%ENV:
PERL5LIB=""
PERL5OPT=""
PERL5_CPANPLUS_IS_RUNNING="29098"
PERL5_CPAN_IS_RUNNING="29098"
PERL5_CPAN_IS_RUNNING_IN_RECURSION="7970,29098"
PERLBREW_BASHRC_VERSION="0.76"
PERLBREW_HOME="/home/dcollins/.perlbrew"
PERLBREW_ROOT="/home/dcollins/toolchain/perl5"
PERL_CR_SMOKER_CURRENT="AWS-S3-0.040"
PERL_CR_SMOKER_RUNONCE="1"
PERL_EXTUTILS_AUTOINSTALL="--defaultdeps"
PERL_MM_USE_DEFAULT="1"
@INC:
/home/cpan3/install/lib/perl5/site_perl/5.25.6/x86_64-linux-thread-multi
/home/cpan3/install/lib/perl5/site_perl/5.25.6
/home/cpan3/install/lib/perl5/5.25.6/x86_64-linux-thread-multi
/home/cpan3/install/lib/perl5/5.25.6
.