Perl-Critic-Policy-PreferredModules v0.004 Perl 5 v5.42.0 RC2 x86_64-linux
- Status
- Fail
- From
- Slaven Rezić
- Dist
-
Perl-Critic-Policy-PreferredModules v0.004
- Platform
- Perl 5 v5.42.0 RC2 x86_64-linux
- Date
- 2025-07-03 05:21:35
- ID
- 96a3525c-57cd-11f0-a6db-4e406e8775ea
This distribution has been tested as part of the CPAN Testers
project, supporting the Perl programming language. See
http://wiki.cpantesters.org/ for more information or email
questions to cpan-testers-discuss@perl.org
--
Dear icolas .,
This is a computer-generated report for Perl-Critic-Policy-PreferredModules-0.004
on perl 5.42.0, created by CPAN-Reporter-1.2020.
Thank you for uploading your work to CPAN. However, there was a problem
testing your distribution.
If you think this report is invalid, please consult the CPAN Testers Wiki
for suggestions on how to avoid getting FAIL reports for missing library
or binary dependencies, unsupported operating systems, and so on:
http://wiki.cpantesters.org/wiki/CPANAuthorNotes
Sections of this report:
* Tester comments
* Program output
* Prerequisites
* Environment and other context
------------------------------
TESTER COMMENTS
------------------------------
Additional comments from tester:
none provided
------------------------------
PROGRAM OUTPUT
------------------------------
Output from '/usr/bin/make test':
PERL_DL_NONLAZY=1 "/opt/perl-5.42.0-RC2/bin/perl" "-MExtUtils::Command::MM" "-MTest::Harness" "-e" "undef *Test::Harness::Switches; test_harness(0, 'blib/lib', 'blib/arch')" t/*.t
t/00-load.t ............ ok
#
# Versions for all modules listed in MYMETA.json (including optional ones):
#
# === Configure Requires ===
#
# Module Want Have
# ------------------- ---- ----
# ExtUtils::MakeMaker any 7.76
#
# === Build Requires ===
#
# Module Want Have
# ------------------- ---- ----
# ExtUtils::MakeMaker any 7.76
#
# === Test Requires ===
#
# Module Want Have
# ------------------------- ---- --------
# ExtUtils::MakeMaker any 7.76
# File::Spec any 3.94
# File::Temp any 0.2311
# Test2::Bundle::Extended any 1.302214
# Test2::Plugin::NoWarnings any 0.10
# Test2::Tools::Explain any 0.02
# Test::MockFile any 0.037
# Test::More any 1.302214
#
# === Test Recommends ===
#
# Module Want Have
# ---------- -------- --------
# CPAN::Meta 2.120900 2.150010
#
# === Runtime Requires ===
#
# Module Want Have
# ----------------------------------------------- ---- -----
# Config::INI::Reader any 0.029
# Perl::Critic any 1.156
# Perl::Critic::Exception::AggregateConfiguration any 1.156
# Perl::Critic::Exception::Configuration::Generic any 1.156
# Perl::Critic::Policy any 1.156
# Perl::Critic::Utils any 1.156
#
# === Runtime Recommends ===
#
# Module Want Have
# ----------------- ---- ----
# Module::Pluggable 5.2 6.3
#
t/00-report-prereqs.t .. ok
Exception::Fatal::Generic: A general problem was found.
Can't load Policies from namespace "Perl::Critic::Policy": Use of stat to access unmocked file or directory '/home/cpansand/.cpan/build/2025070206/Perl-Critic-Policy-PreferredModules-0.004-0/blib/lib/Perl/Critic/Policy' in strict mode at /opt/perl-5.42.0-RC2/lib/site_perl/5.42.0/Module/Pluggable/Object.pm line 215 at /opt/perl-5.42.0-RC2/lib/site_perl/5.42.0/Module/Pluggable/Object.pm line 215.
Module::Pluggable::Object::search_paths(Module::Pluggable::Object=HASH(0x55d5cf71a3d0), "/home/cpansand/.cpan/build/2025070206/Perl-Critic-Policy-Pref"...) called at /opt/perl-5.42.0-RC2/lib/site_perl/5.42.0/Module/Pluggable/Object.pm line 195
Module::Pluggable::Object::search_directories(Module::Pluggable::Object=HASH(0x55d5cf71a3d0), "/home/cpansand/.cpan/build/2025070206/Perl-Critic-Policy-Pref"..., "/home/cpansand/.cpan/build/2025070206/Perl-Critic-Policy-Pref"..., "/opt/perl-5.42.0-RC2/lib/site_perl/5.42.0/x86_64-linux", "/opt/perl-5.42.0-RC2/lib/site_perl/5.42.0", "/opt/perl-5.42.0-RC2/lib/5.42.0/x86_64-linux", "/opt/perl-5.42.0-RC2/lib/5.42.0", ".") called at /opt/perl-5.42.0-RC2/lib/site_perl/5.42.0/Module/Pluggable/Object.pm line 91
Module::Pluggable::Object::plugins(Module::Pluggable::Object=HASH(0x55d5cf71a3d0)) called at /opt/perl-5.42.0-RC2/lib/site_perl/5.42.0/Module/Pluggable.pm line 31
Module::Pluggable::__ANON__() called at /opt/perl-5.42.0-RC2/lib/site_perl/5.42.0/Perl/Critic/PolicyFactory.pm line 54
eval {...} called at /opt/perl-5.42.0-RC2/lib/site_perl/5.42.0/Perl/Critic/PolicyFactory.pm line 50
Perl::Critic::PolicyFactory::import("Perl::Critic::PolicyFactory") called at /opt/perl-5.42.0-RC2/lib/site_perl/5.42.0/Perl/Critic/Config.pm line 17
Perl::Critic::Config::BEGIN() called at /opt/perl-5.42.0-RC2/lib/site_perl/5.42.0/Perl/Critic/Config.pm line 17
eval {...} called at /opt/perl-5.42.0-RC2/lib/site_perl/5.42.0/Perl/Critic/Config.pm line 17
require Perl/Critic/Config.pm called at /opt/perl-5.42.0-RC2/lib/site_perl/5.42.0/Perl/Critic.pm line 15
Perl::Critic::BEGIN() called at /opt/perl-5.42.0-RC2/lib/site_perl/5.42.0/Perl/Critic.pm line 15
eval {...} called at /opt/perl-5.42.0-RC2/lib/site_perl/5.42.0/Perl/Critic.pm line 15
require Perl/Critic.pm called at t/check-policy.t line 13
main::BEGIN() called at t/check-policy.t line 13
eval {...} called at t/check-policy.t line 13
Wed Jul 2 06:46:46 2025
Trace begun at /opt/perl-5.42.0-RC2/lib/site_perl/5.42.0/Perl/Critic/PolicyFactory.pm line 59
Perl::Critic::PolicyFactory::import('Perl::Critic::PolicyFactory') called at /opt/perl-5.42.0-RC2/lib/site_perl/5.42.0/Perl/Critic/Config.pm line 17
Perl::Critic::Config::BEGIN at /opt/perl-5.42.0-RC2/lib/site_perl/5.42.0/Perl/Critic/Config.pm line 17
eval {...} at /opt/perl-5.42.0-RC2/lib/site_perl/5.42.0/Perl/Critic/Config.pm line 17
require Perl/Critic/Config.pm at /opt/perl-5.42.0-RC2/lib/site_perl/5.42.0/Perl/Critic.pm line 15
Perl::Critic::BEGIN at /opt/perl-5.42.0-RC2/lib/site_perl/5.42.0/Perl/Critic.pm line 15
eval {...} at /opt/perl-5.42.0-RC2/lib/site_perl/5.42.0/Perl/Critic.pm line 15
require Perl/Critic.pm at t/check-policy.t line 13
main::BEGIN at t/check-policy.t line 13
eval {...} at t/check-policy.t line 13
BEGIN failed--compilation aborted at /opt/perl-5.42.0-RC2/lib/site_perl/5.42.0/Perl/Critic/Config.pm line 17.
Compilation failed in require at /opt/perl-5.42.0-RC2/lib/site_perl/5.42.0/Perl/Critic.pm line 15.
BEGIN failed--compilation aborted at /opt/perl-5.42.0-RC2/lib/site_perl/5.42.0/Perl/Critic.pm line 15.
Compilation failed in require at t/check-policy.t line 13.
BEGIN failed--compilation aborted at t/check-policy.t line 13.
t/check-policy.t .......
Dubious, test returned 255 (wstat 65280, 0xff00)
No subtests run
Test Summary Report
-------------------
t/check-policy.t (Wstat: 65280 (exited 255) Tests: 0 Failed: 0)
Non-zero exit status: 255
Parse errors: No plan found in TAP output
Files=3, Tests=5, 1 wallclock secs ( 0.03 usr 0.01 sys + 0.53 cusr 0.09 csys = 0.66 CPU)
Result: FAIL
Failed 1/3 test programs. 0/5 subtests failed.
make: *** [Makefile:879: test_dynamic] Fehler 255
------------------------------
PREREQUISITES
------------------------------
Prerequisite modules loaded:
requires:
Module Need Have
----------------------------------------------- ----- --------
Config::INI::Reader 0 0.029
perl 5.010 5.042000
Perl::Critic 0 1.156
Perl::Critic::Exception::AggregateConfiguration 0 1.156
Perl::Critic::Exception::Configuration::Generic 0 1.156
Perl::Critic::Policy 0 1.156
Perl::Critic::Utils 0 1.156
build_requires:
Module Need Have
----------------------------------------------- ----- --------
ExtUtils::MakeMaker 0 7.76
File::Spec 0 3.94
File::Temp 0 0.2311
Test2::Bundle::Extended 0 1.302214
Test2::Plugin::NoWarnings 0 0.10
Test2::Tools::Explain 0 0.02
Test::MockFile 0 0.037
Test::More 0 1.302214
configure_requires:
Module Need Have
----------------------------------------------- ----- --------
ExtUtils::MakeMaker 0 7.76
------------------------------
ENVIRONMENT AND OTHER CONTEXT
------------------------------
Environment variables:
LANG = C
LC_ALL = de_DE.UTF-8
PATH = /usr/local/bin:/usr/bin:/bin:/usr/local/sbin:/usr/sbin:/sbin:/home/cpansand/bin/linux-gnu:/home/cpansand/bin/sh:/home/cpansand/bin:/usr/games:/home/cpansand/devel:/home/eserte/src/srezic-misc/scripts
PERL5LIB =
PERL5OPT =
PERL5_CPANPLUS_IS_RUNNING = 2079704
PERL5_CPAN_IS_RUNNING = 2079704
PERL5_CPAN_IS_RUNNING_IN_RECURSION = 3905053,2079704
PERLDOC = -MPod::Perldoc::ToTextOverstrike
PERL_BATCH = yes
PERL_CANARY_STABILITY_NOPROMPT = 1
PERL_CPAN_REPORTER_CONFIG = /var/tmp/cpansmoker-1023/2025063020/cpanreporter_001_config.ini
PERL_EXTUTILS_AUTOINSTALL = --defaultdeps
PERL_PARALLEL_SMOKER = yes
PERL_USE_UNSAFE_INC = 1
SHELL = /usr/bin/zsh
TERM = screen
TMPDIR = /var/tmp/cpansmoker-1023/2025063020
Perl special variables (and OS-specific diagnostics, for MSWin32):
$^X = /opt/perl-5.42.0-RC2/bin/perl
$UID/$EUID = 1023 / 1023
$GID = 1023 1023
$EGID = 1023 1023
Perl module toolchain versions installed:
Module Have
------------------- --------
CPAN 2.38
CPAN::Meta 2.150010
Cwd 3.94
ExtUtils::CBuilder 0.280242
ExtUtils::Command 7.76
ExtUtils::Install 2.22
ExtUtils::MakeMaker 7.76
ExtUtils::Manifest 1.75
ExtUtils::ParseXS 3.57
File::Spec 3.94
JSON 4.10
JSON::PP 4.16
Module::Build 0.4234
Module::Signature n/a
Parse::CPAN::Meta 2.150010
Test2 1.302214
Test::Harness 3.52
Test::More 1.302214
YAML 1.31
YAML::Syck 1.34
version 0.9933
--
Summary of my perl5 (revision 5 version 42 subversion 0) configuration:
Platform:
osname=linux
osvers=6.1.0-37-amd64
archname=x86_64-linux
uname='linux cloud5.bbbike.org 6.1.0-37-amd64 #1 smp preempt_dynamic debian 6.1.140-1 (2025-05-22) x86_64 gnulinux '
config_args='-ds -e -Dprefix=/opt/perl-5.42.0-RC2 -Uinstallusrbinperl -Dcf_email=srezic@cpan.org'
hint=recommended
useposix=true
d_sigaction=define
useithreads=undef
usemultiplicity=undef
use64bitint=define
use64bitall=define
uselongdouble=undef
usemymalloc=n
default_inc_excludes_dot=define
Compiler:
cc='cc'
ccflags ='-fwrapv -fno-strict-aliasing -pipe -fstack-protector-strong -I/usr/local/include -D_LARGEFILE_SOURCE -D_FILE_OFFSET_BITS=64 -D_FORTIFY_SOURCE=2'
optimize='-O2'
cppflags='-fwrapv -fno-strict-aliasing -pipe -fstack-protector-strong -I/usr/local/include'
ccversion=''
gccversion='12.2.0'
gccosandvers=''
intsize=4
longsize=8
ptrsize=8
doublesize=8
byteorder=12345678
doublekind=3
d_longlong=define
longlongsize=8
d_longdbl=define
longdblsize=16
longdblkind=3
ivtype='long'
ivsize=8
nvtype='double'
nvsize=8
Off_t='off_t'
lseeksize=8
alignbytes=8
prototype=define
Linker and Libraries:
ld='cc'
ldflags =' -fstack-protector-strong -L/usr/local/lib'
libpth=/usr/local/lib /usr/lib/x86_64-linux-gnu /usr/lib /usr/lib64
libs=-lpthread -lgdbm -ldb -ldl -lm -lcrypt -lutil -lc
perllibs=-lpthread -ldl -lm -lcrypt -lutil -lc
libc=/lib/x86_64-linux-gnu/libc.so.6
so=so
useshrplib=false
libperl=libperl.a
gnulibc_version='2.36'
Dynamic Linking:
dlsrc=dl_dlopen.xs
dlext=so
d_dlsymun=undef
ccdlflags='-Wl,-E'
cccdlflags='-fPIC'
lddlflags='-shared -O2 -L/usr/local/lib -fstack-protector-strong'
Characteristics of this binary (from libperl):
Compile-time options:
HAS_LONG_DOUBLE
HAS_STRTOLD
HAS_TIMES
PERLIO_LAYERS
PERL_COPY_ON_WRITE
PERL_DONT_CREATE_GVSV
PERL_HASH_FUNC_SIPHASH13
PERL_HASH_USE_SBOX32
PERL_MALLOC_WRAP
PERL_OP_PARENT
PERL_PRESERVE_IVUV
PERL_USE_SAFE_PUTENV
USE_64_BIT_ALL
USE_64_BIT_INT
USE_LARGE_FILES
USE_LOCALE
USE_LOCALE_COLLATE
USE_LOCALE_CTYPE
USE_LOCALE_NUMERIC
USE_LOCALE_TIME
USE_PERLIO
USE_PERL_ATOF
Locally applied patches:
RC2
Built under linux
Compiled at Jun 28 2025 11:24:33
%ENV:
PERL5LIB=""
PERL5OPT=""
PERL5_CPANPLUS_IS_RUNNING="2079704"
PERL5_CPAN_IS_RUNNING="2079704"
PERL5_CPAN_IS_RUNNING_IN_RECURSION="3905053,2079704"
PERLDOC="-MPod::Perldoc::ToTextOverstrike"
PERL_BATCH="yes"
PERL_CANARY_STABILITY_NOPROMPT="1"
PERL_CPAN_REPORTER_CONFIG="/var/tmp/cpansmoker-1023/2025063020/cpanreporter_001_config.ini"
PERL_EXTUTILS_AUTOINSTALL="--defaultdeps"
PERL_PARALLEL_SMOKER="yes"
PERL_USE_UNSAFE_INC="1"
@INC:
/opt/perl-5.42.0-RC2/lib/site_perl/5.42.0/x86_64-linux
/opt/perl-5.42.0-RC2/lib/site_perl/5.42.0
/opt/perl-5.42.0-RC2/lib/5.42.0/x86_64-linux
/opt/perl-5.42.0-RC2/lib/5.42.0
.