CodeGen-Cpppp v0.001_02 Perl 5 v5.24.2 x86_64-linux-thread-multi

Status
Fail
From
Chris Williams (BINGOS)
Dist
CodeGen-Cpppp v0.001_02
Platform
Perl 5 v5.24.2 x86_64-linux-thread-multi
Date
2023-09-16 21:25:41
ID
96b5171c-54d7-11ee-98b0-b3c3213a625c
This distribution has been tested as part of the CPAN Testers
project, supporting the Perl programming language.  See
http://wiki.cpantesters.org/ for more information or email
questions to cpan-testers-discuss@perl.org


--

Dear NERDVANA,

This is a computer-generated error report created automatically by
CPANPLUS, version 0.9914. Testers personal comments may appear
at the end of this report.


Thank you for uploading your work to CPAN.  However, it appears that
there were some problems testing your distribution.

TEST RESULTS:

Below is the error stack from stage 'make test':

PERL_DL_NONLAZY=1 "/home/cpan/pit/thr/perl-5.24.2/bin/perl" "-MExtUtils::Command::MM" "-MTest::Harness" "-e" "undef *Test::Harness::Switches; test_harness(0, 'blib/lib', 'blib/arch')" t/*.t
Use of bare << to mean <<"" is deprecated at t/10-parse-code-block.t line 10.
"my" variable $cpppp masks earlier declaration in same scope at t/10-parse-code-block.t line 38.
"my" variable $parsed masks earlier declaration in same statement at t/10-parse-code-block.t line 39.
"my" variable $_ masks earlier declaration in same statement at t/10-parse-code-block.t line 39.
"my" variable $_ masks earlier declaration in same statement at t/10-parse-code-block.t line 39.
"my" variable $parsed masks earlier declaration in same statement at t/10-parse-code-block.t line 40.
Global symbol "$foo" requires explicit package name (did you forget to declare "my $foo"?) at t/10-parse-code-block.t line 11.
Global symbol "$el_t" requires explicit package name (did you forget to declare "my $el_t"?) at t/10-parse-code-block.t line 25.
syntax error at t/10-parse-code-block.t line 10, near "<<~"
Global symbol "@tests" requires explicit package name (did you forget to declare "my @tests"?) at t/10-parse-code-block.t line 37.
syntax error at t/10-parse-code-block.t line 41, near "}"
Missing right curly or square bracket at t/10-parse-code-block.t line 43, at end of line
Execution of t/10-parse-code-block.t aborted due to compilation errors.
t/10-parse-code-block.t .. 
Dubious, test returned 255 (wstat 65280, 0xff00)
No subtests run 
Use of bare << to mean <<"" is deprecated at t/20-translate-cpppp.t line 10.
Possible unintended interpolation of @expr_subs in string at t/20-translate-cpppp.t line 29.
Possible unintended interpolation of @expr_subs in string at t/20-translate-cpppp.t line 43.
Global symbol "$x" requires explicit package name (did you forget to declare "my $x"?) at t/20-translate-cpppp.t line 12.
Global symbol "$x" requires explicit package name (did you forget to declare "my $x"?) at t/20-translate-cpppp.t line 13.
Global symbol "$x" requires explicit package name (did you forget to declare "my $x"?) at t/20-translate-cpppp.t line 18.
Global symbol "$x" requires explicit package name (did you forget to declare "my $x"?) at t/20-translate-cpppp.t line 19.
Global symbol "$self" requires explicit package name (did you forget to declare "my $self"?) at t/20-translate-cpppp.t line 29.
Global symbol "@expr_subs" requires explicit package name (did you forget to declare "my @expr_subs"?) at t/20-translate-cpppp.t line 29.
Global symbol "$self" requires explicit package name (did you forget to declare "my $self"?) at t/20-translate-cpppp.t line 30.
Global symbol "$self" requires explicit package name (did you forget to declare "my $self"?) at t/20-translate-cpppp.t line 43.
Global symbol "@expr_subs" requires explicit package name (did you forget to declare "my @expr_subs"?) at t/20-translate-cpppp.t line 43.
Global symbol "@expr_subs" requires explicit package name (did you forget to declare "my @expr_subs"?) at t/20-translate-cpppp.t line 44.
Global symbol "$self" requires explicit package name (did you forget to declare "my $self"?) at t/20-translate-cpppp.t line 44.
Global symbol "@expr_subs" requires explicit package name (did you forget to declare "my @expr_subs"?) at t/20-translate-cpppp.t line 48.
Global symbol "$self" requires explicit package name (did you forget to declare "my $self"?) at t/20-translate-cpppp.t line 48.
Global symbol "$self" requires explicit package name (did you forget to declare "my $self"?) at t/20-translate-cpppp.t line 52.
syntax error at t/20-translate-cpppp.t line 10, near "<<~"
t/20-translate-cpppp.t has too many errors.
t/20-translate-cpppp.t ... 
Dubious, test returned 2 (wstat 512, 0x200)
No subtests run 
Use of bare << to mean <<"" is deprecated at t/30-render.t line 10.
"my" variable @tests masks earlier declaration in same statement at t/30-render.t line 39.
"my" variable $cpppp masks earlier declaration in same scope at t/30-render.t line 40.
"my" variable $t masks earlier declaration in same statement at t/30-render.t line 40.
"my" variable $t masks earlier declaration in same statement at t/30-render.t line 40.
"my" variable $t masks earlier declaration in same statement at t/30-render.t line 40.
"my" variable $c masks earlier declaration in same statement at t/30-render.t line 41.
"my" variable $t masks earlier declaration in same statement at t/30-render.t line 41.
"my" variable $t masks earlier declaration in same statement at t/30-render.t line 41.
"my" variable $c masks earlier declaration in same statement at t/30-render.t line 42.
Global symbol "$bits" requires explicit package name (did you forget to declare "my $bits"?) at t/30-render.t line 11.
Global symbol "$bits" requires explicit package name (did you forget to declare "my $bits"?) at t/30-render.t line 11.
Global symbol "$bits" requires explicit package name (did you forget to declare "my $bits"?) at t/30-render.t line 11.
Global symbol "$bits" requires explicit package name (did you forget to declare "my $bits"?) at t/30-render.t line 12.
Global symbol "$bits" requires explicit package name (did you forget to declare "my $bits"?) at t/30-render.t line 13.
Global symbol "$bits" requires explicit package name (did you forget to declare "my $bits"?) at t/30-render.t line 13.
Global symbol "$bits" requires explicit package name (did you forget to declare "my $bits"?) at t/30-render.t line 15.
syntax error at t/30-render.t line 10, near "<<~"
Can't redeclare "my" in "my" at t/30-render.t line 40, near ""
syntax error at t/30-render.t line 43, near "}"
t/30-render.t has too many errors.
t/30-render.t ............ 
Dubious, test returned 2 (wstat 512, 0x200)
No subtests run 

Test Summary Report
-------------------
t/10-parse-code-block.t (Wstat: 65280 (exited 255) Tests: 0 Failed: 0)
  Non-zero exit status: 255
  Parse errors: No plan found in TAP output
t/20-translate-cpppp.t (Wstat: 512 (exited 2) Tests: 0 Failed: 0)
  Non-zero exit status: 2
  Parse errors: No plan found in TAP output
t/30-render.t          (Wstat: 512 (exited 2) Tests: 0 Failed: 0)
  Non-zero exit status: 2
  Parse errors: No plan found in TAP output
Files=3, Tests=0,  0 wallclock secs ( 0.02 usr  0.00 sys +  0.31 cusr  0.08 csys =  0.41 CPU)
Result: FAIL
Failed 3/3 test programs. 0/0 subtests failed.
make: *** [Makefile:881: test_dynamic] Error 2


PREREQUISITES:

Here is a list of prerequisites you specified and versions we
managed to load:

	  Module Name                        Have     Want
	  Carp                               1.40        0
	  Data::Printer                  1.001001        0
	  ExtUtils::MakeMaker                7.70        0
	  Getopt::Long                       2.48        0
	  Test2::Suite                   0.000156 0.000139
	  Test2::V0                      0.000156        0
	  autouse                            1.11        0
	  strict                             1.11        0
	  warnings                           1.36        0

Perl module toolchain versions installed:
	Module Name                        Have
	CPANPLUS                         0.9914
	CPANPLUS::Dist::Build              0.90
	Cwd                                3.75
	ExtUtils::CBuilder             0.280236
	ExtUtils::Command                  7.70
	ExtUtils::Install                  2.22
	ExtUtils::MakeMaker                7.70
	ExtUtils::Manifest                 1.75
	ExtUtils::ParseXS                  3.44
	File::Spec                         3.75
	Module::Build                    0.4234
	Pod::Parser                        1.63
	Pod::Simple                        3.32
	Test2                          1.302195
	Test::Harness                      3.44
	Test::More                     1.302195
	version                          0.9929

******************************** NOTE ********************************
The comments above are created mechanically, possibly without manual
checking by the sender.  As there are many people performing automatic
tests on each upload to CPAN, it is likely that you will receive
identical messages about the same problem.

If you believe that the message is mistaken, please reply to the first
one with correction and/or additional informations, and do not take
it personally.  We appreciate your patience. :)
**********************************************************************

Additional comments:


This report was machine-generated by CPANPLUS::Dist::YACSmoke 1.08.
Powered by minismokebox version 0.68

CPANPLUS is prefering Build.PL

------------------------------
ENVIRONMENT AND OTHER CONTEXT
------------------------------

Environment variables:

    AUTOMATED_TESTING = 1
    LANG = C.UTF-8
    LC_COLLATE = C
    NONINTERACTIVE_TESTING = 1
    PATH = /home/cpan/pit/thr/conf/perl-5.24.2/.cpanplus/5.24.2/build/06BmJPnUOO/CodeGen-Cpppp-0.001_02/blib/script:/usr/local/sbin:/usr/local/bin:/usr/sbin:/usr/bin:/sbin:/bin
    PERL5LIB = /home/cpan/pit/jail/EPNgV7O8p2/lib/perl5:/home/cpan/pit/thr/conf/perl-5.24.2/.cpanplus/5.24.2/build/06BmJPnUOO/CodeGen-Cpppp-0.001_02/blib/lib:/home/cpan/pit/thr/conf/perl-5.24.2/.cpanplus/5.24.2/build/06BmJPnUOO/CodeGen-Cpppp-0.001_02/blib/arch
    PERL5_CPANPLUS_IS_RUNNING = 11085
    PERL5_CPANPLUS_IS_VERSION = 0.9914
    PERL5_MINISMOKEBOX = 0.68
    PERL5_YACSMOKE_BASE = /home/cpan/pit/thr/conf/perl-5.24.2
    PERL_EXTUTILS_AUTOINSTALL = --defaultdeps
    PERL_LOCAL_LIB_ROOT = /home/cpan/pit/jail/EPNgV7O8p2
    PERL_MB_OPT = --install_base "/home/cpan/pit/jail/EPNgV7O8p2"
    PERL_MM_OPT = INSTALL_BASE=/home/cpan/pit/jail/EPNgV7O8p2
    PERL_MM_USE_DEFAULT = 1
    SHELL = /bin/bash
    TERM = screen

Perl special variables (and OS-specific diagnostics, for MSWin32):

    Perl: $^X = /home/cpan/pit/thr/perl-5.24.2/bin/perl
    UID:  $<  = 1001
    EUID: $>  = 1001
    GID:  $(  = 1001 1001
    EGID: $)  = 1001 1001


-------------------------------


--

Summary of my perl5 (revision 5 version 24 subversion 2) configuration:
   
  Platform:
    osname=linux, osvers=5.10.16-0-lts, archname=x86_64-linux-thread-multi
    uname='linux agaric 5.10.16-0-lts #1-alpine smp wed, 17 feb 2021 08:17:06 utc x86_64 linux '
    config_args='-des -Dprefix=/home/cpan/pit/thr/perl-5.24.2 -Dusethreads'
    hint=recommended, useposix=true, d_sigaction=define
    useithreads=define, usemultiplicity=define
    use64bitint=define, use64bitall=define, uselongdouble=undef
    usemymalloc=n, bincompat5005=undef
  Compiler:
    cc='cc', ccflags ='-D_REENTRANT -D_GNU_SOURCE -D_GNU_SOURCE -fwrapv -fno-strict-aliasing -pipe -fstack-protector-strong -D_LARGEFILE_SOURCE -D_FILE_OFFSET_BITS=64',
    optimize='-O2',
    cppflags='-D_REENTRANT -D_GNU_SOURCE -D_GNU_SOURCE -fwrapv -fno-strict-aliasing -pipe -fstack-protector-strong'
    ccversion='', gccversion='10.2.1 20201203', gccosandvers=''
    intsize=4, longsize=8, ptrsize=8, doublesize=8, byteorder=12345678, doublekind=3
    d_longlong=define, longlongsize=8, d_longdbl=define, longdblsize=16, longdblkind=3
    ivtype='long', ivsize=8, nvtype='double', nvsize=8, Off_t='off_t', lseeksize=8
    alignbytes=8, prototype=define
  Linker and Libraries:
    ld='cc', ldflags =' -fstack-protector-strong -L/usr/local/lib'
    libpth=/usr/include/fortify /usr/lib /usr/local/lib /lib/../lib /usr/lib/../lib /lib
    libs=-lpthread -lgdbm -ldl -lm -lcrypt -lutil -lc -lgdbm_compat
    perllibs=-lpthread -ldl -lm -lcrypt -lutil -lc
    libc=/usr/lib/libc.a, so=so, useshrplib=false, libperl=libperl.a
    gnulibc_version=''
  Dynamic Linking:
    dlsrc=dl_dlopen.xs, dlext=so, d_dlsymun=undef, ccdlflags='-Wl,-E'
    cccdlflags='-fPIC', lddlflags='-shared -O2 -L/usr/local/lib -fstack-protector-strong'


Characteristics of this binary (from libperl): 
  Compile-time options: HAS_TIMES MULTIPLICITY PERLIO_LAYERS
                        PERL_COPY_ON_WRITE PERL_DONT_CREATE_GVSV
                        PERL_HASH_FUNC_ONE_AT_A_TIME_HARD
                        PERL_IMPLICIT_CONTEXT PERL_MALLOC_WRAP
                        PERL_PRESERVE_IVUV USE_64_BIT_ALL USE_64_BIT_INT
                        USE_ITHREADS USE_LARGE_FILES USE_LOCALE
                        USE_LOCALE_COLLATE USE_LOCALE_CTYPE
                        USE_LOCALE_NUMERIC USE_LOCALE_TIME USE_PERLIO
                        USE_PERL_ATOF USE_REENTRANT_API
  Locally applied patches:
	Devel::PatchPerl 2.08
  Built under linux
  Compiled at Mar 12 2021 23:19:14
  %ENV:
    PERL5LIB="/home/cpan/pit/jail/EPNgV7O8p2/lib/perl5:/home/cpan/pit/thr/conf/perl-5.24.2/.cpanplus/5.24.2/build/06BmJPnUOO/CodeGen-Cpppp-0.001_02/blib/lib:/home/cpan/pit/thr/conf/perl-5.24.2/.cpanplus/5.24.2/build/06BmJPnUOO/CodeGen-Cpppp-0.001_02/blib/arch"
    PERL5_CPANPLUS_IS_RUNNING="11085"
    PERL5_CPANPLUS_IS_VERSION="0.9914"
    PERL5_MINISMOKEBOX="0.68"
    PERL5_YACSMOKE_BASE="/home/cpan/pit/thr/conf/perl-5.24.2"
    PERL_EXTUTILS_AUTOINSTALL="--defaultdeps"
    PERL_LOCAL_LIB_ROOT="/home/cpan/pit/jail/EPNgV7O8p2"
    PERL_MB_OPT="--install_base "/home/cpan/pit/jail/EPNgV7O8p2""
    PERL_MM_OPT="INSTALL_BASE=/home/cpan/pit/jail/EPNgV7O8p2"
    PERL_MM_USE_DEFAULT="1"
  @INC:
    /home/cpan/pit/jail/EPNgV7O8p2/lib/perl5/5.24.2/x86_64-linux-thread-multi
    /home/cpan/pit/jail/EPNgV7O8p2/lib/perl5/5.24.2
    /home/cpan/pit/jail/EPNgV7O8p2/lib/perl5/x86_64-linux-thread-multi
    /home/cpan/pit/jail/EPNgV7O8p2/lib/perl5
    /home/cpan/pit/thr/conf/perl-5.24.2/.cpanplus/5.24.2/build/06BmJPnUOO/CodeGen-Cpppp-0.001_02/blib/lib
    /home/cpan/pit/thr/conf/perl-5.24.2/.cpanplus/5.24.2/build/06BmJPnUOO/CodeGen-Cpppp-0.001_02/blib/arch
    /home/cpan/pit/thr/perl-5.24.2/lib/site_perl/5.24.2/x86_64-linux-thread-multi
    /home/cpan/pit/thr/perl-5.24.2/lib/site_perl/5.24.2
    /home/cpan/pit/thr/perl-5.24.2/lib/5.24.2/x86_64-linux-thread-multi
    /home/cpan/pit/thr/perl-5.24.2/lib/5.24.2
    .