Back
From: metabase:user:314402c4-2aae-11df-837a-5e0a49663a4f
Subject: FAIL Time-Format-1.12 v5.20.2 GNU/Linux
Date: 2015-05-14T20:05:38Z
This distribution has been tested as part of the CPAN Testers
project, supporting the Perl programming language. See
http://wiki.cpantesters.org/ for more information or email
questions to cpan-testers-discuss@perl.org
--
Dear Eric J. Roode,
This is a computer-generated report for Time-Format-1.12
on perl 5.20.2, created by CPAN-Reporter-1.2014.
Thank you for uploading your work to CPAN. However, there was a problem
testing your distribution.
If you think this report is invalid, please consult the CPAN Testers Wiki
for suggestions on how to avoid getting FAIL reports for missing library
or binary dependencies, unsupported operating systems, and so on:
http://wiki.cpantesters.org/wiki/CPANAuthorNotes
Sections of this report:
* Tester comments
* Program output
* Prerequisites
* Environment and other context
------------------------------
TESTER COMMENTS
------------------------------
Additional comments from tester:
none provided
------------------------------
PROGRAM OUTPUT
------------------------------
Output from './Build test':
t/0-signature.t .. ok
t/1-load.t ....... ok
t/DateManip.t .... ok
t/DateTime.t ..... ok
t/die.t .......... ok
Can't locate package Date::Manip::Obj for @Date::Manip::TZ::ISA at /opt/perl-5.20.2/lib/site_perl/5.20.2/Date/Manip/TZ.pm line 1391, <DATA> line 1.
Can't locate package Date::Manip::TZ_Base for @Date::Manip::TZ::ISA at /opt/perl-5.20.2/lib/site_perl/5.20.2/Date/Manip/TZ.pm line 1391, <DATA> line 1.
Can't locate package Date::Manip::Obj for @Date::Manip::TZ::ISA at /opt/perl-5.20.2/lib/site_perl/5.20.2/Date/Manip/TZ.pm line 1391, <DATA> line 1.
Can't locate package Date::Manip::TZ_Base for @Date::Manip::TZ::ISA at /opt/perl-5.20.2/lib/site_perl/5.20.2/Date/Manip/TZ.pm line 1391, <DATA> line 1.
Can't locate object method "_now" via package "Date::Manip::TZ" at /opt/perl-5.20.2/lib/site_perl/5.20.2/Date/Manip/TZ.pm line 1391, <DATA> line 1.
# Looks like you planned 26 tests but ran 23.
# Looks like your test exited with 255 just after 23.
t/doc.t ..........
Dubious, test returned 255 (wstat 65280, 0xff00)
Failed 3/26 subtests
t/epoch.t ........ ok
t/export1.t ...... ok
t/export2.t ...... ok
t/export3.t ...... ok
Can't locate package Date::Manip::Obj for @Date::Manip::TZ::ISA at /opt/perl-5.20.2/lib/site_perl/5.20.2/Date/Manip/Date.pm line 1998, <DATA> line 1.
Can't locate package Date::Manip::TZ_Base for @Date::Manip::TZ::ISA at /opt/perl-5.20.2/lib/site_perl/5.20.2/Date/Manip/Date.pm line 1998, <DATA> line 1.
Can't locate package Date::Manip::Obj for @Date::Manip::TZ::ISA at /opt/perl-5.20.2/lib/site_perl/5.20.2/Date/Manip/Date.pm line 1998, <DATA> line 1.
Can't locate package Date::Manip::TZ_Base for @Date::Manip::TZ::ISA at /opt/perl-5.20.2/lib/site_perl/5.20.2/Date/Manip/Date.pm line 1998, <DATA> line 1.
Can't locate object method "_fix_year" via package "Date::Manip::TZ" at /opt/perl-5.20.2/lib/site_perl/5.20.2/Date/Manip/Date.pm line 1998, <DATA> line 1.
# Looks like you planned 18 tests but ran 12.
# Looks like your test exited with 255 just after 12.
t/funcs.t ........
Dubious, test returned 255 (wstat 65280, 0xff00)
Failed 6/18 subtests
t/locale.t ....... ok
Can't locate package Date::Manip::Obj for @Date::Manip::TZ::ISA at /opt/perl-5.20.2/lib/site_perl/5.20.2/Date/Manip/Date.pm line 1998.
Can't locate package Date::Manip::TZ_Base for @Date::Manip::TZ::ISA at /opt/perl-5.20.2/lib/site_perl/5.20.2/Date/Manip/Date.pm line 1998.
Can't locate package Date::Manip::Obj for @Date::Manip::TZ::ISA at /opt/perl-5.20.2/lib/site_perl/5.20.2/Date/Manip/Date.pm line 1998.
Can't locate package Date::Manip::TZ_Base for @Date::Manip::TZ::ISA at /opt/perl-5.20.2/lib/site_perl/5.20.2/Date/Manip/Date.pm line 1998.
Can't locate object method "_fix_year" via package "Date::Manip::TZ" at /opt/perl-5.20.2/lib/site_perl/5.20.2/Date/Manip/Date.pm line 1998.
# Looks like you planned 6 tests but ran 1.
# Looks like your test exited with 255 just after 1.
t/manip.t ........
Dubious, test returned 255 (wstat 65280, 0xff00)
Failed 5/6 subtests
t/msec.t ......... ok
t/past.t ......... ok
t/quot.t ......... ok
t/strftime.t ..... ok
t/string.t ....... ok
t/time.t ......... ok
t/xs_DateTime.t .. ok
t/xs_doc.t ....... ok
t/xs_funcs.t ..... ok
t/xs_locale.t .... ok
t/xs_quot.t ...... ok
t/xs_time.t ...... ok
Test Summary Report
-------------------
t/doc.t (Wstat: 65280 Tests: 23 Failed: 0)
Non-zero exit status: 255
Parse errors: Bad plan. You planned 26 tests but ran 23.
t/funcs.t (Wstat: 65280 Tests: 12 Failed: 0)
Non-zero exit status: 255
Parse errors: Bad plan. You planned 18 tests but ran 12.
t/manip.t (Wstat: 65280 Tests: 1 Failed: 0)
Non-zero exit status: 255
Parse errors: Bad plan. You planned 6 tests but ran 1.
Files=25, Tests=459, 7 wallclock secs ( 0.23 usr 0.34 sys + 1.92 cusr 1.02 csys = 3.51 CPU)
Result: FAIL
Failed 3/25 test programs. 0/459 subtests failed.
------------------------------
PREREQUISITES
------------------------------
Prerequisite modules loaded:
requires:
Module Need Have
------------- ---- --------
Time::Local 1.07 1.2300
build_requires:
Module Need Have
------------- ---- --------
Test::Simple 0.40 1.001014
configure_requires:
Module Need Have
------------- ---- --------
Module::Build 0.4 0.4211
------------------------------
ENVIRONMENT AND OTHER CONTEXT
------------------------------
Environment variables:
DBIC_NO_WARN_BAD_PERL = 1
LANG = C
PATH = /usr/local/bin:/usr/bin:/bin:/usr/local/sbin:/usr/sbin:/sbin:/home/eserte/bin/linux-gnu:/home/eserte/bin/sh:/home/eserte/bin:/usr/games:/home/eserte/devel:/home/eserte/src/srezic-misc/scripts
PERL5LIB =
PERL5OPT =
PERL5_CPANPLUS_IS_RUNNING = 18327
PERL5_CPAN_IS_RUNNING = 18327
PERL5_CPAN_IS_RUNNING_IN_RECURSION = 17002,18327
PERLDOC = -MPod::Perldoc::ToTextOverstrike
PERL_BATCH = yes
PERL_CPAN_REPORTER_CONFIG = /var/tmp/cpansmoker-1001/cpanreporter_063_config.ini
PERL_EXTUTILS_AUTOINSTALL = --defaultdeps
PERL_HTML_DISPLAY_CLASS = HTML::Display::Mozilla
SHELL = /bin/zsh
TERM = screen
TMPDIR = /var/tmp/cpansmoker-1001
Perl special variables (and OS-specific diagnostics, for MSWin32):
$^X = /bbbike/perl-5.20.2/bin/perl
$UID/$EUID = 1001 / 1001
$GID = 1001 109 1001
$EGID = 1001 109 1001
Perl module toolchain versions installed:
Module Have
------------------- --------
CPAN 2.05
CPAN::Meta 2.150001
Cwd 3.48_01
ExtUtils::CBuilder 0.280217
ExtUtils::Command 1.18
ExtUtils::Install 1.67
ExtUtils::MakeMaker 7.04
ExtUtils::Manifest 1.70
ExtUtils::ParseXS 3.24
File::Spec 3.48_01
JSON 2.90
JSON::PP 2.27203
Module::Build 0.4211
Module::Signature 0.73
Parse::CPAN::Meta 1.4414
Test::Harness 3.30
Test::More 1.001014
YAML 1.14
YAML::Syck 1.29
version 0.9912
--
Summary of my perl5 (revision 5 version 20 subversion 2) configuration:
Platform:
osname=linux, osvers=3.2.0-4-amd64, archname=x86_64-linux
uname='linux eserte 3.2.0-4-amd64 #1 smp debian 3.2.65-1+deb7u1 x86_64 gnulinux '
config_args='-ds -e -Dprefix=/opt/perl-5.20.2'
hint=recommended, useposix=true, d_sigaction=define
useithreads=undef, usemultiplicity=undef
use64bitint=define, use64bitall=define, uselongdouble=undef
usemymalloc=n, bincompat5005=undef
Compiler:
cc='cc', ccflags ='-fwrapv -fno-strict-aliasing -pipe -fstack-protector -I/usr/local/include -D_LARGEFILE_SOURCE -D_FILE_OFFSET_BITS=64',
optimize='-O2',
cppflags='-fwrapv -fno-strict-aliasing -pipe -fstack-protector -I/usr/local/include'
ccversion='', gccversion='4.7.2', gccosandvers=''
intsize=4, longsize=8, ptrsize=8, doublesize=8, byteorder=12345678
d_longlong=define, longlongsize=8, d_longdbl=define, longdblsize=16
ivtype='long', ivsize=8, nvtype='double', nvsize=8, Off_t='off_t', lseeksize=8
alignbytes=8, prototype=define
Linker and Libraries:
ld='cc', ldflags =' -fstack-protector -L/usr/local/lib'
libpth=/usr/local/lib /usr/lib/gcc/x86_64-linux-gnu/4.7/include-fixed /usr/include/x86_64-linux-gnu /usr/lib /lib/x86_64-linux-gnu /lib/../lib /usr/lib/x86_64-linux-gnu /usr/lib/../lib /lib
libs=-lnsl -ldb -ldl -lm -lcrypt -lutil -lc
perllibs=-lnsl -ldl -lm -lcrypt -lutil -lc
libc=libc-2.13.so, so=so, useshrplib=false, libperl=libperl.a
gnulibc_version='2.13'
Dynamic Linking:
dlsrc=dl_dlopen.xs, dlext=so, d_dlsymun=undef, ccdlflags='-Wl,-E'
cccdlflags='-fPIC', lddlflags='-shared -O2 -L/usr/local/lib -fstack-protector'
Characteristics of this binary (from libperl):
Compile-time options: HAS_TIMES PERLIO_LAYERS PERL_DONT_CREATE_GVSV
PERL_HASH_FUNC_ONE_AT_A_TIME_HARD PERL_MALLOC_WRAP
PERL_NEW_COPY_ON_WRITE PERL_PRESERVE_IVUV
USE_64_BIT_ALL USE_64_BIT_INT USE_LARGE_FILES
USE_LOCALE USE_LOCALE_COLLATE USE_LOCALE_CTYPE
USE_LOCALE_NUMERIC USE_PERLIO USE_PERL_ATOF
Built under linux
Compiled at Feb 14 2015 18:42:05
%ENV:
PERL5LIB=""
PERL5OPT=""
PERL5_CPANPLUS_IS_RUNNING="18327"
PERL5_CPAN_IS_RUNNING="18327"
PERL5_CPAN_IS_RUNNING_IN_RECURSION="17002,18327"
PERLDOC="-MPod::Perldoc::ToTextOverstrike"
PERL_BATCH="yes"
PERL_CPAN_REPORTER_CONFIG="/var/tmp/cpansmoker-1001/cpanreporter_063_config.ini"
PERL_EXTUTILS_AUTOINSTALL="--defaultdeps"
PERL_HTML_DISPLAY_CLASS="HTML::Display::Mozilla"
@INC:
/opt/perl-5.20.2/lib/site_perl/5.20.2/x86_64-linux
/opt/perl-5.20.2/lib/site_perl/5.20.2
/opt/perl-5.20.2/lib/5.20.2/x86_64-linux
/opt/perl-5.20.2/lib/5.20.2
.