WWW-Splunk v2.09 Perl 5 v5.41.4 x86_64-linux

Status
Fail
From
Slaven Rezić
Dist
WWW-Splunk v2.09
Platform
Perl 5 v5.41.4 x86_64-linux
Date
2024-10-01 06:44:22
ID
976a4582-7fc0-11ef-a635-63326e8775ea
This distribution has been tested as part of the CPAN Testers
project, supporting the Perl programming language.  See
http://wiki.cpantesters.org/ for more information or email
questions to cpan-testers-discuss@perl.org


--
Dear Michal Josef Spacek,

This is a computer-generated report for WWW-Splunk-2.09
on perl 5.41.4, created by CPAN-Reporter-1.2020.

Thank you for uploading your work to CPAN.  However, there was a problem
testing your distribution.

If you think this report is invalid, please consult the CPAN Testers Wiki
for suggestions on how to avoid getting FAIL reports for missing library
or binary dependencies, unsupported operating systems, and so on:

http://wiki.cpantesters.org/wiki/CPANAuthorNotes

Sections of this report:

    * Tester comments
    * Program output
    * Prerequisites
    * Environment and other context

------------------------------
TESTER COMMENTS
------------------------------

Additional comments from tester:

none provided

------------------------------
PROGRAM OUTPUT
------------------------------

Output from './Build test':

t/WWW-Splunk-API/01-use.t ............ ok
t/WWW-Splunk-API/02-version.t ........ ok
t/WWW-Splunk-XMLParser/01-use.t ...... ok
t/WWW-Splunk-XMLParser/02-version.t .. ok
t/WWW-Splunk-XMLParser/03-parse.t .... ok

#   Failed test 'no warnings'
#   at /opt/perl-5.41.4/lib/site_perl/5.41.4/Test/Builder.pm line 193.
# There were 2 warning(s)
#     Previous test 0 ''
#     Possible precedence problem between ! and string eq at /opt/perl-5.41.4/lib/site_perl/5.41.4/Date/Manip/Date.pm line 2695.
#  at /opt/perl-5.41.4/lib/site_perl/5.41.4/Date/Manip/Date.pm line 2695.
# 	require Date/Manip/Date.pm called at /opt/perl-5.41.4/lib/site_perl/5.41.4/Date/Manip/DM6.pm line 62
# 	Date::Manip::DM6::BEGIN() called at /opt/perl-5.41.4/lib/site_perl/5.41.4/Date/Manip/DM6.pm line 62
# 	eval {...} called at /opt/perl-5.41.4/lib/site_perl/5.41.4/Date/Manip/DM6.pm line 62
# 	require Date/Manip/DM6.pm called at (eval 12) line 1
# 	eval 'require Date::Manip::DM6; Date::Manip::DM6->import(); return \'loaded\';' called at /opt/perl-5.41.4/lib/site_perl/5.41.4/Date/Manip.pm line 33
# 	require Date/Manip.pm called at /home/cpansand/.cpan/build/2024093022/WWW-Splunk-2.09-0/blib/lib/WWW/Splunk.pm line 43
# 	WWW::Splunk::BEGIN() called at /home/cpansand/.cpan/build/2024093022/WWW-Splunk-2.09-0/blib/lib/WWW/Splunk.pm line 43
# 	eval {...} called at /home/cpansand/.cpan/build/2024093022/WWW-Splunk-2.09-0/blib/lib/WWW/Splunk.pm line 43
# 	require WWW/Splunk.pm called at t/WWW-Splunk/01-use.t line 10
# 	main::BEGIN() called at t/WWW-Splunk/01-use.t line 10
# 	eval {...} called at t/WWW-Splunk/01-use.t line 10
# 	eval 'package main;
# BEGIN { ${^WARNING_BITS} = $args[-1] if defined $args[-1] }
# #line 10 t/WWW-Splunk/01-use.t
# use WWW::Splunk @{$args[0]};
# 1;
# ' called at /opt/perl-5.41.4/lib/site_perl/5.41.4/Test/More.pm line 1056
# 	Test::More::_eval("package main;\x{a}BEGIN { \${^WARNING_BITS} = \$args[-1] if defined"..., ARRAY(0x55e34eebdea0), "UUUUUUUUUUUUUUUUUUUU") called at /opt/perl-5.41.4/lib/site_perl/5.41.4/Test/More.pm line 1031
# 	Test::More::use_ok("WWW::Splunk") called at t/WWW-Splunk/01-use.t line 10
# 	main::BEGIN() called at t/WWW-Splunk/01-use.t line 11
# 	eval {...} called at t/WWW-Splunk/01-use.t line 11
# 
# ----------
#     Previous test 0 ''
#     Possible precedence problem between ! and string eq at /opt/perl-5.41.4/lib/site_perl/5.41.4/Date/Manip/Delta.pm line 1117.
#  at /opt/perl-5.41.4/lib/site_perl/5.41.4/Date/Manip/Delta.pm line 1117.
# 	require Date/Manip/Delta.pm called at /opt/perl-5.41.4/lib/site_perl/5.41.4/Date/Manip/Obj.pm line 239
# 	Date::Manip::Obj::new_delta(Date::Manip::Date=HASH(0x55e34fd424e8)) called at /opt/perl-5.41.4/lib/site_perl/5.41.4/Date/Manip/DM6.pm line 70
# 	require Date/Manip/DM6.pm called at (eval 12) line 1
# 	eval 'require Date::Manip::DM6; Date::Manip::DM6->import(); return \'loaded\';' called at /opt/perl-5.41.4/lib/site_perl/5.41.4/Date/Manip.pm line 33
# 	require Date/Manip.pm called at /home/cpansand/.cpan/build/2024093022/WWW-Splunk-2.09-0/blib/lib/WWW/Splunk.pm line 43
# 	WWW::Splunk::BEGIN() called at /home/cpansand/.cpan/build/2024093022/WWW-Splunk-2.09-0/blib/lib/WWW/Splunk.pm line 43
# 	eval {...} called at /home/cpansand/.cpan/build/2024093022/WWW-Splunk-2.09-0/blib/lib/WWW/Splunk.pm line 43
# 	require WWW/Splunk.pm called at t/WWW-Splunk/01-use.t line 10
# 	main::BEGIN() called at t/WWW-Splunk/01-use.t line 10
# 	eval {...} called at t/WWW-Splunk/01-use.t line 10
# 	eval 'package main;
# BEGIN { ${^WARNING_BITS} = $args[-1] if defined $args[-1] }
# #line 10 t/WWW-Splunk/01-use.t
# use WWW::Splunk @{$args[0]};
# 1;
# ' called at /opt/perl-5.41.4/lib/site_perl/5.41.4/Test/More.pm line 1056
# 	Test::More::_eval("package main;\x{a}BEGIN { \${^WARNING_BITS} = \$args[-1] if defined"..., ARRAY(0x55e34eebdea0), "UUUUUUUUUUUUUUUUUUUU") called at /opt/perl-5.41.4/lib/site_perl/5.41.4/Test/More.pm line 1031
# 	Test::More::use_ok("WWW::Splunk") called at t/WWW-Splunk/01-use.t line 10
# 	main::BEGIN() called at t/WWW-Splunk/01-use.t line 11
# 	eval {...} called at t/WWW-Splunk/01-use.t line 11
# 
# Looks like you failed 1 test of 3.
t/WWW-Splunk/01-use.t ................ 
Dubious, test returned 1 (wstat 256, 0x100)
Failed 1/3 subtests 
Possible precedence problem between ! and string eq at /opt/perl-5.41.4/lib/site_perl/5.41.4/Date/Manip/Date.pm line 2695.
Possible precedence problem between ! and string eq at /opt/perl-5.41.4/lib/site_perl/5.41.4/Date/Manip/Delta.pm line 1117.
t/WWW-Splunk/02-version.t ............ ok

Test Summary Report
-------------------
t/WWW-Splunk/01-use.t              (Wstat: 256 (exited 1) Tests: 3 Failed: 1)
  Failed test:  3
  Non-zero exit status: 1
Files=7, Tests=20,  1 wallclock secs ( 0.05 usr  0.02 sys +  0.86 cusr  0.11 csys =  1.04 CPU)
Result: FAIL
Failed 1/7 test programs. 1/20 subtests failed.

------------------------------
PREREQUISITES
------------------------------

Prerequisite modules loaded:

requires:

    Module                Need Have    
    --------------------- ---- --------
    Carp                  0    1.54    
    Date::Manip           0    6.95    
    Getopt::Long          0    2.58    
    HTTP::Request::Common 0    6.46    
    LWP::UserAgent        0    6.77    
    perl                  5.01 5.041004
    Pod::Usage            0    2.03    
    XML::LibXML           0    2.0210  

build_requires:

    Module                Need Have    
    --------------------- ---- --------
    Test::More            0    1.302204
    Test::NoWarnings      0    1.06    
    XML::LibXML           0    2.0210  

configure_requires:

    Module                Need Have    
    --------------------- ---- --------
    Module::Build         0.42 0.4234  


------------------------------
ENVIRONMENT AND OTHER CONTEXT
------------------------------

Environment variables:

    LANG = C
    PATH = /usr/local/bin:/usr/bin:/bin:/usr/local/sbin:/usr/sbin:/sbin:/home/cpansand/bin/linux-gnu:/home/cpansand/bin/sh:/home/cpansand/bin:/usr/games:/home/cpansand/devel:/home/eserte/src/srezic-misc/scripts
    PERL5LIB = 
    PERL5OPT = 
    PERL5_CPANPLUS_IS_RUNNING = 3127436
    PERL5_CPAN_IS_RUNNING = 3127436
    PERL5_CPAN_IS_RUNNING_IN_RECURSION = 2916464,3127436
    PERLDOC = -MPod::Perldoc::ToTextOverstrike
    PERL_BATCH = yes
    PERL_CANARY_STABILITY_NOPROMPT = 1
    PERL_CPAN_REPORTER_CONFIG = /var/tmp/cpansmoker-1023/2024093019/cpanreporter_000_config.ini
    PERL_EXTUTILS_AUTOINSTALL = --defaultdeps
    PERL_USE_UNSAFE_INC = 1
    SHELL = /usr/bin/zsh
    TERM = screen
    TMPDIR = /var/tmp/cpansmoker-1023/2024093019

Perl special variables (and OS-specific diagnostics, for MSWin32):

    $^X = /opt/perl-5.41.4/bin/perl5.41.4
    $UID/$EUID = 1023 / 1023
    $GID = 1023 1023
    $EGID = 1023 1023

Perl module toolchain versions installed:

    Module              Have    
    ------------------- --------
    CPAN                2.37    
    CPAN::Meta          2.150010
    Cwd                 3.92    
    ExtUtils::CBuilder  0.280240
    ExtUtils::Command   7.70    
    ExtUtils::Install   2.22    
    ExtUtils::MakeMaker 7.70    
    ExtUtils::Manifest  1.75    
    ExtUtils::ParseXS   3.54    
    File::Spec          3.93    
    JSON                4.10    
    JSON::PP            4.16    
    Module::Build       0.4234  
    Module::Signature   n/a     
    Parse::CPAN::Meta   2.150010
    Test2               1.302204
    Test::Harness       3.50    
    Test::More          1.302204
    YAML                1.31    
    YAML::Syck          1.34    
    version             0.9933  


--

Summary of my perl5 (revision 5 version 41 subversion 4) configuration:
   
  Platform:
    osname=linux
    osvers=6.1.0-25-amd64
    archname=x86_64-linux
    uname='linux cloud5.bbbike.org 6.1.0-25-amd64 #1 smp preempt_dynamic debian 6.1.106-3 (2024-08-26) x86_64 gnulinux '
    config_args='-ds -e -Dprefix=/opt/perl-5.41.4 -Dusedevel -Dusemallocwrap=no -Dcf_email=srezic@cpan.org'
    hint=recommended
    useposix=true
    d_sigaction=define
    useithreads=undef
    usemultiplicity=undef
    use64bitint=define
    use64bitall=define
    uselongdouble=undef
    usemymalloc=n
    default_inc_excludes_dot=define
  Compiler:
    cc='cc'
    ccflags ='-fwrapv -fno-strict-aliasing -pipe -fstack-protector-strong -I/usr/local/include -D_LARGEFILE_SOURCE -D_FILE_OFFSET_BITS=64 -D_FORTIFY_SOURCE=2'
    optimize='-O2'
    cppflags='-fwrapv -fno-strict-aliasing -pipe -fstack-protector-strong -I/usr/local/include'
    ccversion=''
    gccversion='12.2.0'
    gccosandvers=''
    intsize=4
    longsize=8
    ptrsize=8
    doublesize=8
    byteorder=12345678
    doublekind=3
    d_longlong=define
    longlongsize=8
    d_longdbl=define
    longdblsize=16
    longdblkind=3
    ivtype='long'
    ivsize=8
    nvtype='double'
    nvsize=8
    Off_t='off_t'
    lseeksize=8
    alignbytes=8
    prototype=define
  Linker and Libraries:
    ld='cc'
    ldflags =' -fstack-protector-strong -L/usr/local/lib'
    libpth=/usr/local/lib /usr/lib/x86_64-linux-gnu /usr/lib /usr/lib64
    libs=-lpthread -lgdbm -ldb -ldl -lm -lcrypt -lutil -lc
    perllibs=-lpthread -ldl -lm -lcrypt -lutil -lc
    libc=/lib/x86_64-linux-gnu/libc.so.6
    so=so
    useshrplib=false
    libperl=libperl.a
    gnulibc_version='2.36'
  Dynamic Linking:
    dlsrc=dl_dlopen.xs
    dlext=so
    d_dlsymun=undef
    ccdlflags='-Wl,-E'
    cccdlflags='-fPIC'
    lddlflags='-shared -O2 -L/usr/local/lib -fstack-protector-strong'


Characteristics of this binary (from libperl): 
  Compile-time options:
    HAS_LONG_DOUBLE
    HAS_STRTOLD
    HAS_TIMES
    PERLIO_LAYERS
    PERL_COPY_ON_WRITE
    PERL_DONT_CREATE_GVSV
    PERL_HASH_FUNC_SIPHASH13
    PERL_HASH_USE_SBOX32
    PERL_OP_PARENT
    PERL_PRESERVE_IVUV
    PERL_USE_DEVEL
    PERL_USE_SAFE_PUTENV
    USE_64_BIT_ALL
    USE_64_BIT_INT
    USE_LARGE_FILES
    USE_LOCALE
    USE_LOCALE_COLLATE
    USE_LOCALE_CTYPE
    USE_LOCALE_NUMERIC
    USE_LOCALE_TIME
    USE_PERLIO
    USE_PERL_ATOF
  Built under linux
  Compiled at Sep 28 2024 08:44:34
  %ENV:
    PERL5LIB=""
    PERL5OPT=""
    PERL5_CPANPLUS_IS_RUNNING="3127436"
    PERL5_CPAN_IS_RUNNING="3127436"
    PERL5_CPAN_IS_RUNNING_IN_RECURSION="2916464,3127436"
    PERLDOC="-MPod::Perldoc::ToTextOverstrike"
    PERL_BATCH="yes"
    PERL_CANARY_STABILITY_NOPROMPT="1"
    PERL_CPAN_REPORTER_CONFIG="/var/tmp/cpansmoker-1023/2024093019/cpanreporter_000_config.ini"
    PERL_EXTUTILS_AUTOINSTALL="--defaultdeps"
    PERL_USE_UNSAFE_INC="1"
  @INC:
    /opt/perl-5.41.4/lib/site_perl/5.41.4/x86_64-linux
    /opt/perl-5.41.4/lib/site_perl/5.41.4
    /opt/perl-5.41.4/lib/5.41.4/x86_64-linux
    /opt/perl-5.41.4/lib/5.41.4
    .