Back
From: metabase:user:320bfe00-2aae-11df-837a-5e0a49663a4f
Subject: FAIL MIME-Lite-HTML-1.24 v5.14.4 GNU/Linux
Date: 2014-03-24T17:27:36Z
This distribution has been tested as part of the CPAN Testers
project, supporting the Perl programming language. See
http://wiki.cpantesters.org/ for more information or email
questions to cpan-testers-discuss@perl.org
--
Dear Alain Barbet,
This is a computer-generated report for MIME-Lite-HTML-1.24
on perl 5.14.4, created by CPAN-Reporter-1.2011.
Thank you for uploading your work to CPAN. However, there was a problem
testing your distribution.
If you think this report is invalid, please consult the CPAN Testers Wiki
for suggestions on how to avoid getting FAIL reports for missing library
or binary dependencies, unsupported operating systems, and so on:
http://wiki.cpantesters.org/wiki/CPANAuthorNotes
Sections of this report:
* Tester comments
* Program output
* Prerequisites
* Environment and other context
------------------------------
TESTER COMMENTS
------------------------------
Additional comments from tester:
this report is from an automated smoke testing program
and was not reviewed by a human for accuracy
------------------------------
PROGRAM OUTPUT
------------------------------
Output from '/usr/bin/make test':
PERL_DL_NONLAZY=1 /home/sand/src/perl/repoperls/installed-perls/perl/v5.14.4/127e/bin/perl "-MExtUtils::Command::MM" "-MTest::Harness" "-e" "undef *Test::Harness::Switches; test_harness(0, 'blib/lib', 'blib/arch')" t/*.t
t/01use.t ................ ok
# Failed test '/var/tmp/mime-lite-html-tests/ref/img/fleur.eml.cid'
# at t/20create_image_part.t line 39.
# got: '1d0
# < MIME-Version: 1.0
# '
# expected: ''
# Failed test '/var/tmp/mime-lite-html-tests/ref/img/sommaire.eml.cid'
# at t/20create_image_part.t line 39.
# got: '1d0
# < MIME-Version: 1.0
# '
# expected: ''
# Failed test '/var/tmp/mime-lite-html-tests/ref/img/fleur.eml.location'
# at t/20create_image_part.t line 39.
# got: '1d0
# < MIME-Version: 1.0
# '
# expected: ''
# Failed test '/var/tmp/mime-lite-html-tests/ref/img/sommaire.eml.location'
# at t/20create_image_part.t line 39.
# got: '1d0
# < MIME-Version: 1.0
# '
# expected: ''
# Looks like you failed 4 tests of 4.
t/20create_image_part.t ..
Dubious, test returned 4 (wstat 1024, 0x400)
Failed 4/4 subtests
# Failed test '/var/tmp/mime-lite-html-tests/ref/index.cgi.eml.cid'
# at t/50generic.t line 53.
# got: '1d0
# < MIME-Version: 1.0
# 3a3
# > MIME-Version: 1.0
# 13d12
# < MIME-Version: 1.0
# 20d18
# < MIME-Version: 1.0
# 27d24
# < MIME-Version: 1.0
# 270d266
# < MIME-Version: 1.0
# 278d273
# < MIME-Version: 1.0
# 286d280
# < MIME-Version: 1.0
# 294d287
# < MIME-Version: 1.0
# 302d294
# < MIME-Version: 1.0
# '
# expected: ''
# Failed test '/var/tmp/mime-lite-html-tests/ref/normal.eml.cid'
# at t/50generic.t line 53.
# got: '1d0
# < MIME-Version: 1.0
# 3a3
# > MIME-Version: 1.0
# 13d12
# < MIME-Version: 1.0
# 20d18
# < MIME-Version: 1.0
# 27d24
# < MIME-Version: 1.0
# 221d217
# < MIME-Version: 1.0
# '
# expected: ''
# Failed test '/var/tmp/mime-lite-html-tests/ref/space_in_a_href.eml.cid'
# at t/50generic.t line 53.
# got: '1d0
# < MIME-Version: 1.0
# 3a3
# > MIME-Version: 1.0
# 13d12
# < MIME-Version: 1.0
# 20d18
# < MIME-Version: 1.0
# '
# expected: ''
# Failed test '/var/tmp/mime-lite-html-tests/ref/space_in_ccs_href.eml.cid'
# at t/50generic.t line 53.
# got: '1d0
# < MIME-Version: 1.0
# 3a3
# > MIME-Version: 1.0
# 13d12
# < MIME-Version: 1.0
# 20d18
# < MIME-Version: 1.0
# '
# expected: ''
# Failed test '/var/tmp/mime-lite-html-tests/ref/space_in_img.eml.cid'
# at t/50generic.t line 53.
# got: '1d0
# < MIME-Version: 1.0
# 3a3
# > MIME-Version: 1.0
# 13d12
# < MIME-Version: 1.0
# 20d18
# < MIME-Version: 1.0
# 27d24
# < MIME-Version: 1.0
# 224d220
# < MIME-Version: 1.0
# '
# expected: ''
# Failed test '/var/tmp/mime-lite-html-tests/ref/space_in_javascript.eml.cid'
# at t/50generic.t line 53.
# got: '1d0
# < MIME-Version: 1.0
# 3a3
# > MIME-Version: 1.0
# 13d12
# < MIME-Version: 1.0
# 20d18
# < MIME-Version: 1.0
# '
# expected: ''
# Failed test '/var/tmp/mime-lite-html-tests/ref/space_in_javascript2.eml.cid'
# at t/50generic.t line 53.
# got: '1d0
# < MIME-Version: 1.0
# 3a3
# > MIME-Version: 1.0
# 13d12
# < MIME-Version: 1.0
# 20d18
# < MIME-Version: 1.0
# '
# expected: ''
# Failed test '/var/tmp/mime-lite-html-tests/ref/index.cgi.eml.location'
# at t/50generic.t line 53.
# got: '1d0
# < MIME-Version: 1.0
# 3a3
# > MIME-Version: 1.0
# 13d12
# < MIME-Version: 1.0
# 20d18
# < MIME-Version: 1.0
# 27d24
# < MIME-Version: 1.0
# 269d265
# < MIME-Version: 1.0
# 277d272
# < MIME-Version: 1.0
# 285d279
# < MIME-Version: 1.0
# 293d286
# < MIME-Version: 1.0
# 301d293
# < MIME-Version: 1.0
# '
# expected: ''
# Failed test '/var/tmp/mime-lite-html-tests/ref/normal.eml.location'
# at t/50generic.t line 53.
# got: '1d0
# < MIME-Version: 1.0
# 3a3
# > MIME-Version: 1.0
# 13d12
# < MIME-Version: 1.0
# 20d18
# < MIME-Version: 1.0
# 27d24
# < MIME-Version: 1.0
# 221d217
# < MIME-Version: 1.0
# '
# expected: ''
# Failed test '/var/tmp/mime-lite-html-tests/ref/space_in_a_href.eml.location'
# at t/50generic.t line 53.
# got: '1d0
# < MIME-Version: 1.0
# 3a3
# > MIME-Version: 1.0
# 13d12
# < MIME-Version: 1.0
# 20d18
# < MIME-Version: 1.0
# '
# expected: ''
# Failed test '/var/tmp/mime-lite-html-tests/ref/space_in_ccs_href.eml.location'
# at t/50generic.t line 53.
# got: '1d0
# < MIME-Version: 1.0
# 3a3
# > MIME-Version: 1.0
# 13d12
# < MIME-Version: 1.0
# 20d18
# < MIME-Version: 1.0
# '
# expected: ''
# Failed test '/var/tmp/mime-lite-html-tests/ref/space_in_img.eml.location'
# at t/50generic.t line 53.
# got: '1d0
# < MIME-Version: 1.0
# 3a3
# > MIME-Version: 1.0
# 13d12
# < MIME-Version: 1.0
# 20d18
# < MIME-Version: 1.0
# 27d24
# < MIME-Version: 1.0
# 224d220
# < MIME-Version: 1.0
# '
# expected: ''
# Failed test '/var/tmp/mime-lite-html-tests/ref/space_in_javascript.eml.location'
# at t/50generic.t line 53.
# got: '1d0
# < MIME-Version: 1.0
# 3a3
# > MIME-Version: 1.0
# 13d12
# < MIME-Version: 1.0
# 20d18
# < MIME-Version: 1.0
# '
# expected: ''
# Failed test '/var/tmp/mime-lite-html-tests/ref/space_in_javascript2.eml.location'
# at t/50generic.t line 53.
# got: '1d0
# < MIME-Version: 1.0
# 3a3
# > MIME-Version: 1.0
# 13d12
# < MIME-Version: 1.0
# 20d18
# < MIME-Version: 1.0
# '
# expected: ''
# Failed test '/var/tmp/mime-lite-html-tests/ref/index.cgi.eml.extern'
# at t/50generic.t line 53.
# got: '1d0
# < MIME-Version: 1.0
# 3a3
# > MIME-Version: 1.0
# 13d12
# < MIME-Version: 1.0
# 20d18
# < MIME-Version: 1.0
# '
# expected: ''
# Failed test '/var/tmp/mime-lite-html-tests/ref/normal.eml.extern'
# at t/50generic.t line 53.
# got: '1d0
# < MIME-Version: 1.0
# 3a3
# > MIME-Version: 1.0
# 13d12
# < MIME-Version: 1.0
# 20d18
# < MIME-Version: 1.0
# '
# expected: ''
# Failed test '/var/tmp/mime-lite-html-tests/ref/space_in_a_href.eml.extern'
# at t/50generic.t line 53.
# got: '1d0
# < MIME-Version: 1.0
# 3a3
# > MIME-Version: 1.0
# 13d12
# < MIME-Version: 1.0
# 20d18
# < MIME-Version: 1.0
# '
# expected: ''
# Failed test '/var/tmp/mime-lite-html-tests/ref/space_in_ccs_href.eml.extern'
# at t/50generic.t line 53.
# got: '1d0
# < MIME-Version: 1.0
# 3a3
# > MIME-Version: 1.0
# 13d12
# < MIME-Version: 1.0
# 20d18
# < MIME-Version: 1.0
# '
# expected: ''
# Failed test '/var/tmp/mime-lite-html-tests/ref/space_in_img.eml.extern'
# at t/50generic.t line 53.
# got: '1d0
# < MIME-Version: 1.0
# 3a3
# > MIME-Version: 1.0
# 13d12
# < MIME-Version: 1.0
# 20d18
# < MIME-Version: 1.0
# '
# expected: ''
# Failed test '/var/tmp/mime-lite-html-tests/ref/space_in_javascript.eml.extern'
# at t/50generic.t line 53.
# got: '1d0
# < MIME-Version: 1.0
# 3a3
# > MIME-Version: 1.0
# 13d12
# < MIME-Version: 1.0
# 20d18
# < MIME-Version: 1.0
# '
# expected: ''
# Failed test '/var/tmp/mime-lite-html-tests/ref/space_in_javascript2.eml.extern'
# at t/50generic.t line 53.
# got: '1d0
# < MIME-Version: 1.0
# 3a3
# > MIME-Version: 1.0
# 13d12
# < MIME-Version: 1.0
# 20d18
# < MIME-Version: 1.0
# '
# expected: ''
# Failed test '/var/tmp/mime-lite-html-tests/ref/index.cgi.eml2.cid'
# at t/50generic.t line 94.
# got: '1d0
# < MIME-Version: 1.0
# 3a3
# > MIME-Version: 1.0
# 13d12
# < MIME-Version: 1.0
# 256d254
# < MIME-Version: 1.0
# 264d261
# < MIME-Version: 1.0
# 272d268
# < MIME-Version: 1.0
# 280d275
# < MIME-Version: 1.0
# 288d282
# < MIME-Version: 1.0
# '
# expected: ''
# Failed test '/var/tmp/mime-lite-html-tests/ref/normal.eml2.cid'
# at t/50generic.t line 94.
# got: '1d0
# < MIME-Version: 1.0
# 3a3
# > MIME-Version: 1.0
# 13d12
# < MIME-Version: 1.0
# 207d205
# < MIME-Version: 1.0
# '
# expected: ''
# Failed test '/var/tmp/mime-lite-html-tests/ref/space_in_a_href.eml2.cid'
# at t/50generic.t line 94.
# got: '1d0
# < MIME-Version: 1.0
# '
# expected: ''
# Failed test '/var/tmp/mime-lite-html-tests/ref/space_in_ccs_href.eml2.cid'
# at t/50generic.t line 94.
# got: '1d0
# < MIME-Version: 1.0
# '
# expected: ''
# Failed test '/var/tmp/mime-lite-html-tests/ref/space_in_img.eml2.cid'
# at t/50generic.t line 94.
# got: '1d0
# < MIME-Version: 1.0
# 3a3
# > MIME-Version: 1.0
# 13d12
# < MIME-Version: 1.0
# 210d208
# < MIME-Version: 1.0
# '
# expected: ''
# Failed test '/var/tmp/mime-lite-html-tests/ref/space_in_javascript.eml2.cid'
# at t/50generic.t line 94.
# got: '1d0
# < MIME-Version: 1.0
# '
# expected: ''
# Failed test '/var/tmp/mime-lite-html-tests/ref/space_in_javascript2.eml2.cid'
# at t/50generic.t line 94.
# got: '1d0
# < MIME-Version: 1.0
# '
# expected: ''
# Failed test '/var/tmp/mime-lite-html-tests/ref/index.cgi.eml2.location'
# at t/50generic.t line 94.
# got: '1d0
# < MIME-Version: 1.0
# 3a3
# > MIME-Version: 1.0
# 13d12
# < MIME-Version: 1.0
# 255d253
# < MIME-Version: 1.0
# 263d260
# < MIME-Version: 1.0
# 271d267
# < MIME-Version: 1.0
# 279d274
# < MIME-Version: 1.0
# 287d281
# < MIME-Version: 1.0
# '
# expected: ''
# Failed test '/var/tmp/mime-lite-html-tests/ref/normal.eml2.location'
# at t/50generic.t line 94.
# got: '1d0
# < MIME-Version: 1.0
# 3a3
# > MIME-Version: 1.0
# 13d12
# < MIME-Version: 1.0
# 207d205
# < MIME-Version: 1.0
# '
# expected: ''
# Failed test '/var/tmp/mime-lite-html-tests/ref/space_in_a_href.eml2.location'
# at t/50generic.t line 94.
# got: '1d0
# < MIME-Version: 1.0
# '
# expected: ''
# Failed test '/var/tmp/mime-lite-html-tests/ref/space_in_ccs_href.eml2.location'
# at t/50generic.t line 94.
# got: '1d0
# < MIME-Version: 1.0
# '
# expected: ''
# Failed test '/var/tmp/mime-lite-html-tests/ref/space_in_img.eml2.location'
# at t/50generic.t line 94.
# got: '1d0
# < MIME-Version: 1.0
# 3a3
# > MIME-Version: 1.0
# 13d12
# < MIME-Version: 1.0
# 210d208
# < MIME-Version: 1.0
# '
# expected: ''
# Failed test '/var/tmp/mime-lite-html-tests/ref/space_in_javascript.eml2.location'
# at t/50generic.t line 94.
# got: '1d0
# < MIME-Version: 1.0
# '
# expected: ''
# Failed test '/var/tmp/mime-lite-html-tests/ref/space_in_javascript2.eml2.location'
# at t/50generic.t line 94.
# got: '1d0
# < MIME-Version: 1.0
# '
# expected: ''
# Failed test '/var/tmp/mime-lite-html-tests/ref/index.cgi.eml2.extern'
# at t/50generic.t line 94.
# got: '1d0
# < MIME-Version: 1.0
# '
# expected: ''
# Failed test '/var/tmp/mime-lite-html-tests/ref/normal.eml2.extern'
# at t/50generic.t line 94.
# got: '1d0
# < MIME-Version: 1.0
# '
# expected: ''
# Failed test '/var/tmp/mime-lite-html-tests/ref/space_in_a_href.eml2.extern'
# at t/50generic.t line 94.
# got: '1d0
# < MIME-Version: 1.0
# '
# expected: ''
# Failed test '/var/tmp/mime-lite-html-tests/ref/space_in_ccs_href.eml2.extern'
# at t/50generic.t line 94.
# got: '1d0
# < MIME-Version: 1.0
# '
# expected: ''
# Failed test '/var/tmp/mime-lite-html-tests/ref/space_in_img.eml2.extern'
# at t/50generic.t line 94.
# got: '1d0
# < MIME-Version: 1.0
# '
# expected: ''
# Failed test '/var/tmp/mime-lite-html-tests/ref/space_in_javascript.eml2.extern'
# at t/50generic.t line 94.
# got: '1d0
# < MIME-Version: 1.0
# '
# expected: ''
# Failed test '/var/tmp/mime-lite-html-tests/ref/space_in_javascript2.eml2.extern'
# at t/50generic.t line 94.
# got: '1d0
# < MIME-Version: 1.0
# '
# expected: ''
# Failed test '/var/tmp/mime-lite-html-tests/ref/index.cgi.eml3.cid'
# at t/50generic.t line 136.
# got: '1d0
# < MIME-Version: 1.0
# 3a3
# > MIME-Version: 1.0
# 13d12
# < MIME-Version: 1.0
# 121d119
# < MIME-Version: 1.0
# 128d125
# < MIME-Version: 1.0
# 371d367
# < MIME-Version: 1.0
# 379d374
# < MIME-Version: 1.0
# 387d381
# < MIME-Version: 1.0
# 395d388
# < MIME-Version: 1.0
# 403d395
# < MIME-Version: 1.0
# '
# expected: ''
# Failed test '/var/tmp/mime-lite-html-tests/ref/normal.eml3.cid'
# at t/50generic.t line 136.
# got: '1d0
# < MIME-Version: 1.0
# 3a3
# > MIME-Version: 1.0
# 13d12
# < MIME-Version: 1.0
# 121d119
# < MIME-Version: 1.0
# 128d125
# < MIME-Version: 1.0
# 322d318
# < MIME-Version: 1.0
# '
# expected: ''
# Failed test '/var/tmp/mime-lite-html-tests/ref/space_in_a_href.eml3.cid'
# at t/50generic.t line 136.
# got: '1d0
# < MIME-Version: 1.0
# 3a3
# > MIME-Version: 1.0
# 13d12
# < MIME-Version: 1.0
# 121d119
# < MIME-Version: 1.0
# '
# expected: ''
# Failed test '/var/tmp/mime-lite-html-tests/ref/space_in_ccs_href.eml3.cid'
# at t/50generic.t line 136.
# got: '1d0
# < MIME-Version: 1.0
# 3a3
# > MIME-Version: 1.0
# 13d12
# < MIME-Version: 1.0
# 121d119
# < MIME-Version: 1.0
# '
# expected: ''
# Failed test '/var/tmp/mime-lite-html-tests/ref/space_in_img.eml3.cid'
# at t/50generic.t line 136.
# got: '1d0
# < MIME-Version: 1.0
# 3a3
# > MIME-Version: 1.0
# 13d12
# < MIME-Version: 1.0
# 121d119
# < MIME-Version: 1.0
# 128d125
# < MIME-Version: 1.0
# 325d321
# < MIME-Version: 1.0
# '
# expected: ''
# Failed test '/var/tmp/mime-lite-html-tests/ref/space_in_javascript.eml3.cid'
# at t/50generic.t line 136.
# got: '1d0
# < MIME-Version: 1.0
# 3a3
# > MIME-Version: 1.0
# 13d12
# < MIME-Version: 1.0
# 121d119
# < MIME-Version: 1.0
# '
# expected: ''
# Failed test '/var/tmp/mime-lite-html-tests/ref/space_in_javascript2.eml3.cid'
# at t/50generic.t line 136.
# got: '1d0
# < MIME-Version: 1.0
# 3a3
# > MIME-Version: 1.0
# 13d12
# < MIME-Version: 1.0
# 121d119
# < MIME-Version: 1.0
# '
# expected: ''
# Failed test '/var/tmp/mime-lite-html-tests/ref/index.cgi.eml3.location'
# at t/50generic.t line 136.
# got: '1d0
# < MIME-Version: 1.0
# 3a3
# > MIME-Version: 1.0
# 13d12
# < MIME-Version: 1.0
# 121d119
# < MIME-Version: 1.0
# 128d125
# < MIME-Version: 1.0
# 370d366
# < MIME-Version: 1.0
# 378d373
# < MIME-Version: 1.0
# 386d380
# < MIME-Version: 1.0
# 394d387
# < MIME-Version: 1.0
# 402d394
# < MIME-Version: 1.0
# '
# expected: ''
# Failed test '/var/tmp/mime-lite-html-tests/ref/normal.eml3.location'
# at t/50generic.t line 136.
# got: '1d0
# < MIME-Version: 1.0
# 3a3
# > MIME-Version: 1.0
# 13d12
# < MIME-Version: 1.0
# 121d119
# < MIME-Version: 1.0
# 128d125
# < MIME-Version: 1.0
# 322d318
# < MIME-Version: 1.0
# '
# expected: ''
# Failed test '/var/tmp/mime-lite-html-tests/ref/space_in_a_href.eml3.location'
# at t/50generic.t line 136.
# got: '1d0
# < MIME-Version: 1.0
# 3a3
# > MIME-Version: 1.0
# 13d12
# < MIME-Version: 1.0
# 121d119
# < MIME-Version: 1.0
# '
# expected: ''
# Failed test '/var/tmp/mime-lite-html-tests/ref/space_in_ccs_href.eml3.location'
# at t/50generic.t line 136.
# got: '1d0
# < MIME-Version: 1.0
# 3a3
# > MIME-Version: 1.0
# 13d12
# < MIME-Version: 1.0
# 121d119
# < MIME-Version: 1.0
# '
# expected: ''
# Failed test '/var/tmp/mime-lite-html-tests/ref/space_in_img.eml3.location'
# at t/50generic.t line 136.
# got: '1d0
# < MIME-Version: 1.0
# 3a3
# > MIME-Version: 1.0
# 13d12
# < MIME-Version: 1.0
# 121d119
# < MIME-Version: 1.0
# 128d125
# < MIME-Version: 1.0
# 325d321
# < MIME-Version: 1.0
# '
# expected: ''
# Failed test '/var/tmp/mime-lite-html-tests/ref/space_in_javascript.eml3.location'
# at t/50generic.t line 136.
# got: '1d0
# < MIME-Version: 1.0
# 3a3
# > MIME-Version: 1.0
# 13d12
# < MIME-Version: 1.0
# 121d119
# < MIME-Version: 1.0
# '
# expected: ''
# Failed test '/var/tmp/mime-lite-html-tests/ref/space_in_javascript2.eml3.location'
# at t/50generic.t line 136.
# got: '1d0
# < MIME-Version: 1.0
# 3a3
# > MIME-Version: 1.0
# 13d12
# < MIME-Version: 1.0
# 121d119
# < MIME-Version: 1.0
# '
# expected: ''
# Failed test '/var/tmp/mime-lite-html-tests/ref/index.cgi.eml3.extern'
# at t/50generic.t line 136.
# got: '1d0
# < MIME-Version: 1.0
# 3a3
# > MIME-Version: 1.0
# 13d12
# < MIME-Version: 1.0
# 121d119
# < MIME-Version: 1.0
# '
# expected: ''
# Failed test '/var/tmp/mime-lite-html-tests/ref/normal.eml3.extern'
# at t/50generic.t line 136.
# got: '1d0
# < MIME-Version: 1.0
# 3a3
# > MIME-Version: 1.0
# 13d12
# < MIME-Version: 1.0
# 121d119
# < MIME-Version: 1.0
# '
# expected: ''
# Failed test '/var/tmp/mime-lite-html-tests/ref/space_in_a_href.eml3.extern'
# at t/50generic.t line 136.
# got: '1d0
# < MIME-Version: 1.0
# 3a3
# > MIME-Version: 1.0
# 13d12
# < MIME-Version: 1.0
# 121d119
# < MIME-Version: 1.0
# '
# expected: ''
# Failed test '/var/tmp/mime-lite-html-tests/ref/space_in_ccs_href.eml3.extern'
# at t/50generic.t line 136.
# got: '1d0
# < MIME-Version: 1.0
# 3a3
# > MIME-Version: 1.0
# 13d12
# < MIME-Version: 1.0
# 121d119
# < MIME-Version: 1.0
# '
# expected: ''
# Failed test '/var/tmp/mime-lite-html-tests/ref/space_in_img.eml3.extern'
# at t/50generic.t line 136.
# got: '1d0
# < MIME-Version: 1.0
# 3a3
# > MIME-Version: 1.0
# 13d12
# < MIME-Version: 1.0
# 121d119
# < MIME-Version: 1.0
# '
# expected: ''
# Failed test '/var/tmp/mime-lite-html-tests/ref/space_in_javascript.eml3.extern'
# at t/50generic.t line 136.
# got: '1d0
# < MIME-Version: 1.0
# 3a3
# > MIME-Version: 1.0
# 13d12
# < MIME-Version: 1.0
# 121d119
# < MIME-Version: 1.0
# '
# expected: ''
# Failed test '/var/tmp/mime-lite-html-tests/ref/space_in_javascript2.eml3.extern'
# at t/50generic.t line 136.
# got: '1d0
# < MIME-Version: 1.0
# 3a3
# > MIME-Version: 1.0
# 13d12
# < MIME-Version: 1.0
# 121d119
# < MIME-Version: 1.0
# '
# expected: ''
# Looks like you failed 63 tests of 190.
t/50generic.t ............
Dubious, test returned 63 (wstat 16128, 0x3f00)
Failed 63/190 subtests
Test Summary Report
-------------------
t/20create_image_part.t (Wstat: 1024 Tests: 4 Failed: 4)
Failed tests: 1-4
Non-zero exit status: 4
t/50generic.t (Wstat: 16128 Tests: 190 Failed: 63)
Failed tests: 3, 6, 9, 12, 15, 18, 21, 24, 27, 30, 33
36, 39, 42, 45, 48, 51, 54, 57, 60, 63
66, 69, 72, 75, 78, 81, 84, 87, 90, 93
96, 99, 102, 105, 108, 111, 114, 117, 120
123, 126, 129, 132, 135, 138, 141, 144
147, 150, 153, 156, 159, 162, 165, 168
171, 174, 177, 180, 183, 186, 189
Non-zero exit status: 63
Files=3, Tests=195, 4 wallclock secs ( 0.10 usr 0.02 sys + 0.84 cusr 0.10 csys = 1.06 CPU)
Result: FAIL
Failed 2/3 test programs. 67/195 subtests failed.
make: *** [test_dynamic] Error 63
------------------------------
PREREQUISITES
------------------------------
Prerequisite modules loaded:
requires:
Module Need Have
------------------- ---- --------
HTML::LinkExtor 0 3.69
LWP::UserAgent 0 6.05
MIME::Lite 1 3.030
Test::More 0 1.001003
URI::URL 0 5.04
build_requires:
Module Need Have
------------------- ---- --------
ExtUtils::MakeMaker 0 6.93_01
------------------------------
ENVIRONMENT AND OTHER CONTEXT
------------------------------
Environment variables:
AUTOMATED_TESTING = 1
LANG = en_US.UTF-8
LANGUAGE = en_US:en
PATH = /usr/lib/ccache:/home/sand/bin:/usr/local/bin:/usr/bin:/bin:/usr/games:/usr/local/perl/bin:/usr/X11/bin:/sbin:/usr/sbin
PERL5LIB =
PERL5OPT =
PERL5_CPANPLUS_IS_RUNNING = 22589
PERL5_CPAN_IS_RUNNING = 22589
PERL_MM_USE_DEFAULT = 1
SHELL = /usr/bin/zsh
TERM = screen
Perl special variables (and OS-specific diagnostics, for MSWin32):
$^X = /home/sand/src/perl/repoperls/installed-perls/perl/v5.14.4/127e/bin/perl
$UID/$EUID = 1005 / 1005
$GID = 1005 1005
$EGID = 1005 1005
Perl module toolchain versions installed:
Module Have
------------------- --------
CPAN 2.00
CPAN::Meta 2.140640
Cwd 3.40
ExtUtils::CBuilder 0.280216
ExtUtils::Command 1.17
ExtUtils::Install 1.56
ExtUtils::MakeMaker 6.93_01
ExtUtils::Manifest 1.60
ExtUtils::ParseXS 3.24
File::Spec 3.40
JSON 2.90
JSON::PP 2.27203
Module::Build 0.4205
Module::Signature 0.73
Parse::CPAN::Meta 1.4414
Test::Harness 3.30
Test::More 1.001003
YAML 0.90
YAML::Syck 1.27
version 0.9908
--
Summary of my perl5 (revision 5 version 14 subversion 4) configuration:
Commit id: 26c5c13a4ece9084f310610bb17fb2f24c72a73e
Platform:
osname=linux, osvers=3.13-1-amd64, archname=x86_64-linux-ld
uname='linux k83 3.13-1-amd64 #1 smp debian 3.13.6-1 (2014-03-19) x86_64 gnulinux '
config_args='-Dprefix=/home/sand/src/perl/repoperls/installed-perls/perl/v5.14.4/127e -Dmyhostname=k83 -Dinstallusrbinperl=n -Uversiononly -Dusedevel -des -Ui_db -Uuseithreads -Duselongdouble -DDEBUGGING=-g'
hint=recommended, useposix=true, d_sigaction=define
useithreads=undef, usemultiplicity=undef
useperlio=define, d_sfio=undef, uselargefiles=define, usesocks=undef
use64bitint=define, use64bitall=define, uselongdouble=define
usemymalloc=n, bincompat5005=undef
Compiler:
cc='cc', ccflags ='-fno-strict-aliasing -pipe -fstack-protector -I/usr/local/include -D_LARGEFILE_SOURCE -D_FILE_OFFSET_BITS=64',
optimize='-O2 -g',
cppflags='-fno-strict-aliasing -pipe -fstack-protector -I/usr/local/include'
ccversion='', gccversion='4.8.2', gccosandvers=''
intsize=4, longsize=8, ptrsize=8, doublesize=8, byteorder=12345678
d_longlong=define, longlongsize=8, d_longdbl=define, longdblsize=16
ivtype='long', ivsize=8, nvtype='long double', nvsize=16, Off_t='off_t', lseeksize=8
alignbytes=16, prototype=define
Linker and Libraries:
ld='cc', ldflags =' -fstack-protector -L/usr/local/lib'
libpth=/usr/local/lib /lib/x86_64-linux-gnu /lib/../lib /usr/lib/x86_64-linux-gnu /usr/lib/../lib /lib /usr/lib
libs=-lnsl -lgdbm -ldb -ldl -lm -lcrypt -lutil -lc -lgdbm_compat
perllibs=-lnsl -ldl -lm -lcrypt -lutil -lc
libc=, so=so, useshrplib=false, libperl=libperl.a
gnulibc_version='2.18'
Dynamic Linking:
dlsrc=dl_dlopen.xs, dlext=so, d_dlsymun=undef, ccdlflags='-Wl,-E'
cccdlflags='-fPIC', lddlflags='-shared -O2 -g -L/usr/local/lib -fstack-protector'
Characteristics of this binary (from libperl):
Compile-time options: PERL_DONT_CREATE_GVSV PERL_MALLOC_WRAP
PERL_PRESERVE_IVUV PERL_USE_DEVEL USE_64_BIT_ALL
USE_64_BIT_INT USE_LARGE_FILES USE_LONG_DOUBLE
USE_PERLIO USE_PERL_ATOF
Built under linux
Compiled at Mar 21 2014 07:08:25
%ENV:
PERL5LIB=""
PERL5OPT=""
PERL5_CPANPLUS_IS_RUNNING="22589"
PERL5_CPAN_IS_RUNNING="22589"
PERL_MM_USE_DEFAULT="1"
@INC:
/home/sand/src/perl/repoperls/installed-perls/perl/v5.14.4/127e/lib/site_perl/5.14.4/x86_64-linux-ld
/home/sand/src/perl/repoperls/installed-perls/perl/v5.14.4/127e/lib/site_perl/5.14.4
/home/sand/src/perl/repoperls/installed-perls/perl/v5.14.4/127e/lib/5.14.4/x86_64-linux-ld
/home/sand/src/perl/repoperls/installed-perls/perl/v5.14.4/127e/lib/5.14.4
.