Report for Config-JSON-1.5200

Back
From: metabase:user:31d414ea-2aae-11df-837a-5e0a49663a4f
Subject: FAIL Config-JSON-1.5200 v5.14.4 GNU/Linux
Date: 2015-01-23T16:48:01Z

This distribution has been tested as part of the CPAN Testers
project, supporting the Perl programming language.  See
http://wiki.cpantesters.org/ for more information or email
questions to cpan-testers-discuss@perl.org


--
Dear JT Smith,

This is a computer-generated report for Config-JSON-1.5200
on perl 5.14.4, created by CPAN-Reporter-1.2009.

Thank you for uploading your work to CPAN.  However, there was a problem
testing your distribution.

If you think this report is invalid, please consult the CPAN Testers Wiki
for suggestions on how to avoid getting FAIL reports for missing library
or binary dependencies, unsupported operating systems, and so on:

http://wiki.cpantesters.org/wiki/CPANAuthorNotes

Sections of this report:

    * Tester comments
    * Program output
    * Prerequisites
    * Environment and other context

------------------------------
TESTER COMMENTS
------------------------------

Additional comments from tester:

this report is from an automated smoke testing program
and was not reviewed by a human for accuracy

------------------------------
PROGRAM OUTPUT
------------------------------

Output from '/usr/bin/make test':

PERL_DL_NONLAZY=1 "/home/david/cpantesting/perl-5.14.4/bin/perl" "-MExtUtils::Command::MM" "-MTest::Harness" "-e" "undef *Test::Harness::Switches; test_harness(0, 'blib/lib', 'blib/arch')" t/*.t

#   Failed test 'use Config::JSON;'
#   at t/00.load.t line 4.
#     Tried to use 'Config::JSON'.
#     Error:  String found where operator expected at /home/david/cpantesting/perl-5.14.4/.cpan/build/Config-JSON-1.5200-Sh2jLo/blib/lib/Config/JSON.pm line 35, near "confess "Couldn't parse JSON in config file '$pathToFile'\n""
# Compilation failed in require at t/00.load.t line 4.
# BEGIN failed--compilation aborted at t/00.load.t line 4.
# Looks like you failed 1 test of 1.
t/00.load.t ............... 
Dubious, test returned 1 (wstat 256, 0x100)
Failed 1/1 subtests 
String found where operator expected at /home/david/cpantesting/perl-5.14.4/.cpan/build/Config-JSON-1.5200-Sh2jLo/blib/lib/Config/JSON.pm line 35, near "confess "Couldn't parse JSON in config file '$pathToFile'\n""
Compilation failed in require at t/Config.t line 5.
BEGIN failed--compilation aborted at t/Config.t line 5.
# Looks like your test exited with 255 before it could output anything.
t/Config.t ................ 
Dubious, test returned 255 (wstat 65280, 0xff00)
Failed 36/36 subtests 
String found where operator expected at /home/david/cpantesting/perl-5.14.4/.cpan/build/Config-JSON-1.5200-Sh2jLo/blib/lib/Config/JSON.pm line 35, near "confess "Couldn't parse JSON in config file '$pathToFile'\n""
Compilation failed in require at t/Duplicate.t line 7.
BEGIN failed--compilation aborted at t/Duplicate.t line 7.
# Looks like your test exited with 255 before it could output anything.
t/Duplicate.t ............. 
Dubious, test returned 255 (wstat 65280, 0xff00)
Failed 22/22 subtests 
String found where operator expected at /home/david/cpantesting/perl-5.14.4/.cpan/build/Config-JSON-1.5200-Sh2jLo/blib/lib/Config/JSON.pm line 35, near "confess "Couldn't parse JSON in config file '$pathToFile'\n""
Compilation failed in require at t/Include.t line 7.
BEGIN failed--compilation aborted at t/Include.t line 7.
# Looks like your test exited with 255 before it could output anything.
t/Include.t ............... 
Dubious, test returned 255 (wstat 65280, 0xff00)
Failed 55/55 subtests 
t/release-pod-coverage.t .. skipped: these tests are for release candidate testing
t/release-pod-syntax.t .... skipped: these tests are for release candidate testing
String found where operator expected at /home/david/cpantesting/perl-5.14.4/.cpan/build/Config-JSON-1.5200-Sh2jLo/blib/lib/Config/JSON.pm line 35, near "confess "Couldn't parse JSON in config file '$pathToFile'\n""
Compilation failed in require at t/Wildcard.t line 7.
BEGIN failed--compilation aborted at t/Wildcard.t line 7.
# Looks like your test exited with 255 before it could output anything.
t/Wildcard.t .............. 
Dubious, test returned 255 (wstat 65280, 0xff00)
Failed 12/12 subtests 

Test Summary Report
-------------------
t/00.load.t             (Wstat: 256 Tests: 1 Failed: 1)
  Failed test:  1
  Non-zero exit status: 1
t/Config.t              (Wstat: 65280 Tests: 0 Failed: 0)
  Non-zero exit status: 255
  Parse errors: Bad plan.  You planned 36 tests but ran 0.
t/Duplicate.t           (Wstat: 65280 Tests: 0 Failed: 0)
  Non-zero exit status: 255
  Parse errors: Bad plan.  You planned 22 tests but ran 0.
t/Include.t             (Wstat: 65280 Tests: 0 Failed: 0)
  Non-zero exit status: 255
  Parse errors: Bad plan.  You planned 55 tests but ran 0.
t/Wildcard.t            (Wstat: 65280 Tests: 0 Failed: 0)
  Non-zero exit status: 255
  Parse errors: Bad plan.  You planned 12 tests but ran 0.
Files=7, Tests=1,  0 wallclock secs ( 0.01 usr  0.04 sys +  0.20 cusr  0.04 csys =  0.29 CPU)
Result: FAIL
Failed 5/7 test programs. 1/1 subtests failed.
make: *** [test_dynamic] Error 255

------------------------------
PREREQUISITES
------------------------------

Prerequisite modules loaded:

requires:

    Module              Need  Have    
    ------------------- ----- --------
    Any::Moose          0.13  0.25    
    File::Temp          0.18  0.22    
    JSON                2.16  2.53    
    List::Util          1.19  1.41    
    Test::Deep          0.095 0.115   
    Test::More          0.7   1.001014

build_requires:

    Module              Need  Have    
    ------------------- ----- --------
    ExtUtils::MakeMaker 0     7.04    

configure_requires:

    Module              Need  Have    
    ------------------- ----- --------
    ExtUtils::MakeMaker 6.30  7.04    


------------------------------
ENVIRONMENT AND OTHER CONTEXT
------------------------------

Environment variables:

    AUTOMATED_TESTING = 1
    PATH = /usr/local/bin:/usr/bin:/bin:/usr/games
    PERL = 5.14.4
    PERL5LIB = 
    PERL5OPT = 
    PERL5_CPANPLUS_IS_RUNNING = 3723
    PERL5_CPAN_IS_RUNNING = 3723
    PERLVER = 5.14.4
    PERL_INLINE_DIRECTORY = /home/david/.Inline-5.14.4
    PERL_MM_USE_DEFAULT = 1
    SHELL = /bin/bash
    TERM = screen

Perl special variables (and OS-specific diagnostics, for MSWin32):

    $^X = /home/david/cpantesting/perl-5.14.4/bin/perl
    $UID/$EUID = 1000 / 1000
    $GID = 1000 1000
    $EGID = 1000 1000

Perl module toolchain versions installed:

    Module              Have     
    ------------------- ---------
    CPAN                1.9600_01
    CPAN::Meta          2.143240 
    Cwd                 3.47     
    ExtUtils::CBuilder  0.280220 
    ExtUtils::Command   1.17     
    ExtUtils::Install   1.56     
    ExtUtils::MakeMaker 7.04     
    ExtUtils::Manifest  1.70     
    ExtUtils::ParseXS   2.2210   
    File::Spec          3.47     
    JSON                2.53     
    JSON::PP            2.27203  
    Module::Build       0.4211   
    Module::Signature   n/a      
    Parse::CPAN::Meta   1.4414   
    Test::Harness       3.35     
    Test::More          1.001014 
    YAML                1.14     
    YAML::Syck          n/a      
    version             0.88     


--

Summary of my perl5 (revision 5 version 14 subversion 4) configuration:
   
  Platform:
    osname=linux, osvers=3.2.0-4-amd64, archname=x86_64-linux-thread-multi
    uname='linux pigsty.barnyard.co.uk 3.2.0-4-amd64 #1 smp debian 3.2.35-2 x86_64 gnulinux '
    config_args='-de -Dprefix=/home/david/cpantesting/perl-5.14.4 -Dusethreads -Duse64bitall'
    hint=recommended, useposix=true, d_sigaction=define
    useithreads=define, usemultiplicity=define
    useperlio=define, d_sfio=undef, uselargefiles=define, usesocks=undef
    use64bitint=define, use64bitall=define, uselongdouble=undef
    usemymalloc=n, bincompat5005=undef
  Compiler:
    cc='cc', ccflags ='-D_REENTRANT -D_GNU_SOURCE -fno-strict-aliasing -pipe -fstack-protector -I/usr/local/include -D_LARGEFILE_SOURCE -D_FILE_OFFSET_BITS=64',
    optimize='-O2',
    cppflags='-D_REENTRANT -D_GNU_SOURCE -fno-strict-aliasing -pipe -fstack-protector -I/usr/local/include'
    ccversion='', gccversion='4.1.2 20061115 (prerelease) (Debian 4.1.1-21)', gccosandvers=''
    intsize=4, longsize=8, ptrsize=8, doublesize=8, byteorder=12345678
    d_longlong=define, longlongsize=8, d_longdbl=define, longdblsize=16
    ivtype='long', ivsize=8, nvtype='double', nvsize=8, Off_t='off_t', lseeksize=8
    alignbytes=8, prototype=define
  Linker and Libraries:
    ld='cc', ldflags =' -fstack-protector -L/usr/local/lib'
    libpth=/usr/local/lib /lib /usr/lib /lib64 /usr/lib64
    libs=-lnsl -lgdbm -ldb -ldl -lm -lcrypt -lutil -lpthread -lc -lgdbm_compat
    perllibs=-lnsl -ldl -lm -lcrypt -lutil -lpthread -lc
    libc=/lib/libc-2.3.6.so, so=so, useshrplib=false, libperl=libperl.a
    gnulibc_version='2.3.6'
  Dynamic Linking:
    dlsrc=dl_dlopen.xs, dlext=so, d_dlsymun=undef, ccdlflags='-Wl,-E'
    cccdlflags='-fPIC', lddlflags='-shared -O2 -L/usr/local/lib -fstack-protector'


Characteristics of this binary (from libperl): 
  Compile-time options: MULTIPLICITY PERL_DONT_CREATE_GVSV
                        PERL_IMPLICIT_CONTEXT PERL_MALLOC_WRAP
                        PERL_PRESERVE_IVUV USE_64_BIT_ALL USE_64_BIT_INT
                        USE_ITHREADS USE_LARGE_FILES USE_PERLIO USE_PERL_ATOF
                        USE_REENTRANT_API
  Built under linux
  Compiled at Mar 22 2013 21:25:13
  %ENV:
    PERL="5.14.4"
    PERL5LIB=""
    PERL5OPT=""
    PERL5_CPANPLUS_IS_RUNNING="3723"
    PERL5_CPAN_IS_RUNNING="3723"
    PERLVER="5.14.4"
    PERL_INLINE_DIRECTORY="/home/david/.Inline-5.14.4"
    PERL_MM_USE_DEFAULT="1"
  @INC:
    /home/david/cpantesting/perl-5.14.4/lib/site_perl/5.14.4/x86_64-linux-thread-multi
    /home/david/cpantesting/perl-5.14.4/lib/site_perl/5.14.4
    /home/david/cpantesting/perl-5.14.4/lib/5.14.4/x86_64-linux-thread-multi
    /home/david/cpantesting/perl-5.14.4/lib/5.14.4
    .