Report for Config-Hierarchical-0.13.9

Back
From: metabase:user:320bfe00-2aae-11df-837a-5e0a49663a4f
Subject: FAIL Config-Hierarchical-0.13.9 v5.14.2 GNU/Linux
Date: 2011-10-27T21:21:11Z

This distribution has been tested as part of the CPAN Testers
project, supporting the Perl programming language.  See
http://wiki.cpantesters.org/ for more information or email
questions to cpan-testers-discuss@perl.org


--
Dear Nadim Ibn Hamouda El Khemir,

This is a computer-generated report for Config-Hierarchical-0.13.9
on perl 5.14.2, created by CPAN-Reporter-1.1902.

Thank you for uploading your work to CPAN.  However, there was a problem
testing your distribution.

If you think this report is invalid, please consult the CPAN Testers Wiki
for suggestions on how to avoid getting FAIL reports for missing library
or binary dependencies, unsupported operating systems, and so on:

http://wiki.cpantesters.org/wiki/CPANAuthorNotes

Sections of this report:

    * Tester comments
    * Program output
    * Prerequisites
    * Environment and other context

------------------------------
TESTER COMMENTS
------------------------------

Additional comments from tester:

this report is from an automated smoke testing program
and was not reviewed by a human for accuracy

------------------------------
PROGRAM OUTPUT
------------------------------

Output from './Build test':

t/000_distribution.t .......... ok
t/001_load.t .................. ok
t/004_wantarray.t ............. ok
t/005_set_get_default.t ....... ok
t/006_set_get_categories.t .... ok
t/007_custom_get.t ............ ok
t/008_protected_categories.t .. ok
t/010_lock.t .................. ok
t/011_interaction.t ........... ok
t/012_utilities.t ............. ok
t/013_history.t ............... ok
t/014_validator.t ............. ok
t/015_lock_categories.t ....... ok
t/016_keys.t .................. ok
t/017_aliased_categories.t .... ok
t/018_set_get_attribute.t ..... ok
t/019_category_order.t ........ ok

#   Failed test 'syntax error warnings'
#   at t/020_eval.t line 163.
# found warning: Bareword found where operator expected at 'Anonymous_called_at_t_020_eval.t:158' line 4, near "'B)
# found warning: 	(Missing operator before Anonymous_called_at_t_020_eval?)
# found warning: String found where operator expected at 'Anonymous_called_at_t_020_eval.t:158' line 4, at end of line
# found warning: 	(Missing semicolon on previous line?)
# expected to find warning: (?^:Bareword found where operator expected )
# expected to find warning: (?^:Missing operator before Anonymous_called_at_)
# expected to find warning: (?^:String found where operator expected)
# expected to find warning: (?^:Missing operator before ?)
# Looks like you failed 1 test of 18.
t/020_eval.t .................. 
Dubious, test returned 1 (wstat 256, 0x100)
Failed 1/18 subtests 
t/021_log_access.t ............ ok
t/051_tie_readonly.t .......... ok
t/061_delta.t ................. ok
Simple usage example config: Forcing locked variable 'CURRENT::CC' at ''t/099_Cookbook.t':0'.
 at /tmp/loop_over_bdir-RGzN7g/Config-Hierarchical-0.13.9-VOerj8/blib/lib/Config/Hierarchical.pm line 1749
Config initialized in constructor: Variable 'NON_EXISTING' doesn't exist in categories [CURRENT]at ''t/099_Cookbook.t':0'. Returning undef!
 at /tmp/loop_over_bdir-RGzN7g/Config-Hierarchical-0.13.9-VOerj8/blib/lib/Config/Hierarchical.pm line 2292
Config initialized in constructor: Forcing locked variable 'CURRENT::LD' at ''t/099_Cookbook.t':0'.
 at /tmp/loop_over_bdir-RGzN7g/Config-Hierarchical-0.13.9-VOerj8/blib/lib/Config/Hierarchical.pm line 1749
config with categories: Setting 'B::CC' at ''t/099_Cookbook.t':429':
	'A::CC' takes precedence .
 at /tmp/loop_over_bdir-RGzN7g/Config-Hierarchical-0.13.9-VOerj8/blib/lib/Config/Hierarchical.pm line 1381
config with categories: Setting 'B::LD' at ''t/099_Cookbook.t':429':
	'A::LD' takes precedence .
 at /tmp/loop_over_bdir-RGzN7g/Config-Hierarchical-0.13.9-VOerj8/blib/lib/Config/Hierarchical.pm line 1381
config with categories: Setting 'A::CC' at ''t/099_Cookbook.t':0':
	Takes Precedence over lower category 'B::CC'
 at /tmp/loop_over_bdir-RGzN7g/Config-Hierarchical-0.13.9-VOerj8/blib/lib/Config/Hierarchical.pm line 1381
config with categories: Setting 'B::CC' at ''t/099_Cookbook.t':0':
	Overriding 'A::CC'
 at /tmp/loop_over_bdir-RGzN7g/Config-Hierarchical-0.13.9-VOerj8/blib/lib/Config/Hierarchical.pm line 1381
config with aliases: Setting 'CURRENT::LD' at ''t/099_Cookbook.t':0':
	'PARENT::LD' takes precedence .
 at /tmp/loop_over_bdir-RGzN7g/Config-Hierarchical-0.13.9-VOerj8/blib/lib/Config/Hierarchical.pm line 1381
t/099_Cookbook.t .............. ok

Test Summary Report
-------------------
t/020_eval.t                (Wstat: 256 Tests: 18 Failed: 1)
  Failed test:  14
  Non-zero exit status: 1
Files=22, Tests=533,  5 wallclock secs ( 0.12 usr  0.01 sys +  1.99 cusr  0.29 csys =  2.41 CPU)
Result: FAIL
Failed 1/22 test programs. 1/533 subtests failed.

------------------------------
PREREQUISITES
------------------------------

Prerequisite modules loaded:

requires:

    Module             Need Have 
    ------------------ ---- -----
    Data::Compare      0    1.22 
    Data::TreeDumper   0    0.40 
    Eval::Context      0.03 0.09 
    Readonly           0    1.03 
    Sub::Install       0    0.925
    Test::Block        0    0.11 
    Test::Cookbook     0.02 0.05 
    Test::Distribution 0    2.00 
    Test::Exception    0    0.31 
    Test::NoWarnings   0    1.03 
    Test::Strict       0    0.14 
    Test::Warn         0    0.23 


------------------------------
ENVIRONMENT AND OTHER CONTEXT
------------------------------

Environment variables:

    AUTOMATED_TESTING = 1
    LANG = en_US.UTF-8
    LANGUAGE = en_US:en
    PATH = /home/sand/bin:/usr/local/bin:/usr/bin:/bin:/usr/bin/X11:/usr/games:/usr/local/perl/bin:/usr/X11/bin:/sbin:/usr/sbin
    PERL5LIB = 
    PERL5OPT = 
    PERL5_CPANPLUS_IS_RUNNING = 20366
    PERL5_CPAN_IS_RUNNING = 20366
    PERL_MM_USE_DEFAULT = 1
    SHELL = /usr/bin/zsh
    TERM = screen

Perl special variables (and OS-specific diagnostics, for MSWin32):

    $^X = /home/sand/src/perl/repoperls/installed-perls/perl/v5.14.2/2a56/bin/perl
    $UID/$EUID = 1005 / 1005
    $GID = 1005 1005
    $EGID = 1005 1005

Perl module toolchain versions installed:

    Module              Have    
    ------------------- --------
    CPAN                1.9800  
    Cwd                 3.36    
    ExtUtils::CBuilder  0.280202
    ExtUtils::Command   1.17    
    ExtUtils::Install   1.56    
    ExtUtils::MakeMaker 6.63_01 
    ExtUtils::Manifest  1.58    
    ExtUtils::ParseXS   3.05    
    File::Spec          3.33    
    Module::Build       0.3800  
    Module::Signature   0.68    
    Test::Harness       3.23    
    Test::More          0.98    
    YAML                0.77    
    YAML::Syck          1.17    
    version             0.88    


--

Summary of my perl5 (revision 5 version 14 subversion 2) configuration:
  Commit id: dc281e6088d189558b79a5121119b7196c8b3db0
  Platform:
    osname=linux, osvers=2.6.32-5-amd64, archname=x86_64-linux-thread-multi-ld
    uname='linux k83 2.6.32-5-amd64 #1 smp mon oct 3 03:59:20 utc 2011 x86_64 gnulinux '
    config_args='-Dprefix=/home/src/perl/repoperls/installed-perls/perl/v5.14.2/2a56 -Dinstallusrbinperl=n -Uversiononly -Dusedevel -des -Ui_db -Duseithreads -Duselongdouble -DDEBUGGING=-g'
    hint=recommended, useposix=true, d_sigaction=define
    useithreads=define, usemultiplicity=define
    useperlio=define, d_sfio=undef, uselargefiles=define, usesocks=undef
    use64bitint=define, use64bitall=define, uselongdouble=define
    usemymalloc=n, bincompat5005=undef
  Compiler:
    cc='cc', ccflags ='-D_REENTRANT -D_GNU_SOURCE -fno-strict-aliasing -pipe -fstack-protector -I/usr/local/include -D_LARGEFILE_SOURCE -D_FILE_OFFSET_BITS=64',
    optimize='-O2 -g',
    cppflags='-D_REENTRANT -D_GNU_SOURCE -fno-strict-aliasing -pipe -fstack-protector -I/usr/local/include'
    ccversion='', gccversion='4.4.5', gccosandvers=''
    intsize=4, longsize=8, ptrsize=8, doublesize=8, byteorder=12345678
    d_longlong=define, longlongsize=8, d_longdbl=define, longdblsize=16
    ivtype='long', ivsize=8, nvtype='long double', nvsize=16, Off_t='off_t', lseeksize=8
    alignbytes=16, prototype=define
  Linker and Libraries:
    ld='cc', ldflags =' -fstack-protector -L/usr/local/lib'
    libpth=/usr/local/lib /lib/../lib /usr/lib/../lib /lib /usr/lib /lib64 /usr/lib64
    libs=-lnsl -ldb -ldl -lm -lcrypt -lutil -lpthread -lc
    perllibs=-lnsl -ldl -lm -lcrypt -lutil -lpthread -lc
    libc=/lib/libc-2.11.2.so, so=so, useshrplib=false, libperl=libperl.a
    gnulibc_version='2.11.2'
  Dynamic Linking:
    dlsrc=dl_dlopen.xs, dlext=so, d_dlsymun=undef, ccdlflags='-Wl,-E'
    cccdlflags='-fPIC', lddlflags='-shared -O2 -g -L/usr/local/lib -fstack-protector'


Characteristics of this binary (from libperl): 
  Compile-time options: MULTIPLICITY PERL_DONT_CREATE_GVSV
                        PERL_IMPLICIT_CONTEXT PERL_MALLOC_WRAP
                        PERL_PRESERVE_IVUV PERL_USE_DEVEL USE_64_BIT_ALL
                        USE_64_BIT_INT USE_ITHREADS USE_LARGE_FILES
                        USE_LONG_DOUBLE USE_PERLIO USE_PERL_ATOF
                        USE_REENTRANT_API
  Built under linux
  Compiled at Oct 16 2011 06:05:32
  %ENV:
    PERL5LIB=""
    PERL5OPT=""
    PERL5_CPANPLUS_IS_RUNNING="20366"
    PERL5_CPAN_IS_RUNNING="20366"
    PERL_MM_USE_DEFAULT="1"
  @INC:
    /home/src/perl/repoperls/installed-perls/perl/v5.14.2/2a56/lib/site_perl/5.14.2/x86_64-linux-thread-multi-ld
    /home/src/perl/repoperls/installed-perls/perl/v5.14.2/2a56/lib/site_perl/5.14.2
    /home/src/perl/repoperls/installed-perls/perl/v5.14.2/2a56/lib/5.14.2/x86_64-linux-thread-multi-ld
    /home/src/perl/repoperls/installed-perls/perl/v5.14.2/2a56/lib/5.14.2
    .