JSAN-Client v0.29 Perl 5 v5.41.5 x86_64-linux
- Status
- Fail
- From
- Andreas J. König (ANDK)
- Dist
-
JSAN-Client v0.29
- Platform
- Perl 5 v5.41.5 x86_64-linux
- Date
- 2024-10-24 07:07:12
- ID
- 97f0f49c-91d6-11ef-b567-1e7dac543889
This distribution has been tested as part of the CPAN Testers
project, supporting the Perl programming language. See
http://wiki.cpantesters.org/ for more information or email
questions to cpan-testers-discuss@perl.org
--
Dear Adam Kennedy,
This is a computer-generated report for JSAN-Client-0.29
on perl 5.41.5, created by CPAN-Reporter-1.2020.
Thank you for uploading your work to CPAN. However, there was a problem
testing your distribution.
If you think this report is invalid, please consult the CPAN Testers Wiki
for suggestions on how to avoid getting FAIL reports for missing library
or binary dependencies, unsupported operating systems, and so on:
http://wiki.cpantesters.org/wiki/CPANAuthorNotes
Sections of this report:
* Tester comments
* Program output
* Prerequisites
* Environment and other context
------------------------------
TESTER COMMENTS
------------------------------
Additional comments from tester:
this report is from an automated smoke testing program
and was not reviewed by a human for accuracy
------------------------------
PROGRAM OUTPUT
------------------------------
Output from '/usr/bin/make test':
PERL_DL_NONLAZY=1 "/tmp/basesmoker-reloperl-Xx8w/bin/perl" "-MExtUtils::Command::MM" "-MTest::Harness" "-e" "undef *Test::Harness::Switches; test_harness(0, 'inc', 'blib/lib', 'blib/arch')" t/*.t
t/01_compile.t ....... ok
410 error retriving file http://openjsan.org/nosuchfile at t/02_transport.t line 66.
# Looks like you planned 17 tests but ran 10.
t/02_transport.t .....
Dubious, test returned 255 (wstat 65280, 0xff00)
Failed 7/17 subtests
HTTP error 410 while syncing file http://openjsan.org/dist/a/ad/adamk/Display.Swap-0.01.tar.gz at /tmp/loop_over_bdir-2269154-124csC/JSAN-Client-0.29-0/blib/lib/JSAN/Index/Release.pm line 82.
# Looks like you planned 52 tests but ran 23.
t/03_index.t .........
Dubious, test returned 255 (wstat 65280, 0xff00)
Failed 29/52 subtests
(less 2 skipped subtests: 21 okay)
HTTP error 410 while syncing file http://openjsan.org/dist/a/ad/adamk/Display.Swap-0.09.tar.gz at /tmp/loop_over_bdir-2269154-124csC/JSAN-Client-0.29-0/blib/lib/JSAN/Index/Release.pm line 82.
# Looks like you planned 5 tests but ran 3.
t/04_extract.t .......
Dubious, test returned 255 (wstat 65280, 0xff00)
Failed 2/5 subtests
Unknown dependency structure in META.yml for /dist/p/pr/prefiks/List.Utils-0.01.tar.gz at /tmp/loop_over_bdir-2269154-124csC/JSAN-Client-0.29-0/blib/lib/JSAN/Index/Release/Source.pm line 47.
# Looks like you planned 8 tests but ran 1.
t/05_dependency.t ....
Dubious, test returned 255 (wstat 65280, 0xff00)
Failed 7/8 subtests
Unknown dependency structure in META.yml for /dist/p/pr/prefiks/List.Utils-0.01.tar.gz at /tmp/loop_over_bdir-2269154-124csC/JSAN-Client-0.29-0/blib/lib/JSAN/Index/Release/Source.pm line 47.
# Looks like you planned 17 tests but ran 7.
t/06_client.t ........
Dubious, test returned 255 (wstat 65280, 0xff00)
Failed 10/17 subtests
Unknown dependency structure in META.yml for /dist/p/pr/prefiks/List.Utils-0.01.tar.gz at /tmp/loop_over_bdir-2269154-124csC/JSAN-Client-0.29-0/blib/lib/JSAN/Index/Release/Source.pm line 47.
# Looks like you planned 6 tests but ran 3.
t/07_static_files.t ..
Dubious, test returned 255 (wstat 65280, 0xff00)
Failed 3/6 subtests
Test Summary Report
-------------------
t/02_transport.t (Wstat: 65280 (exited 255) Tests: 10 Failed: 0)
Non-zero exit status: 255
Parse errors: Bad plan. You planned 17 tests but ran 10.
t/03_index.t (Wstat: 65280 (exited 255) Tests: 23 Failed: 0)
Non-zero exit status: 255
Parse errors: Bad plan. You planned 52 tests but ran 23.
t/04_extract.t (Wstat: 65280 (exited 255) Tests: 3 Failed: 0)
Non-zero exit status: 255
Parse errors: Bad plan. You planned 5 tests but ran 3.
t/05_dependency.t (Wstat: 65280 (exited 255) Tests: 1 Failed: 0)
Non-zero exit status: 255
Parse errors: Bad plan. You planned 8 tests but ran 1.
t/06_client.t (Wstat: 65280 (exited 255) Tests: 7 Failed: 0)
Non-zero exit status: 255
Parse errors: Bad plan. You planned 17 tests but ran 7.
t/07_static_files.t (Wstat: 65280 (exited 255) Tests: 3 Failed: 0)
Non-zero exit status: 255
Parse errors: Bad plan. You planned 6 tests but ran 3.
Files=7, Tests=50, 38 wallclock secs ( 0.03 usr 0.03 sys + 2.48 cusr 0.54 csys = 3.08 CPU)
Result: FAIL
Failed 6/7 test programs. 0/50 subtests failed.
make: *** [Makefile:806: test_dynamic] Error 255
------------------------------
PREREQUISITES
------------------------------
Prerequisite modules loaded:
requires:
Module Need Have
--------------------- -------- --------
Algorithm::Dependency 1.106 1.112
Archive::Tar 1.30 3.02_001
Archive::Zip 1.18 1.68
Config::Tiny 2.12 2.30
DBD::SQLite 1.25 1.76
DBI 1.607 1.645
Digest::MD5 2.33 2.59
File::HomeDir 0.69 1.006
File::Path 1.06 2.18
File::Spec 0.80 3.93
LWP::Online 0.03 1.08
LWP::Simple 1.41 6.77
Params::Util 1.00 1.102
perl 5.008005 5.041005
Scalar::Util 1.11 1.68
URI::ToDisk 1.08 1.12
YAML 0.60 1.31
build_requires:
Module Need Have
--------------------- -------- --------
ExtUtils::MakeMaker 6.42 7.70
File::Remove 1.40 1.61
Test::More 0.47 1.302204
configure_requires:
Module Need Have
--------------------- -------- --------
ExtUtils::MakeMaker 6.42 7.70
------------------------------
ENVIRONMENT AND OTHER CONTEXT
------------------------------
Environment variables:
AUTOMATED_TESTING = 1
LANG = en_US.UTF-8
PATH = /home/sand/bin:/usr/local/bin:/usr/local/sbin:/usr/sbin:/usr/bin:/sbin:/bin:/usr/games:/usr/local/games:/snap/bin:/usr/local/perl/bin:/usr/X11/bin
PERL = /tmp/basesmoker-reloperl-Xx8w/bin/perl
PERL5LIB = /tmp/loop_over_bdir-2269154-124csC/js-app-0.13-0/blib/arch:/tmp/loop_over_bdir-2269154-124csC/js-app-0.13-0/blib/lib:/tmp/loop_over_bdir-2269154-124csC/makepp-1.19-0/blib/arch:/tmp/loop_over_bdir-2269154-124csC/makepp-1.19-0/blib/lib:/tmp/loop_over_bdir-2269154-124csC/Debian-Packages-0.03-0/blib/arch:/tmp/loop_over_bdir-2269154-124csC/Debian-Packages-0.03-0/blib/lib:/tmp/loop_over_bdir-2269154-124csC/Net-OpenVPN-DDNS-0.1-0/blib/arch:/tmp/loop_over_bdir-2269154-124csC/Net-OpenVPN-DDNS-0.1-0/blib/lib:/tmp/loop_over_bdir-2269154-124csC/Devel-Required-0.16-0/blib/arch:/tmp/loop_over_bdir-2269154-124csC/Devel-Required-0.16-0/blib/lib:/tmp/loop_over_bdir-2269154-124csC/App-nrun-v1.1.2-0/blib/arch:/tmp/loop_over_bdir-2269154-124csC/App-nrun-v1.1.2-0/blib/lib:/tmp/loop_over_bdir-2269154-124csC/App-rmcd-0.280-0/blib/arch:/tmp/loop_over_bdir-2269154-124csC/App-rmcd-0.280-0/blib/lib:/tmp/loop_over_bdir-2269154-124csC/NoZone-1.3-0/blib/arch:/tmp/loop_over_bdir-2269154-124csC/NoZone-1.3-0/blib/lib
PERL5OPT =
PERL5_CPANPLUS_IS_RUNNING = 2269162
PERL5_CPAN_IS_RUNNING = 2269162
PERL_CANARY_STABILITY_NOPROMPT = 1
PERL_MM_USE_DEFAULT = 1
PERL_USE_UNSAFE_INC = 1
SHELL = /usr/bin/zsh
TERM = screen
Perl special variables (and OS-specific diagnostics, for MSWin32):
$^X = /tmp/basesmoker-reloperl-Xx8w/bin/perl
$UID/$EUID = 1005 / 1005
$GID = 1005 1005
$EGID = 1005 1005
Perl module toolchain versions installed:
Module Have
------------------- --------
CPAN 2.38
CPAN::Meta 2.150010
Cwd 3.92
ExtUtils::CBuilder 0.280240
ExtUtils::Command 7.70
ExtUtils::Install 2.22
ExtUtils::MakeMaker 7.70
ExtUtils::Manifest 1.75
ExtUtils::ParseXS 3.55
File::Spec 3.93
JSON 4.10
JSON::PP 4.16
Module::Build 0.4234
Module::Signature 0.89
Parse::CPAN::Meta 2.150010
Test2 1.302204
Test::Harness 3.50
Test::More 1.302204
YAML 1.31
YAML::Syck 1.34
version 0.9933
--
Summary of my perl5 (revision 5 version 41 subversion 5) configuration:
Commit id: 49feb78d039f9c146d7060a6b02af643e5b21489
Platform:
osname=linux
osvers=5.4.0-193-generic
archname=x86_64-linux
uname='linux k93focal 5.4.0-193-generic #213-ubuntu smp fri aug 2 19:14:16 utc 2024 x86_64 x86_64 x86_64 gnulinux '
config_args='-Dprefix=/home/sand/src/perl/repoperls/installed-perls/host/k93focal/v5.41.5/b254 -Dmyhostname=k93focal -Dinstallusrbinperl=n -Uversiononly -Dusedevel -des -Ui_db -Dlibswanted=cl pthread socket inet nsl gdbm dbm malloc dl ld sun m crypt sec util c cposix posix ucb BSD gdbm_compat -Uuseithreads -Uuselongdouble -DEBUGGING=both'
hint=recommended
useposix=true
d_sigaction=define
useithreads=undef
usemultiplicity=undef
use64bitint=define
use64bitall=define
uselongdouble=undef
usemymalloc=n
default_inc_excludes_dot=define
Compiler:
cc='cc'
ccflags ='-fwrapv -DDEBUGGING -fno-strict-aliasing -pipe -fstack-protector-strong -I/usr/local/include -D_LARGEFILE_SOURCE -D_FILE_OFFSET_BITS=64'
optimize='-O2 -g'
cppflags='-fwrapv -DDEBUGGING -fno-strict-aliasing -pipe -fstack-protector-strong -I/usr/local/include'
ccversion=''
gccversion='9.4.0'
gccosandvers=''
intsize=4
longsize=8
ptrsize=8
doublesize=8
byteorder=12345678
doublekind=3
d_longlong=define
longlongsize=8
d_longdbl=define
longdblsize=16
longdblkind=3
ivtype='long'
ivsize=8
nvtype='double'
nvsize=8
Off_t='off_t'
lseeksize=8
alignbytes=8
prototype=define
Linker and Libraries:
ld='cc'
ldflags =' -fstack-protector-strong -L/usr/local/lib'
libpth=/usr/local/lib /usr/lib/x86_64-linux-gnu /usr/lib /usr/lib64
libs=-lpthread -lnsl -ldl -lm -lcrypt -lutil -lc
perllibs=-lpthread -lnsl -ldl -lm -lcrypt -lutil -lc
libc=libc-2.31.so
so=so
useshrplib=false
libperl=libperl.a
gnulibc_version='2.31'
Dynamic Linking:
dlsrc=dl_dlopen.xs
dlext=so
d_dlsymun=undef
ccdlflags='-Wl,-E'
cccdlflags='-fPIC'
lddlflags='-shared -O2 -g -L/usr/local/lib -fstack-protector-strong'
Characteristics of this binary (from libperl):
Compile-time options:
DEBUGGING
HAS_LONG_DOUBLE
HAS_STRTOLD
HAS_TIMES
PERLIO_LAYERS
PERL_COPY_ON_WRITE
PERL_DONT_CREATE_GVSV
PERL_HASH_FUNC_SIPHASH13
PERL_HASH_USE_SBOX32
PERL_MALLOC_WRAP
PERL_OP_PARENT
PERL_PRESERVE_IVUV
PERL_USE_DEVEL
PERL_USE_SAFE_PUTENV
USE_64_BIT_ALL
USE_64_BIT_INT
USE_LARGE_FILES
USE_LOCALE
USE_LOCALE_COLLATE
USE_LOCALE_CTYPE
USE_LOCALE_NUMERIC
USE_LOCALE_TIME
USE_PERLIO
USE_PERL_ATOF
Built under linux
Compiled at Oct 21 2024 05:42:07
%ENV:
PERL="/tmp/basesmoker-reloperl-Xx8w/bin/perl"
PERL5LIB="/tmp/loop_over_bdir-2269154-124csC/js-app-0.13-0/blib/arch:/tmp/loop_over_bdir-2269154-124csC/js-app-0.13-0/blib/lib:/tmp/loop_over_bdir-2269154-124csC/makepp-1.19-0/blib/arch:/tmp/loop_over_bdir-2269154-124csC/makepp-1.19-0/blib/lib:/tmp/loop_over_bdir-2269154-124csC/Debian-Packages-0.03-0/blib/arch:/tmp/loop_over_bdir-2269154-124csC/Debian-Packages-0.03-0/blib/lib:/tmp/loop_over_bdir-2269154-124csC/Net-OpenVPN-DDNS-0.1-0/blib/arch:/tmp/loop_over_bdir-2269154-124csC/Net-OpenVPN-DDNS-0.1-0/blib/lib:/tmp/loop_over_bdir-2269154-124csC/Devel-Required-0.16-0/blib/arch:/tmp/loop_over_bdir-2269154-124csC/Devel-Required-0.16-0/blib/lib:/tmp/loop_over_bdir-2269154-124csC/App-nrun-v1.1.2-0/blib/arch:/tmp/loop_over_bdir-2269154-124csC/App-nrun-v1.1.2-0/blib/lib:/tmp/loop_over_bdir-2269154-124csC/App-rmcd-0.280-0/blib/arch:/tmp/loop_over_bdir-2269154-124csC/App-rmcd-0.280-0/blib/lib:/tmp/loop_over_bdir-2269154-124csC/NoZone-1.3-0/blib/arch:/tmp/loop_over_bdir-2269154-124csC/NoZone-1.3-0/blib/lib"
PERL5OPT=""
PERL5_CPANPLUS_IS_RUNNING="2269162"
PERL5_CPAN_IS_RUNNING="2269162"
PERL_CANARY_STABILITY_NOPROMPT="1"
PERL_MM_USE_DEFAULT="1"
PERL_USE_UNSAFE_INC="1"
@INC:
/tmp/loop_over_bdir-2269154-124csC/js-app-0.13-0/blib/arch
/tmp/loop_over_bdir-2269154-124csC/js-app-0.13-0/blib/lib
/tmp/loop_over_bdir-2269154-124csC/makepp-1.19-0/blib/arch
/tmp/loop_over_bdir-2269154-124csC/makepp-1.19-0/blib/lib
/tmp/loop_over_bdir-2269154-124csC/Debian-Packages-0.03-0/blib/arch
/tmp/loop_over_bdir-2269154-124csC/Debian-Packages-0.03-0/blib/lib
/tmp/loop_over_bdir-2269154-124csC/Net-OpenVPN-DDNS-0.1-0/blib/arch
/tmp/loop_over_bdir-2269154-124csC/Net-OpenVPN-DDNS-0.1-0/blib/lib
/tmp/loop_over_bdir-2269154-124csC/Devel-Required-0.16-0/blib/arch
/tmp/loop_over_bdir-2269154-124csC/Devel-Required-0.16-0/blib/lib
/tmp/loop_over_bdir-2269154-124csC/App-nrun-v1.1.2-0/blib/arch
/tmp/loop_over_bdir-2269154-124csC/App-nrun-v1.1.2-0/blib/lib
/tmp/loop_over_bdir-2269154-124csC/App-rmcd-0.280-0/blib/arch
/tmp/loop_over_bdir-2269154-124csC/App-rmcd-0.280-0/blib/lib
/tmp/loop_over_bdir-2269154-124csC/NoZone-1.3-0/blib/arch
/tmp/loop_over_bdir-2269154-124csC/NoZone-1.3-0/blib/lib
/home/sand/src/perl/repoperls/installed-perls/host/k93focal/v5.41.5/b254/lib/site_perl/5.41.5/x86_64-linux
/home/sand/src/perl/repoperls/installed-perls/host/k93focal/v5.41.5/b254/lib/site_perl/5.41.5
/home/sand/src/perl/repoperls/installed-perls/host/k93focal/v5.41.5/b254/lib/5.41.5/x86_64-linux
/home/sand/src/perl/repoperls/installed-perls/host/k93focal/v5.41.5/b254/lib/5.41.5
.