File-TypeCategories vv0.8.2 Perl 5 v5.20.1 MSWin32-x86-multi-thread-64int

Status
Fail
From
Alexandr Ciornii (CHORNY)
Dist
File-TypeCategories vv0.8.2
Platform
Perl 5 v5.20.1 MSWin32-x86-multi-thread-64int
Date
2022-03-07 15:07:09
ID
9847e8e3-6bf5-1014-a41f-dcfd7d762d5a
This distribution has been tested as part of the CPAN Testers
project, supporting the Perl programming language.  See
http://wiki.cpantesters.org/ for more information or email
questions to cpan-testers-discuss@perl.org


--
Dear Ivan Wills,

This is a computer-generated report for File-TypeCategories-v0.8.2
on perl 5.20.1, created by CPAN-Reporter-1.2014.

Thank you for uploading your work to CPAN.  However, there was a problem
testing your distribution.

If you think this report is invalid, please consult the CPAN Testers Wiki
for suggestions on how to avoid getting FAIL reports for missing library
or binary dependencies, unsupported operating systems, and so on:

http://wiki.cpantesters.org/wiki/CPANAuthorNotes

Sections of this report:

    * Tester comments
    * Program output
    * Prerequisites
    * Environment and other context

------------------------------
TESTER COMMENTS
------------------------------

Additional comments from tester:

this report is from an automated smoke testing program
and was not reviewed by a human for accuracy

------------------------------
PROGRAM OUTPUT
------------------------------

Output from 'C:\Strawberry201\perl\bin\perl.exe ./Build test':


#   Failed test 'use File::TypeCategories;'
#   at t\00-load.t line 9.
#     Tried to use 'File::TypeCategories'.
#     Error:  Can't locate File/TypeCategories/Git.pm in @INC (you may need to install the File::TypeCategories::Git module) (@INC contains: C:\STRAWB~1\cpan\build\File-TypeCategories-v0.8.2-0\blib\lib C:\STRAWB~1\cpan\build\File-TypeCategories-v0.8.2-0\blib\arch C:\STRAWB~1\cpan\build\Test-Warnings-0.031-0/blib/arch C:\STRAWB~1\cpan\build\Test-Warnings-0.031-0/blib/lib C:\STRAWB~1\cpan\build\Scalar-List-Utils-1.61-1/blib/arch C:\STRAWB~1\cpan\build\Scalar-List-Utils-1.61-1/blib/lib C:\STRAWB~1\cpan\build\Test-Warnings-0.031-0/blib/arch C:\STRAWB~1\cpan\build\Test-Warnings-0.031-0/blib/lib C:\STRAWB~1\cpan\build\Scalar-List-Utils-1.61-1/blib/arch C:\STRAWB~1\cpan\build\Scalar-List-Utils-1.61-1/blib/lib C:/Strawberry201/perl/site/lib C:/Strawberry201/perl/vendor/lib C:/Strawberry201/perl/lib .) at C:\STRAWB~1\cpan\build\File-TypeCategories-v0.8.2-0\blib\lib/File/TypeCategories.pm line 20.
# BEGIN failed--compilation aborted at C:\STRAWB~1\cpan\build\File-TypeCategories-v0.8.2-0\blib\lib/File/TypeCategories.pm line 20.
# Compilation failed in require at t\00-load.t line 9.
# BEGIN failed--compilation aborted at t\00-load.t line 9.

#   Failed test 'use File::TypeCategories::Git;'
#   at t\00-load.t line 10.
#     Tried to use 'File::TypeCategories::Git'.
#     Error:  Can't locate File/TypeCategories/Git.pm in @INC (you may need to install the File::TypeCategories::Git module) (@INC contains: C:\STRAWB~1\cpan\build\File-TypeCategories-v0.8.2-0\blib\lib C:\STRAWB~1\cpan\build\File-TypeCategories-v0.8.2-0\blib\arch C:\STRAWB~1\cpan\build\Test-Warnings-0.031-0/blib/arch C:\STRAWB~1\cpan\build\Test-Warnings-0.031-0/blib/lib C:\STRAWB~1\cpan\build\Scalar-List-Utils-1.61-1/blib/arch C:\STRAWB~1\cpan\build\Scalar-List-Utils-1.61-1/blib/lib C:\STRAWB~1\cpan\build\Test-Warnings-0.031-0/blib/arch C:\STRAWB~1\cpan\build\Test-Warnings-0.031-0/blib/lib C:\STRAWB~1\cpan\build\Scalar-List-Utils-1.61-1/blib/arch C:\STRAWB~1\cpan\build\Scalar-List-Utils-1.61-1/blib/lib C:/Strawberry201/perl/site/lib C:/Strawberry201/perl/vendor/lib C:/Strawberry201/perl/lib .) at t\00-load.t line 10.
# BEGIN failed--compilation aborted at t\00-load.t line 10.
Use of uninitialized value $File::TypeCategories::VERSION in concatenation (.) or string at t\00-load.t line 13.
# Testing File::TypeCategories , Perl 5.020001, C:\Strawberry201\perl\bin\perl.exe

#   Failed test 'no (unexpected) warnings (via done_testing)'
#   at t\00-load.t line 14.
# Looks like you failed 3 tests of 3.
t\00-load.t ........... 
Dubious, test returned 3 (wstat 768, 0x300)
Failed 3/3 subtests 
couldn't open lib/File/TypeCategories/Git.pm for reading: No such file or directory at t\boilerplate.t line 10.
# Tests were run but no plan was declared and done_testing() was not seen.
# Looks like your test exited with 2 just after 5.
t\boilerplate.t ....... 
Dubious, test returned 2 (wstat 512, 0x200)
All 5 subtests passed 
Can't locate File/TypeCategories/Git.pm in @INC (you may need to install the File::TypeCategories::Git module) (@INC contains: C:\STRAWB~1\cpan\build\File-TypeCategories-v0.8.2-0\blib\lib C:\STRAWB~1\cpan\build\File-TypeCategories-v0.8.2-0\blib\arch C:\STRAWB~1\cpan\build\Test-Warnings-0.031-0/blib/arch C:\STRAWB~1\cpan\build\Test-Warnings-0.031-0/blib/lib C:\STRAWB~1\cpan\build\Scalar-List-Utils-1.61-1/blib/arch C:\STRAWB~1\cpan\build\Scalar-List-Utils-1.61-1/blib/lib C:\STRAWB~1\cpan\build\Test-Warnings-0.031-0/blib/arch C:\STRAWB~1\cpan\build\Test-Warnings-0.031-0/blib/lib C:\STRAWB~1\cpan\build\Scalar-List-Utils-1.61-1/blib/arch C:\STRAWB~1\cpan\build\Scalar-List-Utils-1.61-1/blib/lib C:/Strawberry201/perl/site/lib C:/Strawberry201/perl/vendor/lib C:/Strawberry201/perl/lib .) at C:\STRAWB~1\cpan\build\File-TypeCategories-v0.8.2-0\blib\lib/File/TypeCategories.pm line 20.
BEGIN failed--compilation aborted at C:\STRAWB~1\cpan\build\File-TypeCategories-v0.8.2-0\blib\lib/File/TypeCategories.pm line 20.
Compilation failed in require at t\categories.t line 7.
BEGIN failed--compilation aborted at t\categories.t line 7.
t\categories.t ........ 
Dubious, test returned 2 (wstat 512, 0x200)
No subtests run 
Can't locate File/TypeCategories/Git.pm in @INC (you may need to install the File::TypeCategories::Git module) (@INC contains: C:\STRAWB~1\cpan\build\File-TypeCategories-v0.8.2-0\blib\lib C:\STRAWB~1\cpan\build\File-TypeCategories-v0.8.2-0\blib\arch C:\STRAWB~1\cpan\build\Test-Warnings-0.031-0/blib/arch C:\STRAWB~1\cpan\build\Test-Warnings-0.031-0/blib/lib C:\STRAWB~1\cpan\build\Scalar-List-Utils-1.61-1/blib/arch C:\STRAWB~1\cpan\build\Scalar-List-Utils-1.61-1/blib/lib C:\STRAWB~1\cpan\build\Test-Warnings-0.031-0/blib/arch C:\STRAWB~1\cpan\build\Test-Warnings-0.031-0/blib/lib C:\STRAWB~1\cpan\build\Scalar-List-Utils-1.61-1/blib/arch C:\STRAWB~1\cpan\build\Scalar-List-Utils-1.61-1/blib/lib C:/Strawberry201/perl/site/lib C:/Strawberry201/perl/vendor/lib C:/Strawberry201/perl/lib .) at C:\STRAWB~1\cpan\build\File-TypeCategories-v0.8.2-0\blib\lib/File/TypeCategories.pm line 20.
BEGIN failed--compilation aborted at C:\STRAWB~1\cpan\build\File-TypeCategories-v0.8.2-0\blib\lib/File/TypeCategories.pm line 20.
Compilation failed in require at t\config.t line 7.
BEGIN failed--compilation aborted at t\config.t line 7.
t\config.t ............ 
Dubious, test returned 2 (wstat 512, 0x200)
No subtests run 
t\critic.t ............ skipped: Author test.  Set TEST_AUTHOR environment variable to a true value to run.
t\kwalitee.t .......... skipped: Author test.  Set TEST_AUTHOR environment variable to a true value to run.
t\manifest.t .......... skipped: Author test.  Set TEST_AUTHOR environment variable to a true value to run.
Can't locate File/TypeCategories/Git.pm in @INC (you may need to install the File::TypeCategories::Git module) (@INC contains: C:\STRAWB~1\cpan\build\File-TypeCategories-v0.8.2-0\blib\lib C:\STRAWB~1\cpan\build\File-TypeCategories-v0.8.2-0\blib\arch C:\STRAWB~1\cpan\build\Test-Warnings-0.031-0/blib/arch C:\STRAWB~1\cpan\build\Test-Warnings-0.031-0/blib/lib C:\STRAWB~1\cpan\build\Scalar-List-Utils-1.61-1/blib/arch C:\STRAWB~1\cpan\build\Scalar-List-Utils-1.61-1/blib/lib C:\STRAWB~1\cpan\build\Test-Warnings-0.031-0/blib/arch C:\STRAWB~1\cpan\build\Test-Warnings-0.031-0/blib/lib C:\STRAWB~1\cpan\build\Scalar-List-Utils-1.61-1/blib/arch C:\STRAWB~1\cpan\build\Scalar-List-Utils-1.61-1/blib/lib C:/Strawberry201/perl/site/lib C:/Strawberry201/perl/vendor/lib C:/Strawberry201/perl/lib .) at C:\STRAWB~1\cpan\build\File-TypeCategories-v0.8.2-0\blib\lib/File/TypeCategories.pm line 20.
BEGIN failed--compilation aborted at C:\STRAWB~1\cpan\build\File-TypeCategories-v0.8.2-0\blib\lib/File/TypeCategories.pm line 20.
Compilation failed in require at t\overwrite_config.t line 7.
BEGIN failed--compilation aborted at t\overwrite_config.t line 7.
t\overwrite_config.t .. 
Dubious, test returned 2 (wstat 512, 0x200)
No subtests run 
t\pod-coverage.t ...... skipped: Author test.  Set TEST_AUTHOR environment variable to a true value to run.
t\pod.t ............... ok
t\spelling.t .......... skipped: Author test.  Set TEST_AUTHOR environment variable to a true value to run.

Test Summary Report
-------------------
t\00-load.t         (Wstat: 768 Tests: 3 Failed: 3)
  Failed tests:  1-3
  Non-zero exit status: 3
t\boilerplate.t     (Wstat: 512 Tests: 5 Failed: 0)
  Non-zero exit status: 2
  Parse errors: No plan found in TAP output
t\categories.t      (Wstat: 512 Tests: 0 Failed: 0)
  Non-zero exit status: 2
  Parse errors: No plan found in TAP output
t\config.t          (Wstat: 512 Tests: 0 Failed: 0)
  Non-zero exit status: 2
  Parse errors: No plan found in TAP output
t\overwrite_config.t (Wstat: 512 Tests: 0 Failed: 0)
  Non-zero exit status: 2
  Parse errors: No plan found in TAP output
Files=11, Tests=11,  5 wallclock secs ( 0.12 usr +  0.09 sys =  0.21 CPU)
Result: FAIL
Failed 5/11 test programs. 3/11 subtests failed.

------------------------------
PREREQUISITES
------------------------------

Prerequisite modules loaded:

requires:

    Module          Need  Have    
    --------------- ----- --------
    autodie         0     2.25    
    File::chdir     0     0.1010  
    File::ShareDir  1.0   1.102   
    List::Util      1.55  1.61    
    Moo             1.0   2.000001
    Path::Tiny      0     0.068   
    perl            5.010 5.020001
    Type::Tiny      1.0   1.000005
    Types::Standard 1.0   1.000005
    version         0     0.9909  
    YAML            1.0   1.15    

build_requires:

    Module          Need  Have    
    --------------- ----- --------
    Test::More      0.88  1.001006
    Test::Warnings  0.026 0.031   

configure_requires:

    Module          Need  Have    
    --------------- ----- --------
    Module::Build   0.38  0.4211  


------------------------------
ENVIRONMENT AND OTHER CONTEXT
------------------------------

Environment variables:

    AUTOMATED_TESTING = 1
    COMSPEC = C:\WINDOWS\system32\cmd.exe
    NUMBER_OF_PROCESSORS = 1
    PATH = C:\WINDOWS\system32;C:\WINDOWS;C:\WINDOWS\System32\Wbem;C:\Strawberry201\c\bin;C:\Strawberry201\perl\site\bin;C:\Strawberry201\perl\bin;C:\Git\cmd
    PERL5LIB = C:\STRAWB~1\cpan\build\Test-Warnings-0.031-0/blib/arch;C:\STRAWB~1\cpan\build\Test-Warnings-0.031-0/blib/lib;C:\STRAWB~1\cpan\build\Scalar-List-Utils-1.61-1/blib/arch;C:\STRAWB~1\cpan\build\Scalar-List-Utils-1.61-1/blib/lib
    PERL5OPT = 
    PERL5_CPANPLUS_IS_RUNNING = 224
    PERL5_CPAN_IS_RUNNING = 224
    PERL5_CPAN_IS_RUNNING_IN_RECURSION = 1704,224
    PERL_CR_SMOKER_CURRENT = File-TypeCategories-v0.8.2
    PERL_CR_SMOKER_RUNONCE = 1
    PERL_EXTUTILS_AUTOINSTALL = --defaultdeps
    PERL_MM_USE_DEFAULT = 1
    PERL_USE_UNSAFE_INC = 1
    PROCESSOR_IDENTIFIER = x86 Family 16 Model 5 Stepping 3, AuthenticAMD
    TEMP = C:\DOCUME~1\c\LOCALS~1\Temp

Perl special variables (and OS-specific diagnostics, for MSWin32):

    $^X = C:\Strawberry201\perl\bin\perl.exe
    $UID/$EUID = 0 / 0
    $GID = 0
    $EGID = 0
    Win32::GetOSName = WinXP/.Net
    Win32::GetOSVersion = Service Pack 3, 5, 1, 2600, 2, 3, 0, 256, 1
    Win32::FsType = NTFS
    Win32::IsAdminUser = 1

Perl module toolchain versions installed:

    Module              Have    
    ------------------- --------
    CPAN                2.28    
    CPAN::Meta          2.142060
    Cwd                 3.48    
    ExtUtils::CBuilder  0.280219
    ExtUtils::Command   1.18    
    ExtUtils::Install   1.68    
    ExtUtils::MakeMaker 7.04    
    ExtUtils::Manifest  1.66    
    ExtUtils::ParseXS   3.24    
    File::Spec          3.48    
    JSON                2.90    
    JSON::PP            2.27203 
    Module::Build       0.4211  
    Module::Signature   0.78    
    Parse::CPAN::Meta   1.4414  
    Test::Harness       3.33    
    Test::More          1.001006
    YAML                1.15    
    YAML::Syck          1.29    
    version             0.9909  


--

Summary of my perl5 (revision 5 version 20 subversion 1) configuration:
   
  Platform:
    osname=MSWin32, osvers=6.3, archname=MSWin32-x86-multi-thread-64int
    uname='Win32 strawberry-perl 5.20.1.1 #1 Mon Sep 15 18:25:23 2014 i386'
    config_args='undef'
    hint=recommended, useposix=true, d_sigaction=undef
    useithreads=define, usemultiplicity=define
    use64bitint=define, use64bitall=undef, uselongdouble=undef
    usemymalloc=n, bincompat5005=undef
  Compiler:
    cc='gcc', ccflags =' -s -O2 -DWIN32  -DPERL_TEXTMODE_SCRIPTS -DPERL_IMPLICIT_CONTEXT -DPERL_IMPLICIT_SYS -DUSE_PERLIO -fwrapv -fno-strict-aliasing -mms-bitfields',
    optimize='-s -O2',
    cppflags='-DWIN32'
    ccversion='', gccversion='4.8.3', gccosandvers=''
    intsize=4, longsize=4, ptrsize=4, doublesize=8, byteorder=12345678
    d_longlong=define, longlongsize=8, d_longdbl=define, longdblsize=12
    ivtype='long long', ivsize=8, nvtype='double', nvsize=8, Off_t='long long', lseeksize=8
    alignbytes=8, prototype=define
  Linker and Libraries:
    ld='g++', ldflags ='-s -L"C:\STRAWB~1\perl\lib\CORE" -L"C:\STRAWB~1\c\lib"'
    libpth=C:\STRAWB~1\c\lib C:\STRAWB~1\c\i686-w64-mingw32\lib C:\STRAWB~1\c\lib\gcc\i686-w64-mingw32\4.8.3
    libs=-lmoldname -lkernel32 -luser32 -lgdi32 -lwinspool -lcomdlg32 -ladvapi32 -lshell32 -lole32 -loleaut32 -lnetapi32 -luuid -lws2_32 -lmpr -lwinmm -lversion -lodbc32 -lodbccp32 -lcomctl32
    perllibs=-lmoldname -lkernel32 -luser32 -lgdi32 -lwinspool -lcomdlg32 -ladvapi32 -lshell32 -lole32 -loleaut32 -lnetapi32 -luuid -lws2_32 -lmpr -lwinmm -lversion -lodbc32 -lodbccp32 -lcomctl32
    libc=, so=dll, useshrplib=true, libperl=libperl520.a
    gnulibc_version=''
  Dynamic Linking:
    dlsrc=dl_win32.xs, dlext=xs.dll, d_dlsymun=undef, ccdlflags=' '
    cccdlflags=' ', lddlflags='-mdll -s -L"C:\STRAWB~1\perl\lib\CORE" -L"C:\STRAWB~1\c\lib"'


Characteristics of this binary (from libperl): 
  Compile-time options: HAS_TIMES HAVE_INTERP_INTERN MULTIPLICITY
                        PERLIO_LAYERS PERL_DONT_CREATE_GVSV
                        PERL_HASH_FUNC_ONE_AT_A_TIME_HARD
                        PERL_IMPLICIT_CONTEXT PERL_IMPLICIT_SYS
                        PERL_MALLOC_WRAP PERL_NEW_COPY_ON_WRITE
                        PERL_PRESERVE_IVUV USE_64_BIT_INT USE_ITHREADS
                        USE_LARGE_FILES USE_LOCALE USE_LOCALE_COLLATE
                        USE_LOCALE_CTYPE USE_LOCALE_NUMERIC USE_PERLIO
                        USE_PERL_ATOF
  Built under MSWin32
  Compiled at Sep 15 2014 18:29:20
  %ENV:
    PERL5LIB="C:\STRAWB~1\cpan\build\Test-Warnings-0.031-0/blib/arch;C:\STRAWB~1\cpan\build\Test-Warnings-0.031-0/blib/lib;C:\STRAWB~1\cpan\build\Scalar-List-Utils-1.61-1/blib/arch;C:\STRAWB~1\cpan\build\Scalar-List-Utils-1.61-1/blib/lib"
    PERL5_CPANPLUS_IS_RUNNING="224"
    PERL5_CPAN_IS_RUNNING="224"
    PERL5_CPAN_IS_RUNNING_IN_RECURSION="1704,224"
    PERL_CR_SMOKER_CURRENT="File-TypeCategories-v0.8.2"
    PERL_CR_SMOKER_RUNONCE="1"
    PERL_EXTUTILS_AUTOINSTALL="--defaultdeps"
    PERL_MM_USE_DEFAULT="1"
    PERL_USE_UNSAFE_INC="1"
  @INC:
    C:\STRAWB~1\cpan\build\Test-Warnings-0.031-0/blib/arch
    C:\STRAWB~1\cpan\build\Test-Warnings-0.031-0/blib/lib
    C:\STRAWB~1\cpan\build\Scalar-List-Utils-1.61-1/blib/arch
    C:\STRAWB~1\cpan\build\Scalar-List-Utils-1.61-1/blib/lib
    C:/Strawberry201/perl/site/lib
    C:/Strawberry201/perl/vendor/lib
    C:/Strawberry201/perl/lib
    .