OpenAPI-PerlGenerator v0.02 Perl 5 v5.22.0 x86_64-linux-thread-multi

Status
Fail
From
Andreas J. König (ANDK)
Dist
OpenAPI-PerlGenerator v0.02
Platform
Perl 5 v5.22.0 x86_64-linux-thread-multi
Date
2024-04-15 02:12:23
ID
98d577f2-facd-11ee-88a8-b0426d9b51cd
This distribution has been tested as part of the CPAN Testers
project, supporting the Perl programming language.  See
http://wiki.cpantesters.org/ for more information or email
questions to cpan-testers-discuss@perl.org


--
Dear Max Maischein,

This is a computer-generated report for OpenAPI-PerlGenerator-0.02
on perl 5.22.0, created by CPAN-Reporter-1.2018.

Thank you for uploading your work to CPAN.  However, there was a problem
testing your distribution.

If you think this report is invalid, please consult the CPAN Testers Wiki
for suggestions on how to avoid getting FAIL reports for missing library
or binary dependencies, unsupported operating systems, and so on:

http://wiki.cpantesters.org/wiki/CPANAuthorNotes

Sections of this report:

    * Tester comments
    * Program output
    * Prerequisites
    * Environment and other context

------------------------------
TESTER COMMENTS
------------------------------

Additional comments from tester:

this report is from an automated smoke testing program
and was not reviewed by a human for accuracy

------------------------------
PROGRAM OUTPUT
------------------------------

Output from '/usr/bin/make test':

PERL_DL_NONLAZY=1 "/home/sand/src/perl/repoperls/installed-perls/host/k93msid/v5.22.0/29fb/bin/perl" "-MExtUtils::Command::MM" "-MTest::Harness" "-e" "undef *Test::Harness::Switches; test_harness(0, 'blib/lib', 'blib/arch')" t/00-load.t t/01-regression.t t/02-http-form.t
# Testing OpenAPI::PerlGenerator 0.02, Perl 5.022000
# AutoLoader 5.74
# B 1.58
# B::Hooks::EndOfScope 0.26
# B::Hooks::EndOfScope::XS 0.26
# Carp 1.50
# Carp::Heavy 1.50
# Class::Accessor::Lite 0.08
# Class::Data::Inheritable 0.09
# Class::Load 0.25
# Class::Load::XS 0.10
# Class::MOP 2.2203
# Class::MOP::Attribute 2.2203
# Class::MOP::Class 2.2203
# Class::MOP::Class::Immutable::Class::MOP::Class <unknown>
# Class::MOP::Class::Immutable::Moose::Meta::Class <unknown>
# Class::MOP::Class::Immutable::Moose::Meta::Class::__ANON__::SERIAL::1 <unknown>
# Class::MOP::Class::Immutable::Trait 2.2203
# Class::MOP::Deprecated 2.2203
# Class::MOP::Instance 2.2203
# Class::MOP::Method 2.2203
# Class::MOP::Method::Accessor 2.2203
# Class::MOP::Method::Constructor 2.2203
# Class::MOP::Method::Generated 2.2203
# Class::MOP::Method::Inlined 2.2203
# Class::MOP::Method::Meta 2.2203
# Class::MOP::Method::Wrapped 2.2203
# Class::MOP::MiniTrait 2.2203
# Class::MOP::Mixin 2.2203
# Class::MOP::Mixin::AttributeCore 2.2203
# Class::MOP::Mixin::HasAttributes 2.2203
# Class::MOP::Mixin::HasMethods 2.2203
# Class::MOP::Mixin::HasOverloads 2.2203
# Class::MOP::Module 2.2203
# Class::MOP::Object 2.2203
# Class::MOP::Overload 2.2203
# Class::MOP::Package 2.2203
# Class::Struct 0.65
# Class::XSAccessor 1.19
# Class::XSAccessor::Heavy 1.19
# Clone 0.46
# Compress::Raw::Zlib 2.208
# Config 5.022000
# Cwd 3.75
# Data::Dumper 2.183
# Data::OptList 0.112
# Devel::Caller 2.06
# Devel::GlobalDestruction 0.14
# Devel::OverloadInfo 0.007
# Devel::StackTrace 2.05
# Devel::StackTrace::Frame 2.05
# Digest::MD5 2.59
# Digest::SHA 6.02
# Digest::base 1.16
# DynaLoader 1.32
# Encode 3.20
# Encode::Alias 2.25
# Encode::Config 2.05
# Encode::Encoding 2.08
# Encode::Guess 2.08
# Encode::MIME::Name 1.03
# Encode::Unicode 2.20
# English 1.09
# Errno 1.23
# Eval::Closure 0.14
# Exception::Class 1.45
# Exception::Class::Base 1.45
# Exporter 5.74
# Exporter::Heavy 5.74
# ExtUtils::Liblist 7.70
# ExtUtils::Liblist::Kid 7.70
# ExtUtils::MM 7.70
# ExtUtils::MM_Any 7.70
# ExtUtils::MM_Unix 7.70
# ExtUtils::MY 7.70
# ExtUtils::MakeMaker 7.70
# ExtUtils::MakeMaker::Config 7.70
# ExtUtils::MakeMaker::Locale 7.70
# ExtUtils::MakeMaker::version 7.70
# Fcntl 1.13
# File::Basename 2.85
# File::Copy 2.30
# File::Find 1.29
# File::Glob 1.24
# File::GlobMapper 1.001
# File::Path 2.18
# File::Spec 3.75
# File::Spec::Functions 3.75
# File::Spec::Unix 3.75
# File::Temp 0.2311
# File::stat 1.07
# Future::AsyncAwait 0.61
# Getopt::Long 2.54
# HTML::Entities 3.80
# HTML::Parser 3.80
# I18N::Langinfo 0.12
# IO 1.51
# IO::Compress::Adapter::Deflate 2.207
# IO::Compress::Base 2.207
# IO::Compress::Base::Common 2.207
# IO::Compress::Gzip 2.207
# IO::Compress::Gzip::Constants 2.207
# IO::Compress::RawDeflate 2.207
# IO::Compress::Zlib::Extra 2.207
# IO::File 1.51
# IO::Handle 1.51
# IO::Poll 1.51
# IO::Seekable 1.51
# IO::Uncompress::Adapter::Inflate 2.207
# IO::Uncompress::Base 2.207
# IO::Uncompress::Gunzip 2.207
# IO::Uncompress::RawInflate 2.207
# JSON 4.10
# JSON::Pointer 0.07
# JSON::Pointer::Context 0.07
# JSON::Pointer::Exception 0.07
# JSON::Pointer::Syntax 0.07
# JSON::XS 4.03
# List::AllUtils 0.19
# List::SomeUtils 0.58
# List::SomeUtils::PP 0.58
# List::SomeUtils::XS 0.58
# List::Util 1.63
# List::UtilsBy 0.12
# MIME::Base64 3.16
# MRO::Compat 0.15
# Markdent::Event::AutoLink 0.40
# Markdent::Event::EndBlockquote 0.40
# Markdent::Event::EndCode 0.40
# Markdent::Event::EndDocument 0.40
# Markdent::Event::EndEmphasis 0.40
# Markdent::Event::EndHTMLTag 0.40
# Markdent::Event::EndHeader 0.40
# Markdent::Event::EndLink 0.40
# Markdent::Event::EndListItem 0.40
# Markdent::Event::EndOrderedList 0.40
# Markdent::Event::EndParagraph 0.40
# Markdent::Event::EndStrong 0.40
# Markdent::Event::EndUnorderedList 0.40
# Markdent::Event::HTMLBlock 0.40
# Markdent::Event::HTMLComment 0.40
# Markdent::Event::HTMLCommentBlock 0.40
# Markdent::Event::HTMLEntity 0.40
# Markdent::Event::HTMLTag 0.40
# Markdent::Event::HorizontalRule 0.40
# Markdent::Event::Image 0.40
# Markdent::Event::LineBreak 0.40
# Markdent::Event::Preformatted 0.40
# Markdent::Event::StartBlockquote 0.40
# Markdent::Event::StartCode 0.40
# Markdent::Event::StartDocument 0.40
# Markdent::Event::StartEmphasis 0.40
# Markdent::Event::StartHTMLTag 0.40
# Markdent::Event::StartHeader 0.40
# Markdent::Event::StartLink 0.40
# Markdent::Event::StartListItem 0.40
# Markdent::Event::StartOrderedList 0.40
# Markdent::Event::StartParagraph 0.40
# Markdent::Event::StartStrong 0.40
# Markdent::Event::StartUnorderedList 0.40
# Markdent::Event::Text 0.40
# Markdent::Parser 0.40
# Markdent::Parser::BlockParser 0.40
# Markdent::Parser::SpanParser 0.40
# Markdent::Regexes 0.40
# Markdent::Role::AnyParser 0.40
# Markdent::Role::BalancedEvent 0.40
# Markdent::Role::BalancedEvent::__ANON__::SERIAL::21 <unknown>
# Markdent::Role::BalancedEvent::__ANON__::SERIAL::23 <unknown>
# Markdent::Role::BalancedEvent::__ANON__::SERIAL::26 <unknown>
# Markdent::Role::BalancedEvent::__ANON__::SERIAL::28 <unknown>
# Markdent::Role::BalancedEvent::__ANON__::SERIAL::35 <unknown>
# Markdent::Role::BalancedEvent::__ANON__::SERIAL::37 <unknown>
# Markdent::Role::BalancedEvent::__ANON__::SERIAL::40 <unknown>
# Markdent::Role::BalancedEvent::__ANON__::SERIAL::42 <unknown>
# Markdent::Role::BlockParser 0.40
# Markdent::Role::DebugPrinter 0.40
# Markdent::Role::Event 0.40
# Markdent::Role::Event::__ANON__::SERIAL::1 <unknown>
# Markdent::Role::Event::__ANON__::SERIAL::10 <unknown>
# Markdent::Role::Event::__ANON__::SERIAL::11 <unknown>
# Markdent::Role::Event::__ANON__::SERIAL::12 <unknown>
# Markdent::Role::Event::__ANON__::SERIAL::13 <unknown>
# Markdent::Role::Event::__ANON__::SERIAL::14 <unknown>
# Markdent::Role::Event::__ANON__::SERIAL::15 <unknown>
# Markdent::Role::Event::__ANON__::SERIAL::16 <unknown>
# Markdent::Role::Event::__ANON__::SERIAL::17 <unknown>
# Markdent::Role::Event::__ANON__::SERIAL::18 <unknown>
# Markdent::Role::Event::__ANON__::SERIAL::19 <unknown>
# Markdent::Role::Event::__ANON__::SERIAL::2 <unknown>
# Markdent::Role::Event::__ANON__::SERIAL::20 <unknown>
# Markdent::Role::Event::__ANON__::SERIAL::22 <unknown>
# Markdent::Role::Event::__ANON__::SERIAL::24 <unknown>
# Markdent::Role::Event::__ANON__::SERIAL::25 <unknown>
# Markdent::Role::Event::__ANON__::SERIAL::27 <unknown>
# Markdent::Role::Event::__ANON__::SERIAL::29 <unknown>
# Markdent::Role::Event::__ANON__::SERIAL::3 <unknown>
# Markdent::Role::Event::__ANON__::SERIAL::30 <unknown>
# Markdent::Role::Event::__ANON__::SERIAL::31 <unknown>
# Markdent::Role::Event::__ANON__::SERIAL::32 <unknown>
# Markdent::Role::Event::__ANON__::SERIAL::33 <unknown>
# Markdent::Role::Event::__ANON__::SERIAL::34 <unknown>
# Markdent::Role::Event::__ANON__::SERIAL::36 <unknown>
# Markdent::Role::Event::__ANON__::SERIAL::38 <unknown>
# Markdent::Role::Event::__ANON__::SERIAL::39 <unknown>
# Markdent::Role::Event::__ANON__::SERIAL::4 <unknown>
# Markdent::Role::Event::__ANON__::SERIAL::41 <unknown>
# Markdent::Role::Event::__ANON__::SERIAL::43 <unknown>
# Markdent::Role::Event::__ANON__::SERIAL::5 <unknown>
# Markdent::Role::Event::__ANON__::SERIAL::6 <unknown>
# Markdent::Role::Event::__ANON__::SERIAL::7 <unknown>
# Markdent::Role::Event::__ANON__::SERIAL::8 <unknown>
# Markdent::Role::Event::__ANON__::SERIAL::9 <unknown>
# Markdent::Role::EventAsText 0.40
# Markdent::Role::EventsAsMethods 0.40
# Markdent::Role::Handler 0.40
# Markdent::Role::SpanParser 0.40
# Markdent::Types 0.40
# Markdent::Types::Internal 0.40
# Markdown::Pod 0.008
# Markdown::Pod::Handler 0.008
# Method::Generate::Accessor <unknown>
# Method::Generate::Constructor <unknown>
# Module::Implementation 0.09
# Module::Runtime 0.016
# Mojo::Base <unknown>
# Mojo::ByteStream <unknown>
# Mojo::Collection <unknown>
# Mojo::Exception <unknown>
# Mojo::File <unknown>
# Mojo::Template <unknown>
# Mojo::Util <unknown>
# Moo 2.005005
# Moo::HandleMoose <unknown>
# Moo::HandleMoose::FakeMetaClass <unknown>
# Moo::HandleMoose::_TypeMap <unknown>
# Moo::Object <unknown>
# Moo::_Utils <unknown>
# Moo::sification <unknown>
# Moose 2.2203
# Moose::Deprecated 2.2203
# Moose::Exception 2.2203
# Moose::Exporter 2.2203
# Moose::Meta::Attribute 2.2203
# Moose::Meta::Attribute::Native 2.2203
# Moose::Meta::Attribute::Native::Trait 2.2203
# Moose::Meta::Attribute::Native::Trait::Array 2.2203
# Moose::Meta::Attribute::Native::Trait::Bool 2.2203
# Moose::Meta::Attribute::Native::Trait::Counter 2.2203
# Moose::Meta::Attribute::Native::Trait::Hash 2.2203
# Moose::Meta::Attribute::Native::Trait::String 2.2203
# Moose::Meta::Class 2.2203
# Moose::Meta::Class::Immutable::Trait 2.2203
# Moose::Meta::Class::__ANON__::SERIAL::1 <unknown>
# Moose::Meta::Class::__ANON__::SERIAL::10 <unknown>
# Moose::Meta::Class::__ANON__::SERIAL::11 <unknown>
# Moose::Meta::Class::__ANON__::SERIAL::12 <unknown>
# Moose::Meta::Class::__ANON__::SERIAL::13 <unknown>
# Moose::Meta::Class::__ANON__::SERIAL::14 <unknown>
# Moose::Meta::Class::__ANON__::SERIAL::15 <unknown>
# Moose::Meta::Class::__ANON__::SERIAL::16 <unknown>
# Moose::Meta::Class::__ANON__::SERIAL::17 <unknown>
# Moose::Meta::Class::__ANON__::SERIAL::18 <unknown>
# Moose::Meta::Class::__ANON__::SERIAL::19 <unknown>
# Moose::Meta::Class::__ANON__::SERIAL::2 <unknown>
# Moose::Meta::Class::__ANON__::SERIAL::20 <unknown>
# Moose::Meta::Class::__ANON__::SERIAL::21 <unknown>
# Moose::Meta::Class::__ANON__::SERIAL::22 <unknown>
# Moose::Meta::Class::__ANON__::SERIAL::3 <unknown>
# Moose::Meta::Class::__ANON__::SERIAL::4 <unknown>
# Moose::Meta::Class::__ANON__::SERIAL::5 <unknown>
# Moose::Meta::Class::__ANON__::SERIAL::6 <unknown>
# Moose::Meta::Class::__ANON__::SERIAL::7 <unknown>
# Moose::Meta::Class::__ANON__::SERIAL::8 <unknown>
# Moose::Meta::Class::__ANON__::SERIAL::9 <unknown>
# Moose::Meta::Instance 2.2203
# Moose::Meta::Method 2.2203
# Moose::Meta::Method::Accessor 2.2203
# Moose::Meta::Method::Accessor::Native 2.2203
# Moose::Meta::Method::Accessor::Native::Array 2.2203
# Moose::Meta::Method::Accessor::Native::Array::Writer 2.2203
# Moose::Meta::Method::Accessor::Native::Array::clear 2.2203
# Moose::Meta::Method::Accessor::Native::Array::elements 2.2203
# Moose::Meta::Method::Accessor::Native::Array::push 2.2203
# Moose::Meta::Method::Accessor::Native::Bool::set 2.2203
# Moose::Meta::Method::Accessor::Native::Bool::unset 2.2203
# Moose::Meta::Method::Accessor::Native::Collection 2.2203
# Moose::Meta::Method::Accessor::Native::Counter::dec 2.2203
# Moose::Meta::Method::Accessor::Native::Counter::inc 2.2203
# Moose::Meta::Method::Accessor::Native::Hash 2.2203
# Moose::Meta::Method::Accessor::Native::Hash::Writer 2.2203
# Moose::Meta::Method::Accessor::Native::Hash::get 2.2203
# Moose::Meta::Method::Accessor::Native::Hash::set 2.2203
# Moose::Meta::Method::Accessor::Native::Reader 2.2203
# Moose::Meta::Method::Accessor::Native::String::append 2.2203
# Moose::Meta::Method::Accessor::Native::String::clear 2.2203
# Moose::Meta::Method::Accessor::Native::String::length 2.2203
# Moose::Meta::Method::Accessor::Native::Writer 2.2203
# Moose::Meta::Method::Augmented 2.2203
# Moose::Meta::Method::Constructor 2.2203
# Moose::Meta::Method::Delegation 2.2203
# Moose::Meta::Method::Destructor 2.2203
# Moose::Meta::Method::Meta 2.2203
# Moose::Meta::Method::Overridden 2.2203
# Moose::Meta::Mixin::AttributeCore 2.2203
# Moose::Meta::Object::Trait 2.2203
# Moose::Meta::Role 2.2203
# Moose::Meta::Role::Application 2.2203
# Moose::Meta::Role::Application::RoleSummation 2.2203
# Moose::Meta::Role::Application::ToClass 2.2203
# Moose::Meta::Role::Application::ToInstance 2.2203
# Moose::Meta::Role::Application::ToRole 2.2203
# Moose::Meta::Role::Attribute 2.2203
# Moose::Meta::Role::Composite 2.2203
# Moose::Meta::Role::Method 2.2203
# Moose::Meta::Role::Method::Conflicting 2.2203
# Moose::Meta::Role::Method::Required 2.2203
# Moose::Meta::TypeCoercion 2.2203
# Moose::Meta::TypeCoercion::Union 2.2203
# Moose::Meta::TypeConstraint 2.2203
# Moose::Meta::TypeConstraint::Class 2.2203
# Moose::Meta::TypeConstraint::DuckType 2.2203
# Moose::Meta::TypeConstraint::Enum 2.2203
# Moose::Meta::TypeConstraint::Parameterizable 2.2203
# Moose::Meta::TypeConstraint::Parameterized 2.2203
# Moose::Meta::TypeConstraint::Registry 2.2203
# Moose::Meta::TypeConstraint::Role 2.2203
# Moose::Meta::TypeConstraint::Union 2.2203
# Moose::Object 2.2203
# Moose::Role 2.2203
# Moose::Util 2.2203
# Moose::Util::MetaRole 2.2203
# Moose::Util::TypeConstraints 2.2203
# Moose::Util::TypeConstraints::Builtins 2.2203
# MooseX::Params::Validate 0.21
# MooseX::Params::Validate::Exception::ValidationFailedForTypeConstraint 0.21
# MooseX::Role::Parameterized 1.11
# MooseX::Role::Parameterized::Meta::Role::Parameterized 1.11
# MooseX::Role::Parameterized::Meta::Trait::Parameterizable 1.11
# MooseX::Role::Parameterized::Meta::Trait::Parameterized 1.11
# MooseX::Role::Parameterized::Parameters 1.11
# MooseX::SemiAffordanceAccessor 0.10
# MooseX::SemiAffordanceAccessor::Role::Attribute 0.10
# MooseX::StrictConstructor 0.21
# MooseX::StrictConstructor::Trait::Class 0.21
# MooseX::StrictConstructor::Trait::Method::Constructor 0.21
# OpenAPI::PerlGenerator 0.02
# OpenAPI::PerlGenerator::Template 0.02
# OpenAPI::PerlGenerator::Utils 0.02
# POSIX 1.53
# Package::DeprecationManager 0.17
# Package::Stash 0.40
# Package::Stash::XS 0.29
# PadWalker 2.5
# Params::Util 1.102
# Params::Util::PP 1.102
# Params::Validate 1.30
# Params::Validate::Constants 1.30
# Params::Validate::XS 1.30
# Params::ValidationCompiler 0.30
# Params::ValidationCompiler::Compiler 0.30
# Params::ValidationCompiler::Exception::BadArguments 1.1
# Params::ValidationCompiler::Exception::Named::Extra 1.1
# Params::ValidationCompiler::Exception::Named::Required 1.1
# Params::ValidationCompiler::Exception::Positional::Extra 1.1
# Params::ValidationCompiler::Exception::Positional::Required 1.1
# Params::ValidationCompiler::Exception::ValidationFailedForMooseTypeConstraint 1.1
# Params::ValidationCompiler::Exceptions 0.30
# Perl::Tidy 20230309
# Perl::Tidy::Debugger 20230309
# Perl::Tidy::DevNull 20230309
# Perl::Tidy::Diagnostics 20230309
# Perl::Tidy::FileWriter 20230309
# Perl::Tidy::Formatter 20230309
# Perl::Tidy::HtmlWriter 20230309
# Perl::Tidy::IOScalar 20230309
# Perl::Tidy::IOScalarArray 20230309
# Perl::Tidy::IndentationItem 20230309
# Perl::Tidy::LineBuffer 20230309
# Perl::Tidy::LineSink 20230309
# Perl::Tidy::LineSource 20230309
# Perl::Tidy::Logger 20230309
# Perl::Tidy::Tokenizer 20230309
# Perl::Tidy::VerticalAligner 20230309
# Perl::Tidy::VerticalAligner::Alignment 20230309
# Perl::Tidy::VerticalAligner::Line 20230309
# PerlIO 1.09
# Pod::Escapes 1.07
# Pod::Html 1.22
# Pod::Simple 3.43
# Pod::Simple::BlackBox 3.43
# Pod::Simple::LinkSection 3.43
# Pod::Simple::Methody 3.43
# Pod::Simple::Search 3.43
# Pod::Simple::TiedOutFH 3.43
# Pod::Simple::XHTML 3.43
# Pod::Text 5.01
# Pod::Usage 2.01
# Ref::Util 0.204
# Ref::Util::XS 0.117
# Role::Tiny 2.002004
# Role::Tiny::With 2.002004
# Scalar::Util 1.63
# SelectSaver 1.02
# Socket 2.037
# Specio::Coercion 0.47
# Specio::Constraint::Enum 0.47
# Specio::Constraint::ObjectDoes 0.47
# Specio::Constraint::Parameterizable 0.47
# Specio::Constraint::Parameterized 0.47
# Specio::Constraint::Role::DoesType 0.47
# Specio::Constraint::Role::Interface 0.47
# Specio::Constraint::Simple 0.47
# Specio::Declare 0.47
# Specio::DeclaredAt 0.47
# Specio::Exception 0.47
# Specio::Exporter 0.47
# Specio::Helpers 0.47
# Specio::Library::Builtins 0.47
# Specio::Library::Numeric 0.47
# Specio::OO 0.47
# Specio::PartialDump 0.47
# Specio::Registry 0.47
# Specio::Role::Inlinable 0.47
# Specio::TypeChecks 0.47
# Storable 3.25
# Sub::Defer 2.006008
# Sub::Exporter 0.989
# Sub::Exporter::Progressive 0.001013
# Sub::Install 0.929
# Sub::Name 0.27
# Sub::Quote 2.006008
# Sub::Util 1.63
# Symbol 1.07
# Test::Builder 1.302195
# Test::Builder::Formatter 1.302195
# Test::Builder::Module 1.302195
# Test::Builder::TodoDiag 1.302195
# Test::More 1.302195
# Test2::API 1.302195
# Test2::API::Context 1.302195
# Test2::API::Instance 1.302195
# Test2::API::Stack 1.302195
# Test2::Event 1.302195
# Test2::Event::Bail 1.302195
# Test2::Event::Diag 1.302195
# Test2::Event::Exception 1.302195
# Test2::Event::Fail 1.302195
# Test2::Event::Note 1.302195
# Test2::Event::Ok 1.302195
# Test2::Event::Pass 1.302195
# Test2::Event::Plan 1.302195
# Test2::Event::Skip 1.302195
# Test2::Event::Subtest 1.302195
# Test2::Event::V2 1.302195
# Test2::Event::Waiting 1.302195
# Test2::EventFacet 1.302195
# Test2::EventFacet::About 1.302195
# Test2::EventFacet::Amnesty 1.302195
# Test2::EventFacet::Assert 1.302195
# Test2::EventFacet::Control 1.302195
# Test2::EventFacet::Error 1.302195
# Test2::EventFacet::Hub 1.302195
# Test2::EventFacet::Info 1.302195
# Test2::EventFacet::Meta 1.302195
# Test2::EventFacet::Parent 1.302195
# Test2::EventFacet::Plan 1.302195
# Test2::EventFacet::Trace 1.302195
# Test2::Formatter 1.302195
# Test2::Formatter::TAP 1.302195
# Test2::Hub 1.302195
# Test2::Hub::Interceptor 1.302195
# Test2::Hub::Interceptor::Terminator 1.302195
# Test2::Hub::Subtest 1.302195
# Test2::Util 1.302195
# Test2::Util::ExternalMeta 1.302195
# Test2::Util::Facets2Legacy 1.302195
# Test2::Util::HashBase 1.302195
# Test2::Util::Trace 1.302195
# Tie::Hash 1.05
# Tie::Hash::NamedCapture 0.09
# Time::HiRes 1.9764
# Try::Tiny 0.31
# Types::Serialiser 1.01
# URI::Escape 5.19
# Unicode::Normalize 1.18
# Variable::Magic 0.62
# XS::Parse::Keyword 0.39
# XS::Parse::Sublike 0.21
# XSLoader 0.24
# XString 0.005
# attributes 0.27
# base 2.22
# bytes 1.04
# common::sense 3.75
# constant 1.33
# experimental 0.031
# feature 1.40
# if 0.0604
# integer 1.01
# locale 1.06
# metaclass 2.2203
# mro 1.17
# namespace::autoclean 0.29
# namespace::clean 0.27
# namespace::clean::_Util <unknown>
# overload 1.26
# overloading 0.02
# parent 0.238
# re 0.32
# stable 0.031
# strict 1.09
# utf8 1.17
# vars 1.03
# version 0.9929
# version::regex 0.9929
# version::vxs 0.9929
# warnings 1.32
# warnings::register 1.04
t/00-load.t ........ ok
Array found where operator expected at t/01-regression.t line 36, at end of line
	(Missing operator before ?)
Array found where operator expected at t/01-regression.t line 38, at end of line
	(Missing operator before ?)
Array found where operator expected at t/01-regression.t line 39, at end of line
	(Missing operator before ?)
Array found where operator expected at t/01-regression.t line 62, at end of line
	(Missing operator before ?)
Array found where operator expected at t/01-regression.t line 63, at end of line
	(Missing operator before ?)
"my" variable $res masks earlier declaration in same scope at t/01-regression.t line 65.
Array found where operator expected at t/01-regression.t line 65, at end of line
	(Missing operator before ?)
syntax error at t/01-regression.t line 36, near "->@*"
Global symbol "@testcases" requires explicit package name (did you forget to declare "my @testcases"?) at t/01-regression.t line 37.
syntax error at t/01-regression.t line 38, near "->@*"
syntax error at t/01-regression.t line 39, near "->@*"
syntax error at t/01-regression.t line 62, near "->@*"
syntax error at t/01-regression.t line 63, near "->@* "
Global symbol "$err" requires explicit package name (did you forget to declare "my $err"?) at t/01-regression.t line 66.
Global symbol "$err" requires explicit package name (did you forget to declare "my $err"?) at t/01-regression.t line 67.
Global symbol "$err" requires explicit package name (did you forget to declare "my $err"?) at t/01-regression.t line 68.
syntax error at t/01-regression.t line 69, near "}"
t/01-regression.t has too many errors.
t/01-regression.t .. 
Dubious, test returned 255 (wstat 65280, 0xff00)
No subtests run 
Array found where operator expected at t/02-http-form.t line 54, at end of line
	(Missing operator before ?)
Array found where operator expected at t/02-http-form.t line 55, at end of line
	(Missing operator before ?)
"my" variable $res masks earlier declaration in same scope at t/02-http-form.t line 57.
Array found where operator expected at t/02-http-form.t line 57, at end of line
	(Missing operator before ?)
syntax error at t/02-http-form.t line 54, near "->@*"
syntax error at t/02-http-form.t line 55, near "->@* "
Global symbol "$err" requires explicit package name (did you forget to declare "my $err"?) at t/02-http-form.t line 58.
Global symbol "$err" requires explicit package name (did you forget to declare "my $err"?) at t/02-http-form.t line 59.
Global symbol "$err" requires explicit package name (did you forget to declare "my $err"?) at t/02-http-form.t line 60.
syntax error at t/02-http-form.t line 61, near "}"
Global symbol "$schema" requires explicit package name (did you forget to declare "my $schema"?) at t/02-http-form.t line 67.
syntax error at t/02-http-form.t line 99, near "}"
Execution of t/02-http-form.t aborted due to compilation errors.
t/02-http-form.t ... 
Dubious, test returned 255 (wstat 65280, 0xff00)
No subtests run 

Test Summary Report
-------------------
t/01-regression.t (Wstat: 65280 (exited 255) Tests: 0 Failed: 0)
  Non-zero exit status: 255
  Parse errors: No plan found in TAP output
t/02-http-form.t (Wstat: 65280 (exited 255) Tests: 0 Failed: 0)
  Non-zero exit status: 255
  Parse errors: No plan found in TAP output
Files=3, Tests=1,  8 wallclock secs ( 0.04 usr  0.01 sys +  4.77 cusr  0.58 csys =  5.40 CPU)
Result: FAIL
Failed 2/3 test programs. 0/1 subtests failed.
make: *** [Makefile:931: test_dynamic] Error 255

------------------------------
PREREQUISITES
------------------------------

Prerequisite modules loaded:

requires:

    Module              Need  Have    
    ------------------- ----- --------
    Carp                0     1.50    
    Encode              0     3.20    
    experimental        0.031 0.031   
    Exporter            5     5.74    
    File::Basename      0     2.85    
    File::Path          0     2.18    
    Getopt::Long        0     2.54    
    HTTP::Request::Diff 0     0.07    
    JSON::Pointer       0     0.07    
    Markdown::Pod       0     0.008   
    Mojo::File          0     0       
    Mojo::Template      0     0       
    Mojolicious         0     9.35    
    Moo                 2     2.005005
    OpenAPI::Modern     0     0.056   
    perl                5.020 5.022000
    Perl::Tidy          0     20230309
    PerlX::Maybe        0     1.202   
    warnings            0     1.32    
    YAML::PP            0     0.036   

build_requires:

    Module              Need  Have    
    ------------------- ----- --------
    ExtUtils::MakeMaker 0     7.70    
    Future::Mojo        1.003 1.003   
    Future::Queue       0     0.48_001
    HTTP::Request::Diff 0     0.07    
    Mojolicious         1.03  9.35    
    Test2::V0           0     0.000159

configure_requires:

    Module              Need  Have    
    ------------------- ----- --------
    ExtUtils::MakeMaker 0     7.70    


------------------------------
ENVIRONMENT AND OTHER CONTEXT
------------------------------

Environment variables:

    AUTOMATED_TESTING = 1
    LANG = en_US.UTF-8
    LANGUAGE = en_US:en
    PATH = /home/sand/bin:/usr/local/bin:/usr/bin:/bin:/usr/games:/usr/local/perl/bin:/usr/X11/bin:/sbin:/usr/sbin
    PERL5LIB = 
    PERL5OPT = 
    PERL5_CPANPLUS_IS_RUNNING = 1308849
    PERL5_CPAN_IS_RUNNING = 1308849
    PERL_CANARY_STABILITY_NOPROMPT = 1
    PERL_MM_USE_DEFAULT = 1
    PERL_USE_UNSAFE_INC = 1
    SHELL = /usr/bin/zsh
    TERM = screen

Perl special variables (and OS-specific diagnostics, for MSWin32):

    $^X = /home/sand/src/perl/repoperls/installed-perls/host/k93msid/v5.22.0/29fb/bin/perl
    $UID/$EUID = 1005 / 1005
    $GID = 1005 1005
    $EGID = 1005 1005

Perl module toolchain versions installed:

    Module              Have    
    ------------------- --------
    CPAN                2.34    
    CPAN::Meta          2.150010
    Cwd                 3.75    
    ExtUtils::CBuilder  0.280236
    ExtUtils::Command   7.70    
    ExtUtils::Install   2.22    
    ExtUtils::MakeMaker 7.70    
    ExtUtils::Manifest  1.70    
    ExtUtils::ParseXS   3.51    
    File::Spec          3.75    
    JSON                4.10    
    JSON::PP            4.11    
    Module::Build       0.4232  
    Module::Signature   0.88    
    Parse::CPAN::Meta   2.150010
    Test::Harness       3.48    
    Test::More          1.302195
    YAML                1.30    
    YAML::Syck          1.34    
    version             0.9929  


--

Summary of my perl5 (revision 5 version 22 subversion 0) configuration:
  Derived from: 70f63a4c7dba89e8e48b44de7978faae4319e693
  Platform:
    osname=linux, osvers=5.17.0-1-amd64, archname=x86_64-linux-thread-multi
    uname='linux k93msid 5.17.0-1-amd64 #1 smp preempt debian 5.17.3-1 (2022-04-18) x86_64 gnulinux '
    config_args='-Dprefix=/home/sand/src/perl/repoperls/installed-perls/host/k93msid/v5.22.0/29fb -Dmyhostname=k93msid -Dinstallusrbinperl=n -Uversiononly -Dusedevel -des -Ui_db -Dlibswanted=cl pthread socket inet nsl gdbm dbm malloc dl ld sun m crypt sec util c cposix posix ucb BSD gdbm_compat -Duseithreads -Uuselongdouble -DEBUGGING=both'
    hint=recommended, useposix=true, d_sigaction=define
    useithreads=define, usemultiplicity=define
    use64bitint=define, use64bitall=define, uselongdouble=undef
    usemymalloc=n, bincompat5005=undef
  Compiler:
    cc='cc', ccflags ='-D_REENTRANT -D_GNU_SOURCE -fwrapv -DDEBUGGING -fno-strict-aliasing -pipe -fstack-protector-strong -I/usr/local/include -D_LARGEFILE_SOURCE -D_FILE_OFFSET_BITS=64 -D_FORTIFY_SOURCE=2',
    optimize='-O2 -g',
    cppflags='-D_REENTRANT -D_GNU_SOURCE -fwrapv -DDEBUGGING -fno-strict-aliasing -pipe -fstack-protector-strong -I/usr/local/include'
    ccversion='', gccversion='11.3.0', gccosandvers=''
    intsize=4, longsize=8, ptrsize=8, doublesize=8, byteorder=12345678, doublekind=3
    d_longlong=define, longlongsize=8, d_longdbl=define, longdblsize=16, longdblkind=3
    ivtype='long', ivsize=8, nvtype='double', nvsize=8, Off_t='off_t', lseeksize=8
    alignbytes=8, prototype=define
  Linker and Libraries:
    ld='cc', ldflags =' -fstack-protector-strong -L/usr/local/lib'
    libpth=/usr/local/lib /usr/include/x86_64-linux-gnu /usr/lib /lib/x86_64-linux-gnu /lib/../lib /usr/lib/x86_64-linux-gnu /usr/lib/../lib /lib
    libs=-lpthread -lnsl -ldl -lm -lcrypt -lutil -lc
    perllibs=-lpthread -lnsl -ldl -lm -lcrypt -lutil -lc
    libc=libc-2.33.so, so=so, useshrplib=false, libperl=libperl.a
    gnulibc_version='2.33'
  Dynamic Linking:
    dlsrc=dl_dlopen.xs, dlext=so, d_dlsymun=undef, ccdlflags='-Wl,-E'
    cccdlflags='-fPIC', lddlflags='-shared -O2 -g -L/usr/local/lib -fstack-protector-strong'


Characteristics of this binary (from libperl): 
  Compile-time options: DEBUGGING HAS_TIMES MULTIPLICITY PERLIO_LAYERS
                        PERL_DONT_CREATE_GVSV
                        PERL_HASH_FUNC_ONE_AT_A_TIME_HARD
                        PERL_IMPLICIT_CONTEXT PERL_MALLOC_WRAP
                        PERL_NEW_COPY_ON_WRITE PERL_PRESERVE_IVUV
                        PERL_TRACK_MEMPOOL PERL_USE_DEVEL USE_64_BIT_ALL
                        USE_64_BIT_INT USE_ITHREADS USE_LARGE_FILES
                        USE_LOCALE USE_LOCALE_COLLATE USE_LOCALE_CTYPE
                        USE_LOCALE_NUMERIC USE_LOCALE_TIME USE_PERLIO
                        USE_PERL_ATOF USE_REENTRANT_API
  Locally applied patches:
	uncommitted-changes
  Built under linux
  Compiled at May  1 2022 08:42:30
  %ENV:
    PERL5LIB=""
    PERL5OPT=""
    PERL5_CPANPLUS_IS_RUNNING="1308849"
    PERL5_CPAN_IS_RUNNING="1308849"
    PERL_CANARY_STABILITY_NOPROMPT="1"
    PERL_MM_USE_DEFAULT="1"
    PERL_USE_UNSAFE_INC="1"
  @INC:
    /home/sand/src/perl/repoperls/installed-perls/host/k93msid/v5.22.0/29fb/lib/site_perl/5.22.0/x86_64-linux-thread-multi
    /home/sand/src/perl/repoperls/installed-perls/host/k93msid/v5.22.0/29fb/lib/site_perl/5.22.0
    /home/sand/src/perl/repoperls/installed-perls/host/k93msid/v5.22.0/29fb/lib/5.22.0/x86_64-linux-thread-multi
    /home/sand/src/perl/repoperls/installed-perls/host/k93msid/v5.22.0/29fb/lib/5.22.0
    .