DBIx-Class v0.082843 Perl 5 v5.41.4 amd64-freebsd-thread-multi

Status
Fail
From
James E Keenan
Dist
DBIx-Class v0.082843
Platform
Perl 5 v5.41.4 amd64-freebsd-thread-multi
Date
2024-09-20 13:45:28
ID
98dd3450-7756-11ef-891e-c14092009e54
This distribution has been tested as part of the CPAN Testers
project, supporting the Perl programming language.  See
http://wiki.cpantesters.org/ for more information or email
questions to cpan-testers-discuss@perl.org


--
Dear Peter Rabbitson,

This is a computer-generated report for DBIx-Class-0.082843
on perl 5.41.4, created by CPAN-Reporter-1.2020.

Thank you for uploading your work to CPAN.  However, there was a problem
testing your distribution.

If you think this report is invalid, please consult the CPAN Testers Wiki
for suggestions on how to avoid getting FAIL reports for missing library
or binary dependencies, unsupported operating systems, and so on:

http://wiki.cpantesters.org/wiki/CPANAuthorNotes

Sections of this report:

    * Tester comments
    * Program output
    * Prerequisites
    * Environment and other context

------------------------------
TESTER COMMENTS
------------------------------

Additional comments from tester:

none provided

------------------------------
PROGRAM OUTPUT
------------------------------

Output from '/usr/bin/make test':

PERL_DL_NONLAZY=1 "/usr/home/jkeenan/testing/perl-5.41.4/bin/perl" "-MExtUtils::Command::MM" "-MTest::Harness" "-e" "undef *Test::Harness::Switches; test_harness(0, 'inc', 'blib/lib', 'blib/arch')" t/*.t t/admin/*.t t/cdbi/*.t t/cdbi/DeepAbstractSearch/*.t t/cdbi/abstract/*.t t/cdbi/sweet/*.t t/count/*.t t/debug/*.t t/delete/*.t t/inflate/*.t t/multi_create/*.t t/ordered/*.t t/pager/*.t t/pager/data_page_compat/*.t t/prefetch/*.t t/relationship/*.t t/resultset/*.t t/resultsource/*.t t/row/*.t t/schema/*.t t/search/*.t t/sqlmaker/*.t t/sqlmaker/hierarchical/*.t t/sqlmaker/limit_dialects/*.t t/storage/*.t t/update/*.t

Mismatch of versions '1.1' and '1.45', obtained respectively via `Params::ValidationCompiler::Exception::Named::Required->VERSION` and parsing the version out of <<SL>>/Exception/Class.pm with ExtUtils::MakeMaker@7.70. This should never happen - please check whether this is still present in the latest version, and then file a bug with the distribution containing Params::ValidationCompiler::Exception::Named::Required.


Mismatch of versions '1.1' and '1.45', obtained respectively via `Params::ValidationCompiler::Exception::Named::Extra->VERSION` and parsing the version out of <<SL>>/Exception/Class.pm with ExtUtils::MakeMaker@7.70. This should never happen - please check whether this is still present in the latest version, and then file a bug with the distribution containing Params::ValidationCompiler::Exception::Named::Extra.


Mismatch of versions '1.1' and '1.45', obtained respectively via `Params::ValidationCompiler::Exception::Positional::Required->VERSION` and parsing the version out of <<SL>>/Exception/Class.pm with ExtUtils::MakeMaker@7.70. This should never happen - please check whether this is still present in the latest version, and then file a bug with the distribution containing Params::ValidationCompiler::Exception::Positional::Required.


Mismatch of versions '1.1' and '1.45', obtained respectively via `Params::ValidationCompiler::Exception::Positional::Extra->VERSION` and parsing the version out of <<SL>>/Exception/Class.pm with ExtUtils::MakeMaker@7.70. This should never happen - please check whether this is still present in the latest version, and then file a bug with the distribution containing Params::ValidationCompiler::Exception::Positional::Extra.


Mismatch of versions '1.1' and '1.45', obtained respectively via `Params::ValidationCompiler::Exception::BadArguments->VERSION` and parsing the version out of <<SL>>/Exception/Class.pm with ExtUtils::MakeMaker@7.70. This should never happen - please check whether this is still present in the latest version, and then file a bug with the distribution containing Params::ValidationCompiler::Exception::BadArguments.


Mismatch of versions '1.1' and '1.45', obtained respectively via `Params::ValidationCompiler::Exception::ValidationFailedForMooseTypeConstraint->VERSION` and parsing the version out of <<SL>>/Exception/Class.pm with ExtUtils::MakeMaker@7.70. This should never happen - please check whether this is still present in the latest version, and then file a bug with the distribution containing Params::ValidationCompiler::Exception::ValidationFailedForMooseTypeConstraint.

# 
# 
# List of loadable modules within both *OPTIONAL* and core dependency chains
# present on this system (modules sourced from ./blib, ./lib, ./t, and ./xt
# with versions identical to their parent namespace were omitted for brevity)
# 
#     *** Note that *MANY* of these modules will *NEVER* be loaded ***
#             *** during normal operation of DBIx::Class ***
# 
# @INC at startup (does not reflect manipulation at runtime):
#   0: ./inc/
#   1: ./blib/lib/
#   2: ./blib/arch/
#   3: <<SA>>/
#   4: <<SL>>/
#   5: <<PA>>/
#   6: <<PL>>/
#   7: ./
# 
# Sourcing markers:
#        PA: $Config{archlib}
#        PL: $Config{privlib}
#        SA: $Config{sitearch}
#        SL: $Config{sitelib}
#       BLL: ./blib/lib/
# 
# =============================
#        PA            0.36  attributes                                                                      [ MD5: 4f0720c740d73cb8c005cb7e8d843103 ]
#        PL            5.74  AutoLoader                                                                      [ MD5: c923fac66a84c6b5dbbf01250e7c1a42 ]
#        PA            1.89  B                                                                               [ MD5: 0dd86bb925b0208040e698d97185402a ]
#        SL            0.28  B::Hooks::EndOfScope                                                            [ MD5: caa7eea71342b1b74768ef461d451d7a ]
#        SL            0.28  B::Hooks::EndOfScope::XS                                                        [ MD5: 85d7f1d15a4c333f59244800d480088f ]
#        PL            2.27  base                                                                            [ MD5: 23b7d65e22b42927d6fcec631ab1c211 ]
#        PL           0.015  builtin                                                                         [ MD5: 585a68139ff83767dd7f55ac89dade0e ]
#        PL            1.09  bytes                                                                           [ MD5: 0478e017afdb6a6a964f3e6599fde6bd ]
#        PL            1.54  Carp                                                                            [ MD5: 24830cf79d7f9568e19adaeb2b45dfda ]
#        SL            6.08  Carp::Clan                                                                      [ MD5: 7670ec49eede64de73e580ded76b5aaa ]
#        PL            1.54  Carp::Heavy                                                                     [ MD5: 2649a7a3b3813390b3aeb0d7475576df ]
#        SL         0.10014  Class::Accessor::Grouped                                                        [ MD5: e62be17499d53d13f67a4361268aac40 ]
#        SL        1.001002  Class::C3::Componentised                                                        [ MD5: 2e92d4f7f9a7d2eda3cd1100583541a2 ]
#        SL            0.09  Class::Data::Inheritable                                                        [ MD5: 0225fd0f791379f6ed08f3ca4a42a1db ]
#        SL            1.36  Class::Inspector                                                                [ MD5: 7aed0ce1dfc5dd2067632ea22fd2f483 ]
#        SL            0.25  Class::Load                                                                     [ MD5: 52debf263bbf547f0260f9d66a071eee ]
#        SA            0.10  Class::Load::XS                                                                 [ MD5: cc30760936bb48922d9898c915555a19 ]
#        SA          2.2207  Class::MOP                                                                      [ MD5: ab8c933cb69ef9f5388e1059e2cd2913 ]
#        SA          2.2207  Class::MOP::Attribute                                                           [ MD5: edcff6c961484c1b2bec4c1357d8873f ]
#        SA          2.2207  Class::MOP::Class                                                               [ MD5: e12ff7a2f973c3fd8eb40dcf46516d6f ]
#        SA          2.2207  Class::MOP::Class::Immutable::Trait                                             [ MD5: 3bcce34f35740d294abc9cdd69d7cead ]
#        SA          2.2207  Class::MOP::Deprecated                                                          [ MD5: e8f545a794e03628e699e2e676994cdc ]
#        SA          2.2207  Class::MOP::Instance                                                            [ MD5: 5c7f78b1d3ac4bdc60d36525dc55f562 ]
#        SA          2.2207  Class::MOP::Method                                                              [ MD5: 14e92d05945fdca61ee89743a14dae1a ]
#        SA          2.2207  Class::MOP::Method::Accessor                                                    [ MD5: 2475868b2bba666ef92987e82fff34b6 ]
#        SA          2.2207  Class::MOP::Method::Constructor                                                 [ MD5: 9040cc1a0aabfadef9c1c95085f01a4f ]
#        SA          2.2207  Class::MOP::Method::Generated                                                   [ MD5: 6df674f30d26321ec2e92a92f2e34dbc ]
#        SA          2.2207  Class::MOP::Method::Inlined                                                     [ MD5: 6e310ec1f3a3da74d6f7fab8c941454c ]
#        SA          2.2207  Class::MOP::Method::Meta                                                        [ MD5: 1361172338526ea1d1af9f9fef8227d2 ]
#        SA          2.2207  Class::MOP::Method::Wrapped                                                     [ MD5: acb3619959a02c7ccc89dc1f06f5ecc7 ]
#        SA          2.2207  Class::MOP::MiniTrait                                                           [ MD5: 4723caa57bed6adf141c77f6305f20e5 ]
#        SA          2.2207  Class::MOP::Mixin                                                               [ MD5: 928ec0d78a37442c0c56e6a7c631ca82 ]
#        SA          2.2207  Class::MOP::Mixin::AttributeCore                                                [ MD5: fdebad668c15f94ad42176f466208861 ]
#        SA          2.2207  Class::MOP::Mixin::HasAttributes                                                [ MD5: add57510cf016f4c1ee150a10d9ccc6a ]
#        SA          2.2207  Class::MOP::Mixin::HasMethods                                                   [ MD5: f9cfd27e8be246432baa743a5c2fe9a1 ]
#        SA          2.2207  Class::MOP::Mixin::HasOverloads                                                 [ MD5: 4732960de7f64dce8699351da4bce2a3 ]
#        SA          2.2207  Class::MOP::Module                                                              [ MD5: c78820b7d3ac9fdeffea6ca5045b7781 ]
#        SA          2.2207  Class::MOP::Object                                                              [ MD5: 45e9bd1ea40bff7af388b48c63710cbb ]
#        SA          2.2207  Class::MOP::Overload                                                            [ MD5: c485fe9029325f34778edb266af60c2b ]
#        SA          2.2207  Class::MOP::Package                                                             [ MD5: 3cd4fa29f7ab208472b465180f84d2d9 ]
#        SL             1.6  Class::Singleton                                                                [ MD5: ea4996dcf97bfec21718c650f53ad695 ]
#        PL            0.68  Class::Struct                                                                   [ MD5: 3188362888b358bd48edf037f9c92469 ]
#        SA            1.19  Class::XSAccessor                                                               [ MD5: 0b7adfcc61192a80f97463e89d6d1696 ]
#        SA            1.19  Class::XSAccessor::Heavy                                                        [ MD5: db9379a668d6133fce801e4648cdef45 ]
#        SA            0.47  Clone                                                                           [ MD5: 3ab505575b4c923278cf55e86fddd1e3 ]
#        SL           0.010  Clone::Choose                                                                   [ MD5: 884cece05d3959f067c7e20ed3d05cf5 ]
#        PA        5.041004  Config                                                                          [ MD5: 0ab7135a44bf3c2422b6c80828581ce3 ]
#        PL            1.33  constant                                                                        [ MD5: 56cde6eba0f667ab56196613df3933c1 ]
#        SL            0.03  Context::Preserve                                                               [ MD5: 62155e2bc041508eff050250d74a0c38 ]
#        SA            4.38  Cpanel::JSON::XS                                                                [ MD5: f6af40ce26895eae4b47d68c38c5ba5c ]
#        PA            3.92  Cwd                                                                             [ MD5: b2ff97232f21daa66b72d8950458d3e9 ]
#        PA           2.190  Data::Dumper                                                                    [ MD5: 833dd896b10a7bcf133adcb2da7c7291 ]
#        SL           2.023  Data::Dumper::Concise                                                           [ MD5: b18cb47e46e385ccee825ac7e5e59d9e ]
#        SL           0.114  Data::OptList                                                                   [ MD5: 60e9441bfb6d2923c7150c1ed472c347 ]
#        SA            1.65  DateTime                                                                        [ MD5: 3592056fe8eaf91af339f785a703828d ]
#        SA            1.65  DateTime::Duration                                                              [ MD5: 0b2d1ddf19e48acc2fc28cdb7b5ca2a4 ]
#        SL            1.79  DateTime::Format::Strptime                                                      [ MD5: 9854a69d2499db0306ab22fdc6f8d080 ]
#        SL            1.79  DateTime::Format::Strptime::Types                                               [ MD5: 917eae04a97b45fa4d6edb13bd046bb9 ]
#        SA            1.65  DateTime::Helpers                                                               [ MD5: 371ee0a00ee76b9636c8f7e25c44e1b8 ]
#        SA            1.65  DateTime::Infinite                                                              [ MD5: e66de062a47c7869fe33a92f34610c5e ]
#        SL            1.43  DateTime::Locale                                                                [ MD5: f24b2c7ae04cafc1bc2ee3729d749e42 ]
#        SL            1.43  DateTime::Locale::Base                                                          [ MD5: f3b7b30dac28e7f3dba753240a5aa430 ]
#        SL            1.43  DateTime::Locale::Data                                                          [ MD5: 8d33240f3305f22f338af37476f1bdac ]
#        SL            1.43  DateTime::Locale::FromData                                                      [ MD5: 4a5dc554939f5b345088eef72a1c8e38 ]
#        SL            1.43  DateTime::Locale::Util                                                          [ MD5: 0f324cc6e267eb18c44d3c71eda3afa9 ]
#        SL            2.63  DateTime::TimeZone                                                              [ MD5: 7e1020a0bfff3917f75ad956c0b55ffa ]
#        SL            2.63  DateTime::TimeZone::Catalog                                                     [ MD5: 6e01c606e37aa0f807503262aef8dfd8 ]
#        SL            2.63  DateTime::TimeZone::Floating                                                    [ MD5: 39d130488a77188e0d670d685abef354 ]
#        SL            2.63  DateTime::TimeZone::Local                                                       [ MD5: a0db66d91ecd123d076cb80664b09142 ]
#        SL            2.63  DateTime::TimeZone::OffsetOnly                                                  [ MD5: 8ac4e4405d371c22b8f0d91557d2fe1c ]
#        SL            2.63  DateTime::TimeZone::OlsonDB::Change                                             [ MD5: 8a30ac60e7a709c0d5b36972edefa0c7 ]
#        SL            2.63  DateTime::TimeZone::UTC                                                         [ MD5: 7253d3765e4963c9130ecdc925f65de8 ]
#        SA            1.65  DateTime::Types                                                                 [ MD5: 001c4782ec6448c5730245f110b180ef ]
#        SA            1.74  DBD::SQLite                                                                     [ MD5: 80d6018d4500a346264d6914b7ace1e7 ]
#        SA           1.645  DBI                                                                             [ MD5: e2e121d619749537cac09527ff7ee5fe ]
#       BLL        0.082843  DBIx::Class                                                                     [ MD5: c7e0efa8ca59419329d4b8c7a6364ea1 ]
#        SL            0.14  Devel::GlobalDestruction                                                        [ MD5: fa8dcedeb9a8a3d29fbef7dfce342970 ]
#        SL           0.007  Devel::OverloadInfo                                                             [ MD5: 705cc611c6894fb8d185534c35b68595 ]
#        SL            2.05  Devel::StackTrace                                                               [ MD5: e9740c0b9353baa0336406d318a468aa ]
#        SL            2.05  Devel::StackTrace::Frame                                                        [ MD5: f633fa7d3da6dc6a3015825723fc90a5 ]
#        SL            2.18  Devel::Symdump                                                                  [ MD5: e649ab91a4890ab2543e821daef73079 ]
#        PL            1.20  Digest::base                                                                    [ MD5: b5de2696c583dfec247af39b45288735 ]
#        PA         2.58_01  Digest::MD5                                                                     [ MD5: 095ec3fd633a818f165cafd5faad249f ]
#        PA            1.57  DynaLoader                                                                      [ MD5: a707195c5be1dba8bc7ea32c82c52282 ]
#        PA            3.21  Encode                                                                          [ MD5: 86a997acdf0129d459a136966793f491 ]
#        PA            2.25  Encode::Alias                                                                   [ MD5: bff387c5ac0b5250f064ba3beaf3a3af ]
#        PA            2.05  Encode::Config                                                                  [ MD5: 7bdd1d8dffa8d3500086802451fc020d ]
#        PA            2.08  Encode::Encoding                                                                [ MD5: 3f40faa217288ed2cb4e34af87b6bfd6 ]
#        PA            1.03  Encode::MIME::Name                                                              [ MD5: 056ea8f31df117e2984d9bd3a77555dc ]
#        PA            1.38  Errno                                                                           [ MD5: be4a5f18ffab23300ac5c1a5ca9a0b1a ]
#        SL            0.14  Eval::Closure                                                                   [ MD5: 6c72ca7cb0924d00e0c1a8bee904c349 ]
#        SL            1.45  Exception::Class                                                                [ MD5: a45a42ee006782394ce58ca86d75f55e ]
#        SL            1.45  Exception::Class::Base                                                          [ MD5: c76488ed5376025f6d8f2dec9ca0fec5 ]
#        PL            5.78  Exporter                                                                        [ MD5: b28e4f94b9b49d9e21a8fc2c09d6f992 ]
#        PL            5.78  Exporter::Heavy                                                                 [ MD5: 23954becbcc9e390eb460c3ed64cefda ]
#        SL        1.006002  Exporter::Tiny                                                                  [ MD5: 25b5ef30667153f6066583c1a4365a71 ]
#        PL            7.70  ExtUtils::Liblist                                                               [ MD5: c9069f0f6e900bfd9eadff2a1a301446 ]
#        PL            7.70  ExtUtils::Liblist::Kid                                                          [ MD5: 9839f307b2a36e024ceadfc3a973665b ]
#        PL            7.70  ExtUtils::MakeMaker                                                             [ MD5: aaea40ece5921374bdb887804e369651 ]
#        PL            7.70  ExtUtils::MakeMaker::Config                                                     [ MD5: 95dc9e7a78625f07a6a6705a2c5c7b96 ]
#        PL            7.70  ExtUtils::MakeMaker::Locale                                                     [ MD5: 812cf58103ba63ecb30519c03bcb9f50 ]
#        PL            7.70  ExtUtils::MakeMaker::version                                                    [ MD5: adc3c98daf02acf1b493b55be72f81cb ]
#        PL            7.70  ExtUtils::MM                                                                    [ MD5: 88e5b28ded1f9e138feae652b0c86a02 ]
#        PL            7.70  ExtUtils::MM_Any                                                                [ MD5: 24b8035eb7ba1abc217f87a1f05ab493 ]
#        PL            7.70  ExtUtils::MM_Unix                                                               [ MD5: 40f4d1a8b171ffb5a8ee4b7eadc6a9b7 ]
#        PL            7.70  ExtUtils::MY                                                                    [ MD5: f388bf55acd14e9fb7d5e07b23c1bf7e ]
#        PA            1.19  Fcntl                                                                           [ MD5: cd1a7f8a71950c2bf9c9acd6fd47ce83 ]
#        PL            2.86  File::Basename                                                                  [ MD5: 93e7b739db7771025debcbad93cb12a1 ]
#        PL            2.41  File::Copy                                                                      [ MD5: 23a9857da46d7d7dd74f8fb1e230f5bc ]
#        PL            1.44  File::Find                                                                      [ MD5: 1f68adcfecda180bb0d223a95b3a45ab ]
#        PA            1.42  File::Glob                                                                      [ MD5: 41f3600866a852b03fe303a8e60dcecf ]
#        SL           1.006  File::HomeDir                                                                   [ MD5: f1092b953f4b9227b2d0a476122688e0 ]
#        SL           1.006  File::HomeDir::Driver                                                           [ MD5: 9db939fdf7422e82c2d1c54b08dbff59 ]
#        SL           1.006  File::HomeDir::Unix                                                             [ MD5: f44911496a20430138ea26a3175b78bd ]
#        PL            2.18  File::Path                                                                      [ MD5: 3e82792800b06742b5e275937e6637d5 ]
#        SL           1.118  File::ShareDir                                                                  [ MD5: 84426a6f71f433987a2199b9f670c782 ]
#        PA            3.93  File::Spec                                                                      [ MD5: 86e37cbf2a93f7b886ce55603df9af17 ]
#        PA            3.93  File::Spec::Unix                                                                [ MD5: 0c9a169a7bdcbf448c5166f710ba0d33 ]
#        PL            1.14  File::stat                                                                      [ MD5: 06cda203844029c99504af9198a9c031 ]
#        PL          0.2311  File::Temp                                                                      [ MD5: d1685b3aa6a3cea2b2b6c61aa1111db8 ]
#                    0.2311  File::Temp::Dir                                                               ! -f $INC{'File/Temp/Dir.pm'}
#        SL            1.27  File::Which                                                                     [ MD5: 86fc469f2de121f1da59a5239df525a8 ]
#        PL            2.58  Getopt::Long                                                                    [ MD5: 5a0f4824c3b03d6e3c1cc5d506628646 ]
#        SL           0.114  Getopt::Long::Descriptive                                                       [ MD5: 5c329af02d89481f496e25ad77710945 ]
#        SL           0.114  Getopt::Long::Descriptive::Opts                                                 [ MD5: f0d2c7fc233677c7f6e4d8d54c39d340 ]
#        SL           0.114  Getopt::Long::Descriptive::Usage                                                [ MD5: d9a72a934894a4667c0bdaaa4d56a301 ]
#        SL           0.302  Hash::Merge                                                                     [ MD5: 85df9910eb2a543ae53fff090dcb3901 ]
#        PA            0.24  I18N::Langinfo                                                                  [ MD5: 980185d636114d465f682b6c596fd2b2 ]
#        PL          0.0610  if                                                                              [ MD5: d73e6f08df8235b142e081faf5b6f2c0 ]
#        PL            1.01  integer                                                                         [ MD5: 3e5ff5fb486c95945e10e79859dd5bfb ]
#        PA            1.55  IO                                                                              [ MD5: 8e33400cea62838ace373422aa5e2a00 ]
#        PA            1.55  IO::Dir                                                                         [ MD5: 36a26052f926446ea369b76704d11b44 ]
#        PA            1.55  IO::File                                                                        [ MD5: 309cd115c909eeb6adffabc401f185d1 ]
#        PA            1.55  IO::Handle                                                                      [ MD5: 09d591c375ef8e640bb4a42a3010f81c ]
#        PA            1.55  IO::Seekable                                                                    [ MD5: 42bfcee97df81c0bc7cce833fd633b8d ]
#        SL            4.10  JSON                                                                            [ MD5: d7112d361cee2b04214a14b1fe3d2a51 ]
#                      4.16  JSON::Backend::PP                                                             ! -f $INC{'JSON/Backend/PP.pm'}
#        PL            4.16  JSON::PP                                                                        [ MD5: d3722afcaf0ae3c52be10b3c870d2b2a ]
#        PL            4.16  JSON::PP::Boolean                                                               [ MD5: 3985db2a9ebae63e028b56b0146226af ]
#                      1.01  JSON::PP::IncrParser                                                          ! -f $INC{'JSON/PP/IncrParser.pm'}
#        SL           0.430  List::MoreUtils                                                                 [ MD5: 0cb4732c1304c6aeaa4963da6a85271d ]
#        SL           0.430  List::MoreUtils::PP                                                             [ MD5: 40f6af6eedf793474e122fee93949428 ]
#        SA           0.430  List::MoreUtils::XS                                                             [ MD5: bf41dfe84426559433a4ece7a763669b ]
#        PA            1.66  List::Util                                                                      [ MD5: 4ec8f7e8d20cab182d9462e2fc17f1ac ]
#        PL            1.13  locale                                                                          [ MD5: c7f44c2705858da07e4a9cfeec52e20e ]
#        PL        2.003003  Math::BigInt                                                                    [ MD5: 3217b035b3405dca40cd446f79f271c7 ]
#        SA          2.2207  metaclass                                                                       [ MD5: 0c2a01d03e65e222df06a2fdc8089c2f ]
#        SL                  Method::Generate::Accessor                                                      [ MD5: d47a048aab919a461b808db19577afef ]
#        SL                  Method::Generate::Constructor                                                   [ MD5: 7dc09b7430c43a91a9cecb31226bf8c9 ]
#        SL            0.09  Module::Implementation                                                          [ MD5: 2a146bb117cd6b798e2b928231799546 ]
#        SL           0.016  Module::Runtime                                                                 [ MD5: db1042b0f9341111c7f904480a82596a ]
#        SL        2.005005  Moo                                                                             [ MD5: 4a65f229ead7080111adf8844aeaced4 ]
#        SL                  Moo::HandleMoose                                                                [ MD5: ce4041d5986e71a57d7a7dc2d161911c ]
#        SL                  Moo::HandleMoose::FakeMetaClass                                                 [ MD5: bf661037cf497b96816975139c05898b ]
#        SL                  Moo::Object                                                                     [ MD5: f6f8cdcf4b6326f4bf927941d2276d4f ]
#        SL                  Moo::sification                                                                 [ MD5: 1c3b20406b7da09888e8557b40e9ce0d ]
#        SA          2.2207  Moose                                                                           [ MD5: 1ea186b0f5173205efa4098b1d0633b7 ]
#        SA          2.2207  Moose::Deprecated                                                               [ MD5: 183912f9a5611952adaadbf1d1b9df0c ]
#        SA          2.2207  Moose::Exporter                                                                 [ MD5: 4f5a188bc9ba75b8a7773540afb85b29 ]
#        SA          2.2207  Moose::Meta::Attribute                                                          [ MD5: adc7bb19fe37befd1c0d3e26e80d9b34 ]
#        SA          2.2207  Moose::Meta::Attribute::Native                                                  [ MD5: e80b7404762814227dc3560aaebce258 ]
#        SA          2.2207  Moose::Meta::Class                                                              [ MD5: 8b8cb118b8f718442f5a5c1b89fe6515 ]
#        SA          2.2207  Moose::Meta::Class::Immutable::Trait                                            [ MD5: 4c6c8de0d6b10ae705faa8c1fac5b81f ]
#        SA          2.2207  Moose::Meta::Instance                                                           [ MD5: 68c6ffece8b84f8920ae4298ed925289 ]
#        SA          2.2207  Moose::Meta::Method                                                             [ MD5: 03721965927a6692ac303b9b0c348347 ]
#        SA          2.2207  Moose::Meta::Method::Accessor                                                   [ MD5: b746adbd0fabbd7f2d28e3ff2a086b02 ]
#        SA          2.2207  Moose::Meta::Method::Augmented                                                  [ MD5: aab802895345d83ceb0250eb59153fc9 ]
#        SA          2.2207  Moose::Meta::Method::Constructor                                                [ MD5: 2cf686e6d3115bf2dc57697c3e2dc333 ]
#        SA          2.2207  Moose::Meta::Method::Delegation                                                 [ MD5: 6142fa714a1009fc7b3157e332306a4f ]
#        SA          2.2207  Moose::Meta::Method::Destructor                                                 [ MD5: a5fbed978d098fc08d4e769d76056217 ]
#        SA          2.2207  Moose::Meta::Method::Meta                                                       [ MD5: d5786a261bebc1c27c75a8a16585b735 ]
#        SA          2.2207  Moose::Meta::Method::Overridden                                                 [ MD5: 9c36bb81e4ce9da861bcaa367eaa53b0 ]
#        SA          2.2207  Moose::Meta::Mixin::AttributeCore                                               [ MD5: 58ab9534b24525ca1b2a2ce8f099ade1 ]
#        SA          2.2207  Moose::Meta::Object::Trait                                                      [ MD5: 4e6cb87e2d5b3a90e8e54c59e648762b ]
#        SA          2.2207  Moose::Meta::Role                                                               [ MD5: adf5d418e6aebd18cc3e20739a59c0a5 ]
#        SA          2.2207  Moose::Meta::Role::Application                                                  [ MD5: de6a9ef0642367792b65d08507388ad0 ]
#        SA          2.2207  Moose::Meta::Role::Application::RoleSummation                                   [ MD5: 70705685a9c0d06c4ebc80167a99179a ]
#        SA          2.2207  Moose::Meta::Role::Application::ToClass                                         [ MD5: 4cc61bce22792f4e808afb26bd023631 ]
#        SA          2.2207  Moose::Meta::Role::Application::ToInstance                                      [ MD5: 70980c5505f7526ba2a34f63df31d7df ]
#        SA          2.2207  Moose::Meta::Role::Application::ToRole                                          [ MD5: ea98aba4c5a59ba7f737fcc042764670 ]
#        SA          2.2207  Moose::Meta::Role::Attribute                                                    [ MD5: a2ff7d1d65fbbc6c18b3f1cd179c5425 ]
#        SA          2.2207  Moose::Meta::Role::Composite                                                    [ MD5: 4e0ca6703331109ea8cfb8e2636e777b ]
#        SA          2.2207  Moose::Meta::Role::Method                                                       [ MD5: b81fc49c7bbc6bb8d05d624dab29f2f2 ]
#        SA          2.2207  Moose::Meta::Role::Method::Conflicting                                          [ MD5: 82bddb0090455cc6512003565a8f3992 ]
#        SA          2.2207  Moose::Meta::Role::Method::Required                                             [ MD5: 5d0b540d1f7474d728caa6da348d3ece ]
#        SA          2.2207  Moose::Meta::TypeCoercion                                                       [ MD5: b654758e92af7f3c324c579f14e5f058 ]
#        SA          2.2207  Moose::Meta::TypeCoercion::Union                                                [ MD5: 2c491ad07735ae3487bf045ba48524ae ]
#        SA          2.2207  Moose::Meta::TypeConstraint                                                     [ MD5: af4c6d751eff00d1530433a5f772716d ]
#        SA          2.2207  Moose::Meta::TypeConstraint::Class                                              [ MD5: 4df96f2dc85f149af7ec84a5817b0b8f ]
#        SA          2.2207  Moose::Meta::TypeConstraint::DuckType                                           [ MD5: f6c669cf1d6907f0f2cfd367d40629fb ]
#        SA          2.2207  Moose::Meta::TypeConstraint::Enum                                               [ MD5: 34746cc81e609ba432a9b454871dd125 ]
#        SA          2.2207  Moose::Meta::TypeConstraint::Parameterizable                                    [ MD5: 9810a415dafb6691636020f3c2676075 ]
#        SA          2.2207  Moose::Meta::TypeConstraint::Parameterized                                      [ MD5: 94f4939c5140db8df213c7f7a7f4ff5e ]
#        SA          2.2207  Moose::Meta::TypeConstraint::Registry                                           [ MD5: 8cc7441606c56957df59e009ae552d0b ]
#        SA          2.2207  Moose::Meta::TypeConstraint::Role                                               [ MD5: 886016eec247b969234dd238e88539b9 ]
#        SA          2.2207  Moose::Meta::TypeConstraint::Union                                              [ MD5: 6e7e8a6302ca86e7695e3d61282197d9 ]
#        SA          2.2207  Moose::Object                                                                   [ MD5: c8256db5fbc948d6cb260c3ee9230fd2 ]
#        SA          2.2207  Moose::Role                                                                     [ MD5: 6a820a228782f343afc345d2d578967e ]
#        SA          2.2207  Moose::Util                                                                     [ MD5: d351979cfc6ba366cf886d15486a6248 ]
#        SA          2.2207  Moose::Util::MetaRole                                                           [ MD5: 71d99f59fd81576cfccff9ec907542b4 ]
#        SA          2.2207  Moose::Util::TypeConstraints                                                    [ MD5: be6778bfd3b8234f61304383a587b92f ]
#        SA          2.2207  Moose::Util::TypeConstraints::Builtins                                          [ MD5: 4e17af9055b58adf1a85c3545b0157d3 ]
#        SL            0.76  MooseX::Getopt                                                                  [ MD5: 065b02b7cb5a63c504a8b3a7d3943d65 ]
#        SL            0.76  MooseX::Getopt::Basic                                                           [ MD5: 93bbde0428b73b1dd37e9d90a809a775 ]
#        SL            0.76  MooseX::Getopt::GLD                                                             [ MD5: b8df8165bde63e090727c0d212dc5372 ]
#        SL            0.76  MooseX::Getopt::Meta::Attribute                                                 [ MD5: a1b6f7e68355aebba628137f88e7876e ]
#        SL            0.76  MooseX::Getopt::Meta::Attribute::NoGetopt                                       [ MD5: 4751819d6ee307f1b5c90292b0dedbd5 ]
#        SL            0.76  MooseX::Getopt::Meta::Attribute::Trait                                          [ MD5: be03357c5d8278eb6b860aa7e49b9663 ]
#        SL            0.76  MooseX::Getopt::Meta::Attribute::Trait::NoGetopt                                [ MD5: c3d32bf6191350637763b32374438d49 ]
#        SL            0.76  MooseX::Getopt::OptionTypeMap                                                   [ MD5: 53fffcd035597a1836c4db3ef868cc2c ]
#        SL            0.76  MooseX::Getopt::ProcessedArgv                                                   [ MD5: c6022e4867132c6309b1ac5e39d6ccf7 ]
#        SL            1.11  MooseX::Role::Parameterized                                                     [ MD5: 57153224a71a842e11fafa48d1c5ff35 ]
#        SL            1.11  MooseX::Role::Parameterized::Meta::Role::Parameterized                          [ MD5: 7389d3c80b088f4a60a749669a272108 ]
#        SL            1.11  MooseX::Role::Parameterized::Meta::Trait::Parameterizable                       [ MD5: 8ff297332b4cd51253fbc3775b527897 ]
#        SL            1.11  MooseX::Role::Parameterized::Meta::Trait::Parameterized                         [ MD5: dff12bf74839402e2722ab5c7a4c139a ]
#        SL            1.11  MooseX::Role::Parameterized::Parameters                                         [ MD5: 7ae31512eb36785cce307f8b53708e23 ]
#        SL            0.50  MooseX::Types                                                                   [ MD5: 17bbbb8842f7942f7dbbb26921f6a101 ]
#        SL            0.50  MooseX::Types::Base                                                             [ MD5: d150a08c20428cc44a004f8638ad41db ]
#        SL            0.50  MooseX::Types::CheckedUtilExports                                               [ MD5: 557b5771665a6e0ec9ccfe638cecb5b7 ]
#        SL            0.50  MooseX::Types::Moose                                                            [ MD5: 50ab28fc41501c0c28f0dcd01ca1df26 ]
#        SL            0.09  MooseX::Types::Path::Class                                                      [ MD5: fa4152eac64df55ede9de273d21bc2d3 ]
#        SL            0.50  MooseX::Types::TypeDecorator                                                    [ MD5: f141bb4c2a1c181421144011515c112b ]
#        SL            0.50  MooseX::Types::UndefinedType                                                    [ MD5: 2fd1fdbd0da64f6d55375bce8458d66d ]
#        SL            0.50  MooseX::Types::Util                                                             [ MD5: 39cdff774bdb7208e1c73892a26ccd3a ]
#        PA            1.29  mro                                                                             [ MD5: 16270f6271a2cc2efb8f8e4ef2dc9b63 ]
#        SL            0.15  MRO::Compat                                                                     [ MD5: bef0019fecfbcbba419a25fef7883ff3 ]
#        SL            0.29  namespace::autoclean                                                            [ MD5: cb986f01f8feabc7b72cc8e09d0aa1be ]
#        SL            0.27  namespace::clean                                                                [ MD5: f3e03f7f5f26391565d98357834e909b ]
#        PL            1.39  overload                                                                        [ MD5: 334e5d6d2bf7489e36d6d5db3ff68a63 ]
#        PL            0.02  overloading                                                                     [ MD5: 36e1b34f8175e036d57e51fd7d56becd ]
#        SL            0.18  Package::DeprecationManager                                                     [ MD5: 91a515bc41e87f33d57f23cc01f95503 ]
#        SL            0.40  Package::Stash                                                                  [ MD5: a30009fe1da4beeffea3864a6eca7e0a ]
#        SA            0.30  Package::Stash::XS                                                              [ MD5: cbd3767a10ffd80ba463fa430661693c ]
#        SA             2.5  PadWalker                                                                       [ MD5: 75ab18df28634d5c1936987e4bcae857 ]
#        SA           1.102  Params::Util                                                                    [ MD5: 89fac2a5d87e044e834a4dde26ee3360 ]
#        SA           1.102  Params::Util::PP                                                                [ MD5: e902195f8b740fdc485f3ea8fb973cd6 ]
#        SA            1.31  Params::Validate                                                                [ MD5: 902e1bbf8b1527a2a5d9b019a18c32b6 ]
#        SA            1.31  Params::Validate::Constants                                                     [ MD5: 47649513f198808f20b247a9e3348e25 ]
#        SA            1.31  Params::Validate::XS                                                            [ MD5: 505c60702c64f181f4996ef75c66194f ]
#        SL            0.31  Params::ValidationCompiler                                                      [ MD5: b9691b9e3cd9b031ecf0edea3623d17c ]
#        SL            0.31  Params::ValidationCompiler::Compiler                                            [ MD5: a6711dbd52a4f2c04ba2c1d077ba390a ]
#        SL            1.45  Params::ValidationCompiler::Exception::BadArguments                             [ MD5: a45a42ee006782394ce58ca86d75f55e ]
#        SL            1.45  Params::ValidationCompiler::Exception::Named::Extra                             [ MD5: a45a42ee006782394ce58ca86d75f55e ]
#        SL            1.45  Params::ValidationCompiler::Exception::Named::Required                          [ MD5: a45a42ee006782394ce58ca86d75f55e ]
#        SL            1.45  Params::ValidationCompiler::Exception::Positional::Extra                        [ MD5: a45a42ee006782394ce58ca86d75f55e ]
#        SL            1.45  Params::ValidationCompiler::Exception::Positional::Required                     [ MD5: a45a42ee006782394ce58ca86d75f55e ]
#        SL            1.45  Params::ValidationCompiler::Exception::ValidationFailedForMooseTypeConstraint   [ MD5: a45a42ee006782394ce58ca86d75f55e ]
#        SL            0.31  Params::ValidationCompiler::Exceptions                                          [ MD5: c64561e55a0a6154c4a98db84ccdc5b8 ]
#        PL           0.242  parent                                                                          [ MD5: 88c5d2fbb461dac56dd6a0a063089517 ]
#        SL            0.37  Path::Class                                                                     [ MD5: 62b3248e0d25291933a8d0f09e731547 ]
#        SL            0.37  Path::Class::Dir                                                                [ MD5: 9b7bd783037e1e812d6a82d62bcecb92 ]
#        SL            0.37  Path::Class::Entity                                                             [ MD5: 8e14d34b8f5a0909736e9bdaac460848 ]
#        SL            0.37  Path::Class::File                                                               [ MD5: b7f9029ac9e90dc1d509a95d12103c69 ]
#                  5.041004  perl                                                                            [ MD5: d9baa36138b315c1e0c5852f5ecd839a ]
#        PL            1.12  PerlIO                                                                          [ MD5: 2984c1983bf0e0b923377e5ebfc9dda4 ]
#        SL            0.23  Pod::Coverage                                                                   [ MD5: d53035083682c2a78d56d998ad7239d2 ]
#        PL            1.07  Pod::Escapes                                                                    [ MD5: 66b73dccf48caa9ab161e8c3805cf955 ]
#        PL            1.67  Pod::Find                                                                       [ MD5: b6a985fb7c6e17fb03c08b682c651aee ]
#        PL            1.67  Pod::InputObjects                                                               [ MD5: 793bea1f7e042228bd100094e5e650e9 ]
#        PL            1.67  Pod::Parser                                                                     [ MD5: 14e2aff71c38dde7864d87da20eeeb66 ]
#        PL            3.45  Pod::Simple                                                                     [ MD5: aa7bb2e215ede4bb44d79224ffeabe3b ]
#        PL            3.45  Pod::Simple::BlackBox                                                           [ MD5: 0d8d452e387ff742dba48976264e1768 ]
#        PL            3.45  Pod::Simple::LinkSection                                                        [ MD5: 7ac6c9105ee695bbfa4874ec8d27ddb6 ]
#        PL            3.45  Pod::Simple::TiedOutFH                                                          [ MD5: 6f4ee4705b3cef3fa8ff07e38ca164d5 ]
#        PA            2.22  POSIX                                                                           [ MD5: 337491faa36ae9c7589de97217821718 ]
#        PA            0.47  re                                                                              [ MD5: cfa20f2f6e96c30cf4a2d700019fb20f ]
#        SL           0.204  Ref::Util                                                                       [ MD5: 6cbf466e6da28a59c14b1185ae73a653 ]
#        SA           0.117  Ref::Util::XS                                                                   [ MD5: aae385ffc545b1a3083aefa334789c0f ]
#        SL        2.002004  Role::Tiny                                                                      [ MD5: 861d0b2534a79b6019bc7147c041cad4 ]
#        SL        2.002004  Role::Tiny::With                                                                [ MD5: 3553d98b3d121c03e2dbaae52e034503 ]
#        PA            1.66  Scalar::Util                                                                    [ MD5: 14509825e8da49e77a8c2fe783c2c189 ]
#        SL            0.21  Scope::Guard                                                                    [ MD5: 914494bdeb65cd340f14eae265635cf2 ]
#        PL            1.02  SelectSaver                                                                     [ MD5: bddc465e351ad0508581b94ef112d322 ]
#        SL            0.48  Specio                                                                          [ MD5: ddeb051b20efc358bb311d771e0b091b ]
#        SL            0.48  Specio::Coercion                                                                [ MD5: 8b38cdaad244c247764a2e8b8400089e ]
#        SL            0.48  Specio::Constraint::AnyCan                                                      [ MD5: fb928a50f230c6c452c4eb476fabc55d ]
#        SL            0.48  Specio::Constraint::Enum                                                        [ MD5: f7801b3987aa0c76b3b47c7171ed7793 ]
#        SL            0.48  Specio::Constraint::ObjectCan                                                   [ MD5: 10cd452b20627c4905c72e52be3e57f7 ]
#        SL            0.48  Specio::Constraint::ObjectIsa                                                   [ MD5: 8ef836e42f9d2556ac647f8b0ba77a4a ]
#        SL            0.48  Specio::Constraint::Parameterizable                                             [ MD5: c17d7658876a188ad9efd77439433120 ]
#        SL            0.48  Specio::Constraint::Parameterized                                               [ MD5: 09f8395fade8fc92c8b8d3879d334bf1 ]
#        SL            0.48  Specio::Constraint::Role::CanType                                               [ MD5: abb08f930d39289b3d8e8364a40e969f ]
#        SL            0.48  Specio::Constraint::Role::Interface                                             [ MD5: 5a31b2208b8afe1522f5a3ac145285b5 ]
#        SL            0.48  Specio::Constraint::Role::IsaType                                               [ MD5: 59737f2bae1f3b13cccd2d9f3f1e5062 ]
#        SL            0.48  Specio::Constraint::Simple                                                      [ MD5: d38d9aa8b9735092ec0827b744bf1d77 ]
#        SL            0.48  Specio::Constraint::Union                                                       [ MD5: fc122e0265ee9399d4b0acea15e63ffe ]
#        SL            0.48  Specio::Declare                                                                 [ MD5: 08c85f8b1e6d208bc537bc22fd9383ed ]
#        SL            0.48  Specio::DeclaredAt                                                              [ MD5: 85598504f2eafd37451cad6124f86b84 ]
#        SL            0.48  Specio::Exception                                                               [ MD5: 15955dc3117d0ed71d8864e48ac87c83 ]
#        SL            0.48  Specio::Exporter                                                                [ MD5: 45c5fcc0673d2e911fe1ef0e91124dee ]
#        SL            0.48  Specio::Helpers                                                                 [ MD5: 7701511891dbaf16e5f91e03c57d0e45 ]
#        SL            0.48  Specio::Library::Builtins                                                       [ MD5: 23c2f2ac45c300df4140a57d6cedf600 ]
#        SL            0.48  Specio::Library::Numeric                                                        [ MD5: a273cd05aec66db187eda710f5337ce4 ]
#        SL            0.48  Specio::Library::Perl                                                           [ MD5: 7b99054d3024363750af631a65382883 ]
#        SL            0.48  Specio::Library::String                                                         [ MD5: d11b14f9823c0ed2a6d3dfbbef9d3378 ]
#        SL            0.48  Specio::OO                                                                      [ MD5: 7e7f5d6ba6b964ec635b4f07a2463cc1 ]
#        SL            0.48  Specio::PartialDump                                                             [ MD5: fb6eddbd5cc9759c772054378f7bdd68 ]
#        SL            0.48  Specio::Registry                                                                [ MD5: 62a55f94cdd2b9531c8562d4bdf25b64 ]
#        SL            0.48  Specio::Role::Inlinable                                                         [ MD5: 32f309be47668153ae6e5298254f5ba9 ]
#        SL            0.48  Specio::Subs                                                                    [ MD5: bc0d39af232adf5f9d90c8fdda43e53c ]
#        SL            0.48  Specio::TypeChecks                                                              [ MD5: 854dcf752de2909229c7fa4d81044608 ]
#        SL            1.91  SQL::Abstract::Classic                                                          [ MD5: 82c47bb99257b1225bb3576458e85992 ]
#        SL                  SQL::Abstract::Tree                                                             [ MD5: 4ebd475571c49fd341fd961558c89c7b ]
#        SL                  SQL::Abstract::Util                                                             [ MD5: 4599b28bcd164597e690650c495bd658 ]
#        PA            3.35  Storable                                                                        [ MD5: 6aec85697ce07c4e189d1d55efeb9242 ]
#        PL            1.13  strict                                                                          [ MD5: 574449a4db62a10251807f1ad0588962 ]
#        SL        2.006008  Sub::Defer                                                                      [ MD5: 6b8855b52fcf3dd457e526a865cd36a9 ]
#        SL           0.991  Sub::Exporter                                                                   [ MD5: 7e53da4d5c99846238ff2b0a26ff44d1 ]
#        SL        0.100055  Sub::Exporter::ForMethods                                                       [ MD5: 218a4e7f9feb4d0f172f4ee6efcaf25e ]
#        SL        0.001013  Sub::Exporter::Progressive                                                      [ MD5: 5f37412f2438f87c7b088c7b2e6dd8ab ]
#        SL           0.991  Sub::Exporter::Util                                                             [ MD5: 633947c73fe0a74f5deb495aa992649f ]
#        SA            0.14  Sub::Identify                                                                   [ MD5: c5aa7af217a6440b522298715d770472 ]
#        SL           0.929  Sub::Install                                                                    [ MD5: 69771e91990dd7a0db1e8532978fd823 ]
#        SA            0.27  Sub::Name                                                                       [ MD5: b3b2852075ebd8e985cf22a419162175 ]
#        SL        2.006008  Sub::Quote                                                                      [ MD5: 5a9049ccbcf14dd9c30d5811501a24c5 ]
#        PA            1.66  Sub::Util                                                                       [ MD5: 95b8ccacb9f0a3c3ec69fa511169bb7e ]
#        PL            1.09  Symbol                                                                          [ MD5: 1212e080ddc044e44a9ae4c8350f1338 ]
#        PL        1.302204  Test2::API                                                                      [ MD5: d5ec657aceed4e755f9db1590079f8be ]
#        PL        1.302204  Test2::API::Context                                                             [ MD5: 79958a96d46cfbe8425c2a96a9cce6de ]
#        PL        1.302204  Test2::API::Instance                                                            [ MD5: 15be35a44cb1ac8700232a9c370bb1ba ]
#        PL        1.302204  Test2::API::Stack                                                               [ MD5: d83e58bbbd22896c8d52d7483d49c24d ]
#        PL        1.302204  Test2::Event                                                                    [ MD5: c4a0f863b4b19c9e44bd23b432b39e0f ]
#        PL        1.302204  Test2::Event::Bail                                                              [ MD5: 1bcdf3f53eee08edba30a55bed2cbb77 ]
#        PL        1.302204  Test2::Event::Diag                                                              [ MD5: 4676d1d373191bededfd74ee38d59440 ]
#        PL        1.302204  Test2::Event::Exception                                                         [ MD5: 2d9c65f8eba84ebc142f355bd954a4a5 ]
#        PL        1.302204  Test2::Event::Fail                                                              [ MD5: 34d3ca842c878de4984e44fe27299dea ]
#        PL        1.302204  Test2::Event::Note                                                              [ MD5: 0fa6b35fb7b888a1a239a6d702227b61 ]
#        PL        1.302204  Test2::Event::Ok                                                                [ MD5: cd5d935e375bc3da535f20e74c077471 ]
#        PL        1.302204  Test2::Event::Pass                                                              [ MD5: b2dbe311220847197cadc8f96e80f113 ]
#        PL        1.302204  Test2::Event::Plan                                                              [ MD5: 8508cb760782edac7b6ce3ea8ebe9551 ]
#        PL        1.302204  Test2::Event::Skip                                                              [ MD5: 59cb9cbd5ee98502456dc1de1dc81b2a ]
#        PL        1.302204  Test2::Event::Subtest                                                           [ MD5: 9f50bdf8cc0172b660031a8901621840 ]
#        PL        1.302204  Test2::Event::V2                                                                [ MD5: 77f012a2c64f31519f30d777d0ca16de ]
#        PL        1.302204  Test2::Event::Waiting                                                           [ MD5: 3d51b7b3b3c224323c7c75570dfde949 ]
#        PL        1.302204  Test2::EventFacet                                                               [ MD5: 8321b6a59a6ba4eff4d61e7f7352641d ]
#        PL        1.302204  Test2::EventFacet::About                                                        [ MD5: 3630d96bd4f0967a5267fa152ad46046 ]
#        PL        1.302204  Test2::EventFacet::Amnesty                                                      [ MD5: 3327b385f0fd8dc897a4ffabfa337e9d ]
#        PL        1.302204  Test2::EventFacet::Assert                                                       [ MD5: 291647760b310a6661190bd62dc784de ]
#        PL        1.302204  Test2::EventFacet::Control                                                      [ MD5: 6584fc2f544cef782dc67a6eb980fa89 ]
#        PL        1.302204  Test2::EventFacet::Error                                                        [ MD5: b06f6aa16ae098f96cb457ded7389dee ]
#        PL        1.302204  Test2::EventFacet::Hub                                                          [ MD5: 2e2b32933ff4d9c9e3d5f72525591555 ]
#        PL        1.302204  Test2::EventFacet::Info                                                         [ MD5: e3519c2d518dfd9c30842f4f82677a53 ]
#        PL        1.302204  Test2::EventFacet::Meta                                                         [ MD5: 114a65224717b1aa46b4f3d4157f5971 ]
#        PL        1.302204  Test2::EventFacet::Parent                                                       [ MD5: 6c28b62b2755a8f5dedff2cbd806fa80 ]
#        PL        1.302204  Test2::EventFacet::Plan                                                         [ MD5: 5153b4cc6c1945c5632639bc42a7f4bb ]
#        PL        1.302204  Test2::EventFacet::Trace                                                        [ MD5: f85770595697c7d726401368afc1c7d3 ]
#        PL        1.302204  Test2::Formatter                                                                [ MD5: dca2b03d95dc6a1985f7439daf4d8004 ]
#        PL        1.302204  Test2::Formatter::TAP                                                           [ MD5: 0e7601924053d7cc3db594c9824e7871 ]
#        PL        1.302204  Test2::Hub                                                                      [ MD5: 0e8ac909f19ce966f6758e29fae4c995 ]
#        PL        1.302204  Test2::Hub::Interceptor                                                         [ MD5: 67b44a55bc2da206cb848f04e3d88afb ]
#        PL        1.302204  Test2::Hub::Interceptor::Terminator                                             [ MD5: a4eae4aa3164cb466c527d370db780e1 ]
#        PL        1.302204  Test2::Hub::Subtest                                                             [ MD5: e0131ba4054104d11137b82e73de5bc5 ]
#        PL        1.302204  Test2::Util                                                                     [ MD5: ca6937f1a022197f49b7bac68fe2a659 ]
#        PL        1.302204  Test2::Util::ExternalMeta                                                       [ MD5: 329a3509094d877b3d5d5504e2bacd5f ]
#        PL        1.302204  Test2::Util::Facets2Legacy                                                      [ MD5: 47117a6b282ef8ae3141f3de23124b1f ]
#        PL        1.302204  Test2::Util::HashBase                                                           [ MD5: dc51caa29fe67e505c6e2aa65944ee38 ]
#        PL        1.302204  Test2::Util::Trace                                                              [ MD5: d72afbdb58e4b0eacf46fb3a8f9c4a8c ]
#        PL        1.302204  Test::Builder                                                                   [ MD5: a75d001c3613efcf1c310e9622ea73da ]
#        PL        1.302204  Test::Builder::Formatter                                                        [ MD5: c26b502f2e7f7ab4ea15095dae75fa73 ]
#        PL        1.302204  Test::Builder::Module                                                           [ MD5: e6de6825e794c7300b76abd633af7171 ]
#        PL        1.302204  Test::Builder::TodoDiag                                                         [ MD5: 02c291a12109986a6a2230d374a7216b ]
#        SA          2.2207  Test::Moose                                                                     [ MD5: f3ee8d681c72e916c70c0ef7d6b436e0 ]
#        PL        1.302204  Test::More                                                                      [ MD5: 9d87989f58a23f8dea9f0a757511f172 ]
#        SL            1.52  Test::Pod                                                                       [ MD5: 57529b9abbdd5ecf857b9c354764eb31 ]
#        SL            1.10  Test::Pod::Coverage                                                             [ MD5: b751ee701f87277a9013c485f474424e ]
#        PL            1.06  Tie::Hash                                                                       [ MD5: 92ab1e76487f41226ce92a846fc91017 ]
#        PA          1.9777  Time::HiRes                                                                     [ MD5: 060fcd297ffc658e67992ee2a7867b68 ]
#        SL            0.32  Try::Tiny                                                                       [ MD5: cc9d74b49697ea08b18b174430ff008d ]
#        PL            1.27  utf8                                                                            [ MD5: 39804ce6c99fadea0d0ee7428ecbfa0d ]
#        SA            0.64  Variable::Magic                                                                 [ MD5: ebec38b1086ba3f4038b5aebf5dd34ec ]
#        PL            1.05  vars                                                                            [ MD5: fec1c1985d96c2edd842ff2b71821afb ]
#        PL          0.9933  version                                                                         [ MD5: 70bfa0403fd841e436e387dcd442abd1 ]
#        PL          0.9933  version::regex                                                                  [ MD5: 2901234298a4e18dc36c153529c3f5ac ]
#        PL            1.70  warnings                                                                        [ MD5: 3455520fe4fe5d2066f24a9539fc2e43 ]
#        PL            1.06  warnings::register                                                              [ MD5: 7617b40104071a2033317a2d29fde298 ]
#        PL            0.32  XSLoader                                                                        [ MD5: 9a6feab54e1d129ac711333b0074f374 ]
#        SA           0.005  XString                                                                         [ MD5: ce00b565e67dbfbf3985f52281a0f942 ]
# =============================
# 
# List of loadable modules within both *OPTIONAL* and core dependency chains
# present on this system (modules sourced from ./blib, ./lib, ./t, and ./xt
# with versions identical to their parent namespace were omitted for brevity)
# 
#     *** Note that *MANY* of these modules will *NEVER* be loaded ***
#             *** during normal operation of DBIx::Class ***
# 
# 
t/00describe_environment.t .......................... ok
t/04_c3_mro.t ....................................... ok
t/05components.t .................................... ok
t/100extra_source.t ................................. ok
t/100populate.t ..................................... ok
t/101populate_rs.t .................................. ok
t/101source.t ....................................... ok
t/102load_classes.t ................................. ok
t/103many_to_many_warning.t ......................... ok
t/104view.t ......................................... ok
t/106dbic_carp.t .................................... ok
t/107obj_result_class.t ............................. ok
t/18insert_default.t ................................ ok
t/19retrieve_on_insert.t ............................ ok
t/20setuperrors.t ................................... ok
t/26dumper.t ........................................ ok
t/33exception_wrap.t ................................ ok
t/34exception_action.t .............................. ok
t/35exception_inaction.t ............................ skipped: not running dangerous segfault-prone test on plain install
t/39load_namespaces_1.t ............................. ok
t/39load_namespaces_2.t ............................. ok
t/39load_namespaces_3.t ............................. ok
t/39load_namespaces_4.t ............................. ok
t/39load_namespaces_exception.t ..................... ok
t/39load_namespaces_rt41083.t ....................... ok
t/39load_namespaces_stress.t ........................ ok
t/40compose_connection.t ............................ ok
t/40resultsetmanager.t .............................. ok
t/46where_attribute.t ............................... ok
t/50fork.t .......................................... skipped: Test needs DBD::Pg (see DBIx::Class::Optional::Dependencies for details)
t/51threadnodb.t .................................... ok
t/51threads.t ....................................... skipped: Test needs DBD::Pg (see DBIx::Class::Optional::Dependencies for details)
t/51threadtxn.t ..................................... skipped: Set $ENV{DBICTEST_PG_DSN}, _USER and _PASS to run this test (note: creates and drops a table named artist!)
t/52leaks.t ......................................... ok
t/53lean_startup.t .................................. ok
t/55namespaces_cleaned.t ............................ skipped: Skipping test on plain module install
t/60core.t .......................................... ok
t/61findnot.t ....................................... ok
t/63register_class.t ................................ ok
t/63register_column.t ............................... ok
t/63register_source.t ............................... ok
t/64db.t ............................................ ok
t/65multipk.t ....................................... ok
t/69update.t ........................................ ok
t/70auto.t .......................................... ok
t/71mysql.t ......................................... skipped: Set $ENV{DBICTEST_MYSQL_DSN}, _USER and _PASS to run this test
t/72pg.t ............................................ skipped: Set $ENV{DBICTEST_PG_DSN}, _USER and _PASS to run this test
t/72pg_bytea.t ...................................... skipped: Test needs DBD::Pg (see DBIx::Class::Optional::Dependencies for details)
t/73oracle.t ........................................ skipped: Set $ENV{DBICTEST_ORA_DSN}, _USER and _PASS to run this test.
t/73oracle_blob.t ................................... skipped: Set $ENV{DBICTEST_ORA_DSN}, _USER and _PASS to run this test.
t/73oracle_hq.t ..................................... skipped: Set $ENV{DBICTEST_ORA_DSN}, _USER and _PASS to run this test.
t/745db2.t .......................................... skipped: Set $ENV{DBICTEST_DB2_DSN}, _USER and _PASS to run this test
t/746db2_400.t ...................................... skipped: Set $ENV{DBICTEST_DB2_400_DSN}, _USER and _PASS to run this test
t/746mssql.t ........................................ skipped: Set $ENV{DBICTEST_MSSQL_ODBC_DSN}, _USER and _PASS to run this test
t/746sybase.t ....................................... skipped: Set $ENV{DBICTEST_SYBASE_DSN}, _USER and _PASS to run this test. Warning: This test drops and creates the tables: 'artist', 'money_test' and 'bindtype_test'
t/747mssql_ado.t .................................... skipped: Set $ENV{DBICTEST_MSSQL_ADO_DSN}, _USER and _PASS to run this test
t/748informix.t ..................................... skipped: Set $ENV{DBICTEST_INFORMIX_DSN}, _USER and _PASS to run this test
t/749sqlanywhere.t .................................. skipped: Set $ENV{DBICTEST_SQLANYWHERE_DSN} and/or $ENV{DBICTEST_SQLANYWHERE_ODBC_DSN},
t/74mssql.t ......................................... skipped: Set $ENV{DBICTEST_MSSQL_DSN}, _USER and _PASS to run this test
t/750firebird.t ..................................... skipped: Set $ENV{DBICTEST_FIREBIRD_DSN} and/or $ENV{DBICTEST_FIREBIRD_INTERBASE_DSN} and/or $ENV{DBICTEST_FIREBIRD_ODBC_DSN}, _USER and _PASS to run these tests. WARNING: this test creates and drops the tables "artist", "bindtype_test" and "sequence_test"; the generators "gen_artist_artistid", "pkid1_seq", "pkid2_seq" and "nonpkid_seq" and the trigger "artist_bi".
t/751msaccess.t ..................................... skipped: Set $ENV{DBICTEST_MSACCESS_ODBC_DSN} and/or $ENV{DBICTEST_MSACCESS_ADO_DSN} (and optionally _USER and _PASS) to run these tests.
t/752sqlite.t ....................................... ok
t/76joins.t ......................................... ok
t/76select.t ........................................ ok
t/77join_count.t .................................... ok
t/78self_referencial.t .............................. ok
t/79aliasing.t ...................................... ok
t/80unique.t ........................................ ok
t/82cascade_copy.t .................................. ok
t/83cache.t ......................................... ok
t/84serialize.t ..................................... ok
t/85utf8.t .......................................... ok
t/86might_have.t .................................... ok
t/86sqlt.t .......................................... skipped: Test needs SQL::Translator >= 0.11018 (see DBIx::Class::Optional::Dependencies for details)
t/87ordered.t ....................................... ok
t/88result_set_column.t ............................. ok

#   Failed test 'Errors from RS components reported right'
#   at t/90ensure_class_loaded.t line 126.
#                   '{UNKNOWN}: Can't find string terminator "'" anywhere before EOF at t/lib/DBICTest/SyntaxErrorComponent3.pm line 6, <> line 1.
# Compilation failed in require at /home/jkeenan/testing/perl-5.41.4/lib/site_perl/5.41.4/Class/C3/Componentised.pm line 146, <> line 1. at /home/jkeenan/testing/perl-5.41.4/lib/site_perl/5.41.4/Class/C3/Componentised.pm line 151
# '
#     doesn't match '(?^:syntax\ error\ at\ t\/lib\/DBICTest\/SyntaxErrorComponent3\.pm)'
# Looks like you failed 1 test of 28.
t/90ensure_class_loaded.t ........................... 
Dubious, test returned 1 (wstat 256, 0x100)
Failed 1/28 subtests 
t/90join_torture.t .................................. ok
t/91merge_joinpref_attr.t ........................... ok
t/93autocast.t ...................................... ok
t/93single_accessor_object.t ........................ ok
t/94pk_mutation.t ................................... ok
t/94versioning.t .................................... skipped: Set $ENV{DBICTEST_MYSQL_DSN}, _USER and _PASS to run this test
t/96_is_deteministic_value.t ........................ ok
t/97result_class.t .................................. ok
t/99dbic_sqlt_parser.t .............................. skipped: Test needs SQL::Translator >= 0.11018 (see DBIx::Class::Optional::Dependencies for details)
t/admin/01load.t .................................... skipped: Test needs JSON::Any >= 1.23, MooseX::Types::JSON >= 0.02, MooseX::Types::LoadableClass >= 0.011 (see DBIx::Class::Optional::Dependencies for details)
t/admin/02ddl.t ..................................... skipped: Test needs JSON::Any >= 1.23, MooseX::Types::JSON >= 0.02, MooseX::Types::LoadableClass >= 0.011 (see DBIx::Class::Optional::Dependencies for details)
t/admin/03data.t .................................... skipped: Test needs JSON::Any >= 1.23, MooseX::Types::JSON >= 0.02, MooseX::Types::LoadableClass >= 0.011 (see DBIx::Class::Optional::Dependencies for details)
t/admin/10script.t .................................. skipped: Test needs JSON::Any >= 1.31, JSON::DWIW, JSON::XS, MooseX::Types::JSON >= 0.02, MooseX::Types::LoadableClass >= 0.011, Text::CSV >= 1.16
t/cdbi/01-columns.t ................................. skipped: Class::DBI required for this test
t/cdbi/02-Film.t .................................... skipped: Class::DBI required for this test
t/cdbi/03-subclassing.t ............................. skipped: Class::DBI required for this test
t/cdbi/04-lazy.t .................................... skipped: Class::DBI required for this test
t/cdbi/06-hasa.t .................................... skipped: Class::DBI required for this test
t/cdbi/08-inheritcols.t ............................. skipped: Class::DBI required for this test
t/cdbi/09-has_many.t ................................ skipped: Class::DBI required for this test
t/cdbi/11-triggers.t ................................ skipped: Class::DBI required for this test
t/cdbi/12-filter.t .................................. skipped: Class::DBI required for this test
t/cdbi/13-constraint.t .............................. skipped: Class::DBI required for this test
t/cdbi/14-might_have.t .............................. skipped: Class::DBI required for this test
t/cdbi/15-accessor.t ................................ skipped: Class::DBI required for this test
t/cdbi/16-reserved.t ................................ skipped: Class::DBI required for this test
t/cdbi/18-has_a.t ................................... skipped: Class::DBI required for this test
t/cdbi/19-set_sql.t ................................. skipped: Class::DBI required for this test
t/cdbi/21-iterator.t ................................ skipped: Class::DBI required for this test
t/cdbi/22-deflate_order.t ........................... skipped: Class::DBI required for this test
t/cdbi/22-self_referential.t ........................ skipped: Class::DBI required for this test
t/cdbi/23-cascade.t ................................. skipped: Class::DBI required for this test
t/cdbi/24-meta_info.t ............................... skipped: Class::DBI required for this test
t/cdbi/26-mutator.t ................................. skipped: Class::DBI required for this test
t/cdbi/30-pager.t ................................... skipped: Class::DBI required for this test
t/cdbi/68-inflate_has_a.t ........................... skipped: Class::DBI required for this test
t/cdbi/70_implicit_inflate.t ........................ skipped: Test needs DateTime::Format::SQLite
t/cdbi/71_column_object.t ........................... skipped: The tested functionality is only available in Class::DBI >= 3.0.5
t/cdbi/98-failure.t ................................. skipped: Class::DBI required for this test
t/cdbi/abstract/search_where.t ...................... skipped: Class::DBI required for this test
t/cdbi/columns_as_hashes.t .......................... skipped: Class::DBI required for this test
t/cdbi/columns_dont_override_custom_accessors.t ..... skipped: Class::DBI required for this test
t/cdbi/construct.t .................................. skipped: Class::DBI required for this test
t/cdbi/copy.t ....................................... skipped: Class::DBI required for this test
t/cdbi/DeepAbstractSearch/01_search.t ............... skipped: Class::DBI required for this test
t/cdbi/early_column_heisenbug.t ..................... skipped: Class::DBI required for this test
t/cdbi/has_many_loads_foreign_class.t ............... skipped: Class::DBI required for this test
t/cdbi/hasa_without_loading.t ....................... skipped: Class::DBI required for this test
t/cdbi/max_min_value_of.t ........................... skipped: Class::DBI required for this test
t/cdbi/mk_group_accessors.t ......................... skipped: Class::DBI required for this test
t/cdbi/multi_column_set.t ........................... skipped: Class::DBI required for this test
t/cdbi/object_cache.t ............................... skipped: Class::DBI required for this test
t/cdbi/retrieve_from_sql_with_limit.t ............... skipped: Class::DBI required for this test
t/cdbi/set_to_undef.t ............................... skipped: Class::DBI required for this test
t/cdbi/set_vs_DateTime.t ............................ skipped: Class::DBI required for this test
t/cdbi/sweet/08pager.t .............................. skipped: Class::DBI required for this test
t/count/count_rs.t .................................. ok
t/count/distinct.t .................................. ok
t/count/group_by_func.t ............................. ok
t/count/grouped_pager.t ............................. ok
t/count/in_subquery.t ............................... ok
t/count/joined.t .................................... ok
t/count/prefetch.t .................................. ok
t/count/search_related.t ............................ ok
t/debug/bulk-insert.t ............................... ok
t/debug/core.t ...................................... ok
t/debug/no-repeats.t ................................ ok
t/debug/pretty.t .................................... skipped: Test needs JSON::Any >= 1.23
t/debug/show-progress.t ............................. ok
t/delete/cascade_missing.t .......................... ok
t/delete/complex.t .................................. ok
t/delete/m2m.t ...................................... ok
t/delete/related.t .................................. ok
t/discard_changes_in_DESTROY.t ...................... ok
t/inflate/core.t .................................... ok
t/inflate/datetime.t ................................ skipped: DT inflation tests need DateTime::Format::SQLite
t/inflate/datetime_determine_parser.t ............... skipped: Test needs DateTime::Format::SQLite
t/inflate/datetime_firebird.t ....................... skipped: Set $ENV{DBICTEST_FIREBIRD_DSN} and/or $ENV{DBICTEST_FIREBIRD_INTERBASE_DSN} and/or $ENV{DBICTEST_FIREBIRD_ODBC_DSN}, _USER and _PASS to run these tests. WARNING: This test drops and creates a table called 'event'
t/inflate/datetime_informix.t ....................... skipped: Set $ENV{DBICTEST_INFORMIX_DSN} _USER and _PASS to run this test'.
t/inflate/datetime_missing_deps.t ................... ok
t/inflate/datetime_msaccess.t ....................... skipped: Set $ENV{DBICTEST_MSACCESS_ODBC_DSN} and/or $ENV{DBICTEST_MSACCESS_ADO_DSN} (and optionally _USER and _PASS) to run these tests.
t/inflate/datetime_mssql.t .......................... skipped: Set $ENV{DBICTEST_MSSQL_ODBC_DSN} and/or $ENV{DBICTEST_MSSQL_DSN} and/or $ENV{DBICTEST_MSSQL_ADO_DSN} _USER and _PASS to run this test
t/inflate/datetime_mysql.t .......................... skipped: Inflation tests need DateTime::Format::MySQL
t/inflate/datetime_oracle.t ......................... skipped: Set $ENV{DBICTEST_ORA_DSN}, _USER and _PASS to run this test. Warning: This test drops and creates a table called 'event'
t/inflate/datetime_pg.t ............................. skipped: Test needs DateTime::Format::Pg >= 0.16004
t/inflate/datetime_sqlanywhere.t .................... skipped: Set $ENV{DBICTEST_SQLANYWHERE_DSN} and/or $ENV{DBICTEST_SQLANYWHERE_ODBC_DSN}
t/inflate/datetime_sybase.t ......................... skipped: Set $ENV{DBICTEST_SYBASE_DSN}, _USER and _PASS to run this test
t/inflate/file_column.t ............................. ok
t/inflate/hri.t ..................................... ok
t/inflate/hri_torture.t ............................. ok
t/inflate/serialize.t ............................... ok
t/multi_create/cd_single.t .......................... ok
t/multi_create/diamond.t ............................ ok
t/multi_create/existing_in_chain.t .................. ok
t/multi_create/find_or_multicreate.t ................ ok
t/multi_create/has_many.t ........................... ok
t/multi_create/in_memory.t .......................... ok
t/multi_create/insert_defaults.t .................... ok
t/multi_create/m2m.t ................................ ok
t/multi_create/multilev_single_PKeqFK.t ............. ok
t/multi_create/reentrance_count.t ................... skipped: Disable test entirely until multicreate is rewritten in terms of subqueries
t/multi_create/standard.t ........................... ok
t/multi_create/torture.t ............................ ok
t/ordered/cascade_delete.t .......................... ok
t/ordered/unordered_movement.t ...................... ok
t/pager/data_page_compat/constructor.t .............. ok
t/pager/data_page_compat/simple.t ................... ok
t/pager/dbic_core.t ................................. ok
t/prefetch/attrs_untouched.t ........................ ok
t/prefetch/correlated.t ............................. ok
t/prefetch/count.t .................................. ok
t/prefetch/diamond.t ................................ ok
t/prefetch/double_prefetch.t ........................ ok
t/prefetch/empty_cache.t ............................ ok
t/prefetch/false_colvalues.t ........................ ok
t/prefetch/grouped.t ................................ ok
t/prefetch/incomplete.t ............................. ok
t/prefetch/join_type.t .............................. ok
t/prefetch/lazy_cursor.t ............................ ok
t/prefetch/manual.t ................................. ok
t/prefetch/multiple_hasmany.t ....................... ok
t/prefetch/multiple_hasmany_torture.t ............... ok
t/prefetch/o2m_o2m_order_by_with_limit.t ............ ok
t/prefetch/one_to_many_to_one.t ..................... ok
t/prefetch/refined_search_on_relation.t ............. ok
t/prefetch/restricted_children_set.t ................ ok
t/prefetch/standard.t ............................... ok
t/prefetch/via_search_related.t ..................... ok
t/prefetch/with_limit.t ............................. ok
t/relationship/after_update.t ....................... ok
t/relationship/core.t ............................... ok
t/relationship/custom.t ............................. ok
t/relationship/custom_opaque.t ...................... ok
t/relationship/custom_with_null_in_cond.t ........... ok
t/relationship/doesnt_exist.t ....................... ok
t/relationship/dynamic_foreign_columns.t ............ ok
t/relationship/info.t ............................... ok
t/relationship/malformed_declaration.t .............. ok
t/relationship/proxy.t .............................. ok
t/relationship/set_column_on_fk.t ................... ok
t/relationship/unresolvable.t ....................... ok
t/relationship/update_or_create_multi.t ............. ok
t/relationship/update_or_create_single.t ............ ok
t/resultset/as_query.t .............................. ok
t/resultset/as_subselect_rs.t ....................... ok
t/resultset/bind_attr.t ............................. ok
t/resultset/find_on_subquery_cond.t ................. ok
t/resultset/inflate_result_api.t .................... ok
t/resultset/inflatemap_abuse.t ...................... ok
t/resultset/is_ordered.t ............................ ok
t/resultset/is_paged.t .............................. ok
t/resultset/nulls_only.t ............................ ok
t/resultset/plus_select.t ........................... ok
t/resultset/rowparser_internals.t ................... ok
t/resultset/update_delete.t ......................... ok
t/resultset_class.t ................................. ok
t/resultset_overload.t .............................. ok
t/resultsource/bare_resultclass_exception.t ......... ok
t/resultsource/set_primary_key.t .................... ok
t/row/copy_with_extra_selection.t ................... ok
t/row/filter_column.t ............................... ok
t/row/find_one_has_many.t ........................... ok
t/row/inflate_result.t .............................. ok
t/row/pkless.t ...................................... ok
t/row/set_extra_column.t ............................ ok
t/schema/anon.t ..................................... ok
t/schema/clone.t .................................... ok
t/search/deprecated_attributes.t .................... ok
t/search/distinct.t ................................. ok
t/search/empty_attrs.t .............................. ok
t/search/preserve_original_rs.t ..................... ok
t/search/reentrancy.t ............................... ok
t/search/related_has_many.t ......................... ok
t/search/related_strip_prefetch.t ................... ok
t/search/select_chains.t ............................ ok
t/search/select_chains_unbalanced.t ................. ok
t/search/stack_cond.t ............................... ok
t/search/subquery.t ................................. ok
t/search/void.t ..................................... ok
t/sqlmaker/bind_transport.t ......................... ok
t/sqlmaker/core.t ................................... ok
t/sqlmaker/core_quoted.t ............................ ok
t/sqlmaker/dbihacks_internals.t ..................... ok
t/sqlmaker/hierarchical/oracle.t .................... skipped: Test needs Math::Base36 >= 0.07
t/sqlmaker/legacy_joins.t ........................... ok
t/sqlmaker/limit_dialects/basic.t ................... ok
t/sqlmaker/limit_dialects/custom.t .................. ok
t/sqlmaker/limit_dialects/fetch_first.t ............. ok
t/sqlmaker/limit_dialects/first_skip.t .............. ok
t/sqlmaker/limit_dialects/generic_subq.t ............ ok
t/sqlmaker/limit_dialects/mssql_torture.t ........... ok
t/sqlmaker/limit_dialects/rno.t ..................... ok
t/sqlmaker/limit_dialects/rownum.t .................. ok
t/sqlmaker/limit_dialects/skip_first.t .............. ok
t/sqlmaker/limit_dialects/toplimit.t ................ ok
t/sqlmaker/limit_dialects/torture.t ................. ok
t/sqlmaker/literal_with_bind.t ...................... ok
t/sqlmaker/msaccess.t ............................... ok
t/sqlmaker/mysql.t .................................. ok
t/sqlmaker/nest_deprec.t ............................ ok
t/sqlmaker/oracle.t ................................. skipped: Test needs Math::Base36 >= 0.07
t/sqlmaker/oraclejoin.t ............................. skipped: Test needs Math::Base36 >= 0.07
t/sqlmaker/order_by_bindtransport.t ................. ok
t/sqlmaker/order_by_func.t .......................... ok
t/sqlmaker/pg.t ..................................... ok
t/sqlmaker/quotes.t ................................. ok
t/sqlmaker/rebase.t ................................. ok
t/sqlmaker/sqlite.t ................................. ok
t/storage/base.t .................................... ok
t/storage/cursor.t .................................. ok
t/storage/dbh_do.t .................................. ok
t/storage/dbi_coderef.t ............................. ok
t/storage/dbi_env.t ................................. ok
t/storage/deploy.t .................................. skipped: Test needs SQL::Translator >= 0.11018 (see DBIx::Class::Optional::Dependencies for details)
t/storage/deprecated_exception_source_bind_attrs.t .. ok
t/storage/disable_sth_caching.t ..................... ok
t/storage/error.t ................................... ok
t/storage/exception.t ............................... ok
t/storage/global_destruction.t ...................... ok
t/storage/nobindvars.t .............................. ok
t/storage/on_connect_call.t ......................... ok
t/storage/on_connect_do.t ........................... ok
t/storage/ping_count.t .............................. ok
t/storage/prefer_stringification.t .................. ok
t/storage/quote_names.t ............................. ok
t/storage/reconnect.t ............................... ok
t/storage/replicated.t .............................. skipped: Test needs MooseX::Types::LoadableClass >= 0.011
t/storage/savepoints.t .............................. ok
t/storage/stats.t ................................... ok
t/storage/txn.t ..................................... ok
t/storage/txn_scope_guard.t ......................... ok
t/update/all.t ...................................... ok
t/update/ident_cond.t ............................... ok
t/update/type_aware.t ............................... ok
# 
# 
# 
# 211 contributors made this library what it is today
# 
# 
# Distinguished patrons:
#   * ( 2014 ~ 2015 ) Henry Van Styn, creator of http://p3rl.org/RapidApp
# 
# 
t/zzzzzzz_authors.t ................................. ok
t/zzzzzzz_perl_perf_bug.t ........................... ok
t/zzzzzzz_sqlite_deadlock.t ......................... skipped: Skipping test on plain module install

Test Summary Report
-------------------
t/90ensure_class_loaded.t                         (Wstat: 256 (exited 1) Tests: 28 Failed: 1)
  Failed test:  28
  Non-zero exit status: 1
t/sqlmaker/limit_dialects/generic_subq.t          (Wstat: 0 Tests: 19 Failed: 0)
  TODO passed:   9, 11, 13, 15, 17
t/storage/txn_scope_guard.t                       (Wstat: 0 Tests: 18 Failed: 0)
  TODO passed:   17
Files=314, Tests=13213, 131 wallclock secs ( 1.23 usr  0.45 sys + 120.79 cusr  9.11 csys = 131.59 CPU)
Result: FAIL
Failed 1/314 test programs. 1/13213 subtests failed.
*** Error code 255

Stop.
make: stopped in /usr/home/jkeenan/.cpan/build/DBIx-Class-0.082843-0

------------------------------
PREREQUISITES
------------------------------

Prerequisite modules loaded:

requires:

    Module                   Need     Have    
    ------------------------ -------- --------
    Class::Accessor::Grouped 0.10012  0.10014 
    Class::C3::Componentised 1.0009   1.001002
    Class::Inspector         1.24     1.36    
    Config::Any              0.20     0.33    
    Context::Preserve        0.01     0.03    
    Data::Dumper::Concise    2.020    2.023   
    DBD::SQLite              1.29     1.74    
    DBI                      1.57     1.645   
    Devel::GlobalDestruction 0.09     0.14    
    File::Temp               0.22     0.2311  
    Hash::Merge              0.12     0.302   
    Module::Find             0.07     0.16    
    Moo                      2.000    2.005005
    MRO::Compat              0.12     0.15    
    namespace::clean         0.24     0.27    
    Package::Stash           0.28     0.40    
    Path::Class              0.18     0.37    
    perl                     5.008001 5.041004
    Scope::Guard             0.03     0.21    
    SQL::Abstract::Classic   1.91     1.91    
    Sub::Name                0.04     0.27    
    Test::Deep               0.101    1.204   
    Test::Exception          0.31     0.43    
    Test::More               0.94     1.302204
    Test::Warn               0.21     0.37    
    Text::Balanced           2.00     2.06    
    Try::Tiny                0.07     0.32    

build_requires:

    Module                   Need     Have    
    ------------------------ -------- --------
    DBD::SQLite              1.29     1.74    
    ExtUtils::MakeMaker      6.59     7.70    
    File::Temp               0.22     0.2311  
    Package::Stash           0.28     0.40    
    Test::Deep               0.101    1.204   
    Test::Exception          0.31     0.43    
    Test::More               0.94     1.302204
    Test::Warn               0.21     0.37    

configure_requires:

    Module                   Need     Have    
    ------------------------ -------- --------
    ExtUtils::MakeMaker      6.59     7.70    


------------------------------
ENVIRONMENT AND OTHER CONTEXT
------------------------------

Environment variables:

    LANG = C.UTF-8
    NONINTERACTIVE_TESTING = 1
    P7_TEST_REPORTS_DIR = /home/jkeenan/learn/perl/p5p/core-p7/alpha/test-reports
    PATH = /sbin:/bin:/usr/sbin:/usr/bin:/usr/local/sbin:/usr/local/bin:/home/jkeenan/bin:/home/jkeenan/bin/perl:/home/jkeenan/bin/shell:/home/jkeenan/gitwork/metaconfig/bin
    PERL2DIR = /home/jkeenan/gitwork/perl2
    PERL5LIB = 
    PERL5OPT = 
    PERL5_CPANPLUS_IS_RUNNING = 82392
    PERL5_CPAN_IS_RUNNING = 82392
    PERL_MM_USE_DEFAULT = 1
    PERL_USE_UNSAFE_INC = 1
    PERL_WORKDIR = /home/jkeenan/gitwork/perl
    SHELL = /bin/sh
    TERM = screen

Perl special variables (and OS-specific diagnostics, for MSWin32):

    $^X = /usr/home/jkeenan/testing/perl-5.41.4/bin/perl
    $UID/$EUID = 1002 / 1002
    $GID = 1002 1002 0 5 920 1003
    $EGID = 1002 1002 0 5 920 1003

Perl module toolchain versions installed:

    Module              Have    
    ------------------- --------
    CPAN                2.37    
    CPAN::Meta          2.150010
    Cwd                 3.92    
    ExtUtils::CBuilder  0.280240
    ExtUtils::Command   7.70    
    ExtUtils::Install   2.22    
    ExtUtils::MakeMaker 7.70    
    ExtUtils::Manifest  1.75    
    ExtUtils::ParseXS   3.54    
    File::Spec          3.93    
    JSON                4.10    
    JSON::PP            4.16    
    Module::Build       0.4234  
    Module::Signature   n/a     
    Parse::CPAN::Meta   2.150010
    Test2               1.302204
    Test::Harness       3.50    
    Test::More          1.302204
    YAML                1.31    
    YAML::Syck          1.34    
    version             0.9933  


--

Summary of my perl5 (revision 5 version 41 subversion 4) configuration:
   
  Platform:
    osname=freebsd
    osvers=13.3-release-p6
    archname=amd64-freebsd-thread-multi
    uname='freebsd perlmonger.nycbug.org 13.3-release-p6 freebsd 13.3-release-p6 generic amd64 '
    config_args='-des -Dusedevel -Dprefix=/home/jkeenan/testing/perl-5.41.4 -Uversiononly -Dman1dir=none -Dman3dir=none -Duseithreads -Doptimize=-O2 -pipe -fstack-protector -fno-strict-aliasing'
    hint=recommended
    useposix=true
    d_sigaction=define
    useithreads=define
    usemultiplicity=define
    use64bitint=define
    use64bitall=define
    uselongdouble=undef
    usemymalloc=n
    default_inc_excludes_dot=define
  Compiler:
    cc='cc'
    ccflags ='-DHAS_FPSETMASK -DHAS_FLOATINGPOINT_H -DNO_POSIX_2008_LOCALE -fno-strict-aliasing -pipe -fstack-protector-strong -I/usr/local/include'
    optimize='-O2 -pipe -fstack-protector -fno-strict-aliasing'
    cppflags='-DHAS_FPSETMASK -DHAS_FLOATINGPOINT_H -DNO_POSIX_2008_LOCALE -fno-strict-aliasing -pipe -fstack-protector-strong -I/usr/local/include'
    ccversion=''
    gccversion='FreeBSD Clang 17.0.6 (https://github.com/llvm/llvm-project.git llvmorg-17.0.6-0-g6009708b4367)'
    gccosandvers=''
    intsize=4
    longsize=8
    ptrsize=8
    doublesize=8
    byteorder=12345678
    doublekind=3
    d_longlong=define
    longlongsize=8
    d_longdbl=define
    longdblsize=16
    longdblkind=3
    ivtype='long'
    ivsize=8
    nvtype='double'
    nvsize=8
    Off_t='off_t'
    lseeksize=8
    alignbytes=8
    prototype=define
  Linker and Libraries:
    ld='cc'
    ldflags ='-pthread -Wl,-E  -fstack-protector-strong -L/usr/local/lib'
    libpth=/usr/lib /usr/local/lib /usr/lib/clang/17/lib
    libs=-lpthread -lgdbm -ldl -lm -lcrypt -lutil
    perllibs=-lpthread -ldl -lm -lcrypt -lutil
    libc=
    so=so
    useshrplib=false
    libperl=libperl.a
    gnulibc_version=''
  Dynamic Linking:
    dlsrc=dl_dlopen.xs
    dlext=so
    d_dlsymun=undef
    ccdlflags=' '
    cccdlflags='-DPIC -fPIC'
    lddlflags='-shared  -L/usr/local/lib -fstack-protector-strong'


Characteristics of this binary (from libperl): 
  Compile-time options:
    HAS_LONG_DOUBLE
    HAS_STRTOLD
    HAS_TIMES
    MULTIPLICITY
    PERLIO_LAYERS
    PERL_COPY_ON_WRITE
    PERL_DONT_CREATE_GVSV
    PERL_HASH_FUNC_SIPHASH13
    PERL_HASH_USE_SBOX32
    PERL_MALLOC_WRAP
    PERL_OP_PARENT
    PERL_PRESERVE_IVUV
    PERL_USE_DEVEL
    PERL_USE_SAFE_PUTENV
    USE_64_BIT_ALL
    USE_64_BIT_INT
    USE_ITHREADS
    USE_LARGE_FILES
    USE_LOCALE
    USE_LOCALE_COLLATE
    USE_LOCALE_CTYPE
    USE_LOCALE_NUMERIC
    USE_LOCALE_TIME
    USE_PERLIO
    USE_PERL_ATOF
    USE_REENTRANT_API
  Built under freebsd
  Compiled at Sep 20 2024 11:59:07
  %ENV:
    PERL2DIR="/home/jkeenan/gitwork/perl2"
    PERL5LIB=""
    PERL5OPT=""
    PERL5_CPANPLUS_IS_RUNNING="82392"
    PERL5_CPAN_IS_RUNNING="82392"
    PERL_MM_USE_DEFAULT="1"
    PERL_USE_UNSAFE_INC="1"
    PERL_WORKDIR="/home/jkeenan/gitwork/perl"
  @INC:
    /home/jkeenan/testing/perl-5.41.4/lib/site_perl/5.41.4/amd64-freebsd-thread-multi
    /home/jkeenan/testing/perl-5.41.4/lib/site_perl/5.41.4
    /home/jkeenan/testing/perl-5.41.4/lib/5.41.4/amd64-freebsd-thread-multi
    /home/jkeenan/testing/perl-5.41.4/lib/5.41.4
    .