JS-YUI-Loader v0.06 Perl 5 v5.32.1 MSWin32-x86-multi-thread-64int

Status
Fail
From
gregor herrmann
Dist
JS-YUI-Loader v0.06
Platform
Perl 5 v5.32.1 MSWin32-x86-multi-thread-64int
Date
2023-06-12 18:48:15
ID
993eaeeb-6c39-1014-a0da-fb3120c40acc
This distribution has been tested as part of the CPAN Testers
project, supporting the Perl programming language.  See
http://wiki.cpantesters.org/ for more information or email
questions to cpan-testers-discuss@perl.org


--
Dear Robert Krimen,

This is a computer-generated report for JS-YUI-Loader-0.06
on perl 5.32.1, created by CPAN-Reporter-1.2019.

Thank you for uploading your work to CPAN.  However, there was a problem
testing your distribution.

If you think this report is invalid, please consult the CPAN Testers Wiki
for suggestions on how to avoid getting FAIL reports for missing library
or binary dependencies, unsupported operating systems, and so on:

http://wiki.cpantesters.org/wiki/CPANAuthorNotes

Sections of this report:

    * Tester comments
    * Program output
    * Prerequisites
    * Environment and other context

------------------------------
TESTER COMMENTS
------------------------------

Additional comments from tester:

this report is from an automated smoke testing program
and was not reviewed by a human for accuracy

------------------------------
PROGRAM OUTPUT
------------------------------

Output from 'C:\strawberry\c\bin\gmake.EXE test':

"C:\Strawberry\perl\bin\perl.exe" "-MExtUtils::Command::MM" "-MTest::Harness" "-e" "undef *Test::Harness::Switches; test_harness(0, 'inc', 'blib\lib', 'blib\arch')" t/00-load.t t/01-catalog.t t/02-manifest.t t/03-source.t t/04-cache.t t/05-loader.t t/06-list.t t/07-html.t t/90-colorpicker.t
Use of each() on hash after insertion without resetting hash iterator results in undefined behavior, Perl interpreter: 0xc8c9ec at C:\cpan\build\JS-YUI-Loader-0.06-0\blib\lib/JS/YUI/Loader/Catalog.pm line 383.
Use of each() on hash after insertion without resetting hash iterator results in undefined behavior, Perl interpreter: 0xc8c9ec at C:\cpan\build\JS-YUI-Loader-0.06-0\blib\lib/JS/YUI/Loader/Catalog.pm line 383.
Use of each() on hash after insertion without resetting hash iterator results in undefined behavior, Perl interpreter: 0xc8c9ec at C:\cpan\build\JS-YUI-Loader-0.06-0\blib\lib/JS/YUI/Loader/Catalog.pm line 383.
Use of each() on hash after insertion without resetting hash iterator results in undefined behavior, Perl interpreter: 0xc8c9ec at C:\cpan\build\JS-YUI-Loader-0.06-0\blib\lib/JS/YUI/Loader/Catalog.pm line 383.
Use of each() on hash after insertion without resetting hash iterator results in undefined behavior, Perl interpreter: 0xc8c9ec at C:\cpan\build\JS-YUI-Loader-0.06-0\blib\lib/JS/YUI/Loader/Catalog.pm line 383.
Use of each() on hash after insertion without resetting hash iterator results in undefined behavior, Perl interpreter: 0xc8c9ec at C:\cpan\build\JS-YUI-Loader-0.06-0\blib\lib/JS/YUI/Loader/Catalog.pm line 383.
Use of each() on hash after insertion without resetting hash iterator results in undefined behavior, Perl interpreter: 0xc8c9ec at C:\cpan\build\JS-YUI-Loader-0.06-0\blib\lib/JS/YUI/Loader/Catalog.pm line 383.
Use of each() on hash after insertion without resetting hash iterator results in undefined behavior, Perl interpreter: 0xc8c9ec at C:\cpan\build\JS-YUI-Loader-0.06-0\blib\lib/JS/YUI/Loader/Catalog.pm line 383.
# Testing JS::YUI::Loader 0.06, Perl 5.032001, C:\Strawberry\perl\bin\perl.exe
t/00-load.t ......... ok
Use of each() on hash after insertion without resetting hash iterator results in undefined behavior, Perl interpreter: 0xc67234 at C:\cpan\build\JS-YUI-Loader-0.06-0\blib\lib/JS/YUI/Loader/Catalog.pm line 383.
Use of each() on hash after insertion without resetting hash iterator results in undefined behavior, Perl interpreter: 0xc67234 at C:\cpan\build\JS-YUI-Loader-0.06-0\blib\lib/JS/YUI/Loader/Catalog.pm line 383.
Use of each() on hash after insertion without resetting hash iterator results in undefined behavior, Perl interpreter: 0xc67234 at C:\cpan\build\JS-YUI-Loader-0.06-0\blib\lib/JS/YUI/Loader/Catalog.pm line 383.
Use of each() on hash after insertion without resetting hash iterator results in undefined behavior, Perl interpreter: 0xc67234 at C:\cpan\build\JS-YUI-Loader-0.06-0\blib\lib/JS/YUI/Loader/Catalog.pm line 383.
Use of each() on hash after insertion without resetting hash iterator results in undefined behavior, Perl interpreter: 0xc67234 at C:\cpan\build\JS-YUI-Loader-0.06-0\blib\lib/JS/YUI/Loader/Catalog.pm line 383.
Use of each() on hash after insertion without resetting hash iterator results in undefined behavior, Perl interpreter: 0xc67234 at C:\cpan\build\JS-YUI-Loader-0.06-0\blib\lib/JS/YUI/Loader/Catalog.pm line 383.
Use of each() on hash after insertion without resetting hash iterator results in undefined behavior, Perl interpreter: 0xc67234 at C:\cpan\build\JS-YUI-Loader-0.06-0\blib\lib/JS/YUI/Loader/Catalog.pm line 383.
Use of each() on hash after insertion without resetting hash iterator results in undefined behavior, Perl interpreter: 0xc67234 at C:\cpan\build\JS-YUI-Loader-0.06-0\blib\lib/JS/YUI/Loader/Catalog.pm line 383.
Use of each() on hash after insertion without resetting hash iterator results in undefined behavior, Perl interpreter: 0xc67234 at C:\cpan\build\JS-YUI-Loader-0.06-0\blib\lib/JS/YUI/Loader/Catalog.pm line 383.
Use of each() on hash after insertion without resetting hash iterator results in undefined behavior, Perl interpreter: 0xc67234 at C:\cpan\build\JS-YUI-Loader-0.06-0\blib\lib/JS/YUI/Loader/Catalog.pm line 383.
Use of each() on hash after insertion without resetting hash iterator results in undefined behavior, Perl interpreter: 0xc67234 at C:\cpan\build\JS-YUI-Loader-0.06-0\blib\lib/JS/YUI/Loader/Catalog.pm line 383.
Use of each() on hash after insertion without resetting hash iterator results in undefined behavior, Perl interpreter: 0xc67234 at C:\cpan\build\JS-YUI-Loader-0.06-0\blib\lib/JS/YUI/Loader/Catalog.pm line 383.
Use of each() on hash after insertion without resetting hash iterator results in undefined behavior, Perl interpreter: 0xc67234 at C:\cpan\build\JS-YUI-Loader-0.06-0\blib\lib/JS/YUI/Loader/Catalog.pm line 383.
Use of each() on hash after insertion without resetting hash iterator results in undefined behavior, Perl interpreter: 0xc67234 at C:\cpan\build\JS-YUI-Loader-0.06-0\blib\lib/JS/YUI/Loader/Catalog.pm line 383.
** Path::Abstract::Underload::last behavior has changed since 0.093
** To disable this warning: use Path::Abstract qw/--no_0_093_warning/ at C:\cpan\build\JS-YUI-Loader-0.06-0\blib\lib/JS/YUI/Loader/Entry.pm line 17.
t/01-catalog.t ...... ok
Use of each() on hash after insertion without resetting hash iterator results in undefined behavior, Perl interpreter: 0x6d7234 at C:\cpan\build\JS-YUI-Loader-0.06-0\blib\lib/JS/YUI/Loader/Catalog.pm line 383.
Use of each() on hash after insertion without resetting hash iterator results in undefined behavior, Perl interpreter: 0x6d7234 at C:\cpan\build\JS-YUI-Loader-0.06-0\blib\lib/JS/YUI/Loader/Catalog.pm line 383.
Use of each() on hash after insertion without resetting hash iterator results in undefined behavior, Perl interpreter: 0x6d7234 at C:\cpan\build\JS-YUI-Loader-0.06-0\blib\lib/JS/YUI/Loader/Catalog.pm line 383.
Use of each() on hash after insertion without resetting hash iterator results in undefined behavior, Perl interpreter: 0x6d7234 at C:\cpan\build\JS-YUI-Loader-0.06-0\blib\lib/JS/YUI/Loader/Catalog.pm line 383.
Use of each() on hash after insertion without resetting hash iterator results in undefined behavior, Perl interpreter: 0x6d7234 at C:\cpan\build\JS-YUI-Loader-0.06-0\blib\lib/JS/YUI/Loader/Catalog.pm line 383.
Use of each() on hash after insertion without resetting hash iterator results in undefined behavior, Perl interpreter: 0x6d7234 at C:\cpan\build\JS-YUI-Loader-0.06-0\blib\lib/JS/YUI/Loader/Catalog.pm line 383.
Use of each() on hash after insertion without resetting hash iterator results in undefined behavior, Perl interpreter: 0x6d7234 at C:\cpan\build\JS-YUI-Loader-0.06-0\blib\lib/JS/YUI/Loader/Catalog.pm line 383.
Use of each() on hash after insertion without resetting hash iterator results in undefined behavior, Perl interpreter: 0x6d7234 at C:\cpan\build\JS-YUI-Loader-0.06-0\blib\lib/JS/YUI/Loader/Catalog.pm line 383.
Use of each() on hash after insertion without resetting hash iterator results in undefined behavior, Perl interpreter: 0x6d7234 at C:\cpan\build\JS-YUI-Loader-0.06-0\blib\lib/JS/YUI/Loader/Catalog.pm line 383.
Use of each() on hash after insertion without resetting hash iterator results in undefined behavior, Perl interpreter: 0x6d7234 at C:\cpan\build\JS-YUI-Loader-0.06-0\blib\lib/JS/YUI/Loader/Catalog.pm line 383.
Use of each() on hash after insertion without resetting hash iterator results in undefined behavior, Perl interpreter: 0x6d7234 at C:\cpan\build\JS-YUI-Loader-0.06-0\blib\lib/JS/YUI/Loader/Catalog.pm line 383.
t/02-manifest.t ..... ok
Use of each() on hash after insertion without resetting hash iterator results in undefined behavior, Perl interpreter: 0x197234 at C:\cpan\build\JS-YUI-Loader-0.06-0\blib\lib/JS/YUI/Loader/Catalog.pm line 383.
Use of each() on hash after insertion without resetting hash iterator results in undefined behavior, Perl interpreter: 0x197234 at C:\cpan\build\JS-YUI-Loader-0.06-0\blib\lib/JS/YUI/Loader/Catalog.pm line 383.
Use of each() on hash after insertion without resetting hash iterator results in undefined behavior, Perl interpreter: 0x197234 at C:\cpan\build\JS-YUI-Loader-0.06-0\blib\lib/JS/YUI/Loader/Catalog.pm line 383.
Use of each() on hash after insertion without resetting hash iterator results in undefined behavior, Perl interpreter: 0x197234 at C:\cpan\build\JS-YUI-Loader-0.06-0\blib\lib/JS/YUI/Loader/Catalog.pm line 383.
Use of each() on hash after insertion without resetting hash iterator results in undefined behavior, Perl interpreter: 0x197234 at C:\cpan\build\JS-YUI-Loader-0.06-0\blib\lib/JS/YUI/Loader/Catalog.pm line 383.
Use of each() on hash after insertion without resetting hash iterator results in undefined behavior, Perl interpreter: 0x197234 at C:\cpan\build\JS-YUI-Loader-0.06-0\blib\lib/JS/YUI/Loader/Catalog.pm line 383.
Use of each() on hash after insertion without resetting hash iterator results in undefined behavior, Perl interpreter: 0x197234 at C:\cpan\build\JS-YUI-Loader-0.06-0\blib\lib/JS/YUI/Loader/Catalog.pm line 383.
Use of each() on hash after insertion without resetting hash iterator results in undefined behavior, Perl interpreter: 0x197234 at C:\cpan\build\JS-YUI-Loader-0.06-0\blib\lib/JS/YUI/Loader/Catalog.pm line 383.
Use of each() on hash after insertion without resetting hash iterator results in undefined behavior, Perl interpreter: 0x197234 at C:\cpan\build\JS-YUI-Loader-0.06-0\blib\lib/JS/YUI/Loader/Catalog.pm line 383.
Use of each() on hash after insertion without resetting hash iterator results in undefined behavior, Perl interpreter: 0x197234 at C:\cpan\build\JS-YUI-Loader-0.06-0\blib\lib/JS/YUI/Loader/Catalog.pm line 383.
Use of each() on hash after insertion without resetting hash iterator results in undefined behavior, Perl interpreter: 0x197234 at C:\cpan\build\JS-YUI-Loader-0.06-0\blib\lib/JS/YUI/Loader/Catalog.pm line 383.
Use of each() on hash after insertion without resetting hash iterator results in undefined behavior, Perl interpreter: 0x197234 at C:\cpan\build\JS-YUI-Loader-0.06-0\blib\lib/JS/YUI/Loader/Catalog.pm line 383.
Use of each() on hash after insertion without resetting hash iterator results in undefined behavior, Perl interpreter: 0x197234 at C:\cpan\build\JS-YUI-Loader-0.06-0\blib\lib/JS/YUI/Loader/Catalog.pm line 383.
Use of each() on hash after insertion without resetting hash iterator results in undefined behavior, Perl interpreter: 0x197234 at C:\cpan\build\JS-YUI-Loader-0.06-0\blib\lib/JS/YUI/Loader/Catalog.pm line 383.

#   Failed test at t/03-source.t line 23.
#          got: 'yui\build\yuitest\yuitest.js'
#     expected: 'yui/build/yuitest/yuitest.js'

#   Failed test at t/03-source.t line 24.
#          got: 'yui\build\yuitest\yuitest-min.js'
#     expected: 'yui/build/yuitest/yuitest-min.js'

#   Failed test at t/03-source.t line 25.
#          got: 'yui\build\imagecropper\imagecropper-beta.js'
#     expected: 'yui/build/imagecropper/imagecropper-beta.js'

#   Failed test at t/03-source.t line 26.
#          got: 'yui\build\imagecropper\imagecropper-beta-min.js'
#     expected: 'yui/build/imagecropper/imagecropper-beta-min.js'
# Looks like you failed 4 tests of 10.
t/03-source.t ....... 
Dubious, test returned 4 (wstat 1024, 0x400)
Failed 4/10 subtests 
Use of each() on hash after insertion without resetting hash iterator results in undefined behavior, Perl interpreter: 0x1d7234 at C:\cpan\build\JS-YUI-Loader-0.06-0\blib\lib/JS/YUI/Loader/Catalog.pm line 383.
Use of each() on hash after insertion without resetting hash iterator results in undefined behavior, Perl interpreter: 0x1d7234 at C:\cpan\build\JS-YUI-Loader-0.06-0\blib\lib/JS/YUI/Loader/Catalog.pm line 383.
Use of each() on hash after insertion without resetting hash iterator results in undefined behavior, Perl interpreter: 0x1d7234 at C:\cpan\build\JS-YUI-Loader-0.06-0\blib\lib/JS/YUI/Loader/Catalog.pm line 383.
Use of each() on hash after insertion without resetting hash iterator results in undefined behavior, Perl interpreter: 0x1d7234 at C:\cpan\build\JS-YUI-Loader-0.06-0\blib\lib/JS/YUI/Loader/Catalog.pm line 383.
Use of each() on hash after insertion without resetting hash iterator results in undefined behavior, Perl interpreter: 0x1d7234 at C:\cpan\build\JS-YUI-Loader-0.06-0\blib\lib/JS/YUI/Loader/Catalog.pm line 383.
Use of each() on hash after insertion without resetting hash iterator results in undefined behavior, Perl interpreter: 0x1d7234 at C:\cpan\build\JS-YUI-Loader-0.06-0\blib\lib/JS/YUI/Loader/Catalog.pm line 383.
Use of each() on hash after insertion without resetting hash iterator results in undefined behavior, Perl interpreter: 0x1d7234 at C:\cpan\build\JS-YUI-Loader-0.06-0\blib\lib/JS/YUI/Loader/Catalog.pm line 383.
Use of each() on hash after insertion without resetting hash iterator results in undefined behavior, Perl interpreter: 0x1d7234 at C:\cpan\build\JS-YUI-Loader-0.06-0\blib\lib/JS/YUI/Loader/Catalog.pm line 383.
Use of each() on hash after insertion without resetting hash iterator results in undefined behavior, Perl interpreter: 0x1d7234 at C:\cpan\build\JS-YUI-Loader-0.06-0\blib\lib/JS/YUI/Loader/Catalog.pm line 383.
Use of each() on hash after insertion without resetting hash iterator results in undefined behavior, Perl interpreter: 0x1d7234 at C:\cpan\build\JS-YUI-Loader-0.06-0\blib\lib/JS/YUI/Loader/Catalog.pm line 383.
Use of each() on hash after insertion without resetting hash iterator results in undefined behavior, Perl interpreter: 0x1d7234 at C:\cpan\build\JS-YUI-Loader-0.06-0\blib\lib/JS/YUI/Loader/Catalog.pm line 383.
Use of each() on hash after insertion without resetting hash iterator results in undefined behavior, Perl interpreter: 0x1d7234 at C:\cpan\build\JS-YUI-Loader-0.06-0\blib\lib/JS/YUI/Loader/Catalog.pm line 383.
t/04-cache.t ........ ok
Use of each() on hash after insertion without resetting hash iterator results in undefined behavior, Perl interpreter: 0xdf7234 at C:\cpan\build\JS-YUI-Loader-0.06-0\blib\lib/JS/YUI/Loader/Catalog.pm line 383.
Use of each() on hash after insertion without resetting hash iterator results in undefined behavior, Perl interpreter: 0xdf7234 at C:\cpan\build\JS-YUI-Loader-0.06-0\blib\lib/JS/YUI/Loader/Catalog.pm line 383.
Use of each() on hash after insertion without resetting hash iterator results in undefined behavior, Perl interpreter: 0xdf7234 at C:\cpan\build\JS-YUI-Loader-0.06-0\blib\lib/JS/YUI/Loader/Catalog.pm line 383.
Use of each() on hash after insertion without resetting hash iterator results in undefined behavior, Perl interpreter: 0xdf7234 at C:\cpan\build\JS-YUI-Loader-0.06-0\blib\lib/JS/YUI/Loader/Catalog.pm line 383.
Use of each() on hash after insertion without resetting hash iterator results in undefined behavior, Perl interpreter: 0xdf7234 at C:\cpan\build\JS-YUI-Loader-0.06-0\blib\lib/JS/YUI/Loader/Catalog.pm line 383.
** Path::Abstract::Underload::last behavior has changed since 0.093
** To disable this warning: use Path::Abstract qw/--no_0_093_warning/ at C:\cpan\build\JS-YUI-Loader-0.06-0\blib\lib/JS/YUI/Loader/Entry.pm line 17.

#   Failed test at t/05-loader.t line 36.
#          got: 'yui\2.5.1\build'
#     expected: 'yui/2.5.1/build'
# Looks like you failed 1 test of 12.
t/05-loader.t ....... 
Dubious, test returned 1 (wstat 256, 0x100)
Failed 1/12 subtests 
	(less 2 skipped subtests: 9 okay)
Use of each() on hash after insertion without resetting hash iterator results in undefined behavior, Perl interpreter: 0x1b722c at C:\cpan\build\JS-YUI-Loader-0.06-0\blib\lib/JS/YUI/Loader/Catalog.pm line 383.
Use of each() on hash after insertion without resetting hash iterator results in undefined behavior, Perl interpreter: 0x1b722c at C:\cpan\build\JS-YUI-Loader-0.06-0\blib\lib/JS/YUI/Loader/Catalog.pm line 383.
Use of each() on hash after insertion without resetting hash iterator results in undefined behavior, Perl interpreter: 0x1b722c at C:\cpan\build\JS-YUI-Loader-0.06-0\blib\lib/JS/YUI/Loader/Catalog.pm line 383.
Use of each() on hash after insertion without resetting hash iterator results in undefined behavior, Perl interpreter: 0x1b722c at C:\cpan\build\JS-YUI-Loader-0.06-0\blib\lib/JS/YUI/Loader/Catalog.pm line 383.
Use of each() on hash after insertion without resetting hash iterator results in undefined behavior, Perl interpreter: 0x1b722c at C:\cpan\build\JS-YUI-Loader-0.06-0\blib\lib/JS/YUI/Loader/Catalog.pm line 383.
Use of each() on hash after insertion without resetting hash iterator results in undefined behavior, Perl interpreter: 0x1b722c at C:\cpan\build\JS-YUI-Loader-0.06-0\blib\lib/JS/YUI/Loader/Catalog.pm line 383.
Use of each() on hash after insertion without resetting hash iterator results in undefined behavior, Perl interpreter: 0x1b722c at C:\cpan\build\JS-YUI-Loader-0.06-0\blib\lib/JS/YUI/Loader/Catalog.pm line 383.
Use of each() on hash after insertion without resetting hash iterator results in undefined behavior, Perl interpreter: 0x1b722c at C:\cpan\build\JS-YUI-Loader-0.06-0\blib\lib/JS/YUI/Loader/Catalog.pm line 383.
Found unknown argument 'requires' in the has declaration for 'loader' in class JS::YUI::Loader::List at C:/Strawberry/perl/site/lib/Moose/Meta/Attribute.pm line 87.
	Moose::Meta::Attribute::new("Moose::Meta::Attribute", "loader", "requires", 1, "definition_context", HASH(0x3087464), "weak_ref", 1, ...) called at C:/Strawberry/perl/site/lib/Moose/Meta/Attribute.pm line 105
	Moose::Meta::Attribute::interpolate_class_and_new("Moose::Meta::Attribute", "loader", "definition_context", HASH(0x3087464), "is", "ro", "requires", 1, ...) called at C:/Strawberry/perl/site/lib/Moose/Meta/Class.pm line 724
	Moose::Meta::Class::_process_new_attribute(Moose::Meta::Class=HASH(0x308aa4c), "loader", "definition_context", HASH(0x3087464), "is", "ro", "requires", 1, ...) called at C:/Strawberry/perl/site/lib/Moose/Meta/Class.pm line 717
	Moose::Meta::Class::_process_attribute(Moose::Meta::Class=HASH(0x308aa4c), "loader", "definition_context", HASH(0x3087464), "is", "ro", "requires", 1, ...) called at C:/Strawberry/perl/site/lib/Moose/Meta/Class.pm line 581
	Moose::Meta::Class::add_attribute(Moose::Meta::Class=HASH(0x308aa4c), "loader", "definition_context", HASH(0x3087464), "is", "ro", "requires", 1, ...) called at C:/Strawberry/perl/site/lib/Moose.pm line 74
	Moose::has(Moose::Meta::Class=HASH(0x308aa4c), "loader", "is", "ro", "requires", 1, "isa", "JS::YUI::Loader", ...) called at C:/Strawberry/perl/site/lib/Moose/Exporter.pm line 418
	Moose::has("loader", "is", "ro", "requires", 1, "isa", "JS::YUI::Loader", "weak_ref", ...) called at C:\cpan\build\JS-YUI-Loader-0.06-0\blib\lib/JS/YUI/Loader/List.pm line 5
	require JS/YUI/Loader/List.pm called at C:\cpan\build\JS-YUI-Loader-0.06-0\blib\lib/JS/YUI/Loader.pm line 73
	JS::YUI::Loader::__ANON__(JS::YUI::Loader=HASH(0x308c954)) called at reader JS::YUI::Loader::list (defined at C:\cpan\build\JS-YUI-Loader-0.06-0\blib\lib/JS/YUI/Loader.pm line 75) line 6
	JS::YUI::Loader::list(JS::YUI::Loader=HASH(0x308c954)) called at t/06-list.t line 11
JS::YUI::Loader::Manifest::schedule(): Couldn't find entry for name "resize-skin" at C:\cpan\build\JS-YUI-Loader-0.06-0\blib\lib/JS/YUI/Loader.pm line 381
# Looks like your test exited with 255 just after 4.
t/06-list.t ......... 
Dubious, test returned 255 (wstat 65280, 0xff00)
All 4 subtests passed 
Use of each() on hash after insertion without resetting hash iterator results in undefined behavior, Perl interpreter: 0xde722c at C:\cpan\build\JS-YUI-Loader-0.06-0\blib\lib/JS/YUI/Loader/Catalog.pm line 383.
Use of each() on hash after insertion without resetting hash iterator results in undefined behavior, Perl interpreter: 0xde722c at C:\cpan\build\JS-YUI-Loader-0.06-0\blib\lib/JS/YUI/Loader/Catalog.pm line 383.
Use of each() on hash after insertion without resetting hash iterator results in undefined behavior, Perl interpreter: 0xde722c at C:\cpan\build\JS-YUI-Loader-0.06-0\blib\lib/JS/YUI/Loader/Catalog.pm line 383.
Use of each() on hash after insertion without resetting hash iterator results in undefined behavior, Perl interpreter: 0xde722c at C:\cpan\build\JS-YUI-Loader-0.06-0\blib\lib/JS/YUI/Loader/Catalog.pm line 383.
Use of each() on hash after insertion without resetting hash iterator results in undefined behavior, Perl interpreter: 0xde722c at C:\cpan\build\JS-YUI-Loader-0.06-0\blib\lib/JS/YUI/Loader/Catalog.pm line 383.
Use of each() on hash after insertion without resetting hash iterator results in undefined behavior, Perl interpreter: 0xde722c at C:\cpan\build\JS-YUI-Loader-0.06-0\blib\lib/JS/YUI/Loader/Catalog.pm line 383.
Use of each() on hash after insertion without resetting hash iterator results in undefined behavior, Perl interpreter: 0xde722c at C:\cpan\build\JS-YUI-Loader-0.06-0\blib\lib/JS/YUI/Loader/Catalog.pm line 383.
Use of each() on hash after insertion without resetting hash iterator results in undefined behavior, Perl interpreter: 0xde722c at C:\cpan\build\JS-YUI-Loader-0.06-0\blib\lib/JS/YUI/Loader/Catalog.pm line 383.
Use of each() on hash after insertion without resetting hash iterator results in undefined behavior, Perl interpreter: 0xde722c at C:\cpan\build\JS-YUI-Loader-0.06-0\blib\lib/JS/YUI/Loader/Catalog.pm line 383.
Use of each() on hash after insertion without resetting hash iterator results in undefined behavior, Perl interpreter: 0xde722c at C:\cpan\build\JS-YUI-Loader-0.06-0\blib\lib/JS/YUI/Loader/Catalog.pm line 383.
Use of each() on hash after insertion without resetting hash iterator results in undefined behavior, Perl interpreter: 0xde722c at C:\cpan\build\JS-YUI-Loader-0.06-0\blib\lib/JS/YUI/Loader/Catalog.pm line 383.
Use of each() on hash after insertion without resetting hash iterator results in undefined behavior, Perl interpreter: 0xde722c at C:\cpan\build\JS-YUI-Loader-0.06-0\blib\lib/JS/YUI/Loader/Catalog.pm line 383.
Found unknown argument 'requires' in the has declaration for 'loader' in class JS::YUI::Loader::List at C:/Strawberry/perl/site/lib/Moose/Meta/Attribute.pm line 87.
	Moose::Meta::Attribute::new("Moose::Meta::Attribute", "loader", "is", "ro", "weak_ref", 1, "requires", 1, ...) called at C:/Strawberry/perl/site/lib/Moose/Meta/Attribute.pm line 105
	Moose::Meta::Attribute::interpolate_class_and_new("Moose::Meta::Attribute", "loader", "definition_context", HASH(0x3228664), "is", "ro", "requires", 1, ...) called at C:/Strawberry/perl/site/lib/Moose/Meta/Class.pm line 724
	Moose::Meta::Class::_process_new_attribute(Moose::Meta::Class=HASH(0x323efcc), "loader", "definition_context", HASH(0x3228664), "is", "ro", "requires", 1, ...) called at C:/Strawberry/perl/site/lib/Moose/Meta/Class.pm line 717
	Moose::Meta::Class::_process_attribute(Moose::Meta::Class=HASH(0x323efcc), "loader", "definition_context", HASH(0x3228664), "is", "ro", "requires", 1, ...) called at C:/Strawberry/perl/site/lib/Moose/Meta/Class.pm line 581
	Moose::Meta::Class::add_attribute(Moose::Meta::Class=HASH(0x323efcc), "loader", "definition_context", HASH(0x3228664), "is", "ro", "requires", 1, ...) called at C:/Strawberry/perl/site/lib/Moose.pm line 74
	Moose::has(Moose::Meta::Class=HASH(0x323efcc), "loader", "is", "ro", "requires", 1, "isa", "JS::YUI::Loader", ...) called at C:/Strawberry/perl/site/lib/Moose/Exporter.pm line 418
	Moose::has("loader", "is", "ro", "requires", 1, "isa", "JS::YUI::Loader", "weak_ref", ...) called at C:\cpan\build\JS-YUI-Loader-0.06-0\blib\lib/JS/YUI/Loader/List.pm line 5
	require JS/YUI/Loader/List.pm called at C:\cpan\build\JS-YUI-Loader-0.06-0\blib\lib/JS/YUI/Loader.pm line 73
	JS::YUI::Loader::__ANON__(JS::YUI::Loader=HASH(0x30d1c4c)) called at reader JS::YUI::Loader::list (defined at C:\cpan\build\JS-YUI-Loader-0.06-0\blib\lib/JS/YUI/Loader.pm line 75) line 6
	JS::YUI::Loader::list(JS::YUI::Loader=HASH(0x30d1c4c)) called at C:\cpan\build\JS-YUI-Loader-0.06-0\blib\lib/JS/YUI/Loader.pm line 423
	JS::YUI::Loader::html(JS::YUI::Loader=HASH(0x30d1c4c)) called at t/07-html.t line 16
JS::YUI::Loader::Manifest::schedule(): Couldn't find entry for name "yuitest-skin" at C:\cpan\build\JS-YUI-Loader-0.06-0\blib\lib/JS/YUI/Loader.pm line 381
t/07-html.t ......... skipped: (no reason given)
Use of each() on hash after insertion without resetting hash iterator results in undefined behavior, Perl interpreter: 0xd67234 at C:\cpan\build\JS-YUI-Loader-0.06-0\blib\lib/JS/YUI/Loader/Catalog.pm line 383.
Use of each() on hash after insertion without resetting hash iterator results in undefined behavior, Perl interpreter: 0xd67234 at C:\cpan\build\JS-YUI-Loader-0.06-0\blib\lib/JS/YUI/Loader/Catalog.pm line 383.
Use of each() on hash after insertion without resetting hash iterator results in undefined behavior, Perl interpreter: 0xd67234 at C:\cpan\build\JS-YUI-Loader-0.06-0\blib\lib/JS/YUI/Loader/Catalog.pm line 383.
Use of each() on hash after insertion without resetting hash iterator results in undefined behavior, Perl interpreter: 0xd67234 at C:\cpan\build\JS-YUI-Loader-0.06-0\blib\lib/JS/YUI/Loader/Catalog.pm line 383.
Use of each() on hash after insertion without resetting hash iterator results in undefined behavior, Perl interpreter: 0xd67234 at C:\cpan\build\JS-YUI-Loader-0.06-0\blib\lib/JS/YUI/Loader/Catalog.pm line 383.
Use of each() on hash after insertion without resetting hash iterator results in undefined behavior, Perl interpreter: 0xd67234 at C:\cpan\build\JS-YUI-Loader-0.06-0\blib\lib/JS/YUI/Loader/Catalog.pm line 383.
Use of each() on hash after insertion without resetting hash iterator results in undefined behavior, Perl interpreter: 0xd67234 at C:\cpan\build\JS-YUI-Loader-0.06-0\blib\lib/JS/YUI/Loader/Catalog.pm line 383.
Use of each() on hash after insertion without resetting hash iterator results in undefined behavior, Perl interpreter: 0xd67234 at C:\cpan\build\JS-YUI-Loader-0.06-0\blib\lib/JS/YUI/Loader/Catalog.pm line 383.
Found unknown argument 'requires' in the has declaration for 'loader' in class JS::YUI::Loader::List at C:/Strawberry/perl/site/lib/Moose/Meta/Attribute.pm line 87.
	Moose::Meta::Attribute::new("Moose::Meta::Attribute", "loader", "requires", 1, "is", "ro", "isa", "JS::YUI::Loader", ...) called at C:/Strawberry/perl/site/lib/Moose/Meta/Attribute.pm line 105
	Moose::Meta::Attribute::interpolate_class_and_new("Moose::Meta::Attribute", "loader", "definition_context", HASH(0x318957c), "is", "ro", "requires", 1, ...) called at C:/Strawberry/perl/site/lib/Moose/Meta/Class.pm line 724
	Moose::Meta::Class::_process_new_attribute(Moose::Meta::Class=HASH(0x319629c), "loader", "definition_context", HASH(0x318957c), "is", "ro", "requires", 1, ...) called at C:/Strawberry/perl/site/lib/Moose/Meta/Class.pm line 717
	Moose::Meta::Class::_process_attribute(Moose::Meta::Class=HASH(0x319629c), "loader", "definition_context", HASH(0x318957c), "is", "ro", "requires", 1, ...) called at C:/Strawberry/perl/site/lib/Moose/Meta/Class.pm line 581
	Moose::Meta::Class::add_attribute(Moose::Meta::Class=HASH(0x319629c), "loader", "definition_context", HASH(0x318957c), "is", "ro", "requires", 1, ...) called at C:/Strawberry/perl/site/lib/Moose.pm line 74
	Moose::has(Moose::Meta::Class=HASH(0x319629c), "loader", "is", "ro", "requires", 1, "isa", "JS::YUI::Loader", ...) called at C:/Strawberry/perl/site/lib/Moose/Exporter.pm line 418
	Moose::has("loader", "is", "ro", "requires", 1, "isa", "JS::YUI::Loader", "weak_ref", ...) called at C:\cpan\build\JS-YUI-Loader-0.06-0\blib\lib/JS/YUI/Loader/List.pm line 5
	require JS/YUI/Loader/List.pm called at C:\cpan\build\JS-YUI-Loader-0.06-0\blib\lib/JS/YUI/Loader.pm line 73
	JS::YUI::Loader::__ANON__(JS::YUI::Loader=HASH(0x316e864)) called at reader JS::YUI::Loader::list (defined at C:\cpan\build\JS-YUI-Loader-0.06-0\blib\lib/JS/YUI/Loader.pm line 75) line 6
	JS::YUI::Loader::list(JS::YUI::Loader=HASH(0x316e864)) called at C:\cpan\build\JS-YUI-Loader-0.06-0\blib\lib/JS/YUI/Loader.pm line 423
	JS::YUI::Loader::html(JS::YUI::Loader=HASH(0x316e864)) called at t/90-colorpicker.t line 16

#   Failed test at t/90-colorpicker.t line 16.
#          got: '<link href="http://yui.yahooapis.com/2.5.1/build/colorpicker/assets/skins/sam/colorpicker.css" type="text/css" rel="stylesheet"/>
# <script src="http://yui.yahooapis.com/2.5.1/build/yahoo/yahoo.js" type="text/javascript"></script>
# <script type="text/javascript" src="http://yui.yahooapis.com/2.5.1/build/dom/dom.js"></script>
# <script src="http://yui.yahooapis.com/2.5.1/build/event/event.js" type="text/javascript"></script>
# <script src="http://yui.yahooapis.com/2.5.1/build/dragdrop/dragdrop.js" type="text/javascript"></script>
# <script src="http://yui.yahooapis.com/2.5.1/build/element/element-beta.js" type="text/javascript"></script>
# <script src="http://yui.yahooapis.com/2.5.1/build/slider/slider.js" type="text/javascript"></script>
# <script type="text/javascript" src="http://yui.yahooapis.com/2.5.1/build/colorpicker/colorpicker.js"></script>
# '
#     expected: '<link rel="stylesheet" href="http://yui.yahooapis.com/2.5.1/build/colorpicker/assets/skins/sam/colorpicker.css" type="text/css"/>
# <script src="http://yui.yahooapis.com/2.5.1/build/yahoo/yahoo.js" type="text/javascript"></script>
# <script src="http://yui.yahooapis.com/2.5.1/build/dom/dom.js" type="text/javascript"></script>
# <script src="http://yui.yahooapis.com/2.5.1/build/event/event.js" type="text/javascript"></script>
# <script src="http://yui.yahooapis.com/2.5.1/build/dragdrop/dragdrop.js" type="text/javascript"></script>
# <script src="http://yui.yahooapis.com/2.5.1/build/element/element-beta.js" type="text/javascript"></script>
# <script src="http://yui.yahooapis.com/2.5.1/build/slider/slider.js" type="text/javascript"></script>
# <script src="http://yui.yahooapis.com/2.5.1/build/colorpicker/colorpicker.js" type="text/javascript"></script>
# '
# Looks like you failed 1 test of 1.
t/90-colorpicker.t .. 
Dubious, test returned 1 (wstat 256, 0x100)
Failed 1/1 subtests 

Test Summary Report
-------------------
t/03-source.t     (Wstat: 1024 (exited 4) Tests: 10 Failed: 4)
  Failed tests:  7-10
  Non-zero exit status: 4
t/05-loader.t     (Wstat: 256 (exited 1) Tests: 12 Failed: 1)
  Failed test:  12
  Non-zero exit status: 1
t/06-list.t       (Wstat: 65280 (exited 255) Tests: 4 Failed: 0)
  Non-zero exit status: 255
t/07-html.t       (Wstat: 65280 (exited 255) Tests: 0 Failed: 0)
  Non-zero exit status: 255
t/90-colorpicker.t (Wstat: 256 (exited 1) Tests: 1 Failed: 1)
  Failed test:  1
  Non-zero exit status: 1
Files=9, Tests=52, 14 wallclock secs ( 0.11 usr +  0.06 sys =  0.17 CPU)
Result: FAIL
Failed 5/9 test programs. 6/52 subtests failed.
gmake.EXE: *** [Makefile:798: test_dynamic] Error 1

------------------------------
PREREQUISITES
------------------------------

Prerequisite modules loaded:

requires:

    Module                Need Have    
    --------------------- ---- --------
    Algorithm::Dependency 0    1.112   
    Carp::Clan::Share     0    0.013   
    Directory::Scratch    0    0.18    
    ExtUtils::MakeMaker   7.70 7.70    
    File::Copy            0    2.34    
    HTML::Declare         0    2.6     
    JSON                  2.08 4.10    
    LWP::UserAgent        0    6.70    
    Moose                 0    2.2203  
    Path::Abstract        0    0.096   
    Path::Class           0    0.37    
    Scalar::Util          0    1.63    
    Test::More            0    1.302195
    URI                   0    5.19    

build_requires:

    Module                Need Have    
    --------------------- ---- --------
    ExtUtils::MakeMaker   0    7.70    


------------------------------
ENVIRONMENT AND OTHER CONTEXT
------------------------------

Environment variables:

    AUTOMATED_TESTING = 1
    COMSPEC = C:\WINDOWS\system32\cmd.exe
    NONINTERACTIVE_TESTING = 1
    NUMBER_OF_PROCESSORS = 2
    PATH = C:\WINDOWS\system32;C:\strawberry\c\bin;C:\strawberry\perl\site\bin;C:\strawberry\perl\bin
    PERL5LIB = C:\cpan\build\Getopt-Chain-0.017-0/blib/arch;C:\cpan\build\Getopt-Chain-0.017-0/blib/lib;C:\cpan\build\Hash-Param-0.04-0/blib/arch;C:\cpan\build\Hash-Param-0.04-0/blib/lib;C:\cpan\build\Hash-Slice-0.03-0/blib/arch;C:\cpan\build\Hash-Slice-0.03-0/blib/lib
    PERL5OPT = 
    PERL5_CPANPLUS_IS_RUNNING = 2412
    PERL5_CPAN_IS_RUNNING = 2412
    PERL5_CPAN_IS_RUNNING_IN_RECURSION = 5244,2412
    PERL_CR_SMOKER_CURRENT = Doc-Simply-0.03
    PERL_EXTUTILS_AUTOINSTALL = --defaultdeps
    PERL_MM_USE_DEFAULT = 1
    PERL_USE_UNSAFE_INC = 1
    PROCESSOR_IDENTIFIER = x86 Family 6 Model 15 Stepping 11, GenuineIntel
    TEMP = C:\Users\smoker\AppData\Local\Temp

Perl special variables (and OS-specific diagnostics, for MSWin32):

    $^X = C:\Strawberry\perl\bin\perl.exe
    $UID/$EUID = 0 / 0
    $GID = 0
    $EGID = 0
    Win32::GetOSName = Win10
    Win32::GetOSVersion = , 10, 0, 19045, 2, 0, 0, 256, 1
    Win32::FsType = NTFS
    Win32::IsAdminUser = 0

Perl module toolchain versions installed:

    Module              Have    
    ------------------- --------
    CPAN                2.36    
    CPAN::Meta          2.150010
    Cwd                 3.78    
    ExtUtils::CBuilder  0.280236
    ExtUtils::Command   7.70    
    ExtUtils::Install   2.20    
    ExtUtils::MakeMaker 7.70    
    ExtUtils::Manifest  1.75    
    ExtUtils::ParseXS   3.40    
    File::Spec          3.78    
    JSON                4.10    
    JSON::PP            4.16    
    Module::Build       0.42_35 
    Module::Signature   0.88    
    Parse::CPAN::Meta   2.150010
    Test2               1.302195
    Test::Harness       3.45_02 
    Test::More          1.302195
    YAML                1.30    
    YAML::Syck          1.34    
    version             0.9928  


--

Summary of my perl5 (revision 5 version 32 subversion 1) configuration:
   
  Platform:
    osname=MSWin32
    osvers=10.0.19042.746
    archname=MSWin32-x86-multi-thread-64int
    uname='Win32 strawberry-perl 5.32.1.1 #1 Sun Jan 24 12:17:47 2021 i386'
    config_args='undef'
    hint=recommended
    useposix=true
    d_sigaction=undef
    useithreads=define
    usemultiplicity=define
    use64bitint=define
    use64bitall=undef
    uselongdouble=undef
    usemymalloc=n
    default_inc_excludes_dot=define
    bincompat5005=undef
  Compiler:
    cc='gcc'
    ccflags =' -DWIN32 -D__USE_MINGW_ANSI_STDIO -DPERL_TEXTMODE_SCRIPTS -DPERL_IMPLICIT_CONTEXT -DPERL_IMPLICIT_SYS -DUSE_PERLIO -fwrapv -fno-strict-aliasing -mms-bitfields'
    optimize='-s -O2'
    cppflags='-DWIN32'
    ccversion=''
    gccversion='8.3.0'
    gccosandvers=''
    intsize=4
    longsize=4
    ptrsize=4
    doublesize=8
    byteorder=12345678
    doublekind=3
    d_longlong=define
    longlongsize=8
    d_longdbl=define
    longdblsize=12
    longdblkind=3
    ivtype='long long'
    ivsize=8
    nvtype='double'
    nvsize=8
    Off_t='long long'
    lseeksize=8
    alignbytes=8
    prototype=define
  Linker and Libraries:
    ld='g++'
    ldflags ='-s -L"C:\STRAWB~1\perl\lib\CORE" -L"C:\STRAWB~1\c\lib"'
    libpth=C:\STRAWB~1\c\lib C:\STRAWB~1\c\i686-w64-mingw32\lib C:\STRAWB~1\c\lib\gcc\i686-w64-mingw32\8.3.0
    libs= -lmoldname -lkernel32 -luser32 -lgdi32 -lwinspool -lcomdlg32 -ladvapi32 -lshell32 -lole32 -loleaut32 -lnetapi32 -luuid -lws2_32 -lmpr -lwinmm -lversion -lodbc32 -lodbccp32 -lcomctl32
    perllibs= -lmoldname -lkernel32 -luser32 -lgdi32 -lwinspool -lcomdlg32 -ladvapi32 -lshell32 -lole32 -loleaut32 -lnetapi32 -luuid -lws2_32 -lmpr -lwinmm -lversion -lodbc32 -lodbccp32 -lcomctl32
    libc=
    so=dll
    useshrplib=true
    libperl=libperl532.a
    gnulibc_version=''
  Dynamic Linking:
    dlsrc=dl_win32.xs
    dlext=xs.dll
    d_dlsymun=undef
    ccdlflags=' '
    cccdlflags=' '
    lddlflags='-mdll -s -L"C:\STRAWB~1\perl\lib\CORE" -L"C:\STRAWB~1\c\lib"'


Characteristics of this binary (from libperl): 
  Compile-time options:
    HAS_TIMES
    HAVE_INTERP_INTERN
    MULTIPLICITY
    PERLIO_LAYERS
    PERL_COPY_ON_WRITE
    PERL_DONT_CREATE_GVSV
    PERL_IMPLICIT_CONTEXT
    PERL_IMPLICIT_SYS
    PERL_MALLOC_WRAP
    PERL_OP_PARENT
    PERL_PRESERVE_IVUV
    USE_64_BIT_INT
    USE_ITHREADS
    USE_LARGE_FILES
    USE_LOCALE
    USE_LOCALE_COLLATE
    USE_LOCALE_CTYPE
    USE_LOCALE_NUMERIC
    USE_LOCALE_TIME
    USE_PERLIO
    USE_PERL_ATOF
  Built under MSWin32
  Compiled at Jan 24 2021 12:22:49
  %ENV:
    PERL5LIB="C:\cpan\build\Getopt-Chain-0.017-0/blib/arch;C:\cpan\build\Getopt-Chain-0.017-0/blib/lib;C:\cpan\build\Hash-Param-0.04-0/blib/arch;C:\cpan\build\Hash-Param-0.04-0/blib/lib;C:\cpan\build\Hash-Slice-0.03-0/blib/arch;C:\cpan\build\Hash-Slice-0.03-0/blib/lib"
    PERL5_CPANPLUS_IS_RUNNING="2412"
    PERL5_CPAN_IS_RUNNING="2412"
    PERL5_CPAN_IS_RUNNING_IN_RECURSION="5244,2412"
    PERL_CR_SMOKER_CURRENT="Doc-Simply-0.03"
    PERL_EXTUTILS_AUTOINSTALL="--defaultdeps"
    PERL_MM_USE_DEFAULT="1"
    PERL_USE_UNSAFE_INC="1"
  @INC:
    C:\cpan\build\Getopt-Chain-0.017-0/blib/arch
    C:\cpan\build\Getopt-Chain-0.017-0/blib/lib
    C:\cpan\build\Hash-Param-0.04-0/blib/arch
    C:\cpan\build\Hash-Param-0.04-0/blib/lib
    C:\cpan\build\Hash-Slice-0.03-0/blib/arch
    C:\cpan\build\Hash-Slice-0.03-0/blib/lib
    C:/Strawberry/perl/site/lib/MSWin32-x86-multi-thread-64int
    C:/Strawberry/perl/site/lib
    C:/Strawberry/perl/vendor/lib
    C:/Strawberry/perl/lib
    .