TestML v0.54_03 Perl 5 v5.8.9 amd64-freebsd

Status
Fail
From
Chris Williams (BINGOS)
Dist
TestML v0.54_03
Platform
Perl 5 v5.8.9 amd64-freebsd
Date
2018-07-15 07:13:39
ID
995b6f08-87fe-11e8-919d-ffef68b7f98c
This distribution has been tested as part of the CPAN Testers
project, supporting the Perl programming language.  See
http://wiki.cpantesters.org/ for more information or email
questions to cpan-testers-discuss@perl.org


--

Dear INGY,

This is a computer-generated error report created automatically by
CPANPLUS, version 0.9176. Testers personal comments may appear
at the end of this report.


Thank you for uploading your work to CPAN.  However, it appears that
there were some problems testing your distribution.

TEST RESULTS:

Below is the error stack from stage 'make test':

PERL_DL_NONLAZY=1 "/usr/home/cpan/pit/bare/perl-5.8.9/bin/perl" "-MExtUtils::Command::MM" "-MTest::Harness" "-e" "undef *Test::Harness::Switches; test_harness(0, 'blib/lib', 'blib/arch')" t/*.t
Possible unintended interpolation of @args in string at inc/lib/TestML/Run.pm line 133.
Possible unintended interpolation of @return in string at inc/lib/TestML/Run.pm line 133.
Possible unintended interpolation of @args in string at inc/lib/TestML/Run.pm line 133.
Possible unintended interpolation of @return in string at inc/lib/TestML/Run.pm line 133.
Possible unintended interpolation of @args in string at inc/lib/TestML/Run.pm line 133.
Possible unintended interpolation of @args in string at inc/lib/TestML/Run.pm line 133.
Possible unintended interpolation of @args in string at inc/lib/TestML/Run.pm line 133.
Possible unintended interpolation of @return in string at inc/lib/TestML/Run.pm line 133.
Possible unintended interpolation of @return in string at inc/lib/TestML/Run.pm line 133.
Global symbol "@args" requires explicit package name at inc/lib/TestML/Run.pm line 133.
Global symbol "@return" requires explicit package name at inc/lib/TestML/Run.pm line 133.
Global symbol "$name" requires explicit package name at inc/lib/TestML/Run.pm line 133.
Global symbol "@args" requires explicit package name at inc/lib/TestML/Run.pm line 133.
Global symbol "$opcode" requires explicit package name at inc/lib/TestML/Run.pm line 133.
Global symbol "$name" requires explicit package name at inc/lib/TestML/Run.pm line 133.
Global symbol "$call" requires explicit package name at inc/lib/TestML/Run.pm line 133.
Global symbol "$opcode" requires explicit package name at inc/lib/TestML/Run.pm line 133.
Global symbol "$call" requires explicit package name at inc/lib/TestML/Run.pm line 133.
Global symbol "$call" requires explicit package name at inc/lib/TestML/Run.pm line 133.
Global symbol "$call" requires explicit package name at inc/lib/TestML/Run.pm line 133.
Global symbol "@return" requires explicit package name at inc/lib/TestML/Run.pm line 133.
Global symbol "$call" requires explicit package name at inc/lib/TestML/Run.pm line 133.
Global symbol "@args" requires explicit package name at inc/lib/TestML/Run.pm line 133.
Global symbol "@args" requires explicit package name at inc/lib/TestML/Run.pm line 133.
Global symbol "$value" requires explicit package name at inc/lib/TestML/Run.pm line 133.
Global symbol "$name" requires explicit package name at inc/lib/TestML/Run.pm line 133.
Global symbol "@args" requires explicit package name at inc/lib/TestML/Run.pm line 133.
Global symbol "$name" requires explicit package name at inc/lib/TestML/Run.pm line 133.
Global symbol "$value" requires explicit package name at inc/lib/TestML/Run.pm line 133.
Global symbol "@return" requires explicit package name at inc/lib/TestML/Run.pm line 133.
Global symbol "$value" requires explicit package name at inc/lib/TestML/Run.pm line 133.
Global symbol "@return" requires explicit package name at inc/lib/TestML/Run.pm line 133.
Global symbol "$value" requires explicit package name at inc/lib/TestML/Run.pm line 133.
Global symbol "$name" requires explicit package name at inc/lib/TestML/Run.pm line 133.
syntax error at inc/lib/TestML/Run.pm line 158, near "a-z"
  (Might be a runaway multi-line // string starting on line 133)
inc/lib/TestML/Run.pm has too many errors.
Compilation failed in require at (eval 1) line 3.
	...propagated at /usr/home/cpan/pit/bare/perl-5.8.9/lib/5.8.9/base.pm line 93.
BEGIN failed--compilation aborted at inc/lib/TestML/Run/TAP.pm line 4.
Compilation failed in require at inc/bin/testml-cpan line 5.
BEGIN failed--compilation aborted at inc/bin/testml-cpan line 5.
t/010-math.t .................... 
Dubious, test returned 255 (wstat 65280, 0xff00)
No subtests run 
Possible unintended interpolation of @args in string at inc/lib/TestML/Run.pm line 133.
Possible unintended interpolation of @return in string at inc/lib/TestML/Run.pm line 133.
Possible unintended interpolation of @args in string at inc/lib/TestML/Run.pm line 133.
Possible unintended interpolation of @return in string at inc/lib/TestML/Run.pm line 133.
Possible unintended interpolation of @args in string at inc/lib/TestML/Run.pm line 133.
Possible unintended interpolation of @args in string at inc/lib/TestML/Run.pm line 133.
Possible unintended interpolation of @args in string at inc/lib/TestML/Run.pm line 133.
Possible unintended interpolation of @return in string at inc/lib/TestML/Run.pm line 133.
Possible unintended interpolation of @return in string at inc/lib/TestML/Run.pm line 133.
Global symbol "@args" requires explicit package name at inc/lib/TestML/Run.pm line 133.
Global symbol "@return" requires explicit package name at inc/lib/TestML/Run.pm line 133.
Global symbol "$name" requires explicit package name at inc/lib/TestML/Run.pm line 133.
Global symbol "@args" requires explicit package name at inc/lib/TestML/Run.pm line 133.
Global symbol "$opcode" requires explicit package name at inc/lib/TestML/Run.pm line 133.
Global symbol "$name" requires explicit package name at inc/lib/TestML/Run.pm line 133.
Global symbol "$call" requires explicit package name at inc/lib/TestML/Run.pm line 133.
Global symbol "$opcode" requires explicit package name at inc/lib/TestML/Run.pm line 133.
Global symbol "$call" requires explicit package name at inc/lib/TestML/Run.pm line 133.
Global symbol "$call" requires explicit package name at inc/lib/TestML/Run.pm line 133.
Global symbol "$call" requires explicit package name at inc/lib/TestML/Run.pm line 133.
Global symbol "@return" requires explicit package name at inc/lib/TestML/Run.pm line 133.
Global symbol "$call" requires explicit package name at inc/lib/TestML/Run.pm line 133.
Global symbol "@args" requires explicit package name at inc/lib/TestML/Run.pm line 133.
Global symbol "@args" requires explicit package name at inc/lib/TestML/Run.pm line 133.
Global symbol "$value" requires explicit package name at inc/lib/TestML/Run.pm line 133.
Global symbol "$name" requires explicit package name at inc/lib/TestML/Run.pm line 133.
Global symbol "@args" requires explicit package name at inc/lib/TestML/Run.pm line 133.
Global symbol "$name" requires explicit package name at inc/lib/TestML/Run.pm line 133.
Global symbol "$value" requires explicit package name at inc/lib/TestML/Run.pm line 133.
Global symbol "@return" requires explicit package name at inc/lib/TestML/Run.pm line 133.
Global symbol "$value" requires explicit package name at inc/lib/TestML/Run.pm line 133.
Global symbol "@return" requires explicit package name at inc/lib/TestML/Run.pm line 133.
Global symbol "$value" requires explicit package name at inc/lib/TestML/Run.pm line 133.
Global symbol "$name" requires explicit package name at inc/lib/TestML/Run.pm line 133.
syntax error at inc/lib/TestML/Run.pm line 158, near "a-z"
  (Might be a runaway multi-line // string starting on line 133)
inc/lib/TestML/Run.pm has too many errors.
Compilation failed in require at (eval 1) line 3.
	...propagated at /usr/home/cpan/pit/bare/perl-5.8.9/lib/5.8.9/base.pm line 93.
BEGIN failed--compilation aborted at inc/lib/TestML/Run/TAP.pm line 4.
Compilation failed in require at inc/bin/testml-cpan line 5.
BEGIN failed--compilation aborted at inc/bin/testml-cpan line 5.
t/020-pick-exclude.t ............ 
Dubious, test returned 255 (wstat 65280, 0xff00)
No subtests run 
Possible unintended interpolation of @args in string at inc/lib/TestML/Run.pm line 133.
Possible unintended interpolation of @return in string at inc/lib/TestML/Run.pm line 133.
Possible unintended interpolation of @args in string at inc/lib/TestML/Run.pm line 133.
Possible unintended interpolation of @return in string at inc/lib/TestML/Run.pm line 133.
Possible unintended interpolation of @args in string at inc/lib/TestML/Run.pm line 133.
Possible unintended interpolation of @args in string at inc/lib/TestML/Run.pm line 133.
Possible unintended interpolation of @args in string at inc/lib/TestML/Run.pm line 133.
Possible unintended interpolation of @return in string at inc/lib/TestML/Run.pm line 133.
Possible unintended interpolation of @return in string at inc/lib/TestML/Run.pm line 133.
Global symbol "@args" requires explicit package name at inc/lib/TestML/Run.pm line 133.
Global symbol "@return" requires explicit package name at inc/lib/TestML/Run.pm line 133.
Global symbol "$name" requires explicit package name at inc/lib/TestML/Run.pm line 133.
Global symbol "@args" requires explicit package name at inc/lib/TestML/Run.pm line 133.
Global symbol "$opcode" requires explicit package name at inc/lib/TestML/Run.pm line 133.
Global symbol "$name" requires explicit package name at inc/lib/TestML/Run.pm line 133.
Global symbol "$call" requires explicit package name at inc/lib/TestML/Run.pm line 133.
Global symbol "$opcode" requires explicit package name at inc/lib/TestML/Run.pm line 133.
Global symbol "$call" requires explicit package name at inc/lib/TestML/Run.pm line 133.
Global symbol "$call" requires explicit package name at inc/lib/TestML/Run.pm line 133.
Global symbol "$call" requires explicit package name at inc/lib/TestML/Run.pm line 133.
Global symbol "@return" requires explicit package name at inc/lib/TestML/Run.pm line 133.
Global symbol "$call" requires explicit package name at inc/lib/TestML/Run.pm line 133.
Global symbol "@args" requires explicit package name at inc/lib/TestML/Run.pm line 133.
Global symbol "@args" requires explicit package name at inc/lib/TestML/Run.pm line 133.
Global symbol "$value" requires explicit package name at inc/lib/TestML/Run.pm line 133.
Global symbol "$name" requires explicit package name at inc/lib/TestML/Run.pm line 133.
Global symbol "@args" requires explicit package name at inc/lib/TestML/Run.pm line 133.
Global symbol "$name" requires explicit package name at inc/lib/TestML/Run.pm line 133.
Global symbol "$value" requires explicit package name at inc/lib/TestML/Run.pm line 133.
Global symbol "@return" requires explicit package name at inc/lib/TestML/Run.pm line 133.
Global symbol "$value" requires explicit package name at inc/lib/TestML/Run.pm line 133.
Global symbol "@return" requires explicit package name at inc/lib/TestML/Run.pm line 133.
Global symbol "$value" requires explicit package name at inc/lib/TestML/Run.pm line 133.
Global symbol "$name" requires explicit package name at inc/lib/TestML/Run.pm line 133.
syntax error at inc/lib/TestML/Run.pm line 158, near "a-z"
  (Might be a runaway multi-line // string starting on line 133)
inc/lib/TestML/Run.pm has too many errors.
Compilation failed in require at (eval 1) line 3.
	...propagated at /usr/home/cpan/pit/bare/perl-5.8.9/lib/5.8.9/base.pm line 93.
BEGIN failed--compilation aborted at inc/lib/TestML/Run/TAP.pm line 4.
Compilation failed in require at inc/bin/testml-cpan line 5.
BEGIN failed--compilation aborted at inc/bin/testml-cpan line 5.
t/030-assertion-label.t ......... 
Dubious, test returned 255 (wstat 65280, 0xff00)
No subtests run 
Possible unintended interpolation of @args in string at inc/lib/TestML/Run.pm line 133.
Possible unintended interpolation of @return in string at inc/lib/TestML/Run.pm line 133.
Possible unintended interpolation of @args in string at inc/lib/TestML/Run.pm line 133.
Possible unintended interpolation of @return in string at inc/lib/TestML/Run.pm line 133.
Possible unintended interpolation of @args in string at inc/lib/TestML/Run.pm line 133.
Possible unintended interpolation of @args in string at inc/lib/TestML/Run.pm line 133.
Possible unintended interpolation of @args in string at inc/lib/TestML/Run.pm line 133.
Possible unintended interpolation of @return in string at inc/lib/TestML/Run.pm line 133.
Possible unintended interpolation of @return in string at inc/lib/TestML/Run.pm line 133.
Global symbol "@args" requires explicit package name at inc/lib/TestML/Run.pm line 133.
Global symbol "@return" requires explicit package name at inc/lib/TestML/Run.pm line 133.
Global symbol "$name" requires explicit package name at inc/lib/TestML/Run.pm line 133.
Global symbol "@args" requires explicit package name at inc/lib/TestML/Run.pm line 133.
Global symbol "$opcode" requires explicit package name at inc/lib/TestML/Run.pm line 133.
Global symbol "$name" requires explicit package name at inc/lib/TestML/Run.pm line 133.
Global symbol "$call" requires explicit package name at inc/lib/TestML/Run.pm line 133.
Global symbol "$opcode" requires explicit package name at inc/lib/TestML/Run.pm line 133.
Global symbol "$call" requires explicit package name at inc/lib/TestML/Run.pm line 133.
Global symbol "$call" requires explicit package name at inc/lib/TestML/Run.pm line 133.
Global symbol "$call" requires explicit package name at inc/lib/TestML/Run.pm line 133.
Global symbol "@return" requires explicit package name at inc/lib/TestML/Run.pm line 133.
Global symbol "$call" requires explicit package name at inc/lib/TestML/Run.pm line 133.
Global symbol "@args" requires explicit package name at inc/lib/TestML/Run.pm line 133.
Global symbol "@args" requires explicit package name at inc/lib/TestML/Run.pm line 133.
Global symbol "$value" requires explicit package name at inc/lib/TestML/Run.pm line 133.
Global symbol "$name" requires explicit package name at inc/lib/TestML/Run.pm line 133.
Global symbol "@args" requires explicit package name at inc/lib/TestML/Run.pm line 133.
Global symbol "$name" requires explicit package name at inc/lib/TestML/Run.pm line 133.
Global symbol "$value" requires explicit package name at inc/lib/TestML/Run.pm line 133.
Global symbol "@return" requires explicit package name at inc/lib/TestML/Run.pm line 133.
Global symbol "$value" requires explicit package name at inc/lib/TestML/Run.pm line 133.
Global symbol "@return" requires explicit package name at inc/lib/TestML/Run.pm line 133.
Global symbol "$value" requires explicit package name at inc/lib/TestML/Run.pm line 133.
Global symbol "$name" requires explicit package name at inc/lib/TestML/Run.pm line 133.
syntax error at inc/lib/TestML/Run.pm line 158, near "a-z"
  (Might be a runaway multi-line // string starting on line 133)
inc/lib/TestML/Run.pm has too many errors.
Compilation failed in require at (eval 1) line 3.
	...propagated at /usr/home/cpan/pit/bare/perl-5.8.9/lib/5.8.9/base.pm line 93.
BEGIN failed--compilation aborted at inc/lib/TestML/Run/TAP.pm line 4.
Compilation failed in require at inc/bin/testml-cpan line 5.
BEGIN failed--compilation aborted at inc/bin/testml-cpan line 5.
t/040-multiline-point.t ......... 
Dubious, test returned 255 (wstat 65280, 0xff00)
No subtests run 
Possible unintended interpolation of @args in string at inc/lib/TestML/Run.pm line 133.
Possible unintended interpolation of @return in string at inc/lib/TestML/Run.pm line 133.
Possible unintended interpolation of @args in string at inc/lib/TestML/Run.pm line 133.
Possible unintended interpolation of @return in string at inc/lib/TestML/Run.pm line 133.
Possible unintended interpolation of @args in string at inc/lib/TestML/Run.pm line 133.
Possible unintended interpolation of @args in string at inc/lib/TestML/Run.pm line 133.
Possible unintended interpolation of @args in string at inc/lib/TestML/Run.pm line 133.
Possible unintended interpolation of @return in string at inc/lib/TestML/Run.pm line 133.
Possible unintended interpolation of @return in string at inc/lib/TestML/Run.pm line 133.
Global symbol "@args" requires explicit package name at inc/lib/TestML/Run.pm line 133.
Global symbol "@return" requires explicit package name at inc/lib/TestML/Run.pm line 133.
Global symbol "$name" requires explicit package name at inc/lib/TestML/Run.pm line 133.
Global symbol "@args" requires explicit package name at inc/lib/TestML/Run.pm line 133.
Global symbol "$opcode" requires explicit package name at inc/lib/TestML/Run.pm line 133.
Global symbol "$name" requires explicit package name at inc/lib/TestML/Run.pm line 133.
Global symbol "$call" requires explicit package name at inc/lib/TestML/Run.pm line 133.
Global symbol "$opcode" requires explicit package name at inc/lib/TestML/Run.pm line 133.
Global symbol "$call" requires explicit package name at inc/lib/TestML/Run.pm line 133.
Global symbol "$call" requires explicit package name at inc/lib/TestML/Run.pm line 133.
Global symbol "$call" requires explicit package name at inc/lib/TestML/Run.pm line 133.
Global symbol "@return" requires explicit package name at inc/lib/TestML/Run.pm line 133.
Global symbol "$call" requires explicit package name at inc/lib/TestML/Run.pm line 133.
Global symbol "@args" requires explicit package name at inc/lib/TestML/Run.pm line 133.
Global symbol "@args" requires explicit package name at inc/lib/TestML/Run.pm line 133.
Global symbol "$value" requires explicit package name at inc/lib/TestML/Run.pm line 133.
Global symbol "$name" requires explicit package name at inc/lib/TestML/Run.pm line 133.
Global symbol "@args" requires explicit package name at inc/lib/TestML/Run.pm line 133.
Global symbol "$name" requires explicit package name at inc/lib/TestML/Run.pm line 133.
Global symbol "$value" requires explicit package name at inc/lib/TestML/Run.pm line 133.
Global symbol "@return" requires explicit package name at inc/lib/TestML/Run.pm line 133.
Global symbol "$value" requires explicit package name at inc/lib/TestML/Run.pm line 133.
Global symbol "@return" requires explicit package name at inc/lib/TestML/Run.pm line 133.
Global symbol "$value" requires explicit package name at inc/lib/TestML/Run.pm line 133.
Global symbol "$name" requires explicit package name at inc/lib/TestML/Run.pm line 133.
syntax error at inc/lib/TestML/Run.pm line 158, near "a-z"
  (Might be a runaway multi-line // string starting on line 133)
inc/lib/TestML/Run.pm has too many errors.
Compilation failed in require at (eval 1) line 3.
	...propagated at /usr/home/cpan/pit/bare/perl-5.8.9/lib/5.8.9/base.pm line 93.
BEGIN failed--compilation aborted at inc/lib/TestML/Run/TAP.pm line 4.
Compilation failed in require at inc/bin/testml-cpan line 5.
BEGIN failed--compilation aborted at inc/bin/testml-cpan line 5.
t/050-object-type.t ............. 
Dubious, test returned 255 (wstat 65280, 0xff00)
No subtests run 
Possible unintended interpolation of @args in string at inc/lib/TestML/Run.pm line 133.
Possible unintended interpolation of @return in string at inc/lib/TestML/Run.pm line 133.
Possible unintended interpolation of @args in string at inc/lib/TestML/Run.pm line 133.
Possible unintended interpolation of @return in string at inc/lib/TestML/Run.pm line 133.
Possible unintended interpolation of @args in string at inc/lib/TestML/Run.pm line 133.
Possible unintended interpolation of @args in string at inc/lib/TestML/Run.pm line 133.
Possible unintended interpolation of @args in string at inc/lib/TestML/Run.pm line 133.
Possible unintended interpolation of @return in string at inc/lib/TestML/Run.pm line 133.
Possible unintended interpolation of @return in string at inc/lib/TestML/Run.pm line 133.
Global symbol "@args" requires explicit package name at inc/lib/TestML/Run.pm line 133.
Global symbol "@return" requires explicit package name at inc/lib/TestML/Run.pm line 133.
Global symbol "$name" requires explicit package name at inc/lib/TestML/Run.pm line 133.
Global symbol "@args" requires explicit package name at inc/lib/TestML/Run.pm line 133.
Global symbol "$opcode" requires explicit package name at inc/lib/TestML/Run.pm line 133.
Global symbol "$name" requires explicit package name at inc/lib/TestML/Run.pm line 133.
Global symbol "$call" requires explicit package name at inc/lib/TestML/Run.pm line 133.
Global symbol "$opcode" requires explicit package name at inc/lib/TestML/Run.pm line 133.
Global symbol "$call" requires explicit package name at inc/lib/TestML/Run.pm line 133.
Global symbol "$call" requires explicit package name at inc/lib/TestML/Run.pm line 133.
Global symbol "$call" requires explicit package name at inc/lib/TestML/Run.pm line 133.
Global symbol "@return" requires explicit package name at inc/lib/TestML/Run.pm line 133.
Global symbol "$call" requires explicit package name at inc/lib/TestML/Run.pm line 133.
Global symbol "@args" requires explicit package name at inc/lib/TestML/Run.pm line 133.
Global symbol "@args" requires explicit package name at inc/lib/TestML/Run.pm line 133.
Global symbol "$value" requires explicit package name at inc/lib/TestML/Run.pm line 133.
Global symbol "$name" requires explicit package name at inc/lib/TestML/Run.pm line 133.
Global symbol "@args" requires explicit package name at inc/lib/TestML/Run.pm line 133.
Global symbol "$name" requires explicit package name at inc/lib/TestML/Run.pm line 133.
Global symbol "$value" requires explicit package name at inc/lib/TestML/Run.pm line 133.
Global symbol "@return" requires explicit package name at inc/lib/TestML/Run.pm line 133.
Global symbol "$value" requires explicit package name at inc/lib/TestML/Run.pm line 133.
Global symbol "@return" requires explicit package name at inc/lib/TestML/Run.pm line 133.
Global symbol "$value" requires explicit package name at inc/lib/TestML/Run.pm line 133.
Global symbol "$name" requires explicit package name at inc/lib/TestML/Run.pm line 133.
syntax error at inc/lib/TestML/Run.pm line 158, near "a-z"
  (Might be a runaway multi-line // string starting on line 133)
inc/lib/TestML/Run.pm has too many errors.
Compilation failed in require at (eval 1) line 3.
	...propagated at /usr/home/cpan/pit/bare/perl-5.8.9/lib/5.8.9/base.pm line 93.
BEGIN failed--compilation aborted at inc/lib/TestML/Run/TAP.pm line 4.
Compilation failed in require at inc/bin/testml-cpan line 5.
BEGIN failed--compilation aborted at inc/bin/testml-cpan line 5.
t/060-standard-lib.t ............ 
Dubious, test returned 255 (wstat 65280, 0xff00)
No subtests run 
Possible unintended interpolation of @args in string at inc/lib/TestML/Run.pm line 133.
Possible unintended interpolation of @return in string at inc/lib/TestML/Run.pm line 133.
Possible unintended interpolation of @args in string at inc/lib/TestML/Run.pm line 133.
Possible unintended interpolation of @return in string at inc/lib/TestML/Run.pm line 133.
Possible unintended interpolation of @args in string at inc/lib/TestML/Run.pm line 133.
Possible unintended interpolation of @args in string at inc/lib/TestML/Run.pm line 133.
Possible unintended interpolation of @args in string at inc/lib/TestML/Run.pm line 133.
Possible unintended interpolation of @return in string at inc/lib/TestML/Run.pm line 133.
Possible unintended interpolation of @return in string at inc/lib/TestML/Run.pm line 133.
Global symbol "@args" requires explicit package name at inc/lib/TestML/Run.pm line 133.
Global symbol "@return" requires explicit package name at inc/lib/TestML/Run.pm line 133.
Global symbol "$name" requires explicit package name at inc/lib/TestML/Run.pm line 133.
Global symbol "@args" requires explicit package name at inc/lib/TestML/Run.pm line 133.
Global symbol "$opcode" requires explicit package name at inc/lib/TestML/Run.pm line 133.
Global symbol "$name" requires explicit package name at inc/lib/TestML/Run.pm line 133.
Global symbol "$call" requires explicit package name at inc/lib/TestML/Run.pm line 133.
Global symbol "$opcode" requires explicit package name at inc/lib/TestML/Run.pm line 133.
Global symbol "$call" requires explicit package name at inc/lib/TestML/Run.pm line 133.
Global symbol "$call" requires explicit package name at inc/lib/TestML/Run.pm line 133.
Global symbol "$call" requires explicit package name at inc/lib/TestML/Run.pm line 133.
Global symbol "@return" requires explicit package name at inc/lib/TestML/Run.pm line 133.
Global symbol "$call" requires explicit package name at inc/lib/TestML/Run.pm line 133.
Global symbol "@args" requires explicit package name at inc/lib/TestML/Run.pm line 133.
Global symbol "@args" requires explicit package name at inc/lib/TestML/Run.pm line 133.
Global symbol "$value" requires explicit package name at inc/lib/TestML/Run.pm line 133.
Global symbol "$name" requires explicit package name at inc/lib/TestML/Run.pm line 133.
Global symbol "@args" requires explicit package name at inc/lib/TestML/Run.pm line 133.
Global symbol "$name" requires explicit package name at inc/lib/TestML/Run.pm line 133.
Global symbol "$value" requires explicit package name at inc/lib/TestML/Run.pm line 133.
Global symbol "@return" requires explicit package name at inc/lib/TestML/Run.pm line 133.
Global symbol "$value" requires explicit package name at inc/lib/TestML/Run.pm line 133.
Global symbol "@return" requires explicit package name at inc/lib/TestML/Run.pm line 133.
Global symbol "$value" requires explicit package name at inc/lib/TestML/Run.pm line 133.
Global symbol "$name" requires explicit package name at inc/lib/TestML/Run.pm line 133.
syntax error at inc/lib/TestML/Run.pm line 158, near "a-z"
  (Might be a runaway multi-line // string starting on line 133)
inc/lib/TestML/Run.pm has too many errors.
Compilation failed in require at (eval 1) line 3.
	...propagated at /usr/home/cpan/pit/bare/perl-5.8.9/lib/5.8.9/base.pm line 93.
BEGIN failed--compilation aborted at inc/lib/TestML/Run/TAP.pm line 4.
Compilation failed in require at inc/bin/testml-cpan line 5.
BEGIN failed--compilation aborted at inc/bin/testml-cpan line 5.
t/070-polymorphic-assertions.t .. 
Dubious, test returned 255 (wstat 65280, 0xff00)
No subtests run 
Possible unintended interpolation of @args in string at inc/lib/TestML/Run.pm line 133.
t/080-hash-lookup.t ............. 
Dubious, test returned 255 (wstat 65280, 0xff00)
No subtests run 
Possible unintended interpolation of @return in string at inc/lib/TestML/Run.pm line 133.
Possible unintended interpolation of @args in string at inc/lib/TestML/Run.pm line 133.
Possible unintended interpolation of @return in string at inc/lib/TestML/Run.pm line 133.
Possible unintended interpolation of @args in string at inc/lib/TestML/Run.pm line 133.
Possible unintended interpolation of @args in string at inc/lib/TestML/Run.pm line 133.
Possible unintended interpolation of @args in string at inc/lib/TestML/Run.pm line 133.
Possible unintended interpolation of @return in string at inc/lib/TestML/Run.pm line 133.
Possible unintended interpolation of @return in string at inc/lib/TestML/Run.pm line 133.
Global symbol "@args" requires explicit package name at inc/lib/TestML/Run.pm line 133.
Global symbol "@return" requires explicit package name at inc/lib/TestML/Run.pm line 133.
Global symbol "$name" requires explicit package name at inc/lib/TestML/Run.pm line 133.
Global symbol "@args" requires explicit package name at inc/lib/TestML/Run.pm line 133.
Global symbol "$opcode" requires explicit package name at inc/lib/TestML/Run.pm line 133.
Global symbol "$name" requires explicit package name at inc/lib/TestML/Run.pm line 133.
Global symbol "$call" requires explicit package name at inc/lib/TestML/Run.pm line 133.
Global symbol "$opcode" requires explicit package name at inc/lib/TestML/Run.pm line 133.
Global symbol "$call" requires explicit package name at inc/lib/TestML/Run.pm line 133.
Global symbol "$call" requires explicit package name at inc/lib/TestML/Run.pm line 133.
Global symbol "$call" requires explicit package name at inc/lib/TestML/Run.pm line 133.
Global symbol "@return" requires explicit package name at inc/lib/TestML/Run.pm line 133.
Global symbol "$call" requires explicit package name at inc/lib/TestML/Run.pm line 133.
Global symbol "@args" requires explicit package name at inc/lib/TestML/Run.pm line 133.
Global symbol "@args" requires explicit package name at inc/lib/TestML/Run.pm line 133.
Global symbol "$value" requires explicit package name at inc/lib/TestML/Run.pm line 133.
Global symbol "$name" requires explicit package name at inc/lib/TestML/Run.pm line 133.
Global symbol "@args" requires explicit package name at inc/lib/TestML/Run.pm line 133.
Global symbol "$name" requires explicit package name at inc/lib/TestML/Run.pm line 133.
Global symbol "$value" requires explicit package name at inc/lib/TestML/Run.pm line 133.
Global symbol "@return" requires explicit package name at inc/lib/TestML/Run.pm line 133.
Global symbol "$value" requires explicit package name at inc/lib/TestML/Run.pm line 133.
Global symbol "@return" requires explicit package name at inc/lib/TestML/Run.pm line 133.
Global symbol "$value" requires explicit package name at inc/lib/TestML/Run.pm line 133.
Global symbol "$name" requires explicit package name at inc/lib/TestML/Run.pm line 133.
syntax error at inc/lib/TestML/Run.pm line 158, near "a-z"
  (Might be a runaway multi-line // string starting on line 133)
inc/lib/TestML/Run.pm has too many errors.
Compilation failed in require at (eval 1) line 3.
	...propagated at /usr/home/cpan/pit/bare/perl-5.8.9/lib/5.8.9/base.pm line 93.
BEGIN failed--compilation aborted at inc/lib/TestML/Run/TAP.pm line 4.
Compilation failed in require at inc/bin/testml-cpan line 5.
BEGIN failed--compilation aborted at inc/bin/testml-cpan line 5.
Possible unintended interpolation of @args in string at inc/lib/TestML/Run.pm line 133.
Possible unintended interpolation of @return in string at inc/lib/TestML/Run.pm line 133.
Possible unintended interpolation of @args in string at inc/lib/TestML/Run.pm line 133.
Possible unintended interpolation of @return in string at inc/lib/TestML/Run.pm line 133.
Possible unintended interpolation of @args in string at inc/lib/TestML/Run.pm line 133.
Possible unintended interpolation of @args in string at inc/lib/TestML/Run.pm line 133.
Possible unintended interpolation of @args in string at inc/lib/TestML/Run.pm line 133.
Possible unintended interpolation of @return in string at inc/lib/TestML/Run.pm line 133.
Possible unintended interpolation of @return in string at inc/lib/TestML/Run.pm line 133.
Global symbol "@args" requires explicit package name at inc/lib/TestML/Run.pm line 133.
Global symbol "@return" requires explicit package name at inc/lib/TestML/Run.pm line 133.
Global symbol "$name" requires explicit package name at inc/lib/TestML/Run.pm line 133.
Global symbol "@args" requires explicit package name at inc/lib/TestML/Run.pm line 133.
Global symbol "$opcode" requires explicit package name at inc/lib/TestML/Run.pm line 133.
Global symbol "$name" requires explicit package name at inc/lib/TestML/Run.pm line 133.
Global symbol "$call" requires explicit package name at inc/lib/TestML/Run.pm line 133.
Global symbol "$opcode" requires explicit package name at inc/lib/TestML/Run.pm line 133.
Global symbol "$call" requires explicit package name at inc/lib/TestML/Run.pm line 133.
Global symbol "$call" requires explicit package name at inc/lib/TestML/Run.pm line 133.
Global symbol "$call" requires explicit package name at inc/lib/TestML/Run.pm line 133.
Global symbol "@return" requires explicit package name at inc/lib/TestML/Run.pm line 133.
Global symbol "$call" requires explicit package name at inc/lib/TestML/Run.pm line 133.
Global symbol "@args" requires explicit package name at inc/lib/TestML/Run.pm line 133.
Global symbol "@args" requires explicit package name at inc/lib/TestML/Run.pm line 133.
Global symbol "$value" requires explicit package name at inc/lib/TestML/Run.pm line 133.
Global symbol "$name" requires explicit package name at inc/lib/TestML/Run.pm line 133.
Global symbol "@args" requires explicit package name at inc/lib/TestML/Run.pm line 133.
Global symbol "$name" requires explicit package name at inc/lib/TestML/Run.pm line 133.
Global symbol "$value" requires explicit package name at inc/lib/TestML/Run.pm line 133.
Global symbol "@return" requires explicit package name at inc/lib/TestML/Run.pm line 133.
Global symbol "$value" requires explicit package name at inc/lib/TestML/Run.pm line 133.
Global symbol "@return" requires explicit package name at inc/lib/TestML/Run.pm line 133.
Global symbol "$value" requires explicit package name at inc/lib/TestML/Run.pm line 133.
Global symbol "$name" requires explicit package name at inc/lib/TestML/Run.pm line 133.
syntax error at inc/lib/TestML/Run.pm line 158, near "a-z"
  (Might be a runaway multi-line // string starting on line 133)
inc/lib/TestML/Run.pm has too many errors.
Compilation failed in require at (eval 1) line 3.
	...propagated at /usr/home/cpan/pit/bare/perl-5.8.9/lib/5.8.9/base.pm line 93.
BEGIN failed--compilation aborted at inc/lib/TestML/Run/TAP.pm line 4.
Compilation failed in require at inc/bin/testml-cpan line 5.
BEGIN failed--compilation aborted at inc/bin/testml-cpan line 5.
t/090-catch-error.t ............. 
Dubious, test returned 255 (wstat 65280, 0xff00)
No subtests run 
Possible unintended interpolation of @args in string at inc/lib/TestML/Run.pm line 133.
t/100-operator-tests.t .......... 
Dubious, test returned 255 (wstat 65280, 0xff00)
No subtests run 
Possible unintended interpolation of @return in string at inc/lib/TestML/Run.pm line 133.
Possible unintended interpolation of @args in string at inc/lib/TestML/Run.pm line 133.
Possible unintended interpolation of @return in string at inc/lib/TestML/Run.pm line 133.
Possible unintended interpolation of @args in string at inc/lib/TestML/Run.pm line 133.
Possible unintended interpolation of @args in string at inc/lib/TestML/Run.pm line 133.
Possible unintended interpolation of @args in string at inc/lib/TestML/Run.pm line 133.
Possible unintended interpolation of @return in string at inc/lib/TestML/Run.pm line 133.
Possible unintended interpolation of @return in string at inc/lib/TestML/Run.pm line 133.
Global symbol "@args" requires explicit package name at inc/lib/TestML/Run.pm line 133.
Global symbol "@return" requires explicit package name at inc/lib/TestML/Run.pm line 133.
Global symbol "$name" requires explicit package name at inc/lib/TestML/Run.pm line 133.
Global symbol "@args" requires explicit package name at inc/lib/TestML/Run.pm line 133.
Global symbol "$opcode" requires explicit package name at inc/lib/TestML/Run.pm line 133.
Global symbol "$name" requires explicit package name at inc/lib/TestML/Run.pm line 133.
Global symbol "$call" requires explicit package name at inc/lib/TestML/Run.pm line 133.
Global symbol "$opcode" requires explicit package name at inc/lib/TestML/Run.pm line 133.
Global symbol "$call" requires explicit package name at inc/lib/TestML/Run.pm line 133.
Global symbol "$call" requires explicit package name at inc/lib/TestML/Run.pm line 133.
Global symbol "$call" requires explicit package name at inc/lib/TestML/Run.pm line 133.
Global symbol "@return" requires explicit package name at inc/lib/TestML/Run.pm line 133.
Global symbol "$call" requires explicit package name at inc/lib/TestML/Run.pm line 133.
Global symbol "@args" requires explicit package name at inc/lib/TestML/Run.pm line 133.
Global symbol "@args" requires explicit package name at inc/lib/TestML/Run.pm line 133.
Global symbol "$value" requires explicit package name at inc/lib/TestML/Run.pm line 133.
Global symbol "$name" requires explicit package name at inc/lib/TestML/Run.pm line 133.
Global symbol "@args" requires explicit package name at inc/lib/TestML/Run.pm line 133.
Global symbol "$name" requires explicit package name at inc/lib/TestML/Run.pm line 133.
Global symbol "$value" requires explicit package name at inc/lib/TestML/Run.pm line 133.
Global symbol "@return" requires explicit package name at inc/lib/TestML/Run.pm line 133.
Global symbol "$value" requires explicit package name at inc/lib/TestML/Run.pm line 133.
Global symbol "@return" requires explicit package name at inc/lib/TestML/Run.pm line 133.
Global symbol "$value" requires explicit package name at inc/lib/TestML/Run.pm line 133.
Global symbol "$name" requires explicit package name at inc/lib/TestML/Run.pm line 133.
syntax error at inc/lib/TestML/Run.pm line 158, near "a-z"
  (Might be a runaway multi-line // string starting on line 133)
inc/lib/TestML/Run.pm has too many errors.
Compilation failed in require at (eval 1) line 3.
	...propagated at /usr/home/cpan/pit/bare/perl-5.8.9/lib/5.8.9/base.pm line 93.
BEGIN failed--compilation aborted at inc/lib/TestML/Run/TAP.pm line 4.
Compilation failed in require at inc/bin/testml-cpan line 5.
BEGIN failed--compilation aborted at inc/bin/testml-cpan line 5.
Possible unintended interpolation of @args in string at inc/lib/TestML/Run.pm line 133.
Possible unintended interpolation of @return in string at inc/lib/TestML/Run.pm line 133.
Possible unintended interpolation of @args in string at inc/lib/TestML/Run.pm line 133.
Possible unintended interpolation of @return in string at inc/lib/TestML/Run.pm line 133.
Possible unintended interpolation of @args in string at inc/lib/TestML/Run.pm line 133.
Possible unintended interpolation of @args in string at inc/lib/TestML/Run.pm line 133.
Possible unintended interpolation of @args in string at inc/lib/TestML/Run.pm line 133.
Possible unintended interpolation of @return in string at inc/lib/TestML/Run.pm line 133.
Possible unintended interpolation of @return in string at inc/lib/TestML/Run.pm line 133.
Global symbol "@args" requires explicit package name at inc/lib/TestML/Run.pm line 133.
Global symbol "@return" requires explicit package name at inc/lib/TestML/Run.pm line 133.
Global symbol "$name" requires explicit package name at inc/lib/TestML/Run.pm line 133.
Global symbol "@args" requires explicit package name at inc/lib/TestML/Run.pm line 133.
Global symbol "$opcode" requires explicit package name at inc/lib/TestML/Run.pm line 133.
Global symbol "$name" requires explicit package name at inc/lib/TestML/Run.pm line 133.
Global symbol "$call" requires explicit package name at inc/lib/TestML/Run.pm line 133.
Global symbol "$opcode" requires explicit package name at inc/lib/TestML/Run.pm line 133.
Global symbol "$call" requires explicit package name at inc/lib/TestML/Run.pm line 133.
Global symbol "$call" requires explicit package name at inc/lib/TestML/Run.pm line 133.
Global symbol "$call" requires explicit package name at inc/lib/TestML/Run.pm line 133.
Global symbol "@return" requires explicit package name at inc/lib/TestML/Run.pm line 133.
Global symbol "$call" requires explicit package name at inc/lib/TestML/Run.pm line 133.
Global symbol "@args" requires explicit package name at inc/lib/TestML/Run.pm line 133.
Global symbol "@args" requires explicit package name at inc/lib/TestML/Run.pm line 133.
Global symbol "$value" requires explicit package name at inc/lib/TestML/Run.pm line 133.
Global symbol "$name" requires explicit package name at inc/lib/TestML/Run.pm line 133.
Global symbol "@args" requires explicit package name at inc/lib/TestML/Run.pm line 133.
Global symbol "$name" requires explicit package name at inc/lib/TestML/Run.pm line 133.
Global symbol "$value" requires explicit package name at inc/lib/TestML/Run.pm line 133.
Global symbol "@return" requires explicit package name at inc/lib/TestML/Run.pm line 133.
Global symbol "$value" requires explicit package name at inc/lib/TestML/Run.pm line 133.
Global symbol "@return" requires explicit package name at inc/lib/TestML/Run.pm line 133.
Global symbol "$value" requires explicit package name at inc/lib/TestML/Run.pm line 133.
Global symbol "$name" requires explicit package name at inc/lib/TestML/Run.pm line 133.
syntax error at inc/lib/TestML/Run.pm line 158, near "a-z"
  (Might be a runaway multi-line // string starting on line 133)
inc/lib/TestML/Run.pm has too many errors.
Compilation failed in require at (eval 1) line 3.
	...propagated at /usr/home/cpan/pit/bare/perl-5.8.9/lib/5.8.9/base.pm line 93.
BEGIN failed--compilation aborted at inc/lib/TestML/Run/TAP.pm line 4.
Compilation failed in require at inc/bin/testml-cpan line 5.
BEGIN failed--compilation aborted at inc/bin/testml-cpan line 5.
t/110-stdlib-tests.t ............ 
Dubious, test returned 255 (wstat 65280, 0xff00)
No subtests run 
Possible unintended interpolation of @args in string at inc/lib/TestML/Run.pm line 133.
Possible unintended interpolation of @return in string at inc/lib/TestML/Run.pm line 133.
Possible unintended interpolation of @args in string at inc/lib/TestML/Run.pm line 133.
Possible unintended interpolation of @return in string at inc/lib/TestML/Run.pm line 133.
Possible unintended interpolation of @args in string at inc/lib/TestML/Run.pm line 133.
Possible unintended interpolation of @args in string at inc/lib/TestML/Run.pm line 133.
Possible unintended interpolation of @args in string at inc/lib/TestML/Run.pm line 133.
Possible unintended interpolation of @return in string at inc/lib/TestML/Run.pm line 133.
Possible unintended interpolation of @return in string at inc/lib/TestML/Run.pm line 133.
Global symbol "@args" requires explicit package name at inc/lib/TestML/Run.pm line 133.
Global symbol "@return" requires explicit package name at inc/lib/TestML/Run.pm line 133.
Global symbol "$name" requires explicit package name at inc/lib/TestML/Run.pm line 133.
Global symbol "@args" requires explicit package name at inc/lib/TestML/Run.pm line 133.
Global symbol "$opcode" requires explicit package name at inc/lib/TestML/Run.pm line 133.
Global symbol "$name" requires explicit package name at inc/lib/TestML/Run.pm line 133.
Global symbol "$call" requires explicit package name at inc/lib/TestML/Run.pm line 133.
Global symbol "$opcode" requires explicit package name at inc/lib/TestML/Run.pm line 133.
Global symbol "$call" requires explicit package name at inc/lib/TestML/Run.pm line 133.
Global symbol "$call" requires explicit package name at inc/lib/TestML/Run.pm line 133.
Global symbol "$call" requires explicit package name at inc/lib/TestML/Run.pm line 133.
Global symbol "@return" requires explicit package name at inc/lib/TestML/Run.pm line 133.
Global symbol "$call" requires explicit package name at inc/lib/TestML/Run.pm line 133.
Global symbol "@args" requires explicit package name at inc/lib/TestML/Run.pm line 133.
Global symbol "@args" requires explicit package name at inc/lib/TestML/Run.pm line 133.
Global symbol "$value" requires explicit package name at inc/lib/TestML/Run.pm line 133.
Global symbol "$name" requires explicit package name at inc/lib/TestML/Run.pm line 133.
Global symbol "@args" requires explicit package name at inc/lib/TestML/Run.pm line 133.
Global symbol "$name" requires explicit package name at inc/lib/TestML/Run.pm line 133.
Global symbol "$value" requires explicit package name at inc/lib/TestML/Run.pm line 133.
Global symbol "@return" requires explicit package name at inc/lib/TestML/Run.pm line 133.
Global symbol "$value" requires explicit package name at inc/lib/TestML/Run.pm line 133.
Global symbol "@return" requires explicit package name at inc/lib/TestML/Run.pm line 133.
Global symbol "$value" requires explicit package name at inc/lib/TestML/Run.pm line 133.
Global symbol "$name" requires explicit package name at inc/lib/TestML/Run.pm line 133.
syntax error at inc/lib/TestML/Run.pm line 158, near "a-z"
  (Might be a runaway multi-line // string starting on line 133)
inc/lib/TestML/Run.pm has too many errors.
Compilation failed in require at (eval 1) line 3.
	...propagated at /usr/home/cpan/pit/bare/perl-5.8.9/lib/5.8.9/base.pm line 93.
BEGIN failed--compilation aborted at inc/lib/TestML/Run/TAP.pm line 4.
Compilation failed in require at inc/bin/testml-cpan line 5.
BEGIN failed--compilation aborted at inc/bin/testml-cpan line 5.
t/120-function-loop.t ........... 
Dubious, test returned 255 (wstat 65280, 0xff00)
No subtests run 
Possible unintended interpolation of @args in string at inc/lib/TestML/Run.pm line 133.
Possible unintended interpolation of @return in string at inc/lib/TestML/Run.pm line 133.
Possible unintended interpolation of @args in string at inc/lib/TestML/Run.pm line 133.
Possible unintended interpolation of @return in string at inc/lib/TestML/Run.pm line 133.
Possible unintended interpolation of @args in string at inc/lib/TestML/Run.pm line 133.
Possible unintended interpolation of @args in string at inc/lib/TestML/Run.pm line 133.
Possible unintended interpolation of @args in string at inc/lib/TestML/Run.pm line 133.
Possible unintended interpolation of @return in string at inc/lib/TestML/Run.pm line 133.
Possible unintended interpolation of @return in string at inc/lib/TestML/Run.pm line 133.
Global symbol "@args" requires explicit package name at inc/lib/TestML/Run.pm line 133.
Global symbol "@return" requires explicit package name at inc/lib/TestML/Run.pm line 133.
Global symbol "$name" requires explicit package name at inc/lib/TestML/Run.pm line 133.
Global symbol "@args" requires explicit package name at inc/lib/TestML/Run.pm line 133.
Global symbol "$opcode" requires explicit package name at inc/lib/TestML/Run.pm line 133.
Global symbol "$name" requires explicit package name at inc/lib/TestML/Run.pm line 133.
Global symbol "$call" requires explicit package name at inc/lib/TestML/Run.pm line 133.
Global symbol "$opcode" requires explicit package name at inc/lib/TestML/Run.pm line 133.
Global symbol "$call" requires explicit package name at inc/lib/TestML/Run.pm line 133.
Global symbol "$call" requires explicit package name at inc/lib/TestML/Run.pm line 133.
Global symbol "$call" requires explicit package name at inc/lib/TestML/Run.pm line 133.
Global symbol "@return" requires explicit package name at inc/lib/TestML/Run.pm line 133.
Global symbol "$call" requires explicit package name at inc/lib/TestML/Run.pm line 133.
Global symbol "@args" requires explicit package name at inc/lib/TestML/Run.pm line 133.
Global symbol "@args" requires explicit package name at inc/lib/TestML/Run.pm line 133.
Global symbol "$value" requires explicit package name at inc/lib/TestML/Run.pm line 133.
Global symbol "$name" requires explicit package name at inc/lib/TestML/Run.pm line 133.
Global symbol "@args" requires explicit package name at inc/lib/TestML/Run.pm line 133.
Global symbol "$name" requires explicit package name at inc/lib/TestML/Run.pm line 133.
Global symbol "$value" requires explicit package name at inc/lib/TestML/Run.pm line 133.
Global symbol "@return" requires explicit package name at inc/lib/TestML/Run.pm line 133.
Global symbol "$value" requires explicit package name at inc/lib/TestML/Run.pm line 133.
Global symbol "@return" requires explicit package name at inc/lib/TestML/Run.pm line 133.
Global symbol "$value" requires explicit package name at inc/lib/TestML/Run.pm line 133.
Global symbol "$name" requires explicit package name at inc/lib/TestML/Run.pm line 133.
syntax error at inc/lib/TestML/Run.pm line 158, near "a-z"
  (Might be a runaway multi-line // string starting on line 133)
inc/lib/TestML/Run.pm has too many errors.
Compilation failed in require at (eval 1) line 3.
	...propagated at /usr/home/cpan/pit/bare/perl-5.8.9/lib/5.8.9/base.pm line 93.
BEGIN failed--compilation aborted at inc/lib/TestML/Run/TAP.pm line 4.
Compilation failed in require at inc/bin/testml-cpan line 5.
BEGIN failed--compilation aborted at inc/bin/testml-cpan line 5.
t/130-function-assignment.t ..... 
Dubious, test returned 255 (wstat 65280, 0xff00)
No subtests run 
Possible unintended interpolation of @args in string at inc/lib/TestML/Run.pm line 133.
Possible unintended interpolation of @return in string at inc/lib/TestML/Run.pm line 133.
Possible unintended interpolation of @args in string at inc/lib/TestML/Run.pm line 133.
Possible unintended interpolation of @return in string at inc/lib/TestML/Run.pm line 133.
Possible unintended interpolation of @args in string at inc/lib/TestML/Run.pm line 133.
Possible unintended interpolation of @args in string at inc/lib/TestML/Run.pm line 133.
Possible unintended interpolation of @args in string at inc/lib/TestML/Run.pm line 133.
Possible unintended interpolation of @return in string at inc/lib/TestML/Run.pm line 133.
Possible unintended interpolation of @return in string at inc/lib/TestML/Run.pm line 133.
Global symbol "@args" requires explicit package name at inc/lib/TestML/Run.pm line 133.
Global symbol "@return" requires explicit package name at inc/lib/TestML/Run.pm line 133.
Global symbol "$name" requires explicit package name at inc/lib/TestML/Run.pm line 133.
Global symbol "@args" requires explicit package name at inc/lib/TestML/Run.pm line 133.
Global symbol "$opcode" requires explicit package name at inc/lib/TestML/Run.pm line 133.
Global symbol "$name" requires explicit package name at inc/lib/TestML/Run.pm line 133.
Global symbol "$call" requires explicit package name at inc/lib/TestML/Run.pm line 133.
Global symbol "$opcode" requires explicit package name at inc/lib/TestML/Run.pm line 133.
Global symbol "$call" requires explicit package name at inc/lib/TestML/Run.pm line 133.
Global symbol "$call" requires explicit package name at inc/lib/TestML/Run.pm line 133.
Global symbol "$call" requires explicit package name at inc/lib/TestML/Run.pm line 133.
Global symbol "@return" requires explicit package name at inc/lib/TestML/Run.pm line 133.
Global symbol "$call" requires explicit package name at inc/lib/TestML/Run.pm line 133.
Global symbol "@args" requires explicit package name at inc/lib/TestML/Run.pm line 133.
Global symbol "@args" requires explicit package name at inc/lib/TestML/Run.pm line 133.
Global symbol "$value" requires explicit package name at inc/lib/TestML/Run.pm line 133.
Global symbol "$name" requires explicit package name at inc/lib/TestML/Run.pm line 133.
Global symbol "@args" requires explicit package name at inc/lib/TestML/Run.pm line 133.
Global symbol "$name" requires explicit package name at inc/lib/TestML/Run.pm line 133.
Global symbol "$value" requires explicit package name at inc/lib/TestML/Run.pm line 133.
Global symbol "@return" requires explicit package name at inc/lib/TestML/Run.pm line 133.
Global symbol "$value" requires explicit package name at inc/lib/TestML/Run.pm line 133.
Global symbol "@return" requires explicit package name at inc/lib/TestML/Run.pm line 133.
Global symbol "$value" requires explicit package name at inc/lib/TestML/Run.pm line 133.
Global symbol "$name" requires explicit package name at inc/lib/TestML/Run.pm line 133.
syntax error at inc/lib/TestML/Run.pm line 158, near "a-z"
  (Might be a runaway multi-line // string starting on line 133)
inc/lib/TestML/Run.pm has too many errors.
Compilation failed in require at (eval 1) line 3.
	...propagated at /usr/home/cpan/pit/bare/perl-5.8.9/lib/5.8.9/base.pm line 93.
BEGIN failed--compilation aborted at inc/lib/TestML/Run/TAP.pm line 4.
Compilation failed in require at inc/bin/testml-cpan line 5.
BEGIN failed--compilation aborted at inc/bin/testml-cpan line 5.
t/140-pick-func-call.t .......... 
Dubious, test returned 255 (wstat 65280, 0xff00)
No subtests run 
Possible unintended interpolation of @args in string at inc/lib/TestML/Run.pm line 133.
Possible unintended interpolation of @return in string at inc/lib/TestML/Run.pm line 133.
Possible unintended interpolation of @args in string at inc/lib/TestML/Run.pm line 133.
Possible unintended interpolation of @return in string at inc/lib/TestML/Run.pm line 133.
Possible unintended interpolation of @args in string at inc/lib/TestML/Run.pm line 133.
Possible unintended interpolation of @args in string at inc/lib/TestML/Run.pm line 133.
Possible unintended interpolation of @args in string at inc/lib/TestML/Run.pm line 133.
Possible unintended interpolation of @return in string at inc/lib/TestML/Run.pm line 133.
Possible unintended interpolation of @return in string at inc/lib/TestML/Run.pm line 133.
Global symbol "@args" requires explicit package name at inc/lib/TestML/Run.pm line 133.
Global symbol "@return" requires explicit package name at inc/lib/TestML/Run.pm line 133.
Global symbol "$name" requires explicit package name at inc/lib/TestML/Run.pm line 133.
Global symbol "@args" requires explicit package name at inc/lib/TestML/Run.pm line 133.
Global symbol "$opcode" requires explicit package name at inc/lib/TestML/Run.pm line 133.
Global symbol "$name" requires explicit package name at inc/lib/TestML/Run.pm line 133.
Global symbol "$call" requires explicit package name at inc/lib/TestML/Run.pm line 133.
Global symbol "$opcode" requires explicit package name at inc/lib/TestML/Run.pm line 133.
Global symbol "$call" requires explicit package name at inc/lib/TestML/Run.pm line 133.
Global symbol "$call" requires explicit package name at inc/lib/TestML/Run.pm line 133.
Global symbol "$call" requires explicit package name at inc/lib/TestML/Run.pm line 133.
Global symbol "@return" requires explicit package name at inc/lib/TestML/Run.pm line 133.
Global symbol "$call" requires explicit package name at inc/lib/TestML/Run.pm line 133.
Global symbol "@args" requires explicit package name at inc/lib/TestML/Run.pm line 133.
Global symbol "@args" requires explicit package name at inc/lib/TestML/Run.pm line 133.
Global symbol "$value" requires explicit package name at inc/lib/TestML/Run.pm line 133.
Global symbol "$name" requires explicit package name at inc/lib/TestML/Run.pm line 133.
Global symbol "@args" requires explicit package name at inc/lib/TestML/Run.pm line 133.
Global symbol "$name" requires explicit package name at inc/lib/TestML/Run.pm line 133.
Global symbol "$value" requires explicit package name at inc/lib/TestML/Run.pm line 133.
Global symbol "@return" requires explicit package name at inc/lib/TestML/Run.pm line 133.
Global symbol "$value" requires explicit package name at inc/lib/TestML/Run.pm line 133.
Global symbol "@return" requires explicit package name at inc/lib/TestML/Run.pm line 133.
Global symbol "$value" requires explicit package name at inc/lib/TestML/Run.pm line 133.
Global symbol "$name" requires explicit package name at inc/lib/TestML/Run.pm line 133.
syntax error at inc/lib/TestML/Run.pm line 158, near "a-z"
  (Might be a runaway multi-line // string starting on line 133)
inc/lib/TestML/Run.pm has too many errors.
Compilation failed in require at (eval 1) line 3.
	...propagated at /usr/home/cpan/pit/bare/perl-5.8.9/lib/5.8.9/base.pm line 93.
BEGIN failed--compilation aborted at inc/lib/TestML/Run/TAP.pm line 4.
Compilation failed in require at inc/bin/testml-cpan line 5.
BEGIN failed--compilation aborted at inc/bin/testml-cpan line 5.
t/150-call-func-with-args.t ..... 
Dubious, test returned 255 (wstat 65280, 0xff00)
No subtests run 
Possible unintended interpolation of @args in string at inc/lib/TestML/Run.pm line 133.
Possible unintended interpolation of @return in string at inc/lib/TestML/Run.pm line 133.
Possible unintended interpolation of @args in string at inc/lib/TestML/Run.pm line 133.
Possible unintended interpolation of @return in string at inc/lib/TestML/Run.pm line 133.
Possible unintended interpolation of @args in string at inc/lib/TestML/Run.pm line 133.
Possible unintended interpolation of @args in string at inc/lib/TestML/Run.pm line 133.
Possible unintended interpolation of @args in string at inc/lib/TestML/Run.pm line 133.
Possible unintended interpolation of @return in string at inc/lib/TestML/Run.pm line 133.
Possible unintended interpolation of @return in string at inc/lib/TestML/Run.pm line 133.
Global symbol "@args" requires explicit package name at inc/lib/TestML/Run.pm line 133.
Global symbol "@return" requires explicit package name at inc/lib/TestML/Run.pm line 133.
Global symbol "$name" requires explicit package name at inc/lib/TestML/Run.pm line 133.
Global symbol "@args" requires explicit package name at inc/lib/TestML/Run.pm line 133.
Global symbol "$opcode" requires explicit package name at inc/lib/TestML/Run.pm line 133.
Global symbol "$name" requires explicit package name at inc/lib/TestML/Run.pm line 133.
Global symbol "$call" requires explicit package name at inc/lib/TestML/Run.pm line 133.
Global symbol "$opcode" requires explicit package name at inc/lib/TestML/Run.pm line 133.
Global symbol "$call" requires explicit package name at inc/lib/TestML/Run.pm line 133.
Global symbol "$call" requires explicit package name at inc/lib/TestML/Run.pm line 133.
Global symbol "$call" requires explicit package name at inc/lib/TestML/Run.pm line 133.
Global symbol "@return" requires explicit package name at inc/lib/TestML/Run.pm line 133.
Global symbol "$call" requires explicit package name at inc/lib/TestML/Run.pm line 133.
Global symbol "@args" requires explicit package name at inc/lib/TestML/Run.pm line 133.
Global symbol "@args" requires explicit package name at inc/lib/TestML/Run.pm line 133.
Global symbol "$value" requires explicit package name at inc/lib/TestML/Run.pm line 133.
Global symbol "$name" requires explicit package name at inc/lib/TestML/Run.pm line 133.
Global symbol "@args" requires explicit package name at inc/lib/TestML/Run.pm line 133.
Global symbol "$name" requires explicit package name at inc/lib/TestML/Run.pm line 133.
Global symbol "$value" requires explicit package name at inc/lib/TestML/Run.pm line 133.
Global symbol "@return" requires explicit package name at inc/lib/TestML/Run.pm line 133.
Global symbol "$value" requires explicit package name at inc/lib/TestML/Run.pm line 133.
Global symbol "@return" requires explicit package name at inc/lib/TestML/Run.pm line 133.
Global symbol "$value" requires explicit package name at inc/lib/TestML/Run.pm line 133.
Global symbol "$name" requires explicit package name at inc/lib/TestML/Run.pm line 133.
syntax error at inc/lib/TestML/Run.pm line 158, near "a-z"
  (Might be a runaway multi-line // string starting on line 133)
inc/lib/TestML/Run.pm has too many errors.
Compilation failed in require at (eval 1) line 3.
	...propagated at /usr/home/cpan/pit/bare/perl-5.8.9/lib/5.8.9/base.pm line 93.
BEGIN failed--compilation aborted at inc/lib/TestML/Run/TAP.pm line 4.
Compilation failed in require at inc/bin/testml-cpan line 5.
BEGIN failed--compilation aborted at inc/bin/testml-cpan line 5.
t/160-plan.t .................... 
Dubious, test returned 255 (wstat 65280, 0xff00)
No subtests run 
Possible unintended interpolation of @args in string at inc/lib/TestML/Run.pm line 133.
Possible unintended interpolation of @return in string at inc/lib/TestML/Run.pm line 133.
Possible unintended interpolation of @args in string at inc/lib/TestML/Run.pm line 133.
Possible unintended interpolation of @return in string at inc/lib/TestML/Run.pm line 133.
Possible unintended interpolation of @args in string at inc/lib/TestML/Run.pm line 133.
Possible unintended interpolation of @args in string at inc/lib/TestML/Run.pm line 133.
Possible unintended interpolation of @args in string at inc/lib/TestML/Run.pm line 133.
Possible unintended interpolation of @return in string at inc/lib/TestML/Run.pm line 133.
Possible unintended interpolation of @return in string at inc/lib/TestML/Run.pm line 133.
Global symbol "@args" requires explicit package name at inc/lib/TestML/Run.pm line 133.
Global symbol "@return" requires explicit package name at inc/lib/TestML/Run.pm line 133.
Global symbol "$name" requires explicit package name at inc/lib/TestML/Run.pm line 133.
Global symbol "@args" requires explicit package name at inc/lib/TestML/Run.pm line 133.
Global symbol "$opcode" requires explicit package name at inc/lib/TestML/Run.pm line 133.
Global symbol "$name" requires explicit package name at inc/lib/TestML/Run.pm line 133.
Global symbol "$call" requires explicit package name at inc/lib/TestML/Run.pm line 133.
Global symbol "$opcode" requires explicit package name at inc/lib/TestML/Run.pm line 133.
Global symbol "$call" requires explicit package name at inc/lib/TestML/Run.pm line 133.
Global symbol "$call" requires explicit package name at inc/lib/TestML/Run.pm line 133.
Global symbol "$call" requires explicit package name at inc/lib/TestML/Run.pm line 133.
Global symbol "@return" requires explicit package name at inc/lib/TestML/Run.pm line 133.
Global symbol "$call" requires explicit package name at inc/lib/TestML/Run.pm line 133.
Global symbol "@args" requires explicit package name at inc/lib/TestML/Run.pm line 133.
Global symbol "@args" requires explicit package name at inc/lib/TestML/Run.pm line 133.
Global symbol "$value" requires explicit package name at inc/lib/TestML/Run.pm line 133.
Global symbol "$name" requires explicit package name at inc/lib/TestML/Run.pm line 133.
Global symbol "@args" requires explicit package name at inc/lib/TestML/Run.pm line 133.
Global symbol "$name" requires explicit package name at inc/lib/TestML/Run.pm line 133.
Global symbol "$value" requires explicit package name at inc/lib/TestML/Run.pm line 133.
Global symbol "@return" requires explicit package name at inc/lib/TestML/Run.pm line 133.
Global symbol "$value" requires explicit package name at inc/lib/TestML/Run.pm line 133.
Global symbol "@return" requires explicit package name at inc/lib/TestML/Run.pm line 133.
Global symbol "$value" requires explicit package name at inc/lib/TestML/Run.pm line 133.
Global symbol "$name" requires explicit package name at inc/lib/TestML/Run.pm line 133.
syntax error at inc/lib/TestML/Run.pm line 158, near "a-z"
  (Might be a runaway multi-line // string starting on line 133)
inc/lib/TestML/Run.pm has too many errors.
Compilation failed in require at (eval 1) line 3.
	...propagated at /usr/home/cpan/pit/bare/perl-5.8.9/lib/5.8.9/base.pm line 93.
BEGIN failed--compilation aborted at inc/lib/TestML/Run/TAP.pm line 4.
Compilation failed in require at inc/bin/testml-cpan line 5.
BEGIN failed--compilation aborted at inc/bin/testml-cpan line 5.
t/170-block-access.t ............ 
Dubious, test returned 255 (wstat 65280, 0xff00)
No subtests run 
Possible unintended interpolation of @args in string at inc/lib/TestML/Run.pm line 133.
Possible unintended interpolation of @return in string at inc/lib/TestML/Run.pm line 133.
Possible unintended interpolation of @args in string at inc/lib/TestML/Run.pm line 133.
Possible unintended interpolation of @return in string at inc/lib/TestML/Run.pm line 133.
Possible unintended interpolation of @args in string at inc/lib/TestML/Run.pm line 133.
Possible unintended interpolation of @args in string at inc/lib/TestML/Run.pm line 133.
Possible unintended interpolation of @args in string at inc/lib/TestML/Run.pm line 133.
Possible unintended interpolation of @return in string at inc/lib/TestML/Run.pm line 133.
Possible unintended interpolation of @return in string at inc/lib/TestML/Run.pm line 133.
Global symbol "@args" requires explicit package name at inc/lib/TestML/Run.pm line 133.
Global symbol "@return" requires explicit package name at inc/lib/TestML/Run.pm line 133.
Global symbol "$name" requires explicit package name at inc/lib/TestML/Run.pm line 133.
Global symbol "@args" requires explicit package name at inc/lib/TestML/Run.pm line 133.
Global symbol "$opcode" requires explicit package name at inc/lib/TestML/Run.pm line 133.
Global symbol "$name" requires explicit package name at inc/lib/TestML/Run.pm line 133.
Global symbol "$call" requires explicit package name at inc/lib/TestML/Run.pm line 133.
Global symbol "$opcode" requires explicit package name at inc/lib/TestML/Run.pm line 133.
Global symbol "$call" requires explicit package name at inc/lib/TestML/Run.pm line 133.
Global symbol "$call" requires explicit package name at inc/lib/TestML/Run.pm line 133.
Global symbol "$call" requires explicit package name at inc/lib/TestML/Run.pm line 133.
Global symbol "@return" requires explicit package name at inc/lib/TestML/Run.pm line 133.
Global symbol "$call" requires explicit package name at inc/lib/TestML/Run.pm line 133.
Global symbol "@args" requires explicit package name at inc/lib/TestML/Run.pm line 133.
Global symbol "@args" requires explicit package name at inc/lib/TestML/Run.pm line 133.
Global symbol "$value" requires explicit package name at inc/lib/TestML/Run.pm line 133.
Global symbol "$name" requires explicit package name at inc/lib/TestML/Run.pm line 133.
Global symbol "@args" requires explicit package name at inc/lib/TestML/Run.pm line 133.
Global symbol "$name" requires explicit package name at inc/lib/TestML/Run.pm line 133.
Global symbol "$value" requires explicit package name at inc/lib/TestML/Run.pm line 133.
Global symbol "@return" requires explicit package name at inc/lib/TestML/Run.pm line 133.
Global symbol "$value" requires explicit package name at inc/lib/TestML/Run.pm line 133.
Global symbol "@return" requires explicit package name at inc/lib/TestML/Run.pm line 133.
Global symbol "$value" requires explicit package name at inc/lib/TestML/Run.pm line 133.
Global symbol "$name" requires explicit package name at inc/lib/TestML/Run.pm line 133.
syntax error at inc/lib/TestML/Run.pm line 158, near "a-z"
  (Might be a runaway multi-line // string starting on line 133)
inc/lib/TestML/Run.pm has too many errors.
Compilation failed in require at (eval 1) line 3.
	...propagated at /usr/home/cpan/pit/bare/perl-5.8.9/lib/5.8.9/base.pm line 93.
BEGIN failed--compilation aborted at inc/lib/TestML/Run/TAP.pm line 4.
Compilation failed in require at inc/bin/testml-cpan line 5.
BEGIN failed--compilation aborted at inc/bin/testml-cpan line 5.
t/180-interpolation.t ........... 
Dubious, test returned 255 (wstat 65280, 0xff00)
No subtests run 
t/author-pod-syntax.t ........... skipped: these tests are for testing by the author

Test Summary Report
-------------------
t/010-math.t                  (Wstat: 65280 Tests: 0 Failed: 0)
  Non-zero exit status: 255
  Parse errors: No plan found in TAP output
t/020-pick-exclude.t          (Wstat: 65280 Tests: 0 Failed: 0)
  Non-zero exit status: 255
  Parse errors: No plan found in TAP output
t/030-assertion-label.t       (Wstat: 65280 Tests: 0 Failed: 0)
  Non-zero exit status: 255
  Parse errors: No plan found in TAP output
t/040-multiline-point.t       (Wstat: 65280 Tests: 0 Failed: 0)
  Non-zero exit status: 255
  Parse errors: No plan found in TAP output
t/050-object-type.t           (Wstat: 65280 Tests: 0 Failed: 0)
  Non-zero exit status: 255
  Parse errors: No plan found in TAP output
t/060-standard-lib.t          (Wstat: 65280 Tests: 0 Failed: 0)
  Non-zero exit status: 255
  Parse errors: No plan found in TAP output
t/070-polymorphic-assertions.t (Wstat: 65280 Tests: 0 Failed: 0)
  Non-zero exit status: 255
  Parse errors: No plan found in TAP output
t/080-hash-lookup.t           (Wstat: 65280 Tests: 0 Failed: 0)
  Non-zero exit status: 255
  Parse errors: No plan found in TAP output
t/090-catch-error.t           (Wstat: 65280 Tests: 0 Failed: 0)
  Non-zero exit status: 255
  Parse errors: No plan found in TAP output
t/100-operator-tests.t        (Wstat: 65280 Tests: 0 Failed: 0)
  Non-zero exit status: 255
  Parse errors: No plan found in TAP output
t/110-stdlib-tests.t          (Wstat: 65280 Tests: 0 Failed: 0)
  Non-zero exit status: 255
  Parse errors: No plan found in TAP output
t/120-function-loop.t         (Wstat: 65280 Tests: 0 Failed: 0)
  Non-zero exit status: 255
  Parse errors: No plan found in TAP output
t/130-function-assignment.t   (Wstat: 65280 Tests: 0 Failed: 0)
  Non-zero exit status: 255
  Parse errors: No plan found in TAP output
t/140-pick-func-call.t        (Wstat: 65280 Tests: 0 Failed: 0)
  Non-zero exit status: 255
  Parse errors: No plan found in TAP output
t/150-call-func-with-args.t   (Wstat: 65280 Tests: 0 Failed: 0)
  Non-zero exit status: 255
  Parse errors: No plan found in TAP output
t/160-plan.t                  (Wstat: 65280 Tests: 0 Failed: 0)
  Non-zero exit status: 255
  Parse errors: No plan found in TAP output
t/170-block-access.t          (Wstat: 65280 Tests: 0 Failed: 0)
  Non-zero exit status: 255
  Parse errors: No plan found in TAP output
t/180-interpolation.t         (Wstat: 65280 Tests: 0 Failed: 0)
  Non-zero exit status: 255
  Parse errors: No plan found in TAP output
Files=19, Tests=0,  1 wallclock secs ( 0.08 usr  0.06 sys +  0.23 cusr  0.42 csys =  0.79 CPU)
Result: FAIL
Failed 18/19 test programs. 0/0 subtests failed.
*** Error code 255

Stop.
make: stopped in /usr/home/cpan/pit/bare/conf/perl-5.8.9/.cpanplus/5.8.9/build/6TcZL6LXBw/TestML-0.54_03


PREREQUISITES:

Here is a list of prerequisites you specified and versions we
managed to load:

	  Module Name                        Have     Want
	  Capture::Tiny                      0.48        0
	  ExtUtils::MakeMaker                7.34        0
	  boolean                            0.46        0

Perl module toolchain versions installed:
	Module Name                        Have
	CPANPLUS                         0.9176
	CPANPLUS::Dist::Build              0.90
	Cwd                                3.74
	ExtUtils::CBuilder             0.280230
	ExtUtils::Command                  7.34
	ExtUtils::Install                  2.14
	ExtUtils::MakeMaker                7.34
	ExtUtils::Manifest                 1.71
	ExtUtils::ParseXS                  3.35
	File::Spec                         3.74
	Module::Build                    0.4224
	Pod::Parser                        1.35
	Pod::Simple                        3.35
	Test2                          1.302136
	Test::Harness                      3.42
	Test::More                     1.302136
	version                          0.9924

******************************** NOTE ********************************
The comments above are created mechanically, possibly without manual
checking by the sender.  As there are many people performing automatic
tests on each upload to CPAN, it is likely that you will receive
identical messages about the same problem.

If you believe that the message is mistaken, please reply to the first
one with correction and/or additional informations, and do not take
it personally.  We appreciate your patience. :)
**********************************************************************

Additional comments:


This report was machine-generated by CPANPLUS::Dist::YACSmoke 1.02.
Powered by minismokebox version 0.68

------------------------------
ENVIRONMENT AND OTHER CONTEXT
------------------------------

Environment variables:

    AUTOMATED_TESTING = 1
    NONINTERACTIVE_TESTING = 1
    PATH = /sbin:/bin:/usr/sbin:/usr/bin:/usr/local/sbin:/usr/local/bin:/home/cpan/bin
    PERL5LIB = :/usr/home/cpan/pit/bare/conf/perl-5.8.9/.cpanplus/5.8.9/build/jdHSEUA1NW/Capture-Tiny-0.48/blib/lib:/usr/home/cpan/pit/bare/conf/perl-5.8.9/.cpanplus/5.8.9/build/jdHSEUA1NW/Capture-Tiny-0.48/blib/arch:/usr/home/cpan/pit/bare/conf/perl-5.8.9/.cpanplus/5.8.9/build/t8k4RW73TD/boolean-0.46/blib/lib:/usr/home/cpan/pit/bare/conf/perl-5.8.9/.cpanplus/5.8.9/build/t8k4RW73TD/boolean-0.46/blib/arch:/usr/home/cpan/pit/bare/conf/perl-5.8.9/.cpanplus/5.8.9/build/6TcZL6LXBw/TestML-0.54_03/blib/lib:/usr/home/cpan/pit/bare/conf/perl-5.8.9/.cpanplus/5.8.9/build/6TcZL6LXBw/TestML-0.54_03/blib/arch
    PERL5_CPANPLUS_IS_RUNNING = 78341
    PERL5_CPANPLUS_IS_VERSION = 0.9176
    PERL5_MINISMOKEBOX = 0.68
    PERL5_YACSMOKE_BASE = /usr/home/cpan/pit/bare/conf/perl-5.8.9
    PERL_EXTUTILS_AUTOINSTALL = --defaultdeps
    PERL_MM_USE_DEFAULT = 1
    SHELL = /usr/local/bin/bash
    TERM = screen

Perl special variables (and OS-specific diagnostics, for MSWin32):

    Perl: $^X = /usr/home/cpan/pit/bare/perl-5.8.9/bin/perl
    UID:  $<  = 1002
    EUID: $>  = 1002
    GID:  $(  = 1002 1002
    EGID: $)  = 1002 1002


-------------------------------


--

Summary of my perl5 (revision 5 version 8 subversion 9) configuration:
  Platform:
    osname=freebsd, osvers=11.1-release, archname=amd64-freebsd
    uname='freebsd fforc 11.1-release freebsd 11.1-release #0 r321309: fri jul 21 02:08:28 utc 2017 root@releng2.nyi.freebsd.org:usrobjusrsrcsysgeneric amd64 '
    config_args='-des -Dprefix=/usr/home/cpan/pit/bare/perl-5.8.9'
    hint=recommended, useposix=true, d_sigaction=define
    usethreads=undef use5005threads=undef useithreads=undef usemultiplicity=undef
    useperlio=define d_sfio=undef uselargefiles=define usesocks=undef
    use64bitint=define use64bitall=define uselongdouble=undef
    usemymalloc=n, bincompat5005=undef
  Compiler:
    cc='cc', ccflags ='-DHAS_FPSETMASK -DHAS_FLOATINGPOINT_H -fno-strict-aliasing -pipe -I/usr/local/include',
    optimize='-O',
    cppflags='-DHAS_FPSETMASK -DHAS_FLOATINGPOINT_H -fno-strict-aliasing -pipe -I/usr/local/include'
    ccversion='', gccversion='4.2.1 Compatible FreeBSD Clang 4.0.0 (tags/RELEASE_400/final 297347)', gccosandvers=''
    intsize=4, longsize=8, ptrsize=8, doublesize=8, byteorder=12345678
    d_longlong=define, longlongsize=8, d_longdbl=define, longdblsize=16
    ivtype='long', ivsize=8, nvtype='double', nvsize=8, Off_t='off_t', lseeksize=8
    alignbytes=8, prototype=define
  Linker and Libraries:
    ld='cc', ldflags ='-Wl,-E  -L/usr/local/lib'
    libpth=/usr/lib /usr/local/lib
    libs=-lgdbm -lm -lcrypt -lutil -lc
    perllibs=-lm -lcrypt -lutil -lc
    libc=, so=so, useshrplib=false, libperl=libperl.a
    gnulibc_version=''
  Dynamic Linking:
    dlsrc=dl_dlopen.xs, dlext=so, d_dlsymun=undef, ccdlflags=' '
    cccdlflags='-DPIC -fPIC', lddlflags='-shared  -L/usr/local/lib'


Characteristics of this binary (from libperl): 
  Compile-time options: PERL_MALLOC_WRAP USE_64_BIT_ALL USE_64_BIT_INT
                        USE_FAST_STDIO USE_LARGE_FILES USE_PERLIO
  Locally applied patches:
	Devel::PatchPerl 1.48
  Built under freebsd
  Compiled at Jul 26 2017 16:03:08
  %ENV:
    PERL5LIB=":/usr/home/cpan/pit/bare/conf/perl-5.8.9/.cpanplus/5.8.9/build/jdHSEUA1NW/Capture-Tiny-0.48/blib/lib:/usr/home/cpan/pit/bare/conf/perl-5.8.9/.cpanplus/5.8.9/build/jdHSEUA1NW/Capture-Tiny-0.48/blib/arch:/usr/home/cpan/pit/bare/conf/perl-5.8.9/.cpanplus/5.8.9/build/t8k4RW73TD/boolean-0.46/blib/lib:/usr/home/cpan/pit/bare/conf/perl-5.8.9/.cpanplus/5.8.9/build/t8k4RW73TD/boolean-0.46/blib/arch:/usr/home/cpan/pit/bare/conf/perl-5.8.9/.cpanplus/5.8.9/build/6TcZL6LXBw/TestML-0.54_03/blib/lib:/usr/home/cpan/pit/bare/conf/perl-5.8.9/.cpanplus/5.8.9/build/6TcZL6LXBw/TestML-0.54_03/blib/arch"
    PERL5_CPANPLUS_IS_RUNNING="78341"
    PERL5_CPANPLUS_IS_VERSION="0.9176"
    PERL5_MINISMOKEBOX="0.68"
    PERL5_YACSMOKE_BASE="/usr/home/cpan/pit/bare/conf/perl-5.8.9"
    PERL_EXTUTILS_AUTOINSTALL="--defaultdeps"
    PERL_MM_USE_DEFAULT="1"
  @INC:
    /usr/home/cpan/pit/bare/conf/perl-5.8.9/.cpanplus/5.8.9/build/jdHSEUA1NW/Capture-Tiny-0.48/blib/lib
    /usr/home/cpan/pit/bare/conf/perl-5.8.9/.cpanplus/5.8.9/build/jdHSEUA1NW/Capture-Tiny-0.48/blib/arch
    /usr/home/cpan/pit/bare/conf/perl-5.8.9/.cpanplus/5.8.9/build/t8k4RW73TD/boolean-0.46/blib/lib
    /usr/home/cpan/pit/bare/conf/perl-5.8.9/.cpanplus/5.8.9/build/t8k4RW73TD/boolean-0.46/blib/arch
    /usr/home/cpan/pit/bare/conf/perl-5.8.9/.cpanplus/5.8.9/build/6TcZL6LXBw/TestML-0.54_03/blib/lib
    /usr/home/cpan/pit/bare/conf/perl-5.8.9/.cpanplus/5.8.9/build/6TcZL6LXBw/TestML-0.54_03/blib/arch
    /usr/home/cpan/pit/bare/perl-5.8.9/lib/5.8.9/amd64-freebsd
    /usr/home/cpan/pit/bare/perl-5.8.9/lib/5.8.9
    /usr/home/cpan/pit/bare/perl-5.8.9/lib/site_perl/5.8.9/amd64-freebsd
    /usr/home/cpan/pit/bare/perl-5.8.9/lib/site_perl/5.8.9
    .