Parse-FixedRecord v0.02 Perl 5 v5.12.0 i686-linux-thread-multi

Status
Fail
From
Serguei Trouchelle (STRO)
Dist
Parse-FixedRecord v0.02
Platform
Perl 5 v5.12.0 i686-linux-thread-multi
Date
2010-05-07 12:03:50
ID
9992c3be-59d0-11df-9807-71675eed3741
This distribution has been tested as part of the CPAN Testers
project, supporting the Perl programming language.  See
http://wiki.cpantesters.org/ for more information or email
questions to cpan-testers-discuss@perl.org


--
Dear osfameron,

This is a computer-generated report for Parse-FixedRecord-0.02
on perl 5.12.0, created by CPAN-Reporter-1.1711.

Thank you for uploading your work to CPAN.  However, there was a problem
testing your distribution.

If you think this report is invalid, please consult the CPAN Testers Wiki
for suggestions on how to avoid getting FAIL reports for missing library
or binary dependencies, unsupported operating systems, and so on:

http://wiki.cpantesters.org/wiki/CPANAuthorNotes

Sections of this report:

    * Tester comments
    * Program output
    * Prerequisites
    * Environment and other context

------------------------------
TESTER COMMENTS
------------------------------

Additional comments from tester:

this report is from an automated smoke testing program
and was not reviewed by a human for accuracy

------------------------------
PROGRAM OUTPUT
------------------------------

Output from 'C:\bin\dev\perl\site\bin\dmake.EXE test':

C:\home\stro\perl5120\bin\perl.exe "-MExtUtils::Command::MM" "-e" "test_harness(0, 'inc', 'blib\lib', 'blib\arch')" t/00-load.t t/01-basic.t t/02-error.t t/03-table.t t/boilerplate.t t/pod-coverage.t t/pod.t
# Testing Parse::FixedRecord 0.02, Perl 5.012000, C:\home\stro\perl5120\bin\perl.exe
t/00-load.t ....... ok
Couldn't load class (Parse::FixedRecord::Row) because: Can't locate any of Moose::Meta::Attribute::Custom::Collection::Array Collection::Array in @INC (@INC contains: C:/home/stro/cpan/build/5.12.0/Parse-FixedRecord-0.02-dwqo1u/t/lib C:\home\stro\cpan\build\5.12.0\Parse-FixedRecord-0.02-dwqo1u\inc C:\home\stro\cpan\build\5.12.0\Parse-FixedRecord-0.02-dwqo1u\blib\lib C:\home\stro\cpan\build\5.12.0\Parse-FixedRecord-0.02-dwqo1u\blib\arch C:/home/stro/perl5120/site/lib C:/home/stro/perl5120/lib .). at C:/home/stro/perl5120/site/lib/Class/MOP.pm line 130
	Class::MOP::load_first_existing_class('Moose::Meta::Attribute::Custom::Collection::Array', 'Collection::Array') called at C:/home/stro/perl5120/site/lib/Moose/Util.pm line 187
	Moose::Util::resolve_metaclass_alias('Attribute', 'Collection::Array') called at C:/home/stro/perl5120/site/lib/Moose/Meta/Attribute.pm line 87
	Moose::Meta::Attribute::interpolate_class('Moose::Meta::Attribute', 'HASH(0x102f8a4)') called at C:/home/stro/perl5120/site/lib/Moose/Meta/Attribute.pm line 76
	Moose::Meta::Attribute::interpolate_class_and_new('Moose::Meta::Attribute', 'fields', 'provides', 'HASH(0x12df874)', 'metaclass', 'Collection::Array', 'isa', 'ArrayRef[Str|My::MMA]', 'default', ...) called at C:/home/stro/perl5120/site/lib/MooseX/ClassAttribute/Trait/Class.pm line 98
	MooseX::ClassAttribute::Trait::Class::_process_new_class_attribute('Class::MOP::Class::__ANON__::SERIAL::1=HASH(0x13a15ac)', 'fields', 'provides', 'HASH(0x12df874)', 'metaclass', 'Collection::Array', 'isa', 'ArrayRef[Str|My::MMA]', 'default', ...) called at C:/home/stro/perl5120/site/lib/MooseX/ClassAttribute/Trait/Class.pm line 82
	MooseX::ClassAttribute::Trait::Class::_process_class_attribute('Class::MOP::Class::__ANON__::SERIAL::1=HASH(0x13a15ac)', 'fields', 'provides', 'HASH(0x12df874)', 'metaclass', 'Collection::Array', 'isa', 'ArrayRef[Str|My::MMA]', 'default', ...) called at C:/home/stro/perl5120/site/lib/MooseX/ClassAttribute/Trait/Class.pm line 34
	Class::MOP::Class:::around('CODE(0x12f2f74)', 'Class::MOP::Class::__ANON__::SERIAL::1=HASH(0x13a15ac)', 'fields', 'provides', 'HASH(0x12df874)', 'metaclass', 'Collection::Array', 'isa', 'ArrayRef[Str|My::MMA]', ...) called at C:/home/stro/perl5120/site/lib/Class/MOP/Method/Wrapped.pm line 159
	Class::MOP::Method::Wrapped::__ANON__('Class::MOP::Class::__ANON__::SERIAL::1=HASH(0x13a15ac)', 'fields', 'provides', 'HASH(0x12df874)', 'metaclass', 'Collection::Array', 'isa', 'ArrayRef[Str|My::MMA]', 'default', ...) called at C:/home/stro/perl5120/site/lib/Class/MOP/Method/Wrapped.pm line 89
	Class::MOP::Class::__ANON__::SERIAL::1::add_class_attribute('Class::MOP::Class::__ANON__::SERIAL::1=HASH(0x13a15ac)', 'fields', 'provides', 'HASH(0x12df874)', 'metaclass', 'Collection::Array', 'isa', 'ArrayRef[Str|My::MMA]', 'default', ...) called at C:/home/stro/perl5120/site/lib/MooseX/ClassAttribute.pm line 44
	MooseX::ClassAttribute::class_has('Class::MOP::Class::__ANON__::SERIAL::1=HASH(0x13a15ac)', 'fields', 'metaclass', 'Collection::Array', 'default', 'CODE(0x12defb4)', 'is', 'rw', 'isa', ...) called at C:/home/stro/perl5120/site/lib/Moose/Exporter.pm line 293
	MooseX::ClassAttribute::class_has('fields', 'metaclass', 'Collection::Array', 'default', 'CODE(0x12defb4)', 'is', 'rw', 'isa', 'ArrayRef[Str|My::MMA]', ...) called at C:\home\stro\cpan\build\5.12.0\Parse-FixedRecord-0.02-dwqo1u\blib\lib/Parse/FixedRecord/Row.pm line 55
	require Parse/FixedRecord/Row.pm called at C:/home/stro/perl5120/site/lib/Class/MOP.pm line 114
	Class::MOP::__ANON__() called at C:/home/stro/perl5120/site/lib/Try/Tiny.pm line 71
	eval {...} called at C:/home/stro/perl5120/site/lib/Try/Tiny.pm line 67
	Try::Tiny::try('CODE(0xbce16c)', 'Try::Tiny::Catch=REF(0x1236944)') called at C:/home/stro/perl5120/site/lib/Class/MOP.pm line 125
	Class::MOP::load_first_existing_class('Parse::FixedRecord::Row') called at C:/home/stro/perl5120/site/lib/Class/MOP.pm line 137
	Class::MOP::load_class('Parse::FixedRecord::Row') called at C:/home/stro/perl5120/site/lib/Moose/Meta/Class.pm line 284
	Moose::Meta::Class::superclasses('Moose::Meta::Class=HASH(0x12dee14)', 'Parse::FixedRecord::Row') called at C:/home/stro/perl5120/site/lib/Moose.pm line 53
	Moose::extends('Moose::Meta::Class=HASH(0x12dee14)', 'Parse::FixedRecord::Row') called at C:/home/stro/perl5120/site/lib/Moose/Exporter.pm line 293
	Moose::extends('Parse::FixedRecord::Row') called at C:/home/stro/cpan/build/5.12.0/Parse-FixedRecord-0.02-dwqo1u/t/lib/Row/Test.pm line 3
	require Row/Test.pm called at t/01-basic.t line 8
	main::BEGIN() called at C:\home\stro\cpan\build\5.12.0\Parse-FixedRecord-0.02-dwqo1u\blib\lib/Parse/FixedRecord/Row.pm line 0
	eval {...} called at C:\home\stro\cpan\build\5.12.0\Parse-FixedRecord-0.02-dwqo1u\blib\lib/Parse/FixedRecord/Row.pm line 0
Compilation failed in require at C:/home/stro/perl5120/site/lib/Class/MOP.pm line 114.
 at C:/home/stro/perl5120/site/lib/Class/MOP.pm line 120
	Class::MOP::__ANON__('Can\'t locate any of Moose::Meta::Attribute::Custom::Collecti...') called at C:/home/stro/perl5120/site/lib/Try/Tiny.pm line 98
	Try::Tiny::try('CODE(0xbce16c)', 'Try::Tiny::Catch=REF(0x1236944)') called at C:/home/stro/perl5120/site/lib/Class/MOP.pm line 125
	Class::MOP::load_first_existing_class('Parse::FixedRecord::Row') called at C:/home/stro/perl5120/site/lib/Class/MOP.pm line 137
	Class::MOP::load_class('Parse::FixedRecord::Row') called at C:/home/stro/perl5120/site/lib/Moose/Meta/Class.pm line 284
	Moose::Meta::Class::superclasses('Moose::Meta::Class=HASH(0x12dee14)', 'Parse::FixedRecord::Row') called at C:/home/stro/perl5120/site/lib/Moose.pm line 53
	Moose::extends('Moose::Meta::Class=HASH(0x12dee14)', 'Parse::FixedRecord::Row') called at C:/home/stro/perl5120/site/lib/Moose/Exporter.pm line 293
	Moose::extends('Parse::FixedRecord::Row') called at C:/home/stro/cpan/build/5.12.0/Parse-FixedRecord-0.02-dwqo1u/t/lib/Row/Test.pm line 3
	require Row/Test.pm called at t/01-basic.t line 8
	main::BEGIN() called at C:/home/stro/cpan/build/5.12.0/Parse-FixedRecord-0.02-dwqo1u/t/lib/Row/Test.pm line 0
	eval {...} called at C:/home/stro/cpan/build/5.12.0/Parse-FixedRecord-0.02-dwqo1u/t/lib/Row/Test.pm line 0
Compilation failed in require at t/01-basic.t line 8.
BEGIN failed--compilation aborted at t/01-basic.t line 8.
t/01-basic.t ...... 
Dubious, test returned 2 (wstat 512, 0x200)
Failed 13/13 subtests 
Couldn't load class (Parse::FixedRecord::Row) because: Can't locate any of Moose::Meta::Attribute::Custom::Collection::Array Collection::Array in @INC (@INC contains: C:/home/stro/cpan/build/5.12.0/Parse-FixedRecord-0.02-dwqo1u/t/lib C:\home\stro\cpan\build\5.12.0\Parse-FixedRecord-0.02-dwqo1u\inc C:\home\stro\cpan\build\5.12.0\Parse-FixedRecord-0.02-dwqo1u\blib\lib C:\home\stro\cpan\build\5.12.0\Parse-FixedRecord-0.02-dwqo1u\blib\arch C:/home/stro/perl5120/site/lib C:/home/stro/perl5120/lib .). at C:/home/stro/perl5120/site/lib/Class/MOP.pm line 130
	Class::MOP::load_first_existing_class('Moose::Meta::Attribute::Custom::Collection::Array', 'Collection::Array') called at C:/home/stro/perl5120/site/lib/Moose/Util.pm line 187
	Moose::Util::resolve_metaclass_alias('Attribute', 'Collection::Array') called at C:/home/stro/perl5120/site/lib/Moose/Meta/Attribute.pm line 87
	Moose::Meta::Attribute::interpolate_class('Moose::Meta::Attribute', 'HASH(0x104a774)') called at C:/home/stro/perl5120/site/lib/Moose/Meta/Attribute.pm line 76
	Moose::Meta::Attribute::interpolate_class_and_new('Moose::Meta::Attribute', 'fields', 'provides', 'HASH(0x12f8194)', 'metaclass', 'Collection::Array', 'isa', 'ArrayRef[Str|My::MMA]', 'default', ...) called at C:/home/stro/perl5120/site/lib/MooseX/ClassAttribute/Trait/Class.pm line 98
	MooseX::ClassAttribute::Trait::Class::_process_new_class_attribute('Class::MOP::Class::__ANON__::SERIAL::1=HASH(0x13b9d04)', 'fields', 'provides', 'HASH(0x12f8194)', 'metaclass', 'Collection::Array', 'isa', 'ArrayRef[Str|My::MMA]', 'default', ...) called at C:/home/stro/perl5120/site/lib/MooseX/ClassAttribute/Trait/Class.pm line 82
	MooseX::ClassAttribute::Trait::Class::_process_class_attribute('Class::MOP::Class::__ANON__::SERIAL::1=HASH(0x13b9d04)', 'fields', 'provides', 'HASH(0x12f8194)', 'metaclass', 'Collection::Array', 'isa', 'ArrayRef[Str|My::MMA]', 'default', ...) called at C:/home/stro/perl5120/site/lib/MooseX/ClassAttribute/Trait/Class.pm line 34
	Class::MOP::Class:::around('CODE(0x1343594)', 'Class::MOP::Class::__ANON__::SERIAL::1=HASH(0x13b9d04)', 'fields', 'provides', 'HASH(0x12f8194)', 'metaclass', 'Collection::Array', 'isa', 'ArrayRef[Str|My::MMA]', ...) called at C:/home/stro/perl5120/site/lib/Class/MOP/Method/Wrapped.pm line 159
	Class::MOP::Method::Wrapped::__ANON__('Class::MOP::Class::__ANON__::SERIAL::1=HASH(0x13b9d04)', 'fields', 'provides', 'HASH(0x12f8194)', 'metaclass', 'Collection::Array', 'isa', 'ArrayRef[Str|My::MMA]', 'default', ...) called at C:/home/stro/perl5120/site/lib/Class/MOP/Method/Wrapped.pm line 89
	Class::MOP::Class::__ANON__::SERIAL::1::add_class_attribute('Class::MOP::Class::__ANON__::SERIAL::1=HASH(0x13b9d04)', 'fields', 'provides', 'HASH(0x12f8194)', 'metaclass', 'Collection::Array', 'isa', 'ArrayRef[Str|My::MMA]', 'default', ...) called at C:/home/stro/perl5120/site/lib/MooseX/ClassAttribute.pm line 44
	MooseX::ClassAttribute::class_has('Class::MOP::Class::__ANON__::SERIAL::1=HASH(0x13b9d04)', 'fields', 'metaclass', 'Collection::Array', 'default', 'CODE(0x12f78d4)', 'is', 'rw', 'isa', ...) called at C:/home/stro/perl5120/site/lib/Moose/Exporter.pm line 293
	MooseX::ClassAttribute::class_has('fields', 'metaclass', 'Collection::Array', 'default', 'CODE(0x12f78d4)', 'is', 'rw', 'isa', 'ArrayRef[Str|My::MMA]', ...) called at C:\home\stro\cpan\build\5.12.0\Parse-FixedRecord-0.02-dwqo1u\blib\lib/Parse/FixedRecord/Row.pm line 55
	require Parse/FixedRecord/Row.pm called at C:/home/stro/perl5120/site/lib/Class/MOP.pm line 114
	Class::MOP::__ANON__() called at C:/home/stro/perl5120/site/lib/Try/Tiny.pm line 71
	eval {...} called at C:/home/stro/perl5120/site/lib/Try/Tiny.pm line 67
	Try::Tiny::try('CODE(0xbd8884)', 'Try::Tiny::Catch=REF(0x124fd34)') called at C:/home/stro/perl5120/site/lib/Class/MOP.pm line 125
	Class::MOP::load_first_existing_class('Parse::FixedRecord::Row') called at C:/home/stro/perl5120/site/lib/Class/MOP.pm line 137
	Class::MOP::load_class('Parse::FixedRecord::Row') called at C:/home/stro/perl5120/site/lib/Moose/Meta/Class.pm line 284
	Moose::Meta::Class::superclasses('Moose::Meta::Class=HASH(0x12f7734)', 'Parse::FixedRecord::Row') called at C:/home/stro/perl5120/site/lib/Moose.pm line 53
	Moose::extends('Moose::Meta::Class=HASH(0x12f7734)', 'Parse::FixedRecord::Row') called at C:/home/stro/perl5120/site/lib/Moose/Exporter.pm line 293
	Moose::extends('Parse::FixedRecord::Row') called at C:/home/stro/cpan/build/5.12.0/Parse-FixedRecord-0.02-dwqo1u/t/lib/Row/Test.pm line 3
	require Row/Test.pm called at t/02-error.t line 9
	main::BEGIN() called at C:\home\stro\cpan\build\5.12.0\Parse-FixedRecord-0.02-dwqo1u\blib\lib/Parse/FixedRecord/Row.pm line 0
	eval {...} called at C:\home\stro\cpan\build\5.12.0\Parse-FixedRecord-0.02-dwqo1u\blib\lib/Parse/FixedRecord/Row.pm line 0
Compilation failed in require at C:/home/stro/perl5120/site/lib/Class/MOP.pm line 114.
 at C:/home/stro/perl5120/site/lib/Class/MOP.pm line 120
	Class::MOP::__ANON__('Can\'t locate any of Moose::Meta::Attribute::Custom::Collecti...') called at C:/home/stro/perl5120/site/lib/Try/Tiny.pm line 98
	Try::Tiny::try('CODE(0xbd8884)', 'Try::Tiny::Catch=REF(0x124fd34)') called at C:/home/stro/perl5120/site/lib/Class/MOP.pm line 125
	Class::MOP::load_first_existing_class('Parse::FixedRecord::Row') called at C:/home/stro/perl5120/site/lib/Class/MOP.pm line 137
	Class::MOP::load_class('Parse::FixedRecord::Row') called at C:/home/stro/perl5120/site/lib/Moose/Meta/Class.pm line 284
	Moose::Meta::Class::superclasses('Moose::Meta::Class=HASH(0x12f7734)', 'Parse::FixedRecord::Row') called at C:/home/stro/perl5120/site/lib/Moose.pm line 53
	Moose::extends('Moose::Meta::Class=HASH(0x12f7734)', 'Parse::FixedRecord::Row') called at C:/home/stro/perl5120/site/lib/Moose/Exporter.pm line 293
	Moose::extends('Parse::FixedRecord::Row') called at C:/home/stro/cpan/build/5.12.0/Parse-FixedRecord-0.02-dwqo1u/t/lib/Row/Test.pm line 3
	require Row/Test.pm called at t/02-error.t line 9
	main::BEGIN() called at C:/home/stro/cpan/build/5.12.0/Parse-FixedRecord-0.02-dwqo1u/t/lib/Row/Test.pm line 0
	eval {...} called at C:/home/stro/cpan/build/5.12.0/Parse-FixedRecord-0.02-dwqo1u/t/lib/Row/Test.pm line 0
Compilation failed in require at t/02-error.t line 9.
BEGIN failed--compilation aborted at t/02-error.t line 9.
t/02-error.t ...... 
Dubious, test returned 2 (wstat 512, 0x200)
Failed 1/1 subtests 
Couldn't load class (Parse::FixedRecord::Row) because: Can't locate any of Moose::Meta::Attribute::Custom::Collection::Array Collection::Array in @INC (@INC contains: C:/home/stro/cpan/build/5.12.0/Parse-FixedRecord-0.02-dwqo1u/t/lib C:\home\stro\cpan\build\5.12.0\Parse-FixedRecord-0.02-dwqo1u\inc C:\home\stro\cpan\build\5.12.0\Parse-FixedRecord-0.02-dwqo1u\blib\lib C:\home\stro\cpan\build\5.12.0\Parse-FixedRecord-0.02-dwqo1u\blib\arch C:/home/stro/perl5120/site/lib C:/home/stro/perl5120/lib .). at C:/home/stro/perl5120/site/lib/Class/MOP.pm line 130
	Class::MOP::load_first_existing_class('Moose::Meta::Attribute::Custom::Collection::Array', 'Collection::Array') called at C:/home/stro/perl5120/site/lib/Moose/Util.pm line 187
	Moose::Util::resolve_metaclass_alias('Attribute', 'Collection::Array') called at C:/home/stro/perl5120/site/lib/Moose/Meta/Attribute.pm line 87
	Moose::Meta::Attribute::interpolate_class('Moose::Meta::Attribute', 'HASH(0x102f884)') called at C:/home/stro/perl5120/site/lib/Moose/Meta/Attribute.pm line 76
	Moose::Meta::Attribute::interpolate_class_and_new('Moose::Meta::Attribute', 'fields', 'provides', 'HASH(0x12df55c)', 'metaclass', 'Collection::Array', 'isa', 'ArrayRef[Str|My::MMA]', 'default', ...) called at C:/home/stro/perl5120/site/lib/MooseX/ClassAttribute/Trait/Class.pm line 98
	MooseX::ClassAttribute::Trait::Class::_process_new_class_attribute('Class::MOP::Class::__ANON__::SERIAL::1=HASH(0x13a156c)', 'fields', 'provides', 'HASH(0x12df55c)', 'metaclass', 'Collection::Array', 'isa', 'ArrayRef[Str|My::MMA]', 'default', ...) called at C:/home/stro/perl5120/site/lib/MooseX/ClassAttribute/Trait/Class.pm line 82
	MooseX::ClassAttribute::Trait::Class::_process_class_attribute('Class::MOP::Class::__ANON__::SERIAL::1=HASH(0x13a156c)', 'fields', 'provides', 'HASH(0x12df55c)', 'metaclass', 'Collection::Array', 'isa', 'ArrayRef[Str|My::MMA]', 'default', ...) called at C:/home/stro/perl5120/site/lib/MooseX/ClassAttribute/Trait/Class.pm line 34
	Class::MOP::Class:::around('CODE(0x132a2e4)', 'Class::MOP::Class::__ANON__::SERIAL::1=HASH(0x13a156c)', 'fields', 'provides', 'HASH(0x12df55c)', 'metaclass', 'Collection::Array', 'isa', 'ArrayRef[Str|My::MMA]', ...) called at C:/home/stro/perl5120/site/lib/Class/MOP/Method/Wrapped.pm line 159
	Class::MOP::Method::Wrapped::__ANON__('Class::MOP::Class::__ANON__::SERIAL::1=HASH(0x13a156c)', 'fields', 'provides', 'HASH(0x12df55c)', 'metaclass', 'Collection::Array', 'isa', 'ArrayRef[Str|My::MMA]', 'default', ...) called at C:/home/stro/perl5120/site/lib/Class/MOP/Method/Wrapped.pm line 89
	Class::MOP::Class::__ANON__::SERIAL::1::add_class_attribute('Class::MOP::Class::__ANON__::SERIAL::1=HASH(0x13a156c)', 'fields', 'provides', 'HASH(0x12df55c)', 'metaclass', 'Collection::Array', 'isa', 'ArrayRef[Str|My::MMA]', 'default', ...) called at C:/home/stro/perl5120/site/lib/MooseX/ClassAttribute.pm line 44
	MooseX::ClassAttribute::class_has('Class::MOP::Class::__ANON__::SERIAL::1=HASH(0x13a156c)', 'fields', 'metaclass', 'Collection::Array', 'default', 'CODE(0x12dec9c)', 'is', 'rw', 'isa', ...) called at C:/home/stro/perl5120/site/lib/Moose/Exporter.pm line 293
	MooseX::ClassAttribute::class_has('fields', 'metaclass', 'Collection::Array', 'default', 'CODE(0x12dec9c)', 'is', 'rw', 'isa', 'ArrayRef[Str|My::MMA]', ...) called at C:\home\stro\cpan\build\5.12.0\Parse-FixedRecord-0.02-dwqo1u\blib\lib/Parse/FixedRecord/Row.pm line 55
	require Parse/FixedRecord/Row.pm called at C:/home/stro/perl5120/site/lib/Class/MOP.pm line 114
	Class::MOP::__ANON__() called at C:/home/stro/perl5120/site/lib/Try/Tiny.pm line 71
	eval {...} called at C:/home/stro/perl5120/site/lib/Try/Tiny.pm line 67
	Try::Tiny::try('CODE(0xbf83b4)', 'Try::Tiny::Catch=REF(0x1236b0c)') called at C:/home/stro/perl5120/site/lib/Class/MOP.pm line 125
	Class::MOP::load_first_existing_class('Parse::FixedRecord::Row') called at C:/home/stro/perl5120/site/lib/Class/MOP.pm line 137
	Class::MOP::load_class('Parse::FixedRecord::Row') called at C:/home/stro/perl5120/site/lib/Moose/Meta/Class.pm line 284
	Moose::Meta::Class::superclasses('Moose::Meta::Class=HASH(0x12deafc)', 'Parse::FixedRecord::Row') called at C:/home/stro/perl5120/site/lib/Moose.pm line 53
	Moose::extends('Moose::Meta::Class=HASH(0x12deafc)', 'Parse::FixedRecord::Row') called at C:/home/stro/perl5120/site/lib/Moose/Exporter.pm line 293
	Moose::extends('Parse::FixedRecord::Row') called at C:/home/stro/cpan/build/5.12.0/Parse-FixedRecord-0.02-dwqo1u/t/lib/Row/Test.pm line 3
	require Row/Test.pm called at t/03-table.t line 8
	main::BEGIN() called at C:\home\stro\cpan\build\5.12.0\Parse-FixedRecord-0.02-dwqo1u\blib\lib/Parse/FixedRecord/Row.pm line 0
	eval {...} called at C:\home\stro\cpan\build\5.12.0\Parse-FixedRecord-0.02-dwqo1u\blib\lib/Parse/FixedRecord/Row.pm line 0
Compilation failed in require at C:/home/stro/perl5120/site/lib/Class/MOP.pm line 114.
 at C:/home/stro/perl5120/site/lib/Class/MOP.pm line 120
	Class::MOP::__ANON__('Can\'t locate any of Moose::Meta::Attribute::Custom::Collecti...') called at C:/home/stro/perl5120/site/lib/Try/Tiny.pm line 98
	Try::Tiny::try('CODE(0xbf83b4)', 'Try::Tiny::Catch=REF(0x1236b0c)') called at C:/home/stro/perl5120/site/lib/Class/MOP.pm line 125
	Class::MOP::load_first_existing_class('Parse::FixedRecord::Row') called at C:/home/stro/perl5120/site/lib/Class/MOP.pm line 137
	Class::MOP::load_class('Parse::FixedRecord::Row') called at C:/home/stro/perl5120/site/lib/Moose/Meta/Class.pm line 284
	Moose::Meta::Class::superclasses('Moose::Meta::Class=HASH(0x12deafc)', 'Parse::FixedRecord::Row') called at C:/home/stro/perl5120/site/lib/Moose.pm line 53
	Moose::extends('Moose::Meta::Class=HASH(0x12deafc)', 'Parse::FixedRecord::Row') called at C:/home/stro/perl5120/site/lib/Moose/Exporter.pm line 293
	Moose::extends('Parse::FixedRecord::Row') called at C:/home/stro/cpan/build/5.12.0/Parse-FixedRecord-0.02-dwqo1u/t/lib/Row/Test.pm line 3
	require Row/Test.pm called at t/03-table.t line 8
	main::BEGIN() called at C:/home/stro/cpan/build/5.12.0/Parse-FixedRecord-0.02-dwqo1u/t/lib/Row/Test.pm line 0
	eval {...} called at C:/home/stro/cpan/build/5.12.0/Parse-FixedRecord-0.02-dwqo1u/t/lib/Row/Test.pm line 0
Compilation failed in require at t/03-table.t line 8.
BEGIN failed--compilation aborted at t/03-table.t line 8.
t/03-table.t ...... 
Dubious, test returned 2 (wstat 512, 0x200)
Failed 1/1 subtests 
t/boilerplate.t ... ok
t/pod-coverage.t .. ok
t/pod.t ........... ok

Test Summary Report
-------------------
t/01-basic.t    (Wstat: 512 Tests: 0 Failed: 0)
  Non-zero exit status: 2
  Parse errors: Bad plan.  You planned 13 tests but ran 0.
t/02-error.t    (Wstat: 512 Tests: 0 Failed: 0)
  Non-zero exit status: 2
  Parse errors: Bad plan.  You planned 1 tests but ran 0.
t/03-table.t    (Wstat: 512 Tests: 0 Failed: 0)
  Non-zero exit status: 2
  Parse errors: Bad plan.  You planned 1 tests but ran 0.
Files=7, Tests=10,  4 wallclock secs ( 0.06 usr +  0.05 sys =  0.11 CPU)
Result: FAIL
Failed 3/7 test programs. 0/10 subtests failed.
dmake.EXE:  Error code 255, while making 'test_dynamic'

------------------------------
PREREQUISITES
------------------------------

Prerequisite modules loaded:

requires:

    Module                     Need Have  
    -------------------------- ---- ------
    DateTime                   0    0.55  
    DateTime::Format::Strptime 0    1.2000
    ExtUtils::MakeMaker        6.42 6.56  
    List::Util                 0    1.23  
    Moose                      0    1.02  
    MooseX::ClassAttribute     0    0.13  
    MooseX::Types              0    0.21  

configure_requires:

    Module                     Need Have  
    -------------------------- ---- ------
    ExtUtils::MakeMaker        6.42 6.56  


------------------------------
ENVIRONMENT AND OTHER CONTEXT
------------------------------

Environment variables:

    ACTIVEPERL_CONFIG_SILENT = 1
    AUTOMATED_TESTING = 1
    COMSPEC = C:\WINDOWS\system32\cmd.exe
    NUMBER_OF_PROCESSORS = 2
    PATH = C:\bin\apps\far\;C:\bin\dev\python\;C:\bin\dev\svn;C:\Program Files\Common Files\Microsoft Shared\Windows Live;C:\bin\dev\perl\site\bin;C:\bin\dev\perl\bin;C:\WINDOWS\system32;C:\WINDOWS;C:\WINDOWS\System32\Wbem;C:\WINDOWS\system32\WindowsPowerShell\v1.0;C:\bin\arc;C:\bin\dev\TortoiseSVN\bin;C:\bin\dev\Mercurial;C:\bin\dev\TortoiseHg;c:\bin\sys\gnuwin32\bin;C:\bin\dev\oracle\instantclient_11_1;C:\Program Files\Common Files\Microsoft Shared\Windows Live
    PERL5LIB = 
    PERL5OPT = 
    PERL5_CPANPLUS_IS_RUNNING = 4344
    PERL5_CPAN_IS_RUNNING = 4344
    PERL5_CPAN_IS_RUNNING_IN_RECURSION = 4588,4344
    PERL_CR_SMOKER_CURRENT = Parse-FixedRecord-0.02
    PERL_EXTUTILS_AUTOINSTALL = --defaultdeps
    PERL_MM_USE_DEFAULT = 1
    PROCESSOR_IDENTIFIER = x86 Family 6 Model 15 Stepping 11, GenuineIntel
    TEMP = C:\WINDOWS\Temp

Perl special variables (and OS-specific diagnostics, for MSWin32):

    $^X = C:\home\stro\perl5120\bin\perl.exe
    $UID/$EUID = 0 / 0
    $GID = 0
    $EGID = 0
    Win32::GetOSName = WinXP/.Net
    Win32::GetOSVersion = Service Pack 3, 5, 1, 2600, 2, 3, 0, 256, 1
    Win32::FsType = NTFS
    Win32::IsAdminUser = 1

Perl module toolchain versions installed:

    Module              Have   
    ------------------- -------
    CPAN                1.9304 
    Cwd                 3.31   
    ExtUtils::CBuilder  0.2703 
    ExtUtils::Command   1.16   
    ExtUtils::Install   1.54   
    ExtUtils::MakeMaker 6.56   
    ExtUtils::Manifest  1.58   
    ExtUtils::ParseXS   2.2205 
    File::Spec          3.31   
    Module::Build       0.36_08
    Module::Signature   0.63   
    Test::Harness       3.21   
    Test::More          0.94   
    YAML                0.71   
    YAML::Syck          1.07   
    version             0.82   


--

Summary of my perl5 (revision 5 version 12 subversion 0) configuration:
   
  Platform:
    osname=MSWin32, osvers=5.1, archname=MSWin32-x86-multi-thread
    uname=''
    config_args='undef'
    hint=recommended, useposix=true, d_sigaction=undef
    useithreads=define, usemultiplicity=define
    useperlio=define, d_sfio=undef, uselargefiles=define, usesocks=undef
    use64bitint=undef, use64bitall=undef, uselongdouble=undef
    usemymalloc=n, bincompat5005=undef
  Compiler:
    cc='gcc', ccflags =' -s -O2 -DWIN32 -DHAVE_DES_FCRYPT  -DPERL_IMPLICIT_CONTEXT -DPERL_IMPLICIT_SYS -fno-strict-aliasing -mms-bitfields -DPERL_MSVCRT_READFIX',
    optimize='-s -O2',
    cppflags='-DWIN32'
    ccversion='', gccversion='3.4.5', gccosandvers=''
    intsize=4, longsize=4, ptrsize=4, doublesize=8, byteorder=1234
    d_longlong=undef, longlongsize=8, d_longdbl=define, longdblsize=12
    ivtype='long', ivsize=4, nvtype='double', nvsize=8, Off_t='long long', lseeksize=8
    alignbytes=8, prototype=define
  Linker and Libraries:
    ld='g++', ldflags ='-s -L"c:\home\stro\perl5120\lib\CORE" -L"C:\MinGW\lib"'
    libpth=C:\MinGW\lib
    libs=-lmoldname -lkernel32 -luser32 -lgdi32 -lwinspool -lcomdlg32 -ladvapi32 -lshell32 -lole32 -loleaut32 -lnetapi32 -luuid -lws2_32 -lmpr -lwinmm -lversion -lodbc32 -lodbccp32 -lcomctl32
    perllibs=-lmoldname -lkernel32 -luser32 -lgdi32 -lwinspool -lcomdlg32 -ladvapi32 -lshell32 -lole32 -loleaut32 -lnetapi32 -luuid -lws2_32 -lmpr -lwinmm -lversion -lodbc32 -lodbccp32 -lcomctl32
    libc=, so=dll, useshrplib=true, libperl=libperl511.a
    gnulibc_version=''
  Dynamic Linking:
    dlsrc=dl_win32.xs, dlext=dll, d_dlsymun=undef, ccdlflags=' '
    cccdlflags=' ', lddlflags='-mdll -s -L"c:\home\stro\perl5120\lib\CORE" -L"C:\MinGW\lib"'


Characteristics of this binary (from libperl): 
  Compile-time options: MULTIPLICITY PERL_DONT_CREATE_GVSV
                        PERL_IMPLICIT_CONTEXT PERL_IMPLICIT_SYS
                        PERL_MALLOC_WRAP PL_OP_SLAB_ALLOC USE_ITHREADS
                        USE_LARGE_FILES USE_PERLIO USE_PERL_ATOF
  Built under MSWin32
  Compiled at Apr 22 2010 14:47:42
  %ENV:
    PERL5_CPANPLUS_IS_RUNNING="4344"
    PERL5_CPAN_IS_RUNNING="4344"
    PERL5_CPAN_IS_RUNNING_IN_RECURSION="4588,4344"
    PERL_CR_SMOKER_CURRENT="Parse-FixedRecord-0.02"
    PERL_EXTUTILS_AUTOINSTALL="--defaultdeps"
    PERL_MM_USE_DEFAULT="1"
  @INC:
    C:/home/stro/perl5120/site/lib
    C:/home/stro/perl5120/lib
    .