Back
From: metabase:user:322078bc-2aae-11df-837a-5e0a49663a4f
Subject: FAIL Net-Disqus-1.15 v5.10.1 NetBSD
Date: 2011-04-25T20:14:18Z
This distribution has been tested as part of the CPAN Testers
project, supporting the Perl programming language. See
http://wiki.cpantesters.org/ for more information or email
questions to cpan-testers-discuss@perl.org
--
Dear MADCAT,
This is a computer-generated error report created automatically by
CPANPLUS, version 0.9104. Testers personal comments may appear
at the end of this report.
Thank you for uploading your work to CPAN. However, it appears that
there were some problems testing your distribution.
TEST RESULTS:
Below is the error stack from stage 'make test':
[MSG] [Mon Apr 25 21:14:06 2011] Building Net-Disqus
[ERROR] [Mon Apr 25 21:14:07 2011] MAKE TEST failed:
# Testing Net::Disqus 1.15, Perl 5.010001, /home/cpan/pit/bare/perl-5.10.1/bin/perl
t/000-load.t ............... ok
t/001-exception.t .......... ok
# Failed test 'new() died'
# at t/002-instantiate.t line 7.
# Error was: Something really funny is going on, cannot find one of LWP::UserAgent, JSON::PP, URI, URI::Escape
# Looks like you failed 1 test of 4.
t/002-instantiate.t ........
Dubious, test returned 1 (wstat 256, 0x100)
Failed 1/4 subtests
t/003-instantiate-error.t .. ok
Something really funny is going on, cannot find one of LWP::UserAgent, JSON::PP, URI, URI::Escape# Looks like you planned 5 tests but ran 2.
# Looks like your test exited with 2 just after 2.
t/004-interfaces.t .........
Dubious, test returned 2 (wstat 512, 0x200)
Failed 3/5 subtests
t/005-online.t ............. skipped: No online testing requested, set the DISQUS_API_SECRET environment variable to your secret api key to test against the live Disqus API
t/manifest.t ............... skipped: Author tests not required for installation
Test Summary Report
-------------------
t/002-instantiate.t (Wstat: 256 Tests: 4 Failed: 1)
Failed test: 3
Non-zero exit status: 1
t/004-interfaces.t (Wstat: 512 Tests: 2 Failed: 0)
Non-zero exit status: 2
Parse errors: Bad plan. You planned 5 tests but ran 2.
Files=7, Tests=18, 1 wallclock secs ( 0.02 usr 0.12 sys + 0.05 cusr 0.51 csys = 0.70 CPU)
Result: FAIL
Failed 2/7 test programs. 1/18 subtests failed.
BEGIN failed--compilation aborted at /home/cpan/pit/bare/perl-5.10.1/bin/cpanp-run-perl line 8.
[MSG] [Mon Apr 25 21:14:07 2011] DEFAULT 'proceed_on_test_failure' HANDLER RETURNING 'sub return value'
PREREQUISITES:
Here is a list of prerequisites you specified and versions we
managed to load:
Module Name Have Want
Class::Accessor 0.34 0
Data::Dumper 2.124 0
Module::Build 0.3800 0.3601
Test::Exception 0.31 0
Test::More 0.98 0
Try::Tiny 0.09 0
overload 1.07 0
Perl module toolchain versions installed:
Module Name Have
CPANPLUS 0.9104
CPANPLUS::Dist::Build 0.56
Cwd 3.33
ExtUtils::CBuilder 0.280202
ExtUtils::Command 1.16
ExtUtils::Install 1.54
ExtUtils::MakeMaker 6.56
ExtUtils::Manifest 1.58
ExtUtils::ParseXS 2.2206
File::Spec 3.33
Module::Build 0.3800
Test::Harness 3.23
Test::More 0.98
version 0.88
******************************** NOTE ********************************
The comments above are created mechanically, possibly without manual
checking by the sender. As there are many people performing automatic
tests on each upload to CPAN, it is likely that you will receive
identical messages about the same problem.
If you believe that the message is mistaken, please reply to the first
one with correction and/or additional informations, and do not take
it personally. We appreciate your patience. :)
**********************************************************************
Additional comments:
This report was machine-generated by CPANPLUS::Dist::YACSmoke 0.62.
Powered by minismokebox version 0.44
------------------------------
ENVIRONMENT AND OTHER CONTEXT
------------------------------
Environment variables:
AUTOMATED_TESTING = 1
PATH = /home/cpan/bin:/bin:/sbin:/usr/bin:/usr/sbin:/usr/X11R7/bin:/usr/X11R6/bin:/usr/pkg/bin:/usr/pkg/sbin:/usr/games:/usr/local/bin:/usr/local/sbin
PERL5LIB = :/home/cpan/pit/bare/conf/perl-5.10.1/.cpanplus/5.10.1/build/Class-Accessor-0.34/blib/lib:/home/cpan/pit/bare/conf/perl-5.10.1/.cpanplus/5.10.1/build/Class-Accessor-0.34/blib/arch:/home/cpan/pit/bare/conf/perl-5.10.1/.cpanplus/5.10.1/build/Sub-Uplevel-0.22/blib/lib:/home/cpan/pit/bare/conf/perl-5.10.1/.cpanplus/5.10.1/build/Sub-Uplevel-0.22/blib/arch:/home/cpan/pit/bare/conf/perl-5.10.1/.cpanplus/5.10.1/build/Test-Exception-0.31/blib/lib:/home/cpan/pit/bare/conf/perl-5.10.1/.cpanplus/5.10.1/build/Test-Exception-0.31/blib/arch:/home/cpan/pit/bare/conf/perl-5.10.1/.cpanplus/5.10.1/build/Try-Tiny-0.09/blib/lib:/home/cpan/pit/bare/conf/perl-5.10.1/.cpanplus/5.10.1/build/Try-Tiny-0.09/blib/arch:/home/cpan/pit/bare/conf/perl-5.10.1/.cpanplus/5.10.1/build/Net-Disqus-1.15/blib/lib:/home/cpan/pit/bare/conf/perl-5.10.1/.cpanplus/5.10.1/build/Net-Disqus-1.15/blib/arch
PERL5_CPANPLUS_IS_RUNNING = 21787
PERL5_CPANPLUS_IS_VERSION = 0.9104
PERL5_MINISMOKEBOX = 0.44
PERL5_YACSMOKE_BASE = /home/cpan/pit/bare/conf/perl-5.10.1
PERL_EXTUTILS_AUTOINSTALL = --defaultdeps
PERL_MM_USE_DEFAULT = 1
SHELL = /usr/pkg/bin/bash
TERM = screen
Perl special variables (and OS-specific diagnostics, for MSWin32):
Perl: $^X = /home/cpan/pit/bare/perl-5.10.1/bin/perl
UID: $< = 1001
EUID: $> = 1001
GID: $( = 100 100
EGID: $) = 100 100
-------------------------------
--
Summary of my perl5 (revision 5 version 10 subversion 1) configuration:
Platform:
osname=netbsd, osvers=5.1, archname=i386-netbsd
uname='netbsd lancer.bingosnet.co.uk 5.1 netbsd 5.1 (generic) #0: sun nov 7 14:39:56 utc 2010 builds@b6.netbsd.org:homebuildsabnetbsd-5-1-releasei386201011061943z-objhomebuildsabnetbsd-5-1-releasesrcsysarchi386compilegeneric i386 '
config_args='-des -Dprefix=/home/cpan/pit/bare/perl-5.10.1 -Dusemallocwrap=y -Dusemymalloc=n'
hint=recommended, useposix=true, d_sigaction=define
useithreads=undef, usemultiplicity=undef
useperlio=define, d_sfio=undef, uselargefiles=define, usesocks=undef
use64bitint=undef, use64bitall=undef, uselongdouble=undef
usemymalloc=n, bincompat5005=undef
Compiler:
cc='cc', ccflags ='-fno-strict-aliasing -pipe -fstack-protector -I/usr/pkg/include',
optimize='-O',
cppflags='-fno-strict-aliasing -pipe -fstack-protector -I/usr/pkg/include'
ccversion='', gccversion='4.1.3 20080704 prerelease (NetBSD nb2 20081120)', gccosandvers=''
intsize=4, longsize=4, ptrsize=4, doublesize=8, byteorder=1234
d_longlong=define, longlongsize=8, d_longdbl=define, longdblsize=12
ivtype='long', ivsize=4, nvtype='double', nvsize=8, Off_t='off_t', lseeksize=8
alignbytes=4, prototype=define
Linker and Libraries:
ld='cc', ldflags =' -Wl,-rpath,/usr/pkg/lib -Wl,-rpath,/usr/local/lib -fstack-protector -L/usr/pkg/lib'
libpth=/usr/pkg/lib /lib /usr/lib
libs=-lm -lcrypt -lutil -lc -lposix
perllibs=-lm -lcrypt -lutil -lc -lposix
libc=/lib/libc.so, so=so, useshrplib=false, libperl=libperl.a
gnulibc_version=''
Dynamic Linking:
dlsrc=dl_dlopen.xs, dlext=so, d_dlsymun=undef, ccdlflags='-Wl,-E '
cccdlflags='-DPIC -fPIC ', lddlflags='--whole-archive -shared -L/usr/pkg/lib -fstack-protector'
Characteristics of this binary (from libperl):
Compile-time options: PERL_DONT_CREATE_GVSV PERL_MALLOC_WRAP
USE_LARGE_FILES USE_PERLIO
Built under netbsd
Compiled at Feb 19 2011 12:50:10
%ENV:
PERL5LIB=":/home/cpan/pit/bare/conf/perl-5.10.1/.cpanplus/5.10.1/build/Class-Accessor-0.34/blib/lib:/home/cpan/pit/bare/conf/perl-5.10.1/.cpanplus/5.10.1/build/Class-Accessor-0.34/blib/arch:/home/cpan/pit/bare/conf/perl-5.10.1/.cpanplus/5.10.1/build/Sub-Uplevel-0.22/blib/lib:/home/cpan/pit/bare/conf/perl-5.10.1/.cpanplus/5.10.1/build/Sub-Uplevel-0.22/blib/arch:/home/cpan/pit/bare/conf/perl-5.10.1/.cpanplus/5.10.1/build/Test-Exception-0.31/blib/lib:/home/cpan/pit/bare/conf/perl-5.10.1/.cpanplus/5.10.1/build/Test-Exception-0.31/blib/arch:/home/cpan/pit/bare/conf/perl-5.10.1/.cpanplus/5.10.1/build/Try-Tiny-0.09/blib/lib:/home/cpan/pit/bare/conf/perl-5.10.1/.cpanplus/5.10.1/build/Try-Tiny-0.09/blib/arch:/home/cpan/pit/bare/conf/perl-5.10.1/.cpanplus/5.10.1/build/Net-Disqus-1.15/blib/lib:/home/cpan/pit/bare/conf/perl-5.10.1/.cpanplus/5.10.1/build/Net-Disqus-1.15/blib/arch"
PERL5_CPANPLUS_IS_RUNNING="21787"
PERL5_CPANPLUS_IS_VERSION="0.9104"
PERL5_MINISMOKEBOX="0.44"
PERL5_YACSMOKE_BASE="/home/cpan/pit/bare/conf/perl-5.10.1"
PERL_EXTUTILS_AUTOINSTALL="--defaultdeps"
PERL_MM_USE_DEFAULT="1"
@INC:
/home/cpan/pit/bare/conf/perl-5.10.1/.cpanplus/5.10.1/build/Class-Accessor-0.34/blib/lib
/home/cpan/pit/bare/conf/perl-5.10.1/.cpanplus/5.10.1/build/Class-Accessor-0.34/blib/arch
/home/cpan/pit/bare/conf/perl-5.10.1/.cpanplus/5.10.1/build/Sub-Uplevel-0.22/blib/lib
/home/cpan/pit/bare/conf/perl-5.10.1/.cpanplus/5.10.1/build/Sub-Uplevel-0.22/blib/arch
/home/cpan/pit/bare/conf/perl-5.10.1/.cpanplus/5.10.1/build/Test-Exception-0.31/blib/lib
/home/cpan/pit/bare/conf/perl-5.10.1/.cpanplus/5.10.1/build/Test-Exception-0.31/blib/arch
/home/cpan/pit/bare/conf/perl-5.10.1/.cpanplus/5.10.1/build/Try-Tiny-0.09/blib/lib
/home/cpan/pit/bare/conf/perl-5.10.1/.cpanplus/5.10.1/build/Try-Tiny-0.09/blib/arch
/home/cpan/pit/bare/conf/perl-5.10.1/.cpanplus/5.10.1/build/Net-Disqus-1.15/blib/lib
/home/cpan/pit/bare/conf/perl-5.10.1/.cpanplus/5.10.1/build/Net-Disqus-1.15/blib/arch
/home/cpan/pit/bare/perl-5.10.1/lib/5.10.1/i386-netbsd
/home/cpan/pit/bare/perl-5.10.1/lib/5.10.1
/home/cpan/pit/bare/perl-5.10.1/lib/site_perl/5.10.1/i386-netbsd
/home/cpan/pit/bare/perl-5.10.1/lib/site_perl/5.10.1
.