Report for Mojolicious-Command-generate-lexicont-0.05

Back
From: metabase:user:a0e144f2-373b-11e6-8edd-c6848980b093
Subject: FAIL Mojolicious-Command-generate-lexicont-0.05 v5.25.6 GNU/Linux
Date: 2016-11-09T08:14:57Z

This distribution has been tested as part of the CPAN Testers
project, supporting the Perl programming language.  See
http://wiki.cpantesters.org/ for more information or email
questions to cpan-testers-discuss@perl.org


--
Dear Tetsuya Tatsumi,

This is a computer-generated report for Mojolicious-Command-generate-lexicont-0.05
on perl 5.25.6, created by CPAN-Reporter-1.2018.

Thank you for uploading your work to CPAN.  However, there was a problem
testing your distribution.

If you think this report is invalid, please consult the CPAN Testers Wiki
for suggestions on how to avoid getting FAIL reports for missing library
or binary dependencies, unsupported operating systems, and so on:

http://wiki.cpantesters.org/wiki/CPANAuthorNotes

Sections of this report:

    * Tester comments
    * Program output
    * Prerequisites
    * Environment and other context

------------------------------
TESTER COMMENTS
------------------------------

Additional comments from tester:

this report is from an automated smoke testing program
and was not reviewed by a human for accuracy

------------------------------
PROGRAM OUTPUT
------------------------------

Output from './Build test':

t/args_0_1.t ....................... ok

#   Failed test 'require '/home/cpan2/.cpan/build/Mojolicious-Command-generate-lexicont-0.05-0/t/lib/Lexemes/I18N/en.pm';'
#   at t/args_3.t line 25.
#     Tried to require ''/home/cpan2/.cpan/build/Mojolicious-Command-generate-lexicont-0.05-0/t/lib/Lexemes/I18N/en.pm''.
#     Error:  Can't locate /home/cpan2/.cpan/build/Mojolicious-Command-generate-lexicont-0.05-0/t/lib/Lexemes/I18N/en.pm in @INC (you may need to install the ::home::cpan2::.cpan::build::Mojolicious-Command-generate-lexicont-0.05-0::t::lib::Lexemes::I18N::en module) (@INC contains: /home/cpan2/.cpan/build/Mojolicious-Command-generate-lexicont-0.05-0/t/lib /home/cpan2/.cpan/build/Mojolicious-Command-generate-lexicont-0.05-0/blib/lib /home/cpan2/.cpan/build/Mojolicious-Command-generate-lexicont-0.05-0/blib/arch /home/cpan2/.cpan/build/Mojolicious-Command-generate-lexicont-0.05-0/_build/lib /home/cpan2/install/lib/perl5/site_perl/5.25.6/x86_64-linux-thread-multi /home/cpan2/install/lib/perl5/site_perl/5.25.6 /home/cpan2/install/lib/perl5/5.25.6/x86_64-linux-thread-multi /home/cpan2/install/lib/perl5/5.25.6 .) at (eval 100) line 2.

#   Failed test 'correct english'
#   at t/args_3.t line 27.
#     Structures begin differing at:
#          $got->{key2} = Does not exist
#     $expected->{key2} = 'English'

#   Failed test 'require '/home/cpan2/.cpan/build/Mojolicious-Command-generate-lexicont-0.05-0/t/lib/Lexemes/I18N/es.pm';'
#   at t/args_3.t line 30.
#     Tried to require ''/home/cpan2/.cpan/build/Mojolicious-Command-generate-lexicont-0.05-0/t/lib/Lexemes/I18N/es.pm''.
#     Error:  Can't locate /home/cpan2/.cpan/build/Mojolicious-Command-generate-lexicont-0.05-0/t/lib/Lexemes/I18N/es.pm in @INC (you may need to install the ::home::cpan2::.cpan::build::Mojolicious-Command-generate-lexicont-0.05-0::t::lib::Lexemes::I18N::es module) (@INC contains: /home/cpan2/.cpan/build/Mojolicious-Command-generate-lexicont-0.05-0/t/lib /home/cpan2/.cpan/build/Mojolicious-Command-generate-lexicont-0.05-0/blib/lib /home/cpan2/.cpan/build/Mojolicious-Command-generate-lexicont-0.05-0/blib/arch /home/cpan2/.cpan/build/Mojolicious-Command-generate-lexicont-0.05-0/_build/lib /home/cpan2/install/lib/perl5/site_perl/5.25.6/x86_64-linux-thread-multi /home/cpan2/install/lib/perl5/site_perl/5.25.6 /home/cpan2/install/lib/perl5/5.25.6/x86_64-linux-thread-multi /home/cpan2/install/lib/perl5/5.25.6 .) at (eval 101) line 2.

#   Failed test 'correct spanish'
#   at t/args_3.t line 32.
#     Structures begin differing at:
#          $got->{key1} = Does not exist
#     $expected->{key1} = 'japonés'

#   Failed test 'require '/home/cpan2/.cpan/build/Mojolicious-Command-generate-lexicont-0.05-0/t/lib/Lexemes/I18N/zh.pm';'
#   at t/args_3.t line 35.
#     Tried to require ''/home/cpan2/.cpan/build/Mojolicious-Command-generate-lexicont-0.05-0/t/lib/Lexemes/I18N/zh.pm''.
#     Error:  Can't locate /home/cpan2/.cpan/build/Mojolicious-Command-generate-lexicont-0.05-0/t/lib/Lexemes/I18N/zh.pm in @INC (you may need to install the ::home::cpan2::.cpan::build::Mojolicious-Command-generate-lexicont-0.05-0::t::lib::Lexemes::I18N::zh module) (@INC contains: /home/cpan2/.cpan/build/Mojolicious-Command-generate-lexicont-0.05-0/t/lib /home/cpan2/.cpan/build/Mojolicious-Command-generate-lexicont-0.05-0/blib/lib /home/cpan2/.cpan/build/Mojolicious-Command-generate-lexicont-0.05-0/blib/arch /home/cpan2/.cpan/build/Mojolicious-Command-generate-lexicont-0.05-0/_build/lib /home/cpan2/install/lib/perl5/site_perl/5.25.6/x86_64-linux-thread-multi /home/cpan2/install/lib/perl5/site_perl/5.25.6 /home/cpan2/install/lib/perl5/5.25.6/x86_64-linux-thread-multi /home/cpan2/install/lib/perl5/5.25.6 .) at (eval 102) line 2.

#   Failed test 'correct chinese'
#   at t/args_3.t line 37.
Wide character in print at /home/cpan2/install/lib/perl5/site_perl/5.25.6/Test2/Formatter/TAP.pm line 105.
#     Structures begin differing at:
#          $got->{key1} = Does not exist
#     $expected->{key1} = '日本'
# Looks like you failed 6 tests of 8.
t/args_3.t ......................... 
Dubious, test returned 6 (wstat 1536, 0x600)
Failed 6/8 subtests 
t/args_2.t ......................... ok
t/cannot_translate.t ............... ok

#   Failed test 'ja json key1'
#   at t/json_1.t line 30.
Wide character in print at /home/cpan2/install/lib/perl5/site_perl/5.25.6/Test2/Formatter/TAP.pm line 105.
#          got: undef
#     expected: '日本語'

#   Failed test 'ja json key2'
#   at t/json_1.t line 31.
Wide character in print at /home/cpan2/install/lib/perl5/site_perl/5.25.6/Test2/Formatter/TAP.pm line 105.
#          got: '日本語'
#     expected: '英語'

#   Failed test 'en json key1'
#   at t/json_1.t line 37.
#          got: undef
#     expected: 'Japanese'

#   Failed test 'en json key2'
#   at t/json_1.t line 38.
#          got: 'Japanese'
#     expected: 'English'
# Looks like you failed 4 tests of 6.
t/json_1.t ......................... 
Dubious, test returned 4 (wstat 1024, 0x400)
Failed 4/6 subtests 
t/config_file_read_error.t ......... ok
t/json_2.t ......................... ok
t/json_3.t ......................... ok
t/lingua_translate_create_error.t .. ok

#   Failed test 'correct japanese'
#   at t/org.t line 30.
Wide character in print at /home/cpan2/install/lib/perl5/site_perl/5.25.6/Test2/Formatter/TAP.pm line 105.
#     Structures begin differing at:
#          $got->{key2} = '英語'
#     $expected->{key2} = '日本語'
# Looks like you failed 1 test of 18.
t/org.t ............................ 
Dubious, test returned 1 (wstat 256, 0x100)
Failed 1/18 subtests 
t/src_lexicon_notfound.t ........... ok

Test Summary Report
-------------------
t/args_3.t                       (Wstat: 1536 Tests: 8 Failed: 6)
  Failed tests:  3-8
  Non-zero exit status: 6
t/json_1.t                       (Wstat: 1024 Tests: 6 Failed: 4)
  Failed tests:  3-6
  Non-zero exit status: 4
t/org.t                          (Wstat: 256 Tests: 18 Failed: 1)
  Failed test:  4
  Non-zero exit status: 1
Files=11, Tests=62,  3 wallclock secs ( 0.09 usr  0.01 sys +  6.31 cusr  0.38 csys =  6.79 CPU)
Result: FAIL
Failed 3/11 test programs. 11/62 subtests failed.

------------------------------
PREREQUISITES
------------------------------

Prerequisite modules loaded:

requires:

    Module              Need     Have    
    ------------------- -------- --------
    Config::PL          0        0.02    
    Encode              0        2.86    
    Module::Load        0        0.32    
    Mojo::Base          0        0       
    perl                5.008005 5.025006

build_requires:

    Module              Need     Have    
    ------------------- -------- --------
    JSON                0        2.90    
    Mojolicious         0        7.08    
    Test::Exception     0        0.43    
    Test::More          0        1.302059
    Test::Warn          0        0.30    

configure_requires:

    Module              Need     Have    
    ------------------- -------- --------
    CPAN::Meta          0        2.150010
    CPAN::Meta::Prereqs 0        2.150010
    Module::Build       0.38     0.4220  


------------------------------
ENVIRONMENT AND OTHER CONTEXT
------------------------------

Environment variables:

    AUTOMATED_TESTING = 1
    HARNESS_OPTIONS = j3
    LANG = en_US.UTF-8
    PATH = /usr/local/bin:/usr/bin:/bin:/usr/local/games:/usr/games
    PERL5LIB = 
    PERL5OPT = 
    PERL5_CPANPLUS_IS_RUNNING = 20614
    PERL5_CPAN_IS_RUNNING = 20614
    PERL5_CPAN_IS_RUNNING_IN_RECURSION = 20451,20614
    PERLBREW_BASHRC_VERSION = 0.76
    PERLBREW_HOME = /home/dcollins/.perlbrew
    PERLBREW_ROOT = /home/dcollins/toolchain/perl5
    PERL_CR_SMOKER_CURRENT = Mojolicious-Command-generate-lexicont-0.05
    PERL_CR_SMOKER_RUNONCE = 1
    PERL_EXTUTILS_AUTOINSTALL = --defaultdeps
    PERL_MM_USE_DEFAULT = 1
    SHELL = /bin/bash
    TERM = putty

Perl special variables (and OS-specific diagnostics, for MSWin32):

    $^X = /home/cpan2/install/bin/perl
    $UID/$EUID = 1003 / 1003
    $GID = 1003 1003
    $EGID = 1003 1003

Perl module toolchain versions installed:

    Module              Have    
    ------------------- --------
    CPAN                2.14    
    CPAN::Meta          2.150010
    Cwd                 3.62    
    ExtUtils::CBuilder  0.280224
    ExtUtils::Command   7.24    
    ExtUtils::Install   2.04    
    ExtUtils::MakeMaker 7.24    
    ExtUtils::Manifest  1.70    
    ExtUtils::ParseXS   3.30    
    File::Spec          3.62    
    JSON                2.90    
    JSON::PP            2.27400 
    Module::Build       0.4220  
    Module::Signature   0.81    
    Parse::CPAN::Meta   2.150010
    Test::Harness       3.36    
    Test::More          1.302059
    YAML                1.18    
    YAML::Syck          1.29    
    version             0.9917  


--

Summary of my perl5 (revision 5 version 25 subversion 6) configuration:
  Commit id: 4eadd82f8c152034818f42956737102f674f9118
  Platform:
    osname=linux
    osvers=3.16.0-4-amd64
    archname=x86_64-linux-thread-multi
    uname='linux digitalis 3.16.0-4-amd64 #1 smp debian 3.16.36-1+deb8u1 (2016-09-03) x86_64 gnulinux '
    config_args='-Dusedevel -DDEBUGGING -Dusethreads -Dprefix=/home/cpan2/install -Uversiononly -des'
    hint=recommended
    useposix=true
    d_sigaction=define
    useithreads=define
    usemultiplicity=define
    use64bitint=define
    use64bitall=define
    uselongdouble=undef
    usemymalloc=n
    bincompat5005=undef
  Compiler:
    cc='cc'
    ccflags ='-D_REENTRANT -D_GNU_SOURCE -fwrapv -DDEBUGGING -fno-strict-aliasing -pipe -fstack-protector-strong -I/usr/local/include -D_LARGEFILE_SOURCE -D_FILE_OFFSET_BITS=64 -D_FORTIFY_SOURCE=2'
    optimize='-O2 -g'
    cppflags='-D_REENTRANT -D_GNU_SOURCE -fwrapv -DDEBUGGING -fno-strict-aliasing -pipe -fstack-protector-strong -I/usr/local/include'
    ccversion=''
    gccversion='4.9.2'
    gccosandvers=''
    intsize=4
    longsize=8
    ptrsize=8
    doublesize=8
    byteorder=12345678
    doublekind=3
    d_longlong=define
    longlongsize=8
    d_longdbl=define
    longdblsize=16
    longdblkind=3
    ivtype='long'
    ivsize=8
    nvtype='double'
    nvsize=8
    Off_t='off_t'
    lseeksize=8
    alignbytes=8
    prototype=define
  Linker and Libraries:
    ld='cc'
    ldflags =' -fstack-protector-strong -L/usr/local/lib'
    libpth=/usr/local/lib /usr/lib/gcc/x86_64-linux-gnu/4.9/include-fixed /usr/include/x86_64-linux-gnu /usr/lib /lib/x86_64-linux-gnu /lib/../lib /usr/lib/x86_64-linux-gnu /usr/lib/../lib /lib
    libs=-lpthread -lnsl -ldl -lm -lcrypt -lutil -lc
    perllibs=-lpthread -lnsl -ldl -lm -lcrypt -lutil -lc
    libc=libc-2.19.so
    so=so
    useshrplib=false
    libperl=libperl.a
    gnulibc_version='2.19'
  Dynamic Linking:
    dlsrc=dl_dlopen.xs
    dlext=so
    d_dlsymun=undef
    ccdlflags='-Wl,-E'
    cccdlflags='-fPIC'
    lddlflags='-shared -O2 -g -L/usr/local/lib -fstack-protector-strong'


Characteristics of this binary (from libperl): 
  Compile-time options:
    DEBUGGING
    HAS_TIMES
    MULTIPLICITY
    PERLIO_LAYERS
    PERL_COPY_ON_WRITE
    PERL_DONT_CREATE_GVSV
    PERL_HASH_FUNC_ONE_AT_A_TIME_HARD
    PERL_IMPLICIT_CONTEXT
    PERL_MALLOC_WRAP
    PERL_OP_PARENT
    PERL_PRESERVE_IVUV
    PERL_TRACK_MEMPOOL
    PERL_USE_DEVEL
    USE_64_BIT_ALL
    USE_64_BIT_INT
    USE_ITHREADS
    USE_LARGE_FILES
    USE_LOCALE
    USE_LOCALE_COLLATE
    USE_LOCALE_CTYPE
    USE_LOCALE_NUMERIC
    USE_LOCALE_TIME
    USE_PERLIO
    USE_PERL_ATOF
    USE_REENTRANT_API
  Built under linux
  Compiled at Oct 17 2016 18:50:03
  %ENV:
    PERL5LIB=""
    PERL5OPT=""
    PERL5_CPANPLUS_IS_RUNNING="20614"
    PERL5_CPAN_IS_RUNNING="20614"
    PERL5_CPAN_IS_RUNNING_IN_RECURSION="20451,20614"
    PERLBREW_BASHRC_VERSION="0.76"
    PERLBREW_HOME="/home/dcollins/.perlbrew"
    PERLBREW_ROOT="/home/dcollins/toolchain/perl5"
    PERL_CR_SMOKER_CURRENT="Mojolicious-Command-generate-lexicont-0.05"
    PERL_CR_SMOKER_RUNONCE="1"
    PERL_EXTUTILS_AUTOINSTALL="--defaultdeps"
    PERL_MM_USE_DEFAULT="1"
  @INC:
    /home/cpan2/install/lib/perl5/site_perl/5.25.6/x86_64-linux-thread-multi
    /home/cpan2/install/lib/perl5/site_perl/5.25.6
    /home/cpan2/install/lib/perl5/5.25.6/x86_64-linux-thread-multi
    /home/cpan2/install/lib/perl5/5.25.6
    .