Report for MRS-Client-0.600100

Back
From: metabase:user:30ae4450-2aae-11df-837a-5e0a49663a4f
Subject: FAIL MRS-Client-0.600100 v5.17.10 
Date: 2013-05-01T14:25:55Z

This distribution has been tested as part of the CPAN Testers
project, supporting the Perl programming language.  See
http://wiki.cpantesters.org/ for more information or email
questions to cpan-testers-discuss@perl.org


--
Dear Martin Senger,

This is a computer-generated report for MRS-Client-0.600100
on perl 5.17.10, created by CPAN-Reporter-1.2010.

Thank you for uploading your work to CPAN.  However, there was a problem
testing your distribution.

If you think this report is invalid, please consult the CPAN Testers Wiki
for suggestions on how to avoid getting FAIL reports for missing library
or binary dependencies, unsupported operating systems, and so on:

http://wiki.cpantesters.org/wiki/CPANAuthorNotes

Sections of this report:

    * Tester comments
    * Program output
    * Prerequisites
    * Environment and other context

------------------------------
TESTER COMMENTS
------------------------------

Additional comments from tester:

this report is from an automated smoke testing program
and was not reviewed by a human for accuracy

------------------------------
PROGRAM OUTPUT
------------------------------

Output from 'C:\strawberry\c\bin\dmake.exe test':

C:\strawberry\perl\bin\perl.exe "-MExtUtils::Command::MM" "-e" "test_harness(0, 'blib\lib', 'blib\arch')" t/*.t
t/00-compile.t .......... ok
# Testing MRS::Client 0.600100, Perl v5.17.10, C:\strawberry\perl\bin\perl.exe
t/00-load.t ............. ok
# Data manipulation
t/01-data.t ............. ok
# Setting host and endpoints
t/02-endpoint.t ......... ok
# Calling MRS services

#   Failed test 'Databank name'
#   at t/03-network.t line 22.

#   Failed test 'Databank version'
#   at t/03-network.t line 23.

#   Failed test 'Databank parser'
#   at t/03-network.t line 25.

#   Failed test 'Databank URL'
#   at t/03-network.t line 26.

#   Failed test 'Databank files'
#   at t/03-network.t line 29.
Can't use an undefined value as an ARRAY reference at t/03-network.t line 30.
# Looks like you planned 30 tests but ran 8.
# Looks like you failed 5 tests of 8 run.
# Looks like your test exited with 255 just after 8.
t/03-network.t .......... 
Dubious, test returned 255 (wstat 65280, 0xff00)
Failed 27/30 subtests 
# Manipulation of hyperlinks
t/04-links.t ............ ok
t/author-critic.t ....... skipped: these tests are for testing by the author
t/author-pod-spell.t .... skipped: these tests are for testing by the author
t/release-distmeta.t .... skipped: these tests are for release candidate testing
t/release-eol.t ......... skipped: these tests are for release candidate testing
t/release-no-tabs.t ..... skipped: these tests are for release candidate testing
t/release-pod-syntax.t .. skipped: these tests are for release candidate testing

Test Summary Report
-------------------
t/03-network.t        (Wstat: 65280 Tests: 8 Failed: 5)
  Failed tests:  2-3, 5-6, 8
  Non-zero exit status: 255
  Parse errors: Bad plan.  You planned 30 tests but ran 8.
Files=12, Tests=121,  8 wallclock secs ( 0.07 usr +  0.05 sys =  0.12 CPU)
Result: FAIL
Failed 1/12 test programs. 5/121 subtests failed.
dmake.exe:  Error code 255, while making 'test_dynamic'

------------------------------
PREREQUISITES
------------------------------

Prerequisite modules loaded:

requires:

    Module                            Need Have   
    --------------------------------- ---- -------
    base                              0    2.18   
    Carp                              0    1.28   
    constant                          0    1.27   
    File::Basename                    0    2.84   
    FindBin                           0    1.51   
    Getopt::Std                       0    1.07   
    Math::BigInt                      0    1.9991 
    overload                          0    1.21   
    strict                            0    1.07   
    vars                              0    1.03   
    warnings                          0    1.17   
    XML::Compile::SOAP11              2.26 2.35   
    XML::Compile::Transport::SOAPHTTP 0    2.35   
    XML::Compile::WSDL11              0    2.35   

build_requires:

    Module                            Need Have   
    --------------------------------- ---- -------
    English                           0    1.06   
    File::Find                        0    1.23   
    File::Spec                        0    3.40   
    File::Temp                        0    0.2301 
    Test::More                        0    0.98   
    Test::Requires                    0    0.06   

configure_requires:

    Module                            Need Have   
    --------------------------------- ---- -------
    ExtUtils::MakeMaker               6.30 6.65_01


------------------------------
ENVIRONMENT AND OTHER CONTEXT
------------------------------

Environment variables:

    AUTOMATED_TESTING = 1
    COMSPEC = C:\WINDOWS\system32\cmd.exe
    NUMBER_OF_PROCESSORS = 1
    PATH = C:\Program Files\Far Manager\;C:\WINDOWS\system32;C:\WINDOWS;C:\WINDOWS\System32\Wbem;C:\strawberry\c\bin;C:\strawberry\perl\site\bin;C:\strawberry\perl\bin;C:\Git\cmd
    PERL5LIB = C:\strawberry\cpan\build\XML-Compile-SOAP-2.35-cb8QDE/blib/arch;C:\strawberry\cpan\build\XML-Compile-SOAP-2.35-cb8QDE/blib/lib
    PERL5OPT = 
    PERL5_CPANPLUS_IS_RUNNING = 1500
    PERL5_CPAN_IS_RUNNING = 1500
    PERL5_CPAN_IS_RUNNING_IN_RECURSION = 1772,1500
    PERL_CR_SMOKER_CURRENT = MRS-Client-0.600100
    PERL_EXTUTILS_AUTOINSTALL = --defaultdeps
    PERL_MM_USE_DEFAULT = 1
    PROCESSOR_IDENTIFIER = x86 Family 16 Model 5 Stepping 3, AuthenticAMD
    TEMP = C:\DOCUME~1\c\LOCALS~1\Temp
    TERM = dumb

Perl special variables (and OS-specific diagnostics, for MSWin32):

    $^X = C:\strawberry\perl\bin\perl.exe
    $UID/$EUID = 0 / 0
    $GID = 0
    $EGID = 0
    Win32::GetOSName = WinXP/.Net
    Win32::GetOSVersion = Service Pack 3, 5, 1, 2600, 2, 3, 0, 256, 1
    Win32::FsType = NTFS
    Win32::IsAdminUser = 1

Perl module toolchain versions installed:

    Module              Have    
    ------------------- --------
    CPAN                2.00    
    CPAN::Meta          2.130880
    Cwd                 3.40    
    ExtUtils::CBuilder  0.280209
    ExtUtils::Command   1.17    
    ExtUtils::Install   1.59    
    ExtUtils::MakeMaker 6.65_01 
    ExtUtils::Manifest  1.63    
    ExtUtils::ParseXS   3.18    
    File::Spec          3.40    
    JSON                2.53    
    JSON::PP            2.27202 
    Module::Build       0.4004  
    Module::Signature   n/a     
    Parse::CPAN::Meta   1.4404  
    Test::Harness       3.26    
    Test::More          0.98    
    YAML                0.84    
    YAML::Syck          1.25    
    version             0.9902  


--

Summary of my perl5 (revision 5 version 17 subversion 10) configuration:
   
  Platform:
    osname=MSWin32, osvers=4.0, archname=MSWin32-x86-multi-thread-64int
    uname='Win32 strawberry-perl 5.18.0.1-beta1 #1 Mon Apr  1 23:03:07 2013 i386'
    config_args='undef'
    hint=recommended, useposix=true, d_sigaction=undef
    useithreads=define, usemultiplicity=define
    useperlio=define, d_sfio=undef, uselargefiles=define, usesocks=undef
    use64bitint=define, use64bitall=undef, uselongdouble=undef
    usemymalloc=n, bincompat5005=undef
  Compiler:
    cc='gcc', ccflags =' -s -O2 -DWIN32  -DPERL_TEXTMODE_SCRIPTS -DPERL_IMPLICIT_CONTEXT -DPERL_IMPLICIT_SYS -fno-strict-aliasing -mms-bitfields',
    optimize='-s -O2',
    cppflags='-DWIN32'
    ccversion='', gccversion='4.6.3', gccosandvers=''
    intsize=4, longsize=4, ptrsize=4, doublesize=8, byteorder=12345678
    d_longlong=define, longlongsize=8, d_longdbl=define, longdblsize=12
    ivtype='long long', ivsize=8, nvtype='double', nvsize=8, Off_t='long long', lseeksize=8
    alignbytes=8, prototype=define
  Linker and Libraries:
    ld='g++', ldflags ='-s -L"C:\strawberry\perl\lib\CORE" -L"C:\strawberry\c\lib"'
    libpth=C:\strawberry\c\lib C:\strawberry\c\i686-w64-mingw32\lib
    libs=-lmoldname -lkernel32 -luser32 -lgdi32 -lwinspool -lcomdlg32 -ladvapi32 -lshell32 -lole32 -loleaut32 -lnetapi32 -luuid -lws2_32 -lmpr -lwinmm -lversion -lodbc32 -lodbccp32 -lcomctl32
    perllibs=-lmoldname -lkernel32 -luser32 -lgdi32 -lwinspool -lcomdlg32 -ladvapi32 -lshell32 -lole32 -loleaut32 -lnetapi32 -luuid -lws2_32 -lmpr -lwinmm -lversion -lodbc32 -lodbccp32 -lcomctl32
    libc=, so=dll, useshrplib=true, libperl=libperl517.a
    gnulibc_version=''
  Dynamic Linking:
    dlsrc=dl_win32.xs, dlext=dll, d_dlsymun=undef, ccdlflags=' '
    cccdlflags=' ', lddlflags='-mdll -s -L"C:\strawberry\perl\lib\CORE" -L"C:\strawberry\c\lib"'


Characteristics of this binary (from libperl): 
  Compile-time options: HAS_TIMES HAVE_INTERP_INTERN MULTIPLICITY
                        PERLIO_LAYERS PERL_DONT_CREATE_GVSV
                        PERL_IMPLICIT_CONTEXT PERL_IMPLICIT_SYS
                        PERL_MALLOC_WRAP PERL_PRESERVE_IVUV PERL_SAWAMPERSAND
                        USE_64_BIT_INT USE_ITHREADS USE_LARGE_FILES
                        USE_LOCALE USE_LOCALE_COLLATE USE_LOCALE_CTYPE
                        USE_LOCALE_NUMERIC USE_PERLIO USE_PERL_ATOF
  Built under MSWin32
  Compiled at Apr  1 2013 23:13:43
  %ENV:
    PERL5LIB="C:\strawberry\cpan\build\XML-Compile-SOAP-2.35-cb8QDE/blib/arch;C:\strawberry\cpan\build\XML-Compile-SOAP-2.35-cb8QDE/blib/lib"
    PERL5_CPANPLUS_IS_RUNNING="1500"
    PERL5_CPAN_IS_RUNNING="1500"
    PERL5_CPAN_IS_RUNNING_IN_RECURSION="1772,1500"
    PERL_CR_SMOKER_CURRENT="MRS-Client-0.600100"
    PERL_EXTUTILS_AUTOINSTALL="--defaultdeps"
    PERL_MM_USE_DEFAULT="1"
  @INC:
    C:\strawberry\cpan\build\XML-Compile-SOAP-2.35-cb8QDE/blib/arch
    C:\strawberry\cpan\build\XML-Compile-SOAP-2.35-cb8QDE/blib/lib
    C:/strawberry/perl/site/lib
    C:/strawberry/perl/vendor/lib
    C:/strawberry/perl/lib
    .