Report for Data-Bind-0.30

Back
From: metabase:user:314402c4-2aae-11df-837a-5e0a49663a4f
Subject: FAIL Data-Bind-0.30 v5.18.2 GNU/Linux
Date: 2014-12-25T19:17:01Z

This distribution has been tested as part of the CPAN Testers
project, supporting the Perl programming language.  See
http://wiki.cpantesters.org/ for more information or email
questions to cpan-testers-discuss@perl.org


--
Dear Chia-liang Kao,

This is a computer-generated report for Data-Bind-0.30
on perl 5.18.2, created by CPAN-Reporter-1.2011.

Thank you for uploading your work to CPAN.  However, there was a problem
testing your distribution.

If you think this report is invalid, please consult the CPAN Testers Wiki
for suggestions on how to avoid getting FAIL reports for missing library
or binary dependencies, unsupported operating systems, and so on:

http://wiki.cpantesters.org/wiki/CPANAuthorNotes

Sections of this report:

    * Tester comments
    * Program output
    * Prerequisites
    * Environment and other context

------------------------------
TESTER COMMENTS
------------------------------

Additional comments from tester:

none provided

------------------------------
PROGRAM OUTPUT
------------------------------

Output from '/usr/bin/make test':

Running Mkbootstrap for Data::Bind ()
chmod 644 "Bind.bs"
PERL_DL_NONLAZY=1 "/bbbike/perl-5.18.2t/bin/perl" "-MExtUtils::Command::MM" "-MTest::Harness" "-e" "undef *Test::Harness::Switches; test_harness(0, 'inc', 'blib/lib', 'blib/arch')" t/*.t
t/arrays.t .......... ok
t/coderef.t ......... ok
t/compat.t .......... ok
t/highlevel.t ....... ok
t/multidimension.t .. ok
t/objects.t ......... ok
t/overload.t ........ ok
Use of uninitialized value $got in string eq at (eval in cmp_ok) t/scalars.t line 100.

#   Failed test 'bound readonly sub param was bound correctly (1)'
#   at t/scalars.t line 100.
Use of uninitialized value in concatenation (.) or string at /opt/perl-5.18.2t/lib/site_perl/5.18.2/Test/Builder.pm line 1025.
#          got: ''
#     expected: '42'
Use of uninitialized value $got in string eq at (eval in cmp_ok) t/scalars.t line 102.

#   Failed test 'bound readonly sub param was bound correctly (2)'
#   at t/scalars.t line 102.
Use of uninitialized value in concatenation (.) or string at /opt/perl-5.18.2t/lib/site_perl/5.18.2/Test/Builder.pm line 1025.
#          got: ''
#     expected: '43'
Use of uninitialized value $got in string eq at (eval in cmp_ok) t/scalars.t line 107.

#   Failed test 'bound readonly sub param remains readonly (2)'
#   at t/scalars.t line 107.
Use of uninitialized value in concatenation (.) or string at /opt/perl-5.18.2t/lib/site_perl/5.18.2/Test/Builder.pm line 1025.
#          got: ''
#     expected: '43'
Use of uninitialized value $got in string eq at (eval in cmp_ok) t/scalars.t line 123.

#   Failed test 'bound rw sub param was bound correctly (1)'
#   at t/scalars.t line 123.
Use of uninitialized value in concatenation (.) or string at /opt/perl-5.18.2t/lib/site_perl/5.18.2/Test/Builder.pm line 1025.
#          got: ''
#     expected: '42'
Use of uninitialized value $got in string eq at (eval in cmp_ok) t/scalars.t line 125.

#   Failed test 'bound rw sub param was bound correctly (2)'
#   at t/scalars.t line 125.
Use of uninitialized value in concatenation (.) or string at /opt/perl-5.18.2t/lib/site_perl/5.18.2/Test/Builder.pm line 1025.
#          got: ''
#     expected: '43'
Use of uninitialized value $got in string eq at (eval in cmp_ok) t/scalars.t line 128.

#   Failed test 'bound rw sub param remains rw (2)'
#   at t/scalars.t line 128.
Use of uninitialized value in concatenation (.) or string at /opt/perl-5.18.2t/lib/site_perl/5.18.2/Test/Builder.pm line 1025.
#          got: ''
#     expected: '23'
# Looks like you failed 6 tests of 28.
t/scalars.t ......... 
Dubious, test returned 6 (wstat 1536, 0x600)
Failed 6/28 subtests 
	(less 1 skipped subtest: 21 okay)
# Testing with positional arguments
Use of uninitialized value $got in string eq at (eval in cmp_ok) t/slurpy_param.t line 51.

#   Failed test 'Testing the value for positional'
#   at t/slurpy_param.t line 51.
Use of uninitialized value in concatenation (.) or string at /opt/perl-5.18.2t/lib/site_perl/5.18.2/Test/Builder.pm line 1025.
#          got: ''
#     expected: '1'
# Testing without positional arguments
Use of uninitialized value $got in string eq at (eval in cmp_ok) t/slurpy_param.t line 70.

#   Failed test 'Testing the value for positional'
#   at t/slurpy_param.t line 70.
Use of uninitialized value in concatenation (.) or string at /opt/perl-5.18.2t/lib/site_perl/5.18.2/Test/Builder.pm line 1025.
#          got: ''
#     expected: '20'
# Testing with named arguments (named param isn't required)
Use of uninitialized value $got in string eq at (eval in cmp_ok) t/slurpy_param.t line 125.

#   Failed test 'Testing the named argument'
#   at t/slurpy_param.t line 125.
Use of uninitialized value in concatenation (.) or string at /opt/perl-5.18.2t/lib/site_perl/5.18.2/Test/Builder.pm line 1025.
#          got: ''
#     expected: '20'
# Testing with named arguments (named param is required) (++ version)
# Testing with named arguments (named param is required) (trait version)
# Testing with slurpy scalar
Use of uninitialized value $got in string eq at (eval in cmp_ok) t/slurpy_param.t line 191.

#   Failed test 'Testing the first slurpy scalar...'
#   at t/slurpy_param.t line 191.
Use of uninitialized value in concatenation (.) or string at /opt/perl-5.18.2t/lib/site_perl/5.18.2/Test/Builder.pm line 1025.
#          got: ''
#     expected: '1'
Use of uninitialized value $got in string eq at (eval in cmp_ok) t/slurpy_param.t line 193.

#   Failed test 'Testing the second slurpy scalar...'
#   at t/slurpy_param.t line 193.
Use of uninitialized value in concatenation (.) or string at /opt/perl-5.18.2t/lib/site_perl/5.18.2/Test/Builder.pm line 1025.
#          got: ''
#     expected: '2'
# Looks like you failed 5 tests of 26.
t/slurpy_param.t .... 
Dubious, test returned 5 (wstat 1280, 0x500)
Failed 5/26 subtests 
t/sub.t ............. ok

Test Summary Report
-------------------
t/scalars.t       (Wstat: 1536 Tests: 28 Failed: 6)
  Failed tests:  17-18, 20, 22-23, 25
  Non-zero exit status: 6
t/slurpy_param.t  (Wstat: 1280 Tests: 26 Failed: 5)
  Failed tests:  2, 7, 17, 24-25
  Non-zero exit status: 5
Files=10, Tests=140,  0 wallclock secs ( 0.03 usr  0.06 sys +  0.28 cusr  0.13 csys =  0.50 CPU)
Result: FAIL
Failed 2/10 test programs. 11/140 subtests failed.
make: *** [test_dynamic] Error 255

------------------------------
PREREQUISITES
------------------------------

Prerequisite modules loaded:

requires:

    Module                Need Have
    --------------------- ---- ----
    Class::Accessor::Fast 0    0.34
    Data::Capture         0    0.27
    Devel::Caller         0.10 2.06
    Devel::LexAlias       0    0.05
    PadWalker             0    1.98
    Test::Exception       0    0.35

build_requires:

    Module                Need Have
    --------------------- ---- ----
    ExtUtils::MakeMaker   0    7.04


------------------------------
ENVIRONMENT AND OTHER CONTEXT
------------------------------

Environment variables:

    DBIC_NO_WARN_BAD_PERL = 1
    LANG = C
    PATH = /usr/local/bin:/usr/bin:/bin:/usr/local/sbin:/usr/sbin:/sbin:/home/eserte/bin/linux-gnu:/home/eserte/bin/sh:/home/eserte/bin:/usr/games:/home/eserte/devel:/home/eserte/src/srezic-misc/scripts
    PERL5LIB = /home/eserte/.cpan/build/Data-Capture-0.27-2RAKQj/blib/arch:/home/eserte/.cpan/build/Data-Capture-0.27-2RAKQj/blib/lib
    PERL5OPT = 
    PERL5_CPANPLUS_IS_RUNNING = 20523
    PERL5_CPAN_IS_RUNNING = 20523
    PERL5_CPAN_IS_RUNNING_IN_RECURSION = 4474,20523
    PERLDOC = -MPod::Perldoc::ToTextOverstrike
    PERL_BATCH = yes
    PERL_CPAN_REPORTER_CONFIG = /var/tmp/cpansmoker-1001/HFAdx_VXws_config.ini
    PERL_EXTUTILS_AUTOINSTALL = --defaultdeps
    PERL_HTML_DISPLAY_CLASS = HTML::Display::Mozilla
    SHELL = /bin/zsh
    TERM = screen
    TMPDIR = /var/tmp/cpansmoker-1001

Perl special variables (and OS-specific diagnostics, for MSWin32):

    $^X = /bbbike/perl-5.18.2t/bin/perl
    $UID/$EUID = 1001 / 1001
    $GID = 1001 109 1001
    $EGID = 1001 109 1001

Perl module toolchain versions installed:

    Module              Have    
    ------------------- --------
    CPAN                2.05    
    CPAN::Meta          2.142690
    Cwd                 3.47    
    ExtUtils::CBuilder  0.280217
    ExtUtils::Command   1.18    
    ExtUtils::Install   2.04    
    ExtUtils::MakeMaker 7.04    
    ExtUtils::Manifest  1.68    
    ExtUtils::ParseXS   3.24    
    File::Spec          3.47    
    JSON                2.90    
    JSON::PP            2.27203 
    Module::Build       0.4210  
    Module::Signature   0.73    
    Parse::CPAN::Meta   1.4414  
    Test::Harness       3.34    
    Test::More          1.001009
    YAML                1.12    
    YAML::Syck          1.29    
    version             0.9909  


--

Summary of my perl5 (revision 5 version 18 subversion 2) configuration:
   
  Platform:
    osname=linux, osvers=3.2.0-4-amd64, archname=x86_64-linux-thread-multi
    uname='linux eserte 3.2.0-4-amd64 #1 smp debian 3.2.57-3 x86_64 gnulinux '
    config_args='-ds -e -Dprefix=/opt/perl-5.18.2t -Dusethreads'
    hint=recommended, useposix=true, d_sigaction=define
    useithreads=define, usemultiplicity=define
    useperlio=define, d_sfio=undef, uselargefiles=define, usesocks=undef
    use64bitint=define, use64bitall=define, uselongdouble=undef
    usemymalloc=n, bincompat5005=undef
  Compiler:
    cc='cc', ccflags ='-D_REENTRANT -D_GNU_SOURCE -fno-strict-aliasing -pipe -fstack-protector -I/usr/local/include -D_LARGEFILE_SOURCE -D_FILE_OFFSET_BITS=64',
    optimize='-O2',
    cppflags='-D_REENTRANT -D_GNU_SOURCE -fno-strict-aliasing -pipe -fstack-protector -I/usr/local/include'
    ccversion='', gccversion='4.7.2', gccosandvers=''
    intsize=4, longsize=8, ptrsize=8, doublesize=8, byteorder=12345678
    d_longlong=define, longlongsize=8, d_longdbl=define, longdblsize=16
    ivtype='long', ivsize=8, nvtype='double', nvsize=8, Off_t='off_t', lseeksize=8
    alignbytes=8, prototype=define
  Linker and Libraries:
    ld='cc', ldflags =' -fstack-protector -L/usr/local/lib'
    libpth=/usr/local/lib /lib/x86_64-linux-gnu /lib/../lib /usr/lib/x86_64-linux-gnu /usr/lib/../lib /lib /usr/lib
    libs=-lnsl -ldb -ldl -lm -lcrypt -lutil -lpthread -lc
    perllibs=-lnsl -ldl -lm -lcrypt -lutil -lpthread -lc
    libc=, so=so, useshrplib=false, libperl=libperl.a
    gnulibc_version='2.13'
  Dynamic Linking:
    dlsrc=dl_dlopen.xs, dlext=so, d_dlsymun=undef, ccdlflags='-Wl,-E'
    cccdlflags='-fPIC', lddlflags='-shared -O2 -L/usr/local/lib -fstack-protector'


Characteristics of this binary (from libperl): 
  Compile-time options: HAS_TIMES MULTIPLICITY PERLIO_LAYERS
                        PERL_DONT_CREATE_GVSV
                        PERL_HASH_FUNC_ONE_AT_A_TIME_HARD
                        PERL_IMPLICIT_CONTEXT PERL_MALLOC_WRAP
                        PERL_PRESERVE_IVUV PERL_SAWAMPERSAND USE_64_BIT_ALL
                        USE_64_BIT_INT USE_ITHREADS USE_LARGE_FILES
                        USE_LOCALE USE_LOCALE_COLLATE USE_LOCALE_CTYPE
                        USE_LOCALE_NUMERIC USE_PERLIO USE_PERL_ATOF
                        USE_REENTRANT_API
  Built under linux
  Compiled at May 14 2014 07:16:29
  %ENV:
    PERL5LIB="/home/eserte/.cpan/build/Data-Capture-0.27-2RAKQj/blib/arch:/home/eserte/.cpan/build/Data-Capture-0.27-2RAKQj/blib/lib"
    PERL5OPT=""
    PERL5_CPANPLUS_IS_RUNNING="20523"
    PERL5_CPAN_IS_RUNNING="20523"
    PERL5_CPAN_IS_RUNNING_IN_RECURSION="4474,20523"
    PERLDOC="-MPod::Perldoc::ToTextOverstrike"
    PERL_BATCH="yes"
    PERL_CPAN_REPORTER_CONFIG="/var/tmp/cpansmoker-1001/HFAdx_VXws_config.ini"
    PERL_EXTUTILS_AUTOINSTALL="--defaultdeps"
    PERL_HTML_DISPLAY_CLASS="HTML::Display::Mozilla"
  @INC:
    /home/eserte/.cpan/build/Data-Capture-0.27-2RAKQj/blib/arch
    /home/eserte/.cpan/build/Data-Capture-0.27-2RAKQj/blib/lib
    /opt/perl-5.18.2t/lib/site_perl/5.18.2/x86_64-linux-thread-multi
    /opt/perl-5.18.2t/lib/site_perl/5.18.2
    /opt/perl-5.18.2t/lib/5.18.2/x86_64-linux-thread-multi
    /opt/perl-5.18.2t/lib/5.18.2
    .