Report for WebService-Validator-CSS-W3C-0.3

Back
From: metabase:user:53d45972-b0e5-11e2-8bbd-44568568875b
Subject: FAIL WebService-Validator-CSS-W3C-0.3 v5.16.3 OpenBSD
Date: 2013-05-07T23:26:54Z

This distribution has been tested as part of the CPAN Testers
project, supporting the Perl programming language.  See
http://wiki.cpantesters.org/ for more information or email
questions to cpan-testers-discuss@perl.org


--
Dear Bjoern Hoehrmann,

This is a computer-generated report for WebService-Validator-CSS-W3C-0.3
on perl 5.16.3, created by CPAN-Reporter-1.2010.

Thank you for uploading your work to CPAN.  However, there was a problem
testing your distribution.

If you think this report is invalid, please consult the CPAN Testers Wiki
for suggestions on how to avoid getting FAIL reports for missing library
or binary dependencies, unsupported operating systems, and so on:

http://wiki.cpantesters.org/wiki/CPANAuthorNotes

Sections of this report:

    * Tester comments
    * Program output
    * Prerequisites
    * Environment and other context

------------------------------
TESTER COMMENTS
------------------------------

Additional comments from tester:

this report is from an automated smoke testing program
and was not reviewed by a human for accuracy

------------------------------
PROGRAM OUTPUT
------------------------------

Output from '/usr/bin/make test':

PERL_DL_NONLAZY=1 /home/peter/perl5/perlbrew/perls/perl-5.16.3/bin/perl "-MExtUtils::Command::MM" "-e" "test_harness(0, 'blib/lib', 'blib/arch')" t/*.t
t/98podsyn.t ...................... ok
t/99podcov.t ...................... ok
Incorrect parameter at /home/peter/.cpan/build/SOAP-Lite-0.715-odg2aQ/blib/lib/SOAP/Lite.pm line 1993.
t/WebService-Validator-CSS-W3C.t .. 
Dubious, test returned 2 (wstat 512, 0x200)
Failed 1/3 subtests 

Test Summary Report
-------------------
t/WebService-Validator-CSS-W3C.t (Wstat: 512 Tests: 2 Failed: 0)
  Non-zero exit status: 2
  Parse errors: Bad plan.  You planned 3 tests but ran 2.
Files=3, Tests=4,  1 wallclock secs ( 0.01 usr  0.05 sys +  0.25 cusr  0.10 csys =  0.41 CPU)
Result: FAIL
Failed 1/3 test programs. 0/4 subtests failed.
*** Error code 2

Stop in /home/peter/.cpan/build/WebService-Validator-CSS-W3C-0.3-wVvzhJ (line 841 of Makefile).

------------------------------
PREREQUISITES
------------------------------

Prerequisite modules loaded:

requires:

    Module              Need Have   
    ------------------- ---- -------
    Carp                0    1.26   
    Class::Accessor     0    0.34   
    LWP::UserAgent      0    6.05   
    SOAP::Lite          0.65 0.715  
    URI                 0    1.60   
    URI::QueryParam     0    0      

build_requires:

    Module              Need Have   
    ------------------- ---- -------
    ExtUtils::MakeMaker 0    6.63_02

configure_requires:

    Module              Need Have   
    ------------------- ---- -------
    ExtUtils::MakeMaker 0    6.63_02


------------------------------
ENVIRONMENT AND OTHER CONTEXT
------------------------------

Environment variables:

    AUTOMATED_TESTING = 1
    PATH = /home/peter/perl5/perlbrew/bin:/home/peter/perl5/perlbrew/perls/perl-5.16.3/bin:/usr/bin:/bin:/usr/sbin:/sbin:/usr/X11R6/bin:/usr/local/bin:/usr/local/sbin
    PERL5LIB = /home/peter/.cpan/build/SOAP-Lite-0.715-odg2aQ/blib/arch:/home/peter/.cpan/build/SOAP-Lite-0.715-odg2aQ/blib/lib
    PERL5OPT = 
    PERL5_CPANPLUS_IS_RUNNING = 19556
    PERL5_CPAN_IS_RUNNING = 19556
    PERL5_CPAN_IS_RUNNING_IN_RECURSION = 10040,19556
    PERLBREW_BASHRC_VERSION = 0.61
    PERLBREW_HOME = /home/peter/.perlbrew
    PERLBREW_MANPATH = /home/peter/perl5/perlbrew/perls/perl-5.16.3/man
    PERLBREW_PATH = /home/peter/perl5/perlbrew/bin:/home/peter/perl5/perlbrew/perls/perl-5.16.3/bin
    PERLBREW_PERL = perl-5.16.3
    PERLBREW_ROOT = /home/peter/perl5/perlbrew
    PERLBREW_VERSION = 0.61
    PERL_CR_SMOKER_CURRENT = WebService-Validator-CSS-W3C-0.3
    PERL_EXTUTILS_AUTOINSTALL = --defaultdeps
    PERL_MM_USE_DEFAULT = 1
    SHELL = /usr/local/bin/bash
    TERM = screen

Perl special variables (and OS-specific diagnostics, for MSWin32):

    $^X = /home/peter/perl5/perlbrew/perls/perl-5.16.3/bin/perl
    $UID/$EUID = 1000 / 1000
    $GID = 1000 1000 0
    $EGID = 1000 1000 0

Perl module toolchain versions installed:

    Module              Have    
    ------------------- --------
    CPAN                2.00    
    CPAN::Meta          2.130880
    Cwd                 3.40    
    ExtUtils::CBuilder  0.280206
    ExtUtils::Command   1.17    
    ExtUtils::Install   1.58    
    ExtUtils::MakeMaker 6.63_02 
    ExtUtils::Manifest  1.61    
    ExtUtils::ParseXS   3.16    
    File::Spec          3.40    
    JSON                2.57    
    JSON::PP            2.27200 
    Module::Build       0.4005  
    Module::Signature   n/a     
    Parse::CPAN::Meta   1.4404  
    Test::Harness       3.23    
    Test::More          0.98    
    YAML                n/a     
    YAML::Syck          n/a     
    version             0.99    


--

Summary of my perl5 (revision 5 version 16 subversion 3) configuration:
   
  Platform:
    osname=openbsd, osvers=5.2, archname=OpenBSD.amd64-openbsd
    uname='openbsd orion.wp.comcast.net 5.2 generic.mp#368 amd64 '
    config_args='-de -Dprefix=/home/peter/perl5/perlbrew/perls/perl-5.16.3 -Aeval:scriptdir=/home/peter/perl5/perlbrew/perls/perl-5.16.3/bin'
    hint=recommended, useposix=true, d_sigaction=define
    useithreads=undef, usemultiplicity=undef
    useperlio=define, d_sfio=undef, uselargefiles=define, usesocks=undef
    use64bitint=define, use64bitall=define, uselongdouble=undef
    usemymalloc=y, bincompat5005=undef
  Compiler:
    cc='cc', ccflags ='-fno-strict-aliasing -pipe -fstack-protector -I/usr/local/include',
    optimize='-O2',
    cppflags='-fno-strict-aliasing -pipe -fstack-protector -I/usr/local/include'
    ccversion='', gccversion='4.2.1 20070719 ', gccosandvers='openbsd5.2'
    intsize=4, longsize=8, ptrsize=8, doublesize=8, byteorder=12345678
    d_longlong=define, longlongsize=8, d_longdbl=define, longdblsize=16
    ivtype='long', ivsize=8, nvtype='double', nvsize=8, Off_t='off_t', lseeksize=8
    alignbytes=8, prototype=define
  Linker and Libraries:
    ld='cc', ldflags ='-Wl,-E  -fstack-protector -L/usr/local/lib'
    libpth=/usr/local/lib /usr/lib
    libs=-lgdbm -lm -lutil -lc
    perllibs=-lm -lutil -lc
    libc=/usr/lib/libc.so.65.0, so=so, useshrplib=false, libperl=libperl.a
    gnulibc_version=''
  Dynamic Linking:
    dlsrc=dl_dlopen.xs, dlext=so, d_dlsymun=undef, ccdlflags=' '
    cccdlflags='-DPIC -fPIC ', lddlflags='-shared -fPIC  -L/usr/local/lib -fstack-protector'


Characteristics of this binary (from libperl): 
  Compile-time options: HAS_TIMES MYMALLOC PERLIO_LAYERS
                        PERL_DONT_CREATE_GVSV PERL_MALLOC_WRAP
                        PERL_PRESERVE_IVUV USE_64_BIT_ALL USE_64_BIT_INT
                        USE_LARGE_FILES USE_LOCALE USE_LOCALE_COLLATE
                        USE_LOCALE_CTYPE USE_LOCALE_NUMERIC USE_PERLIO
                        USE_PERL_ATOF
  Built under openbsd
  Compiled at Mar 28 2013 22:51:35
  %ENV:
    PERL5LIB="/home/peter/.cpan/build/SOAP-Lite-0.715-odg2aQ/blib/arch:/home/peter/.cpan/build/SOAP-Lite-0.715-odg2aQ/blib/lib"
    PERL5OPT=""
    PERL5_CPANPLUS_IS_RUNNING="19556"
    PERL5_CPAN_IS_RUNNING="19556"
    PERL5_CPAN_IS_RUNNING_IN_RECURSION="10040,19556"
    PERLBREW_BASHRC_VERSION="0.61"
    PERLBREW_HOME="/home/peter/.perlbrew"
    PERLBREW_MANPATH="/home/peter/perl5/perlbrew/perls/perl-5.16.3/man"
    PERLBREW_PATH="/home/peter/perl5/perlbrew/bin:/home/peter/perl5/perlbrew/perls/perl-5.16.3/bin"
    PERLBREW_PERL="perl-5.16.3"
    PERLBREW_ROOT="/home/peter/perl5/perlbrew"
    PERLBREW_VERSION="0.61"
    PERL_CR_SMOKER_CURRENT="WebService-Validator-CSS-W3C-0.3"
    PERL_EXTUTILS_AUTOINSTALL="--defaultdeps"
    PERL_MM_USE_DEFAULT="1"
  @INC:
    /home/peter/.cpan/build/SOAP-Lite-0.715-odg2aQ/blib/arch
    /home/peter/.cpan/build/SOAP-Lite-0.715-odg2aQ/blib/lib
    /home/peter/perl5/perlbrew/perls/perl-5.16.3/lib/site_perl/5.16.3/OpenBSD.amd64-openbsd
    /home/peter/perl5/perlbrew/perls/perl-5.16.3/lib/site_perl/5.16.3
    /home/peter/perl5/perlbrew/perls/perl-5.16.3/lib/5.16.3/OpenBSD.amd64-openbsd
    /home/peter/perl5/perlbrew/perls/perl-5.16.3/lib/5.16.3
    .