Report for Test-HTML-Differences-0.03

Back
From: metabase:user:320bfe00-2aae-11df-837a-5e0a49663a4f
Subject: FAIL Test-HTML-Differences-0.03 v5.21.10 GNU/Linux
Date: 2015-02-23T07:28:46Z

This distribution has been tested as part of the CPAN Testers
project, supporting the Perl programming language.  See
http://wiki.cpantesters.org/ for more information or email
questions to cpan-testers-discuss@perl.org


--
Dear cho45 (SATOH),

This is a computer-generated report for Test-HTML-Differences-0.03
on perl 5.21.10, created by CPAN-Reporter-1.2011.

Thank you for uploading your work to CPAN.  However, there was a problem
testing your distribution.

If you think this report is invalid, please consult the CPAN Testers Wiki
for suggestions on how to avoid getting FAIL reports for missing library
or binary dependencies, unsupported operating systems, and so on:

http://wiki.cpantesters.org/wiki/CPANAuthorNotes

Sections of this report:

    * Tester comments
    * Program output
    * Prerequisites
    * Environment and other context

------------------------------
TESTER COMMENTS
------------------------------

Additional comments from tester:

this report is from an automated smoke testing program
and was not reviewed by a human for accuracy

------------------------------
PROGRAM OUTPUT
------------------------------

Output from '/usr/bin/make test':

PERL_DL_NONLAZY=1 "/tmp/basesmoker-reloperl-Qgc6/bin/perl" "-MExtUtils::Command::MM" "-MTest::Harness" "-e" "undef *Test::Harness::Switches; test_harness(0, 'inc', 'blib/lib', 'blib/arch')" t/*.t
Possible precedence issue with control flow operator at /tmp/loop_over_bdir-5403-5SB5Ib/Test-HTML-Differences-0.03-Wi3tmM/inc/Test/Builder.pm line 915.
t/00_compile.t ......... ok
Possible precedence issue with control flow operator at /tmp/loop_over_bdir-5403-5SB5Ib/Test-HTML-Differences-0.03-Wi3tmM/inc/Test/Builder.pm line 915.
Redundant argument in sprintf at /tmp/loop_over_bdir-5403-5SB5Ib/Test-HTML-Differences-0.03-Wi3tmM/inc/Spiffy.pm line 225.
Redundant argument in sprintf at /tmp/loop_over_bdir-5403-5SB5Ib/Test-HTML-Differences-0.03-Wi3tmM/inc/Spiffy.pm line 225.
Redundant argument in sprintf at /tmp/loop_over_bdir-5403-5SB5Ib/Test-HTML-Differences-0.03-Wi3tmM/inc/Spiffy.pm line 225.
Redundant argument in sprintf at /tmp/loop_over_bdir-5403-5SB5Ib/Test-HTML-Differences-0.03-Wi3tmM/inc/Spiffy.pm line 225.
t/01_normalize_html.t .. ok
Possible precedence issue with control flow operator at /tmp/loop_over_bdir-5403-5SB5Ib/Test-HTML-Differences-0.03-Wi3tmM/inc/Test/Builder.pm line 915.
Redundant argument in sprintf at /tmp/loop_over_bdir-5403-5SB5Ib/Test-HTML-Differences-0.03-Wi3tmM/inc/Spiffy.pm line 225.
Redundant argument in sprintf at /tmp/loop_over_bdir-5403-5SB5Ib/Test-HTML-Differences-0.03-Wi3tmM/inc/Spiffy.pm line 225.
Redundant argument in sprintf at /tmp/loop_over_bdir-5403-5SB5Ib/Test-HTML-Differences-0.03-Wi3tmM/inc/Spiffy.pm line 225.
Redundant argument in sprintf at /tmp/loop_over_bdir-5403-5SB5Ib/Test-HTML-Differences-0.03-Wi3tmM/inc/Spiffy.pm line 225.
t/02_test-colored.t .... ok
Possible precedence issue with control flow operator at /tmp/loop_over_bdir-5403-5SB5Ib/Test-HTML-Differences-0.03-Wi3tmM/inc/Test/Builder.pm line 915.
Redundant argument in sprintf at /tmp/loop_over_bdir-5403-5SB5Ib/Test-HTML-Differences-0.03-Wi3tmM/inc/Spiffy.pm line 225.
Redundant argument in sprintf at /tmp/loop_over_bdir-5403-5SB5Ib/Test-HTML-Differences-0.03-Wi3tmM/inc/Spiffy.pm line 225.
Redundant argument in sprintf at /tmp/loop_over_bdir-5403-5SB5Ib/Test-HTML-Differences-0.03-Wi3tmM/inc/Spiffy.pm line 225.
Redundant argument in sprintf at /tmp/loop_over_bdir-5403-5SB5Ib/Test-HTML-Differences-0.03-Wi3tmM/inc/Spiffy.pm line 225.
t/02_test.t ............ ok
Possible precedence issue with control flow operator at /tmp/loop_over_bdir-5403-5SB5Ib/Test-HTML-Differences-0.03-Wi3tmM/inc/Test/Builder.pm line 915.
Redundant argument in sprintf at /tmp/loop_over_bdir-5403-5SB5Ib/Test-HTML-Differences-0.03-Wi3tmM/inc/Spiffy.pm line 225.
Redundant argument in sprintf at /tmp/loop_over_bdir-5403-5SB5Ib/Test-HTML-Differences-0.03-Wi3tmM/inc/Spiffy.pm line 225.
Redundant argument in sprintf at /tmp/loop_over_bdir-5403-5SB5Ib/Test-HTML-Differences-0.03-Wi3tmM/inc/Spiffy.pm line 225.
Redundant argument in sprintf at /tmp/loop_over_bdir-5403-5SB5Ib/Test-HTML-Differences-0.03-Wi3tmM/inc/Spiffy.pm line 225.

#   Failed test at t/03_output.t line 60.
# +---+------------------------------------------------------------------+---+------------------------------------------------------------------+
# | Ln|Got                                                               | Ln|Expected                                                          |
# +---+------------------------------------------------------------------+---+------------------------------------------------------------------+
# |  1|'#   Failed test at t/03_output.t line 47.                        |  1|'#   Failed test at t/03_output.t line 47.                        |
# |  2|# +----+-----------------------+----+-------------------------+   |  2|# +----+-----------------------+----+-------------------------+   |
# |  3|# | Elt|Got                    | Elt|Expected                 |   |  3|# | Elt|Got                    | Elt|Expected                 |   |
# |  4|# +----+-----------------------+----+-------------------------+   |  4|# +----+-----------------------+----+-------------------------+   |
# *  5|# |   0|<div class="section">  |   0|<foo>                    |   *  5|# |    |                       *   0|<foo>                    *   *
# *  6|# |    |                       *   1|  <div class="section">  *   *  6|# |   0|<div class="section">  |   1|  <div class="section">  |   *
# |  7|# |   1|  foo                  |   2|    foo                  |   |  7|# |   1|  foo                  |   2|    foo                  |   |
# |  8|# |   2|  <a href="/">foo</a>  |   3|    <a href="/">foo</a>  |   |  8|# |   2|  <a href="/">foo</a>  |   3|    <a href="/">foo</a>  |   |
# |  9|# |   3|</div>                 |   4|  </div>                 |   |  9|# |   3|</div>                 |   4|  </div>                 |   |
# * 10|# *   4|                       *   5|</foo>                   *   * 10|# |    |                       *   5|</foo>                   *   *
# * 11|# |    |                       *   6|                         *   *   |                                                                  |
# * 12|# |   5|                       |   7|                         |   *   |                                                                  |
# | 13|# +----+-----------------------+----+-------------------------+'  | 11|# +----+-----------------------+----+-------------------------+'  |
# +---+------------------------------------------------------------------+---+------------------------------------------------------------------+

#   Failed test at t/03_output.t line 60.
# +---+--------------------------------------------------------------------+---+--------------------------------------------------------------------+
# | Ln|Got                                                                 | Ln|Expected                                                            |
# +---+--------------------------------------------------------------------+---+--------------------------------------------------------------------+
# |  1|'#   Failed test at t/03_output.t line 47.                          |  1|'#   Failed test at t/03_output.t line 47.                          |
# |  2|# +----+-------------------------+----+-------------------------+   |  2|# +----+-------------------------+----+-------------------------+   |
# |  3|# | Elt|Got                      | Elt|Expected                 |   |  3|# | Elt|Got                      | Elt|Expected                 |   |
# |  4|# +----+-------------------------+----+-------------------------+   |  4|# +----+-------------------------+----+-------------------------+   |
# |  5|# |   0|<div class="section">    |   0|<div class="section">    |   |  5|# |   0|<div class="section">    |   0|<div class="section">    |   |
# |  6|# |   1|  <div class="section">  |   1|  <div class="section">  |   |  6|# |   1|  <div class="section">  |   1|  <div class="section">  |   |
# |  7|# |   2|    <p>foo</p>           |   2|    <p>foo</p>           |   |  7|# |   2|    <p>foo</p>           |   2|    <p>foo</p>           |   |
# |  8|# |   3|  </div>                 |   3|  </div>                 |   |  8|# |   3|  </div>                 |   3|  </div>                 |   |
# *  9|# |   4|  <div class="section">  |   4|</div>                   |   *  9|# |    |                         *   4|</div>                   *   *
# * 10|# |    |                         *   5|<div class="section">    *   * 10|# |   4|  <div class="section">  |   5|<div class="section">    |   *
# | 11|# |   5|    <p>foo</p>           |   6|  <p>foo</p>             |   | 11|# |   5|    <p>foo</p>           |   6|  <p>foo</p>             |   |
# * 12|# |   6|  </div>                 |   7|</div>                   |   * 12|# *   6|  </div>                 *    |                         |   *
# * 13|# *   7|</div>                   *    |                         |   * 13|# |   7|</div>                   |   7|</div>                   |   *
# * 14|# |   8|                         |   8|                         |   *   |                                                                    |
# * 15|# |   9|                         |   9|                         |   *   |                                                                    |
# | 16|# +----+-------------------------+----+-------------------------+'  | 14|# +----+-------------------------+----+-------------------------+'  |
# +---+--------------------------------------------------------------------+---+--------------------------------------------------------------------+
# Looks like you failed 2 tests of 2.
t/03_output.t .......... 
Dubious, test returned 2 (wstat 512, 0x200)
Failed 2/2 subtests 

Test Summary Report
-------------------
t/03_output.t        (Wstat: 512 Tests: 2 Failed: 2)
  Failed tests:  1-2
  Non-zero exit status: 2
Files=5, Tests=21,  0 wallclock secs ( 0.02 usr  0.01 sys +  0.28 cusr  0.02 csys =  0.33 CPU)
Result: FAIL
Failed 1/5 test programs. 2/21 subtests failed.
Makefile:773: recipe for target 'test_dynamic' failed
make: *** [test_dynamic] Error 2

------------------------------
PREREQUISITES
------------------------------

Prerequisite modules loaded:

requires:

    Module                   Need Have 
    ------------------------ ---- -----
    Filter::Util::Call       0    1.54 
    HTML::Entities           0    3.69 
    HTML::Parser             0    3.71 
    parent                   0    0.228
    Test::Differences        0.5  0.63 
    Test::Differences::Color 0    0.06 
    Text::Diff               0    1.41 
    Text::Diff::Table        0    1.41 

build_requires:

    Module                   Need Have 
    ------------------------ ---- -----
    ExtUtils::MakeMaker      6.42 7.04 
    Test::Base               0    0.88 

configure_requires:

    Module                   Need Have 
    ------------------------ ---- -----
    ExtUtils::MakeMaker      6.42 7.04 


------------------------------
ENVIRONMENT AND OTHER CONTEXT
------------------------------

Environment variables:

    AUTOMATED_TESTING = 1
    LANG = en_US.UTF-8
    LANGUAGE = en_US:en
    PATH = /home/sand/bin:/usr/local/bin:/usr/bin:/bin:/usr/games:/usr/local/perl/bin:/usr/X11/bin:/sbin:/usr/sbin
    PERL5LIB = 
    PERL5OPT = 
    PERL5_CPANPLUS_IS_RUNNING = 5420
    PERL5_CPAN_IS_RUNNING = 5420
    PERL_MM_USE_DEFAULT = 1
    SHELL = /usr/bin/zsh
    TERM = screen

Perl special variables (and OS-specific diagnostics, for MSWin32):

    $^X = /tmp/basesmoker-reloperl-Qgc6/bin/perl
    $UID/$EUID = 1005 / 1005
    $GID = 1005 1005
    $EGID = 1005 1005

Perl module toolchain versions installed:

    Module              Have        
    ------------------- ------------
    CPAN                2.09        
    CPAN::Meta          2.143240    
    Cwd                 3.54        
    ExtUtils::CBuilder  0.280221    
    ExtUtils::Command   1.20        
    ExtUtils::Install   2.04        
    ExtUtils::MakeMaker 7.04        
    ExtUtils::Manifest  1.70        
    ExtUtils::ParseXS   3.27        
    File::Spec          3.53        
    JSON                2.90        
    JSON::PP            2.27300     
    Module::Build       0.4211      
    Module::Signature   0.73        
    Parse::CPAN::Meta   1.4414      
    Test::Harness       3.35        
    Test::More          1.301001_098
    YAML                1.14        
    YAML::Syck          1.29        
    version             0.9909      


--

Summary of my perl5 (revision 5 version 21 subversion 10) configuration:
  Commit id: f4460c6f7a0de152ddaed69a0ba0efe653258f81
  Platform:
    osname=linux, osvers=3.16.0-4-amd64, archname=x86_64-linux-thread-multi-ld
    uname='linux k83 3.16.0-4-amd64 #1 smp debian 3.16.7-ckt2-1 (2014-12-08) x86_64 gnulinux '
    config_args='-Dprefix=/home/sand/src/perl/repoperls/installed-perls/perl/v5.21.9-24-gf4460c6/a2da -Dmyhostname=k83 -Dinstallusrbinperl=n -Uversiononly -Dusedevel -des -Ui_db -Duseithreads -Duselongdouble -DDEBUGGING=-g'
    hint=recommended, useposix=true, d_sigaction=define
    useithreads=define, usemultiplicity=define
    use64bitint=define, use64bitall=define, uselongdouble=define
    usemymalloc=n, bincompat5005=undef
  Compiler:
    cc='cc', ccflags ='-D_REENTRANT -D_GNU_SOURCE -fwrapv -fno-strict-aliasing -pipe -fstack-protector-strong -I/usr/local/include -D_LARGEFILE_SOURCE -D_FILE_OFFSET_BITS=64 -D_FORTIFY_SOURCE=2',
    optimize='-O2 -g',
    cppflags='-D_REENTRANT -D_GNU_SOURCE -fwrapv -fno-strict-aliasing -pipe -fstack-protector-strong -I/usr/local/include'
    ccversion='', gccversion='4.9.2', gccosandvers=''
    intsize=4, longsize=8, ptrsize=8, doublesize=8, byteorder=12345678, doublekind=3
    d_longlong=define, longlongsize=8, d_longdbl=define, longdblsize=16, longdblkind=3
    ivtype='long', ivsize=8, nvtype='long double', nvsize=16, Off_t='off_t', lseeksize=8
    alignbytes=16, prototype=define
  Linker and Libraries:
    ld='cc', ldflags =' -fstack-protector-strong -L/usr/local/lib'
    libpth=/usr/local/lib /usr/lib/gcc/x86_64-linux-gnu/4.9/include-fixed /usr/include/x86_64-linux-gnu /usr/lib /lib/x86_64-linux-gnu /lib/../lib /usr/lib/x86_64-linux-gnu /usr/lib/../lib /lib
    libs=-lpthread -lnsl -lgdbm -ldb -ldl -lm -lcrypt -lutil -lc -lgdbm_compat
    perllibs=-lpthread -lnsl -ldl -lm -lcrypt -lutil -lc
    libc=libc-2.19.so, so=so, useshrplib=false, libperl=libperl.a
    gnulibc_version='2.19'
  Dynamic Linking:
    dlsrc=dl_dlopen.xs, dlext=so, d_dlsymun=undef, ccdlflags='-Wl,-E'
    cccdlflags='-fPIC', lddlflags='-shared -O2 -g -L/usr/local/lib -fstack-protector-strong'


Characteristics of this binary (from libperl): 
  Compile-time options: HAS_TIMES MULTIPLICITY PERLIO_LAYERS
                        PERL_DONT_CREATE_GVSV
                        PERL_HASH_FUNC_ONE_AT_A_TIME_HARD
                        PERL_IMPLICIT_CONTEXT PERL_MALLOC_WRAP
                        PERL_NEW_COPY_ON_WRITE PERL_PRESERVE_IVUV
                        PERL_USE_DEVEL USE_64_BIT_ALL USE_64_BIT_INT
                        USE_ITHREADS USE_LARGE_FILES USE_LOCALE
                        USE_LOCALE_COLLATE USE_LOCALE_CTYPE
                        USE_LOCALE_NUMERIC USE_LOCALE_TIME USE_LONG_DOUBLE
                        USE_PERLIO USE_PERL_ATOF USE_REENTRANT_API
  Built under linux
  Compiled at Feb 23 2015 02:24:21
  %ENV:
    PERL5LIB=""
    PERL5OPT=""
    PERL5_CPANPLUS_IS_RUNNING="5420"
    PERL5_CPAN_IS_RUNNING="5420"
    PERL_MM_USE_DEFAULT="1"
  @INC:
    /home/sand/src/perl/repoperls/installed-perls/perl/v5.21.9-24-gf4460c6/a2da/lib/site_perl/5.21.10/x86_64-linux-thread-multi-ld
    /home/sand/src/perl/repoperls/installed-perls/perl/v5.21.9-24-gf4460c6/a2da/lib/site_perl/5.21.10
    /home/sand/src/perl/repoperls/installed-perls/perl/v5.21.9-24-gf4460c6/a2da/lib/5.21.10/x86_64-linux-thread-multi-ld
    /home/sand/src/perl/repoperls/installed-perls/perl/v5.21.9-24-gf4460c6/a2da/lib/5.21.10
    .