Pinto v0.14 Perl 5 v5.29.8 darwin-2level
- Status
- Fail
- From
- Carlos Guevara
- Dist
-
Pinto v0.14
- Platform
- Perl 5 v5.29.8 darwin-2level
- Date
- 2019-01-26 22:56:24
- ID
- 9b094c9a-21bd-11e9-a149-b742683264fb
This distribution has been tested as part of the CPAN Testers
project, supporting the Perl programming language. See
http://wiki.cpantesters.org/ for more information or email
questions to cpan-testers-discuss@perl.org
--
Dear Jeffrey Ryan Thalhammer,
This is a computer-generated report for Pinto-0.14
on perl 5.29.8, created by CPAN-Reporter-1.2018.
Thank you for uploading your work to CPAN. However, there was a problem
testing your distribution.
If you think this report is invalid, please consult the CPAN Testers Wiki
for suggestions on how to avoid getting FAIL reports for missing library
or binary dependencies, unsupported operating systems, and so on:
http://wiki.cpantesters.org/wiki/CPANAuthorNotes
Sections of this report:
* Tester comments
* Program output
* Prerequisites
* Environment and other context
------------------------------
TESTER COMMENTS
------------------------------
Additional comments from tester:
none provided
------------------------------
PROGRAM OUTPUT
------------------------------
Output from '/usr/bin/make test':
PERL_DL_NONLAZY=1 "/Users/cpan/bin/perl-blead/bin/perl5.29.8" "-MExtUtils::Command::MM" "-MTest::Harness" "-e" "undef *Test::Harness::Switches; test_harness(0, 'blib/lib', 'blib/arch')" t/*.t t/01-common/*.t t/02-bowels/*.t t/03-remote/*.t t/04-server/*.t
t/00-compile.t ........................ ok
#
# Versions for all modules listed in MYMETA.json (including optional ones):
#
# === Configure Requires ===
#
# Module Want Have
# ------------------- ---- ----
# ExtUtils::MakeMaker 6.64 7.34
#
# === Configure Suggests ===
#
# Module Want Have
# -------- ------- -------
# JSON::PP 2.27300 2.97001
#
# === Build Requires ===
#
# Module Want Have
# ------------------- ---- ----
# ExtUtils::MakeMaker any 7.34
#
# === Test Requires ===
#
# Module Want Have
# --------------------- ----- --------
# Apache::Htpasswd any 1.9
# Capture::Tiny any 0.48
# ExtUtils::MakeMaker any 7.34
# File::Spec any 3.77
# File::Temp any 0.2309
# FindBin any 1.51
# HTTP::Body any 1.22
# HTTP::Response any 6.18
# HTTP::Server::PSGI any undef
# IO::Handle any 1.39
# IPC::Open3 any 1.20
# Module::Faker::Dist 0.014 0.020
# Plack::Test any undef
# Test::Builder::Module any 1.302160
# Test::Exception any 0.43
# Test::File any 1.443
# Test::LWP::UserAgent 0.018 0.033
# Test::More 0.96 1.302160
# Test::TCP any 2.19
# blib 1.01 1.07
# lib any 0.65
#
# === Test Recommends ===
#
# Module Want Have
# ---------- -------- --------
# CPAN::Meta 2.120900 2.150010
#
# === Runtime Requires ===
#
# Module Want Have
# ------------------------------- ---------- ----------
# App::Cmd 0.323 0.331
# App::Cmd::Command::help any 0.331
# App::Cmd::Setup any 0.331
# Archive::Extract 0.68 0.80
# Archive::Tar any 2.32
# Authen::Simple::Passwd any 0.6
# CPAN::Checksums any 2.12
# CPAN::DistnameInfo any 0.12
# CPAN::Meta any 2.150010
# CPAN::Meta::Requirements any 2.140
# Carp any 1.50
# Class::Load any 0.25
# Cwd any 3.77
# Cwd::Guard any 0.05
# DBD::SQLite 1.33 1.62
# DBIx::Class 0.08200 0.082841
# DBIx::Class::Core any undef
# DBIx::Class::ResultSet any undef
# DBIx::Class::Schema any undef
# DateTime any 1.50
# DateTime::TimeZone any 2.23
# DateTime::TimeZone::Local::Unix any 2.23
# DateTime::TimeZone::OffsetOnly any 2.23
# Devel::StackTrace any 2.03
# Digest::MD5 any 2.55
# Digest::SHA any 6.02
# Dist::Metadata 0.926 0.927
# Encode any 2.99
# Exporter any 5.73
# File::Copy any 2.34
# File::Find any 1.36
# File::HomeDir any 1.004
# File::NFSLock any 1.29
# File::Spec any 3.77
# File::Temp any 0.2309
# File::Which any 1.23
# Getopt::Long any 2.5
# HTTP::Date any 6.02
# HTTP::Request::Common any 6.18
# HTTP::Status any 6.18
# IO::File any 1.39
# IO::Handle any 1.39
# IO::Interactive any 1.022
# IO::Pipe any 1.39
# IO::Prompt any 0.997004
# IO::Select any 1.39
# IO::String any 1.08
# IO::Zlib any 1.10
# JSON any 4.01
# JSON::PP 2.27103 2.97001
# LWP::UserAgent any 6.36
# List::MoreUtils any 0.428
# List::Util any 1.50
# Module::CoreList 5.20170720 5.20190220
# Module::Metadata 1.000031 1.000033
# Moose any 2.2011
# Moose::Role any 2.2011
# MooseX::Aliases any 0.11
# MooseX::ClassAttribute 0.27 0.29
# MooseX::Configuration any 0.02
# MooseX::MarkAsMethods any 0.15
# MooseX::NonMoose any 0.26
# MooseX::SetOnce any 0.200002
# MooseX::StrictConstructor any 0.21
# MooseX::Types any 0.50
# MooseX::Types::Moose any 0.50
# Path::Class any 0.37
# Path::Class::Dir any 0.37
# Path::Class::File any 0.37
# Plack 1.0028 1.0047
# Plack::MIME any undef
# Plack::Middleware::Auth::Basic any undef
# Plack::Request any 1.0047
# Plack::Response any 1.0047
# Plack::Runner any undef
# Pod::Usage any 1.69
# Proc::Fork any 0.806
# Proc::Terminator any 0.05
# Readonly any 2.05
# Router::Simple any 0.17
# Scalar::Util any 1.50
# Starman 0.3014 0.4014
# String::Format any 1.18
# Term::ANSIColor 2.02 4.06
# Throwable::Error 0.200005 0.200013
# Try::Tiny any 0.30
# URI any 1.76
# URI::Escape 3.31 3.31
# URI::file any 4.21
# UUID::Tiny any 1.04
# Variable::Magic 0.57 0.62
# base any 2.27
# overload any 1.30
# strict any 1.11
# utf8 any 1.21
# version any 0.9924
# warnings any 1.43
#
# === Other Modules ===
#
# Module Have
# ----------- --------
# DBD::SQLite 1.62
# DBIx::Class 0.082841
#
t/00-report-prereqs.t ................. ok
t/01-common/01-types.t ................ ok
t/01-common/02-target-package.t ....... ok
t/01-common/03-target-distribution.t .. ok
t/01-common/04-util.t ................. ok
t/01-common/05-pauseconfig.t .......... ok
t/02-bowels/01-config.t ............... ok
t/02-bowels/02-chrome.t ............... ok
t/02-bowels/03-package.t .............. ok
t/02-bowels/04-distribution.t ......... ok
t/02-bowels/05-compare.t .............. ok
t/02-bowels/10-init.t ................. ok
t/02-bowels/11-tester.t ............... ok
t/02-bowels/12-locator.t .............. ok
t/02-bowels/19-basic.t ................ ok
t/02-bowels/20-add.t .................. ok
t/02-bowels/21-add-no-index.t ......... ok
t/02-bowels/21-pull-vreq.t ............ ok
t/02-bowels/21-pull.t ................. ok
t/02-bowels/22-add-deep.t ............. ok
t/02-bowels/23-pull-multi.t ........... ok
t/02-bowels/24-skip-prereqs.t ......... ok
t/02-bowels/31-pin.t .................. ok
t/02-bowels/32-pin-rjbs.t ............. ok
t/02-bowels/35-delete.t ............... ok
t/02-bowels/40-list.t ................. ok
t/02-bowels/41-log.t .................. ok
t/02-bowels/42-install.t .............. ok
t/02-bowels/43-install-and-pull.t ..... ok
t/02-bowels/50-diff.t ................. ok
t/02-bowels/51-diff-more.t ............ ok
t/02-bowels/52-intermingle.t .......... ok
t/02-bowels/53-roots.t ................ ok
t/02-bowels/54-revert.t ............... ok
t/02-bowels/60-dryrun.t ............... ok
t/02-bowels/61-nofail.t ............... ok
t/02-bowels/62-commit.t ............... ok
t/02-bowels/63-prereq-circular.t ...... ok
t/02-bowels/63-prereq-core.t .......... ok
t/02-bowels/64-metadata.t ............. ok
t/02-bowels/70-stack-copy.t ........... ok
t/02-bowels/71-stack-kill.t ........... ok
t/02-bowels/72-stack-rename.t ......... ok
t/02-bowels/73-stack-lock.t ........... ok
t/02-bowels/74-stack-default.t ........ ok
t/02-bowels/75-stack-props.t .......... ok
PINTO_STALE_LOCKFILE_TIMEOUT > 0, may steal lock !!
t/02-bowels/80-repo-lock.t ............ ok
t/03-remote/01-requests.t ............. ok
t/03-remote/02-responses.t ............ ok
# You will see an error message here. Do not be alarmed.
[31mInstallation failed. See the cpanm build log for details[0m
# File [/Users/cpan/tmp/X1mAO9n4OO/lib/perl5/PkgA.pm] does not exist
# Failed test '/Users/cpan/tmp/X1mAO9n4OO/lib/perl5/PkgA.pm exists'
# at /Users/cpan/bin/perl-blead/lib/5.29.8/Test/Builder.pm line 334.
# Looks like you failed 1 test of 4.
# Failed test 'Install a dist with an unusual author id'
# at t/03-remote/03-install.t line 127.
# Looks like you failed 1 test of 7.
t/03-remote/03-install.t ..............
Dubious, test returned 1 (wstat 256, 0x100)
Failed 1/7 subtests
[31mInstallation failed. See the cpanm build log for details[0m
# You will see an error message here. Do not be alarmed.
[31mInstallation failed. See the cpanm build log for details[0m
t/03-remote/04-install-with-auth.t .... ok
t/03-remote/05-timezone.t ............. ok
t/04-server/01-functional.t ........... ok
t/04-server/02-authentication.t ....... ok
t/04-server/03-security.t ............. ok
Test Summary Report
-------------------
t/02-bowels/42-install.t (Wstat: 0 Tests: 9 Failed: 0)
TODO passed: 9
t/03-remote/03-install.t (Wstat: 256 Tests: 7 Failed: 1)
Failed test: 7
Non-zero exit status: 1
Files=56, Tests=671, 423 wallclock secs ( 0.45 usr 0.15 sys + 194.97 cusr 28.03 csys = 223.60 CPU)
Result: FAIL
Failed 1/56 test programs. 1/671 subtests failed.
make: *** [test_dynamic] Error 255
------------------------------
PREREQUISITES
------------------------------
Prerequisite modules loaded:
requires:
Module Need Have
------------------------------- ---------- ----------
App::Cmd 0.323 0.331
App::Cmd::Command::help 0 0.331
App::Cmd::Setup 0 0.331
Archive::Extract 0.68 0.80
Archive::Tar 0 2.32
Authen::Simple::Passwd 0 0.6
base 0 2.27
Carp 0 1.50
Class::Load 0 0.25
CPAN::Checksums 0 2.12
CPAN::DistnameInfo 0 0.12
CPAN::Meta 0 2.150010
CPAN::Meta::Requirements 0 2.140
Cwd 0 3.77
Cwd::Guard 0 0.05
DateTime 0 1.50
DateTime::TimeZone 0 2.23
DateTime::TimeZone::Local::Unix 0 2.23
DateTime::TimeZone::OffsetOnly 0 2.23
DBD::SQLite 1.33 1.62
DBIx::Class 0.08200 0.082841
DBIx::Class::Core 0 0
DBIx::Class::ResultSet 0 0
DBIx::Class::Schema 0 0
Devel::StackTrace 0 2.03
Digest::MD5 0 2.55
Digest::SHA 0 6.02
Dist::Metadata 0.926 0.927
Encode 0 2.99
Exporter 0 5.73
File::Copy 0 2.34
File::Find 0 1.36
File::HomeDir 0 1.004
File::NFSLock 0 1.29
File::Spec 0 3.77
File::Temp 0 0.2309
File::Which 0 1.23
Getopt::Long 0 2.5
HTTP::Date 0 6.02
HTTP::Request::Common 0 6.18
HTTP::Status 0 6.18
IO::File 0 1.39
IO::Handle 0 1.39
IO::Interactive 0 1.022
IO::Pipe 0 1.39
IO::Prompt 0 0.997004
IO::Select 0 1.39
IO::String 0 1.08
IO::Zlib 0 1.10
JSON 0 4.01
JSON::PP 2.27103 2.97001
List::MoreUtils 0 0.428
List::Util 0 1.50
LWP::UserAgent 0 6.36
Module::CoreList 5.20170720 5.20190220
Module::Metadata 1.000031 1.000033
Moose 0 2.2011
Moose::Role 0 2.2011
MooseX::Aliases 0 0.11
MooseX::ClassAttribute 0.27 0.29
MooseX::Configuration 0 0.02
MooseX::MarkAsMethods 0 0.15
MooseX::NonMoose 0 0.26
MooseX::SetOnce 0 0.200002
MooseX::StrictConstructor 0 0.21
MooseX::Types 0 0.50
MooseX::Types::Moose 0 0.50
overload 0 1.30
Path::Class 0 0.37
Path::Class::Dir 0 0.37
Path::Class::File 0 0.37
perl 5.008 5.029008
Plack 1.0028 1.0047
Plack::Middleware::Auth::Basic 0 0
Plack::MIME 0 0
Plack::Request 0 1.0047
Plack::Response 0 1.0047
Plack::Runner 0 0
Pod::Usage 0 1.69
Proc::Fork 0 0.806
Proc::Terminator 0 0.05
Readonly 0 2.05
Router::Simple 0 0.17
Scalar::Util 0 1.50
Starman 0.3014 0.4014
strict 0 1.11
String::Format 0 1.18
Term::ANSIColor 2.02 4.06
Throwable::Error 0.200005 0.200013
Try::Tiny 0 0.30
URI 0 1.76
URI::Escape 3.31 3.31
URI::file 0 4.21
utf8 0 1.21
UUID::Tiny 0 1.04
Variable::Magic 0.57 0.62
version 0 0.9924
warnings 0 1.43
build_requires:
Module Need Have
------------------------------- ---------- ----------
Apache::Htpasswd 0 1.9
blib 1.01 1.07
Capture::Tiny 0 0.48
ExtUtils::MakeMaker 0 7.34
File::Spec 0 3.77
File::Temp 0 0.2309
FindBin 0 1.51
HTTP::Body 0 1.22
HTTP::Response 0 6.18
HTTP::Server::PSGI 0 0
IO::Handle 0 1.39
IPC::Open3 0 1.20
lib 0 0.65
Module::Faker::Dist 0.014 0.020
Plack::Test 0 0
Test::Builder::Module 0 1.302160
Test::Exception 0 0.43
Test::File 0 1.443
Test::LWP::UserAgent 0.018 0.033
Test::More 0.96 1.302160
Test::TCP 0 2.19
configure_requires:
Module Need Have
------------------------------- ---------- ----------
ExtUtils::MakeMaker 6.64 7.34
perl 5.008 5.029008
------------------------------
ENVIRONMENT AND OTHER CONTEXT
------------------------------
Environment variables:
LC_ALL = C
NONINTERACTIVE_TESTING = 1
PATH = /Users/cpan/bin/perl-blead/bin:/Users/cpan/bin/perl-blead/bin:/Users/cpan/bin:/Users/cpan/bin/perl-blead/bin:/Users/cpan/bin:/usr/local/bin:/usr/bin:/bin:/usr/sbin:/sbin
PERL5LIB =
PERL5OPT =
PERL5_CPANPLUS_IS_RUNNING = 30505
PERL5_CPAN_IS_RUNNING = 30505
PERL_MM_USE_DEFAULT = 1
PERL_USE_UNSAFE_INC = 1
PERL_VERSION = blead
SHELL = /bin/bash
TERM = screen
TMPDIR = /Users/cpan/tmp
Perl special variables (and OS-specific diagnostics, for MSWin32):
$^X = /Users/cpan/bin/perl-blead/bin/perl5.29.8
$UID/$EUID = 503 / 503
$GID = 20 20 12 61 399 701 702 703 100
$EGID = 20 20 12 61 399 701 702 703 100
Perl module toolchain versions installed:
Module Have
------------------- --------
CPAN 2.22
CPAN::Meta 2.150010
Cwd 3.77
ExtUtils::CBuilder 0.280230
ExtUtils::Command 7.34
ExtUtils::Install 2.14
ExtUtils::MakeMaker 7.34
ExtUtils::Manifest 1.71
ExtUtils::ParseXS 3.40
File::Spec 3.77
JSON 4.01
JSON::PP 2.97001
Module::Build 0.4224
Module::Signature n/a
Parse::CPAN::Meta 2.150010
Test::Harness 3.42
Test::More 1.302160
YAML 1.27
YAML::Syck 1.31
version 0.9924
--
Summary of my perl5 (revision 5 version 29 subversion 8) configuration:
Commit id: 0f9a6232f0af0895807ddd0afae2d5512aa91bf9
Platform:
osname=darwin
osvers=18.2.0
archname=darwin-2level
uname='darwin cjg-mac.local 18.2.0 darwin kernel version 18.2.0: mon nov 12 20:24:46 pst 2018; root:xnu-4903.231.4~2release_x86_64 x86_64 '
config_args='-des -Dprefix=~/bin/perl-blead -Dscriptdir=~/bin/perl-blead/bin -Dusedevel -Duse64bitall'
hint=recommended
useposix=true
d_sigaction=define
useithreads=undef
usemultiplicity=undef
use64bitint=define
use64bitall=define
uselongdouble=undef
usemymalloc=n
default_inc_excludes_dot=define
bincompat5005=undef
Compiler:
cc='cc'
ccflags ='-fno-common -DPERL_DARWIN -mmacosx-version-min=10.14 -arch x86_64 -fno-strict-aliasing -pipe -fstack-protector-strong -DPERL_USE_SAFE_PUTENV'
optimize='-O3'
cppflags='-arch x86_64 -fno-common -DPERL_DARWIN -mmacosx-version-min=10.14 -arch x86_64 -fno-strict-aliasing -pipe -fstack-protector-strong'
ccversion=''
gccversion='4.2.1 Compatible Apple LLVM 10.0.0 (clang-1000.11.45.5)'
gccosandvers=''
intsize=4
longsize=8
ptrsize=8
doublesize=8
byteorder=12345678
doublekind=3
d_longlong=define
longlongsize=8
d_longdbl=define
longdblsize=16
longdblkind=3
ivtype='long'
ivsize=8
nvtype='double'
nvsize=8
Off_t='off_t'
lseeksize=8
alignbytes=8
prototype=define
Linker and Libraries:
ld='cc -arch x86_64'
ldflags =' -mmacosx-version-min=10.14 -arch x86_64 -fstack-protector-strong'
libpth=/Applications/Xcode.app/Contents/Developer/Toolchains/XcodeDefault.xctoolchain/usr/lib/clang/10.0.0/lib /Applications/Xcode.app/Contents/Developer/Toolchains/XcodeDefault.xctoolchain/usr/lib /Applications/Xcode.app/Contents/Developer/Platforms/MacOSX.platform/Developer/SDKs/MacOSX10.14.sdk/usr/lib /usr/lib
libs=-lpthread -ldbm -ldl -lm -lutil -lc
perllibs=-lpthread -ldl -lm -lutil -lc
libc=
so=dylib
useshrplib=false
libperl=libperl.a
gnulibc_version=''
Dynamic Linking:
dlsrc=dl_dlopen.xs
dlext=bundle
d_dlsymun=undef
ccdlflags=' '
cccdlflags=' '
lddlflags=' -mmacosx-version-min=10.14 -bundle -undefined dynamic_lookup -fstack-protector-strong'
Characteristics of this binary (from libperl):
Compile-time options:
HAS_TIMES
PERLIO_LAYERS
PERL_COPY_ON_WRITE
PERL_DONT_CREATE_GVSV
PERL_MALLOC_WRAP
PERL_OP_PARENT
PERL_PRESERVE_IVUV
PERL_USE_DEVEL
PERL_USE_SAFE_PUTENV
USE_64_BIT_ALL
USE_64_BIT_INT
USE_LARGE_FILES
USE_LOCALE
USE_LOCALE_COLLATE
USE_LOCALE_CTYPE
USE_LOCALE_NUMERIC
USE_LOCALE_TIME
USE_PERLIO
USE_PERL_ATOF
Built under darwin
Compiled at Jan 26 2019 12:30:42
%ENV:
PERL5LIB=""
PERL5OPT=""
PERL5_CPANPLUS_IS_RUNNING="30505"
PERL5_CPAN_IS_RUNNING="30505"
PERL_MM_USE_DEFAULT="1"
PERL_USE_UNSAFE_INC="1"
PERL_VERSION="blead"
@INC:
/Users/cpan/bin/perl-blead/lib/site_perl/5.29.8/darwin-2level
/Users/cpan/bin/perl-blead/lib/site_perl/5.29.8
/Users/cpan/bin/perl-blead/lib/5.29.8/darwin-2level
/Users/cpan/bin/perl-blead/lib/5.29.8
.