Back
From: metabase:user:31d414ea-2aae-11df-837a-5e0a49663a4f
Subject: NA DhMakePerl-0.89 v5.22.0 GNU/Linux
Date: 2015-09-29T14:44:36Z
This distribution has been tested as part of the CPAN Testers
project, supporting the Perl programming language. See
http://wiki.cpantesters.org/ for more information or email
questions to cpan-testers-discuss@perl.org
--
Dear Damyan Ivanov,
This is a computer-generated report for DhMakePerl-0.89
on perl 5.22.0, created by CPAN-Reporter-1.2014.
Thank you for uploading your work to CPAN. While attempting to build or test
this distribution, the distribution signaled that support is not available
either for this operating system or this version of Perl. Nevertheless, any
diagnostic output produced is provided below for reference. If this is not
what you expect, you may wish to consult the CPAN Testers Wiki:
http://wiki.cpantesters.org/wiki/CPANAuthorNotes
Sections of this report:
* Tester comments
* Program output
* Prerequisites
* Environment and other context
------------------------------
TESTER COMMENTS
------------------------------
Additional comments from tester:
this report is from an automated smoke testing program
and was not reviewed by a human for accuracy
------------------------------
PROGRAM OUTPUT
------------------------------
Output from './Build test':
# Compilation of DhMakePerl failed: Can't locate AptPkg/Config.pm in @INC (you may need to install the AptPkg::Config module) (@INC contains: /home/david/cpantesting/perl-5.22.0/.cpan/build/DhMakePerl-0.89-VxyS1k/blib/lib /home/david/cpantesting/perl-5.22.0/.cpan/build/DhMakePerl-0.89-VxyS1k/blib/arch privinc /home/david/cpantesting/perl-5.22.0/lib/site_perl/5.22.0/x86_64-linux-thread-multi /home/david/cpantesting/perl-5.22.0/lib/site_perl/5.22.0 /home/david/cpantesting/perl-5.22.0/lib/5.22.0/x86_64-linux-thread-multi /home/david/cpantesting/perl-5.22.0/lib/5.22.0 .) at /home/david/cpantesting/perl-5.22.0/.cpan/build/DhMakePerl-0.89-VxyS1k/blib/lib/Debian/Dependency.pm line 8.
# BEGIN failed--compilation aborted at /home/david/cpantesting/perl-5.22.0/.cpan/build/DhMakePerl-0.89-VxyS1k/blib/lib/Debian/Dependency.pm line 8.
# Compilation failed in require at /home/david/cpantesting/perl-5.22.0/.cpan/build/DhMakePerl-0.89-VxyS1k/blib/lib/Debian/AptContents.pm line 36.
# BEGIN failed--compilation aborted at /home/david/cpantesting/perl-5.22.0/.cpan/build/DhMakePerl-0.89-VxyS1k/blib/lib/Debian/AptContents.pm line 36.
# Compilation failed in require at /home/david/cpantesting/perl-5.22.0/.cpan/build/DhMakePerl-0.89-VxyS1k/blib/lib/DhMakePerl.pm line 49.
# BEGIN failed--compilation aborted at /home/david/cpantesting/perl-5.22.0/.cpan/build/DhMakePerl-0.89-VxyS1k/blib/lib/DhMakePerl.pm line 49.
# Compilation failed in require at /home/david/cpantesting/perl-5.22.0/lib/site_perl/5.22.0/Test/Compile/Internal.pm line 197.
# Failed test 'Compile test for blib/lib/DhMakePerl.pm'
# at /home/david/cpantesting/perl-5.22.0/lib/site_perl/5.22.0/Test/Compile.pm line 282.
# blib/lib/DhMakePerl.pm does not compile
# Compilation of DhMakePerl::Utils failed: Can't locate AptPkg/Cache.pm in @INC (you may need to install the AptPkg::Cache module) (@INC contains: /home/david/cpantesting/perl-5.22.0/.cpan/build/DhMakePerl-0.89-VxyS1k/blib/lib /home/david/cpantesting/perl-5.22.0/.cpan/build/DhMakePerl-0.89-VxyS1k/blib/arch privinc /home/david/cpantesting/perl-5.22.0/lib/site_perl/5.22.0/x86_64-linux-thread-multi /home/david/cpantesting/perl-5.22.0/lib/site_perl/5.22.0 /home/david/cpantesting/perl-5.22.0/lib/5.22.0/x86_64-linux-thread-multi /home/david/cpantesting/perl-5.22.0/lib/5.22.0 .) at /home/david/cpantesting/perl-5.22.0/.cpan/build/DhMakePerl-0.89-VxyS1k/blib/lib/DhMakePerl/Utils.pm line 34.
# BEGIN failed--compilation aborted at /home/david/cpantesting/perl-5.22.0/.cpan/build/DhMakePerl-0.89-VxyS1k/blib/lib/DhMakePerl/Utils.pm line 34.
# Compilation failed in require at /home/david/cpantesting/perl-5.22.0/lib/site_perl/5.22.0/Test/Compile/Internal.pm line 197.
# Failed test 'Compile test for blib/lib/DhMakePerl/Utils.pm'
# at /home/david/cpantesting/perl-5.22.0/lib/site_perl/5.22.0/Test/Compile.pm line 282.
# blib/lib/DhMakePerl/Utils.pm does not compile
# Compilation of DhMakePerl::Config failed: Can't locate Dpkg/Source/Package.pm in @INC (you may need to install the Dpkg::Source::Package module) (@INC contains: /home/david/cpantesting/perl-5.22.0/.cpan/build/DhMakePerl-0.89-VxyS1k/blib/lib /home/david/cpantesting/perl-5.22.0/.cpan/build/DhMakePerl-0.89-VxyS1k/blib/arch privinc /home/david/cpantesting/perl-5.22.0/lib/site_perl/5.22.0/x86_64-linux-thread-multi /home/david/cpantesting/perl-5.22.0/lib/site_perl/5.22.0 /home/david/cpantesting/perl-5.22.0/lib/5.22.0/x86_64-linux-thread-multi /home/david/cpantesting/perl-5.22.0/lib/5.22.0 .) at /home/david/cpantesting/perl-5.22.0/.cpan/build/DhMakePerl-0.89-VxyS1k/blib/lib/DhMakePerl/Config.pm line 15.
# BEGIN failed--compilation aborted at /home/david/cpantesting/perl-5.22.0/.cpan/build/DhMakePerl-0.89-VxyS1k/blib/lib/DhMakePerl/Config.pm line 15.
# Compilation failed in require at /home/david/cpantesting/perl-5.22.0/lib/site_perl/5.22.0/Test/Compile/Internal.pm line 197.
# Failed test 'Compile test for blib/lib/DhMakePerl/Config.pm'
# at /home/david/cpantesting/perl-5.22.0/lib/site_perl/5.22.0/Test/Compile.pm line 282.
# blib/lib/DhMakePerl/Config.pm does not compile
# Compilation of Debian::Dependencies failed: Can't locate AptPkg/Config.pm in @INC (you may need to install the AptPkg::Config module) (@INC contains: /home/david/cpantesting/perl-5.22.0/.cpan/build/DhMakePerl-0.89-VxyS1k/blib/lib /home/david/cpantesting/perl-5.22.0/.cpan/build/DhMakePerl-0.89-VxyS1k/blib/arch privinc /home/david/cpantesting/perl-5.22.0/lib/site_perl/5.22.0/x86_64-linux-thread-multi /home/david/cpantesting/perl-5.22.0/lib/site_perl/5.22.0 /home/david/cpantesting/perl-5.22.0/lib/5.22.0/x86_64-linux-thread-multi /home/david/cpantesting/perl-5.22.0/lib/5.22.0 .) at /home/david/cpantesting/perl-5.22.0/.cpan/build/DhMakePerl-0.89-VxyS1k/blib/lib/Debian/Dependencies.pm line 8.
# BEGIN failed--compilation aborted at /home/david/cpantesting/perl-5.22.0/.cpan/build/DhMakePerl-0.89-VxyS1k/blib/lib/Debian/Dependencies.pm line 8.
# Compilation failed in require at /home/david/cpantesting/perl-5.22.0/lib/site_perl/5.22.0/Test/Compile/Internal.pm line 197.
# Failed test 'Compile test for blib/lib/Debian/Dependencies.pm'
# at /home/david/cpantesting/perl-5.22.0/lib/site_perl/5.22.0/Test/Compile.pm line 282.
# blib/lib/Debian/Dependencies.pm does not compile
# Compilation of Debian::Control failed: Can't locate AptPkg/Config.pm in @INC (you may need to install the AptPkg::Config module) (@INC contains: /home/david/cpantesting/perl-5.22.0/.cpan/build/DhMakePerl-0.89-VxyS1k/blib/lib /home/david/cpantesting/perl-5.22.0/.cpan/build/DhMakePerl-0.89-VxyS1k/blib/arch privinc /home/david/cpantesting/perl-5.22.0/lib/site_perl/5.22.0/x86_64-linux-thread-multi /home/david/cpantesting/perl-5.22.0/lib/site_perl/5.22.0 /home/david/cpantesting/perl-5.22.0/lib/5.22.0/x86_64-linux-thread-multi /home/david/cpantesting/perl-5.22.0/lib/5.22.0 .) at /home/david/cpantesting/perl-5.22.0/.cpan/build/DhMakePerl-0.89-VxyS1k/blib/lib/Debian/Dependencies.pm line 8.
# BEGIN failed--compilation aborted at /home/david/cpantesting/perl-5.22.0/.cpan/build/DhMakePerl-0.89-VxyS1k/blib/lib/Debian/Dependencies.pm line 8.
# Compilation failed in require at /home/david/cpantesting/perl-5.22.0/.cpan/build/DhMakePerl-0.89-VxyS1k/blib/lib/Debian/Control/Stanza.pm line 34.
# BEGIN failed--compilation aborted at /home/david/cpantesting/perl-5.22.0/.cpan/build/DhMakePerl-0.89-VxyS1k/blib/lib/Debian/Control/Stanza.pm line 34.
# Compilation failed in require at /home/david/cpantesting/perl-5.22.0/lib/5.22.0/base.pm line 99.
# ...propagated at /home/david/cpantesting/perl-5.22.0/lib/5.22.0/base.pm line 108.
# BEGIN failed--compilation aborted at /home/david/cpantesting/perl-5.22.0/.cpan/build/DhMakePerl-0.89-VxyS1k/blib/lib/Debian/Control/Stanza/Source.pm line 82.
# Compilation failed in require at /home/david/cpantesting/perl-5.22.0/.cpan/build/DhMakePerl-0.89-VxyS1k/blib/lib/Debian/Control.pm line 60.
# BEGIN failed--compilation aborted at /home/david/cpantesting/perl-5.22.0/.cpan/build/DhMakePerl-0.89-VxyS1k/blib/lib/Debian/Control.pm line 60.
# Compilation failed in require at /home/david/cpantesting/perl-5.22.0/lib/site_perl/5.22.0/Test/Compile/Internal.pm line 197.
# Failed test 'Compile test for blib/lib/Debian/Control.pm'
# at /home/david/cpantesting/perl-5.22.0/lib/site_perl/5.22.0/Test/Compile.pm line 282.
# blib/lib/Debian/Control.pm does not compile
# Compilation of Debian::Dependency failed: Can't locate AptPkg/Config.pm in @INC (you may need to install the AptPkg::Config module) (@INC contains: /home/david/cpantesting/perl-5.22.0/.cpan/build/DhMakePerl-0.89-VxyS1k/blib/lib /home/david/cpantesting/perl-5.22.0/.cpan/build/DhMakePerl-0.89-VxyS1k/blib/arch privinc /home/david/cpantesting/perl-5.22.0/lib/site_perl/5.22.0/x86_64-linux-thread-multi /home/david/cpantesting/perl-5.22.0/lib/site_perl/5.22.0 /home/david/cpantesting/perl-5.22.0/lib/5.22.0/x86_64-linux-thread-multi /home/david/cpantesting/perl-5.22.0/lib/5.22.0 .) at /home/david/cpantesting/perl-5.22.0/.cpan/build/DhMakePerl-0.89-VxyS1k/blib/lib/Debian/Dependency.pm line 8.
# BEGIN failed--compilation aborted at /home/david/cpantesting/perl-5.22.0/.cpan/build/DhMakePerl-0.89-VxyS1k/blib/lib/Debian/Dependency.pm line 8.
# Compilation failed in require at /home/david/cpantesting/perl-5.22.0/lib/site_perl/5.22.0/Test/Compile/Internal.pm line 197.
# Failed test 'Compile test for blib/lib/Debian/Dependency.pm'
# at /home/david/cpantesting/perl-5.22.0/lib/site_perl/5.22.0/Test/Compile.pm line 282.
# blib/lib/Debian/Dependency.pm does not compile
# Compilation of Debian::AptContents failed: Can't locate AptPkg/Config.pm in @INC (you may need to install the AptPkg::Config module) (@INC contains: /home/david/cpantesting/perl-5.22.0/.cpan/build/DhMakePerl-0.89-VxyS1k/blib/lib /home/david/cpantesting/perl-5.22.0/.cpan/build/DhMakePerl-0.89-VxyS1k/blib/arch privinc /home/david/cpantesting/perl-5.22.0/lib/site_perl/5.22.0/x86_64-linux-thread-multi /home/david/cpantesting/perl-5.22.0/lib/site_perl/5.22.0 /home/david/cpantesting/perl-5.22.0/lib/5.22.0/x86_64-linux-thread-multi /home/david/cpantesting/perl-5.22.0/lib/5.22.0 .) at /home/david/cpantesting/perl-5.22.0/.cpan/build/DhMakePerl-0.89-VxyS1k/blib/lib/Debian/Dependency.pm line 8.
# BEGIN failed--compilation aborted at /home/david/cpantesting/perl-5.22.0/.cpan/build/DhMakePerl-0.89-VxyS1k/blib/lib/Debian/Dependency.pm line 8.
# Compilation failed in require at /home/david/cpantesting/perl-5.22.0/.cpan/build/DhMakePerl-0.89-VxyS1k/blib/lib/Debian/AptContents.pm line 36.
# BEGIN failed--compilation aborted at /home/david/cpantesting/perl-5.22.0/.cpan/build/DhMakePerl-0.89-VxyS1k/blib/lib/Debian/AptContents.pm line 36.
# Compilation failed in require at /home/david/cpantesting/perl-5.22.0/lib/site_perl/5.22.0/Test/Compile/Internal.pm line 197.
# Failed test 'Compile test for blib/lib/Debian/AptContents.pm'
# at /home/david/cpantesting/perl-5.22.0/lib/site_perl/5.22.0/Test/Compile.pm line 282.
# blib/lib/Debian/AptContents.pm does not compile
# Compilation of DhMakePerl::Command::help failed: Can't locate AptPkg/Config.pm in @INC (you may need to install the AptPkg::Config module) (@INC contains: /home/david/cpantesting/perl-5.22.0/.cpan/build/DhMakePerl-0.89-VxyS1k/blib/lib /home/david/cpantesting/perl-5.22.0/.cpan/build/DhMakePerl-0.89-VxyS1k/blib/arch privinc /home/david/cpantesting/perl-5.22.0/lib/site_perl/5.22.0/x86_64-linux-thread-multi /home/david/cpantesting/perl-5.22.0/lib/site_perl/5.22.0 /home/david/cpantesting/perl-5.22.0/lib/5.22.0/x86_64-linux-thread-multi /home/david/cpantesting/perl-5.22.0/lib/5.22.0 .) at /home/david/cpantesting/perl-5.22.0/.cpan/build/DhMakePerl-0.89-VxyS1k/blib/lib/Debian/Dependency.pm line 8.
# BEGIN failed--compilation aborted at /home/david/cpantesting/perl-5.22.0/.cpan/build/DhMakePerl-0.89-VxyS1k/blib/lib/Debian/Dependency.pm line 8.
# Compilation failed in require at /home/david/cpantesting/perl-5.22.0/.cpan/build/DhMakePerl-0.89-VxyS1k/blib/lib/Debian/AptContents.pm line 36.
# BEGIN failed--compilation aborted at /home/david/cpantesting/perl-5.22.0/.cpan/build/DhMakePerl-0.89-VxyS1k/blib/lib/Debian/AptContents.pm line 36.
# Compilation failed in require at /home/david/cpantesting/perl-5.22.0/.cpan/build/DhMakePerl-0.89-VxyS1k/blib/lib/DhMakePerl.pm line 49.
# BEGIN failed--compilation aborted at /home/david/cpantesting/perl-5.22.0/.cpan/build/DhMakePerl-0.89-VxyS1k/blib/lib/DhMakePerl.pm line 49.
# Compilation failed in require at /home/david/cpantesting/perl-5.22.0/lib/5.22.0/base.pm line 99.
# ...propagated at /home/david/cpantesting/perl-5.22.0/lib/5.22.0/base.pm line 108.
# BEGIN failed--compilation aborted at /home/david/cpantesting/perl-5.22.0/.cpan/build/DhMakePerl-0.89-VxyS1k/blib/lib/DhMakePerl/Command/help.pm line 17.
# Compilation failed in require at /home/david/cpantesting/perl-5.22.0/lib/site_perl/5.22.0/Test/Compile/Internal.pm line 197.
# Failed test 'Compile test for blib/lib/DhMakePerl/Command/help.pm'
# at /home/david/cpantesting/perl-5.22.0/lib/site_perl/5.22.0/Test/Compile.pm line 282.
# blib/lib/DhMakePerl/Command/help.pm does not compile
# Compilation of DhMakePerl::Command::dump_config failed: Can't locate AptPkg/Config.pm in @INC (you may need to install the AptPkg::Config module) (@INC contains: /home/david/cpantesting/perl-5.22.0/.cpan/build/DhMakePerl-0.89-VxyS1k/blib/lib /home/david/cpantesting/perl-5.22.0/.cpan/build/DhMakePerl-0.89-VxyS1k/blib/arch privinc /home/david/cpantesting/perl-5.22.0/lib/site_perl/5.22.0/x86_64-linux-thread-multi /home/david/cpantesting/perl-5.22.0/lib/site_perl/5.22.0 /home/david/cpantesting/perl-5.22.0/lib/5.22.0/x86_64-linux-thread-multi /home/david/cpantesting/perl-5.22.0/lib/5.22.0 .) at /home/david/cpantesting/perl-5.22.0/.cpan/build/DhMakePerl-0.89-VxyS1k/blib/lib/Debian/Dependency.pm line 8.
# BEGIN failed--compilation aborted at /home/david/cpantesting/perl-5.22.0/.cpan/build/DhMakePerl-0.89-VxyS1k/blib/lib/Debian/Dependency.pm line 8.
# Compilation failed in require at /home/david/cpantesting/perl-5.22.0/.cpan/build/DhMakePerl-0.89-VxyS1k/blib/lib/Debian/AptContents.pm line 36.
# BEGIN failed--compilation aborted at /home/david/cpantesting/perl-5.22.0/.cpan/build/DhMakePerl-0.89-VxyS1k/blib/lib/Debian/AptContents.pm line 36.
# Compilation failed in require at /home/david/cpantesting/perl-5.22.0/.cpan/build/DhMakePerl-0.89-VxyS1k/blib/lib/DhMakePerl.pm line 49.
# BEGIN failed--compilation aborted at /home/david/cpantesting/perl-5.22.0/.cpan/build/DhMakePerl-0.89-VxyS1k/blib/lib/DhMakePerl.pm line 49.
# Compilation failed in require at /home/david/cpantesting/perl-5.22.0/lib/5.22.0/base.pm line 99.
# ...propagated at /home/david/cpantesting/perl-5.22.0/lib/5.22.0/base.pm line 108.
# BEGIN failed--compilation aborted at /home/david/cpantesting/perl-5.22.0/.cpan/build/DhMakePerl-0.89-VxyS1k/blib/lib/DhMakePerl/Command/dump_config.pm line 13.
# Compilation failed in require at /home/david/cpantesting/perl-5.22.0/lib/site_perl/5.22.0/Test/Compile/Internal.pm line 197.
# Failed test 'Compile test for blib/lib/DhMakePerl/Command/dump_config.pm'
# at /home/david/cpantesting/perl-5.22.0/lib/site_perl/5.22.0/Test/Compile.pm line 282.
# blib/lib/DhMakePerl/Command/dump_config.pm does not compile
# Compilation of DhMakePerl::Command::refresh_cache failed: Can't locate AptPkg/Config.pm in @INC (you may need to install the AptPkg::Config module) (@INC contains: /home/david/cpantesting/perl-5.22.0/.cpan/build/DhMakePerl-0.89-VxyS1k/blib/lib /home/david/cpantesting/perl-5.22.0/.cpan/build/DhMakePerl-0.89-VxyS1k/blib/arch privinc /home/david/cpantesting/perl-5.22.0/lib/site_perl/5.22.0/x86_64-linux-thread-multi /home/david/cpantesting/perl-5.22.0/lib/site_perl/5.22.0 /home/david/cpantesting/perl-5.22.0/lib/5.22.0/x86_64-linux-thread-multi /home/david/cpantesting/perl-5.22.0/lib/5.22.0 .) at /home/david/cpantesting/perl-5.22.0/.cpan/build/DhMakePerl-0.89-VxyS1k/blib/lib/Debian/Dependency.pm line 8.
# BEGIN failed--compilation aborted at /home/david/cpantesting/perl-5.22.0/.cpan/build/DhMakePerl-0.89-VxyS1k/blib/lib/Debian/Dependency.pm line 8.
# Compilation failed in require at /home/david/cpantesting/perl-5.22.0/.cpan/build/DhMakePerl-0.89-VxyS1k/blib/lib/Debian/AptContents.pm line 36.
# BEGIN failed--compilation aborted at /home/david/cpantesting/perl-5.22.0/.cpan/build/DhMakePerl-0.89-VxyS1k/blib/lib/Debian/AptContents.pm line 36.
# Compilation failed in require at /home/david/cpantesting/perl-5.22.0/.cpan/build/DhMakePerl-0.89-VxyS1k/blib/lib/DhMakePerl.pm line 49.
# BEGIN failed--compilation aborted at /home/david/cpantesting/perl-5.22.0/.cpan/build/DhMakePerl-0.89-VxyS1k/blib/lib/DhMakePerl.pm line 49.
# Compilation failed in require at /home/david/cpantesting/perl-5.22.0/lib/5.22.0/base.pm line 99.
# ...propagated at /home/david/cpantesting/perl-5.22.0/lib/5.22.0/base.pm line 108.
# BEGIN failed--compilation aborted at /home/david/cpantesting/perl-5.22.0/.cpan/build/DhMakePerl-0.89-VxyS1k/blib/lib/DhMakePerl/Command/refresh_cache.pm line 17.
# Compilation failed in require at /home/david/cpantesting/perl-5.22.0/lib/site_perl/5.22.0/Test/Compile/Internal.pm line 197.
# Failed test 'Compile test for blib/lib/DhMakePerl/Command/refresh_cache.pm'
# at /home/david/cpantesting/perl-5.22.0/lib/site_perl/5.22.0/Test/Compile.pm line 282.
# blib/lib/DhMakePerl/Command/refresh_cache.pm does not compile
# Compilation of DhMakePerl::Command::Packaging failed: Can't locate AptPkg/Config.pm in @INC (you may need to install the AptPkg::Config module) (@INC contains: /home/david/cpantesting/perl-5.22.0/.cpan/build/DhMakePerl-0.89-VxyS1k/blib/lib /home/david/cpantesting/perl-5.22.0/.cpan/build/DhMakePerl-0.89-VxyS1k/blib/arch privinc /home/david/cpantesting/perl-5.22.0/lib/site_perl/5.22.0/x86_64-linux-thread-multi /home/david/cpantesting/perl-5.22.0/lib/site_perl/5.22.0 /home/david/cpantesting/perl-5.22.0/lib/5.22.0/x86_64-linux-thread-multi /home/david/cpantesting/perl-5.22.0/lib/5.22.0 .) at /home/david/cpantesting/perl-5.22.0/.cpan/build/DhMakePerl-0.89-VxyS1k/blib/lib/Debian/Dependency.pm line 8.
# BEGIN failed--compilation aborted at /home/david/cpantesting/perl-5.22.0/.cpan/build/DhMakePerl-0.89-VxyS1k/blib/lib/Debian/Dependency.pm line 8.
# Compilation failed in require at /home/david/cpantesting/perl-5.22.0/.cpan/build/DhMakePerl-0.89-VxyS1k/blib/lib/Debian/AptContents.pm line 36.
# BEGIN failed--compilation aborted at /home/david/cpantesting/perl-5.22.0/.cpan/build/DhMakePerl-0.89-VxyS1k/blib/lib/Debian/AptContents.pm line 36.
# Compilation failed in require at /home/david/cpantesting/perl-5.22.0/.cpan/build/DhMakePerl-0.89-VxyS1k/blib/lib/DhMakePerl.pm line 49.
# BEGIN failed--compilation aborted at /home/david/cpantesting/perl-5.22.0/.cpan/build/DhMakePerl-0.89-VxyS1k/blib/lib/DhMakePerl.pm line 49.
# Compilation failed in require at /home/david/cpantesting/perl-5.22.0/lib/5.22.0/base.pm line 99.
# ...propagated at /home/david/cpantesting/perl-5.22.0/lib/5.22.0/base.pm line 108.
# BEGIN failed--compilation aborted at /home/david/cpantesting/perl-5.22.0/.cpan/build/DhMakePerl-0.89-VxyS1k/blib/lib/DhMakePerl/Command/Packaging.pm line 16.
# Compilation failed in require at /home/david/cpantesting/perl-5.22.0/lib/site_perl/5.22.0/Test/Compile/Internal.pm line 197.
# Failed test 'Compile test for blib/lib/DhMakePerl/Command/Packaging.pm'
# at /home/david/cpantesting/perl-5.22.0/lib/site_perl/5.22.0/Test/Compile.pm line 282.
# blib/lib/DhMakePerl/Command/Packaging.pm does not compile
# Compilation of DhMakePerl::Command::refresh failed: Can't locate AptPkg/Config.pm in @INC (you may need to install the AptPkg::Config module) (@INC contains: /home/david/cpantesting/perl-5.22.0/.cpan/build/DhMakePerl-0.89-VxyS1k/blib/lib /home/david/cpantesting/perl-5.22.0/.cpan/build/DhMakePerl-0.89-VxyS1k/blib/arch privinc /home/david/cpantesting/perl-5.22.0/lib/site_perl/5.22.0/x86_64-linux-thread-multi /home/david/cpantesting/perl-5.22.0/lib/site_perl/5.22.0 /home/david/cpantesting/perl-5.22.0/lib/5.22.0/x86_64-linux-thread-multi /home/david/cpantesting/perl-5.22.0/lib/5.22.0 .) at /home/david/cpantesting/perl-5.22.0/.cpan/build/DhMakePerl-0.89-VxyS1k/blib/lib/Debian/Dependency.pm line 8.
# BEGIN failed--compilation aborted at /home/david/cpantesting/perl-5.22.0/.cpan/build/DhMakePerl-0.89-VxyS1k/blib/lib/Debian/Dependency.pm line 8.
# Compilation failed in require at /home/david/cpantesting/perl-5.22.0/.cpan/build/DhMakePerl-0.89-VxyS1k/blib/lib/Debian/AptContents.pm line 36.
# BEGIN failed--compilation aborted at /home/david/cpantesting/perl-5.22.0/.cpan/build/DhMakePerl-0.89-VxyS1k/blib/lib/Debian/AptContents.pm line 36.
# Compilation failed in require at /home/david/cpantesting/perl-5.22.0/.cpan/build/DhMakePerl-0.89-VxyS1k/blib/lib/DhMakePerl.pm line 49.
# BEGIN failed--compilation aborted at /home/david/cpantesting/perl-5.22.0/.cpan/build/DhMakePerl-0.89-VxyS1k/blib/lib/DhMakePerl.pm line 49.
# Compilation failed in require at /home/david/cpantesting/perl-5.22.0/lib/5.22.0/base.pm line 99.
# ...propagated at /home/david/cpantesting/perl-5.22.0/lib/5.22.0/base.pm line 108.
# BEGIN failed--compilation aborted at /home/david/cpantesting/perl-5.22.0/.cpan/build/DhMakePerl-0.89-VxyS1k/blib/lib/DhMakePerl/Command/Packaging.pm line 16.
# Compilation failed in require at /home/david/cpantesting/perl-5.22.0/lib/5.22.0/base.pm line 99.
# ...propagated at /home/david/cpantesting/perl-5.22.0/lib/5.22.0/base.pm line 108.
# BEGIN failed--compilation aborted at /home/david/cpantesting/perl-5.22.0/.cpan/build/DhMakePerl-0.89-VxyS1k/blib/lib/DhMakePerl/Command/refresh.pm line 17.
# Compilation failed in require at /home/david/cpantesting/perl-5.22.0/lib/site_perl/5.22.0/Test/Compile/Internal.pm line 197.
# Failed test 'Compile test for blib/lib/DhMakePerl/Command/refresh.pm'
# at /home/david/cpantesting/perl-5.22.0/lib/site_perl/5.22.0/Test/Compile.pm line 282.
# blib/lib/DhMakePerl/Command/refresh.pm does not compile
# Compilation of DhMakePerl::Command::make failed: Can't locate AptPkg/Config.pm in @INC (you may need to install the AptPkg::Config module) (@INC contains: /home/david/cpantesting/perl-5.22.0/.cpan/build/DhMakePerl-0.89-VxyS1k/blib/lib /home/david/cpantesting/perl-5.22.0/.cpan/build/DhMakePerl-0.89-VxyS1k/blib/arch privinc /home/david/cpantesting/perl-5.22.0/lib/site_perl/5.22.0/x86_64-linux-thread-multi /home/david/cpantesting/perl-5.22.0/lib/site_perl/5.22.0 /home/david/cpantesting/perl-5.22.0/lib/5.22.0/x86_64-linux-thread-multi /home/david/cpantesting/perl-5.22.0/lib/5.22.0 .) at /home/david/cpantesting/perl-5.22.0/.cpan/build/DhMakePerl-0.89-VxyS1k/blib/lib/Debian/Dependency.pm line 8.
# BEGIN failed--compilation aborted at /home/david/cpantesting/perl-5.22.0/.cpan/build/DhMakePerl-0.89-VxyS1k/blib/lib/Debian/Dependency.pm line 8.
# Compilation failed in require at /home/david/cpantesting/perl-5.22.0/.cpan/build/DhMakePerl-0.89-VxyS1k/blib/lib/Debian/AptContents.pm line 36.
# BEGIN failed--compilation aborted at /home/david/cpantesting/perl-5.22.0/.cpan/build/DhMakePerl-0.89-VxyS1k/blib/lib/Debian/AptContents.pm line 36.
# Compilation failed in require at /home/david/cpantesting/perl-5.22.0/.cpan/build/DhMakePerl-0.89-VxyS1k/blib/lib/DhMakePerl.pm line 49.
# BEGIN failed--compilation aborted at /home/david/cpantesting/perl-5.22.0/.cpan/build/DhMakePerl-0.89-VxyS1k/blib/lib/DhMakePerl.pm line 49.
# Compilation failed in require at /home/david/cpantesting/perl-5.22.0/lib/5.22.0/base.pm line 99.
# ...propagated at /home/david/cpantesting/perl-5.22.0/lib/5.22.0/base.pm line 108.
# BEGIN failed--compilation aborted at /home/david/cpantesting/perl-5.22.0/.cpan/build/DhMakePerl-0.89-VxyS1k/blib/lib/DhMakePerl/Command/Packaging.pm line 16.
# Compilation failed in require at /home/david/cpantesting/perl-5.22.0/lib/5.22.0/base.pm line 99.
# ...propagated at /home/david/cpantesting/perl-5.22.0/lib/5.22.0/base.pm line 108.
# BEGIN failed--compilation aborted at /home/david/cpantesting/perl-5.22.0/.cpan/build/DhMakePerl-0.89-VxyS1k/blib/lib/DhMakePerl/Command/make.pm line 8.
# Compilation failed in require at /home/david/cpantesting/perl-5.22.0/lib/site_perl/5.22.0/Test/Compile/Internal.pm line 197.
# Failed test 'Compile test for blib/lib/DhMakePerl/Command/make.pm'
# at /home/david/cpantesting/perl-5.22.0/lib/site_perl/5.22.0/Test/Compile.pm line 282.
# blib/lib/DhMakePerl/Command/make.pm does not compile
# Compilation of DhMakePerl::Command::locate failed: Can't locate AptPkg/Config.pm in @INC (you may need to install the AptPkg::Config module) (@INC contains: /home/david/cpantesting/perl-5.22.0/.cpan/build/DhMakePerl-0.89-VxyS1k/blib/lib /home/david/cpantesting/perl-5.22.0/.cpan/build/DhMakePerl-0.89-VxyS1k/blib/arch privinc /home/david/cpantesting/perl-5.22.0/lib/site_perl/5.22.0/x86_64-linux-thread-multi /home/david/cpantesting/perl-5.22.0/lib/site_perl/5.22.0 /home/david/cpantesting/perl-5.22.0/lib/5.22.0/x86_64-linux-thread-multi /home/david/cpantesting/perl-5.22.0/lib/5.22.0 .) at /home/david/cpantesting/perl-5.22.0/.cpan/build/DhMakePerl-0.89-VxyS1k/blib/lib/Debian/Dependency.pm line 8.
# BEGIN failed--compilation aborted at /home/david/cpantesting/perl-5.22.0/.cpan/build/DhMakePerl-0.89-VxyS1k/blib/lib/Debian/Dependency.pm line 8.
# Compilation failed in require at /home/david/cpantesting/perl-5.22.0/.cpan/build/DhMakePerl-0.89-VxyS1k/blib/lib/Debian/AptContents.pm line 36.
# BEGIN failed--compilation aborted at /home/david/cpantesting/perl-5.22.0/.cpan/build/DhMakePerl-0.89-VxyS1k/blib/lib/Debian/AptContents.pm line 36.
# Compilation failed in require at /home/david/cpantesting/perl-5.22.0/.cpan/build/DhMakePerl-0.89-VxyS1k/blib/lib/DhMakePerl.pm line 49.
# BEGIN failed--compilation aborted at /home/david/cpantesting/perl-5.22.0/.cpan/build/DhMakePerl-0.89-VxyS1k/blib/lib/DhMakePerl.pm line 49.
# Compilation failed in require at /home/david/cpantesting/perl-5.22.0/lib/5.22.0/base.pm line 99.
# ...propagated at /home/david/cpantesting/perl-5.22.0/lib/5.22.0/base.pm line 108.
# BEGIN failed--compilation aborted at /home/david/cpantesting/perl-5.22.0/.cpan/build/DhMakePerl-0.89-VxyS1k/blib/lib/DhMakePerl/Command/locate.pm line 17.
# Compilation failed in require at /home/david/cpantesting/perl-5.22.0/lib/site_perl/5.22.0/Test/Compile/Internal.pm line 197.
# Failed test 'Compile test for blib/lib/DhMakePerl/Command/locate.pm'
# at /home/david/cpantesting/perl-5.22.0/lib/site_perl/5.22.0/Test/Compile.pm line 282.
# blib/lib/DhMakePerl/Command/locate.pm does not compile
# Compilation of Debian::Control::FromCPAN failed: Can't locate AptPkg/Config.pm in @INC (you may need to install the AptPkg::Config module) (@INC contains: /home/david/cpantesting/perl-5.22.0/.cpan/build/DhMakePerl-0.89-VxyS1k/blib/lib /home/david/cpantesting/perl-5.22.0/.cpan/build/DhMakePerl-0.89-VxyS1k/blib/arch privinc /home/david/cpantesting/perl-5.22.0/lib/site_perl/5.22.0/x86_64-linux-thread-multi /home/david/cpantesting/perl-5.22.0/lib/site_perl/5.22.0 /home/david/cpantesting/perl-5.22.0/lib/5.22.0/x86_64-linux-thread-multi /home/david/cpantesting/perl-5.22.0/lib/5.22.0 .) at /home/david/cpantesting/perl-5.22.0/.cpan/build/DhMakePerl-0.89-VxyS1k/blib/lib/Debian/Dependencies.pm line 8.
# BEGIN failed--compilation aborted at /home/david/cpantesting/perl-5.22.0/.cpan/build/DhMakePerl-0.89-VxyS1k/blib/lib/Debian/Dependencies.pm line 8.
# Compilation failed in require at /home/david/cpantesting/perl-5.22.0/.cpan/build/DhMakePerl-0.89-VxyS1k/blib/lib/Debian/Control/Stanza.pm line 34.
# BEGIN failed--compilation aborted at /home/david/cpantesting/perl-5.22.0/.cpan/build/DhMakePerl-0.89-VxyS1k/blib/lib/Debian/Control/Stanza.pm line 34.
# Compilation failed in require at /home/david/cpantesting/perl-5.22.0/lib/5.22.0/base.pm line 99.
# ...propagated at /home/david/cpantesting/perl-5.22.0/lib/5.22.0/base.pm line 108.
# BEGIN failed--compilation aborted at /home/david/cpantesting/perl-5.22.0/.cpan/build/DhMakePerl-0.89-VxyS1k/blib/lib/Debian/Control/Stanza/Source.pm line 82.
# Compilation failed in require at /home/david/cpantesting/perl-5.22.0/.cpan/build/DhMakePerl-0.89-VxyS1k/blib/lib/Debian/Control.pm line 60.
# BEGIN failed--compilation aborted at /home/david/cpantesting/perl-5.22.0/.cpan/build/DhMakePerl-0.89-VxyS1k/blib/lib/Debian/Control.pm line 60.
# Compilation failed in require at /home/david/cpantesting/perl-5.22.0/lib/5.22.0/base.pm line 99.
# ...propagated at /home/david/cpantesting/perl-5.22.0/lib/5.22.0/base.pm line 108.
# BEGIN failed--compilation aborted at /home/david/cpantesting/perl-5.22.0/.cpan/build/DhMakePerl-0.89-VxyS1k/blib/lib/Debian/Control/FromCPAN.pm line 23.
# Compilation failed in require at /home/david/cpantesting/perl-5.22.0/lib/site_perl/5.22.0/Test/Compile/Internal.pm line 197.
# Failed test 'Compile test for blib/lib/Debian/Control/FromCPAN.pm'
# at /home/david/cpantesting/perl-5.22.0/lib/site_perl/5.22.0/Test/Compile.pm line 282.
# blib/lib/Debian/Control/FromCPAN.pm does not compile
# Compilation of Debian::Control::Stanza failed: Can't locate AptPkg/Config.pm in @INC (you may need to install the AptPkg::Config module) (@INC contains: /home/david/cpantesting/perl-5.22.0/.cpan/build/DhMakePerl-0.89-VxyS1k/blib/lib /home/david/cpantesting/perl-5.22.0/.cpan/build/DhMakePerl-0.89-VxyS1k/blib/arch privinc /home/david/cpantesting/perl-5.22.0/lib/site_perl/5.22.0/x86_64-linux-thread-multi /home/david/cpantesting/perl-5.22.0/lib/site_perl/5.22.0 /home/david/cpantesting/perl-5.22.0/lib/5.22.0/x86_64-linux-thread-multi /home/david/cpantesting/perl-5.22.0/lib/5.22.0 .) at /home/david/cpantesting/perl-5.22.0/.cpan/build/DhMakePerl-0.89-VxyS1k/blib/lib/Debian/Dependencies.pm line 8.
# BEGIN failed--compilation aborted at /home/david/cpantesting/perl-5.22.0/.cpan/build/DhMakePerl-0.89-VxyS1k/blib/lib/Debian/Dependencies.pm line 8.
# Compilation failed in require at /home/david/cpantesting/perl-5.22.0/.cpan/build/DhMakePerl-0.89-VxyS1k/blib/lib/Debian/Control/Stanza.pm line 34.
# BEGIN failed--compilation aborted at /home/david/cpantesting/perl-5.22.0/.cpan/build/DhMakePerl-0.89-VxyS1k/blib/lib/Debian/Control/Stanza.pm line 34.
# Compilation failed in require at /home/david/cpantesting/perl-5.22.0/lib/site_perl/5.22.0/Test/Compile/Internal.pm line 197.
# Failed test 'Compile test for blib/lib/Debian/Control/Stanza.pm'
# at /home/david/cpantesting/perl-5.22.0/lib/site_perl/5.22.0/Test/Compile.pm line 282.
# blib/lib/Debian/Control/Stanza.pm does not compile
# Compilation of Debian::Control::Stanza::Binary failed: Can't locate AptPkg/Config.pm in @INC (you may need to install the AptPkg::Config module) (@INC contains: /home/david/cpantesting/perl-5.22.0/.cpan/build/DhMakePerl-0.89-VxyS1k/blib/lib /home/david/cpantesting/perl-5.22.0/.cpan/build/DhMakePerl-0.89-VxyS1k/blib/arch privinc /home/david/cpantesting/perl-5.22.0/lib/site_perl/5.22.0/x86_64-linux-thread-multi /home/david/cpantesting/perl-5.22.0/lib/site_perl/5.22.0 /home/david/cpantesting/perl-5.22.0/lib/5.22.0/x86_64-linux-thread-multi /home/david/cpantesting/perl-5.22.0/lib/5.22.0 .) at /home/david/cpantesting/perl-5.22.0/.cpan/build/DhMakePerl-0.89-VxyS1k/blib/lib/Debian/Dependencies.pm line 8.
# BEGIN failed--compilation aborted at /home/david/cpantesting/perl-5.22.0/.cpan/build/DhMakePerl-0.89-VxyS1k/blib/lib/Debian/Dependencies.pm line 8.
# Compilation failed in require at /home/david/cpantesting/perl-5.22.0/.cpan/build/DhMakePerl-0.89-VxyS1k/blib/lib/Debian/Control/Stanza.pm line 34.
# BEGIN failed--compilation aborted at /home/david/cpantesting/perl-5.22.0/.cpan/build/DhMakePerl-0.89-VxyS1k/blib/lib/Debian/Control/Stanza.pm line 34.
# Compilation failed in require at /home/david/cpantesting/perl-5.22.0/lib/5.22.0/base.pm line 99.
# ...propagated at /home/david/cpantesting/perl-5.22.0/lib/5.22.0/base.pm line 108.
# BEGIN failed--compilation aborted at /home/david/cpantesting/perl-5.22.0/.cpan/build/DhMakePerl-0.89-VxyS1k/blib/lib/Debian/Control/Stanza/Binary.pm line 92.
# Compilation failed in require at /home/david/cpantesting/perl-5.22.0/lib/site_perl/5.22.0/Test/Compile/Internal.pm line 197.
# Failed test 'Compile test for blib/lib/Debian/Control/Stanza/Binary.pm'
# at /home/david/cpantesting/perl-5.22.0/lib/site_perl/5.22.0/Test/Compile.pm line 282.
# blib/lib/Debian/Control/Stanza/Binary.pm does not compile
# Compilation of Debian::Control::Stanza::Source failed: Can't locate AptPkg/Config.pm in @INC (you may need to install the AptPkg::Config module) (@INC contains: /home/david/cpantesting/perl-5.22.0/.cpan/build/DhMakePerl-0.89-VxyS1k/blib/lib /home/david/cpantesting/perl-5.22.0/.cpan/build/DhMakePerl-0.89-VxyS1k/blib/arch privinc /home/david/cpantesting/perl-5.22.0/lib/site_perl/5.22.0/x86_64-linux-thread-multi /home/david/cpantesting/perl-5.22.0/lib/site_perl/5.22.0 /home/david/cpantesting/perl-5.22.0/lib/5.22.0/x86_64-linux-thread-multi /home/david/cpantesting/perl-5.22.0/lib/5.22.0 .) at /home/david/cpantesting/perl-5.22.0/.cpan/build/DhMakePerl-0.89-VxyS1k/blib/lib/Debian/Dependencies.pm line 8.
# BEGIN failed--compilation aborted at /home/david/cpantesting/perl-5.22.0/.cpan/build/DhMakePerl-0.89-VxyS1k/blib/lib/Debian/Dependencies.pm line 8.
# Compilation failed in require at /home/david/cpantesting/perl-5.22.0/.cpan/build/DhMakePerl-0.89-VxyS1k/blib/lib/Debian/Control/Stanza.pm line 34.
# BEGIN failed--compilation aborted at /home/david/cpantesting/perl-5.22.0/.cpan/build/DhMakePerl-0.89-VxyS1k/blib/lib/Debian/Control/Stanza.pm line 34.
# Compilation failed in require at /home/david/cpantesting/perl-5.22.0/lib/5.22.0/base.pm line 99.
# ...propagated at /home/david/cpantesting/perl-5.22.0/lib/5.22.0/base.pm line 108.
# BEGIN failed--compilation aborted at /home/david/cpantesting/perl-5.22.0/.cpan/build/DhMakePerl-0.89-VxyS1k/blib/lib/Debian/Control/Stanza/Source.pm line 82.
# Compilation failed in require at /home/david/cpantesting/perl-5.22.0/lib/site_perl/5.22.0/Test/Compile/Internal.pm line 197.
# Failed test 'Compile test for blib/lib/Debian/Control/Stanza/Source.pm'
# at /home/david/cpantesting/perl-5.22.0/lib/site_perl/5.22.0/Test/Compile.pm line 282.
# blib/lib/Debian/Control/Stanza/Source.pm does not compile
Can't locate AptPkg/Config.pm in @INC (you may need to install the AptPkg::Config module) (@INC contains: blib/lib /home/david/cpantesting/perl-5.22.0/.cpan/build/DhMakePerl-0.89-VxyS1k/blib/lib /home/david/cpantesting/perl-5.22.0/.cpan/build/DhMakePerl-0.89-VxyS1k/blib/arch privinc /home/david/cpantesting/perl-5.22.0/lib/site_perl/5.22.0/x86_64-linux-thread-multi /home/david/cpantesting/perl-5.22.0/lib/site_perl/5.22.0/x86_64-linux-thread-multi /home/david/cpantesting/perl-5.22.0/lib/site_perl/5.22.0 /home/david/cpantesting/perl-5.22.0/lib/5.22.0/x86_64-linux-thread-multi /home/david/cpantesting/perl-5.22.0/lib/5.22.0/x86_64-linux-thread-multi /home/david/cpantesting/perl-5.22.0/lib/5.22.0 . /home/david/cpantesting/perl-5.22.0/.cpan/build/DhMakePerl-0.89-VxyS1k/blib/lib /home/david/cpantesting/perl-5.22.0/.cpan/build/DhMakePerl-0.89-VxyS1k/blib/arch privinc /home/david/cpantesting/perl-5.22.0/lib/site_perl/5.22.0/x86_64-linux-thread-multi /home/david/cpantesting/perl-5.22.0/lib/site_perl/5.22.0 /home/david/cpantesting/perl-5.22.0/lib/5.22.0/x86_64-linux-thread-multi /home/david/cpantesting/perl-5.22.0/lib/5.22.0 .) at blib/lib/Debian/Dependency.pm line 8.
BEGIN failed--compilation aborted at blib/lib/Debian/Dependency.pm line 8.
Compilation failed in require at blib/lib/Debian/AptContents.pm line 36.
BEGIN failed--compilation aborted at blib/lib/Debian/AptContents.pm line 36.
Compilation failed in require at blib/lib/DhMakePerl.pm line 49.
BEGIN failed--compilation aborted at blib/lib/DhMakePerl.pm line 49.
Compilation failed in require at dh-make-perl line 6.
BEGIN failed--compilation aborted at dh-make-perl line 6.
# Failed test 'Compile test for dh-make-perl'
# at /home/david/cpantesting/perl-5.22.0/lib/site_perl/5.22.0/Test/Compile.pm line 320.
# dh-make-perl does not compile
# Looks like you failed 19 tests of 25.
t/00-load.t .........................
Dubious, test returned 19 (wstat 4864, 0x1300)
Failed 19/25 subtests
# Failed test 'use Debian::AptContents;'
# at t/AptContents.t line 9.
# Tried to use 'Debian::AptContents'.
# Error: Can't locate AptPkg/Config.pm in @INC (you may need to install the AptPkg::Config module) (@INC contains: /home/david/cpantesting/perl-5.22.0/.cpan/build/DhMakePerl-0.89-VxyS1k/blib/lib /home/david/cpantesting/perl-5.22.0/.cpan/build/DhMakePerl-0.89-VxyS1k/blib/arch privinc /home/david/cpantesting/perl-5.22.0/lib/site_perl/5.22.0/x86_64-linux-thread-multi /home/david/cpantesting/perl-5.22.0/lib/site_perl/5.22.0 /home/david/cpantesting/perl-5.22.0/lib/5.22.0/x86_64-linux-thread-multi /home/david/cpantesting/perl-5.22.0/lib/5.22.0 .) at /home/david/cpantesting/perl-5.22.0/.cpan/build/DhMakePerl-0.89-VxyS1k/blib/lib/Debian/Dependency.pm line 8.
# BEGIN failed--compilation aborted at /home/david/cpantesting/perl-5.22.0/.cpan/build/DhMakePerl-0.89-VxyS1k/blib/lib/Debian/Dependency.pm line 8.
# Compilation failed in require at /home/david/cpantesting/perl-5.22.0/.cpan/build/DhMakePerl-0.89-VxyS1k/blib/lib/Debian/AptContents.pm line 36.
# BEGIN failed--compilation aborted at /home/david/cpantesting/perl-5.22.0/.cpan/build/DhMakePerl-0.89-VxyS1k/blib/lib/Debian/AptContents.pm line 36.
# Compilation failed in require at t/AptContents.t line 9.
# BEGIN failed--compilation aborted at t/AptContents.t line 9.
# Failed test 'AptContents->new with no homedir dies'
# at t/AptContents.t line 29.
# Failed test 'should say why it died'
# at t/AptContents.t line 30.
# ''
# doesn't match '(?^:No homedir given)'
Can't locate object method "cache" via package "Debian::AptContents" at t/AptContents.t line 36.
# Looks like you planned 26 tests but ran 4.
# Looks like you failed 3 tests of 4 run.
# Looks like your test exited with 2 just after 4.
t/AptContents.t .....................
Dubious, test returned 2 (wstat 512, 0x200)
Failed 25/26 subtests
t/CommaSeparated.t .................. ok
# Failed test 'use Debian::Control;'
# at t/Control.t line 11.
# Tried to use 'Debian::Control'.
# Error: Can't locate AptPkg/Config.pm in @INC (you may need to install the AptPkg::Config module) (@INC contains: /home/david/cpantesting/perl-5.22.0/.cpan/build/DhMakePerl-0.89-VxyS1k/blib/lib /home/david/cpantesting/perl-5.22.0/.cpan/build/DhMakePerl-0.89-VxyS1k/blib/arch privinc /home/david/cpantesting/perl-5.22.0/lib/site_perl/5.22.0/x86_64-linux-thread-multi /home/david/cpantesting/perl-5.22.0/lib/site_perl/5.22.0 /home/david/cpantesting/perl-5.22.0/lib/5.22.0/x86_64-linux-thread-multi /home/david/cpantesting/perl-5.22.0/lib/5.22.0 .) at /home/david/cpantesting/perl-5.22.0/.cpan/build/DhMakePerl-0.89-VxyS1k/blib/lib/Debian/Dependencies.pm line 8.
# BEGIN failed--compilation aborted at /home/david/cpantesting/perl-5.22.0/.cpan/build/DhMakePerl-0.89-VxyS1k/blib/lib/Debian/Dependencies.pm line 8.
# Compilation failed in require at /home/david/cpantesting/perl-5.22.0/.cpan/build/DhMakePerl-0.89-VxyS1k/blib/lib/Debian/Control/Stanza.pm line 34.
# BEGIN failed--compilation aborted at /home/david/cpantesting/perl-5.22.0/.cpan/build/DhMakePerl-0.89-VxyS1k/blib/lib/Debian/Control/Stanza.pm line 34.
# Compilation failed in require at /home/david/cpantesting/perl-5.22.0/lib/5.22.0/base.pm line 99.
# ...propagated at /home/david/cpantesting/perl-5.22.0/lib/5.22.0/base.pm line 108.
# BEGIN failed--compilation aborted at /home/david/cpantesting/perl-5.22.0/.cpan/build/DhMakePerl-0.89-VxyS1k/blib/lib/Debian/Control/Stanza/Source.pm line 82.
# Compilation failed in require at /home/david/cpantesting/perl-5.22.0/.cpan/build/DhMakePerl-0.89-VxyS1k/blib/lib/Debian/Control.pm line 60.
# BEGIN failed--compilation aborted at /home/david/cpantesting/perl-5.22.0/.cpan/build/DhMakePerl-0.89-VxyS1k/blib/lib/Debian/Control.pm line 60.
# Compilation failed in require at t/Control.t line 11.
# BEGIN failed--compilation aborted at t/Control.t line 11.
# Failed test 'use Debian::Control::Stanza::Source;'
# at t/Control.t line 12.
# Tried to use 'Debian::Control::Stanza::Source'.
# Error: Attempt to reload Debian/Control/Stanza/Source.pm aborted.
# Compilation failed in require at t/Control.t line 12.
# BEGIN failed--compilation aborted at t/Control.t line 12.
# Failed test 'Source constructs'
# at t/Control.t line 16.
# died: Can't locate object method "new" via package "Debian::Control::Stanza::Source" at t/Control.t line 16.
# Failed test 'Source: set'
# at t/Control.t line 17.
# died: Can't call method "Source" on an undefined value at t/Control.t line 17.
# Failed test 'Binary constructs'
# at t/Control.t line 20.
# died: Can't locate object method "new" via package "Debian::Control::Stanza::Binary" (perhaps you forgot to load "Debian::Control::Stanza::Binary"?) at t/Control.t line 20.
# Failed test 'Package set'
# at t/Control.t line 21.
# died: Can't call method "Package" on an undefined value at t/Control.t line 21.
# Failed test 'Depends set'
# at t/Control.t line 22.
# died: Can't call method "Depends" on an undefined value at t/Control.t line 22.
Can't call method "Depends" on an undefined value at t/Control.t line 23.
# Looks like you planned 22 tests but ran 7.
# Looks like you failed 7 tests of 7 run.
# Looks like your test exited with 255 just after 7.
t/Control.t .........................
Dubious, test returned 255 (wstat 65280, 0xff00)
Failed 22/22 subtests
# Failed test 'use Debian::Dependency;'
# at t/Dep.t line 9.
# Tried to use 'Debian::Dependency'.
# Error: Can't locate AptPkg/Config.pm in @INC (you may need to install the AptPkg::Config module) (@INC contains: /home/david/cpantesting/perl-5.22.0/.cpan/build/DhMakePerl-0.89-VxyS1k/blib/lib /home/david/cpantesting/perl-5.22.0/.cpan/build/DhMakePerl-0.89-VxyS1k/blib/arch privinc /home/david/cpantesting/perl-5.22.0/lib/site_perl/5.22.0/x86_64-linux-thread-multi /home/david/cpantesting/perl-5.22.0/lib/site_perl/5.22.0 /home/david/cpantesting/perl-5.22.0/lib/5.22.0/x86_64-linux-thread-multi /home/david/cpantesting/perl-5.22.0/lib/5.22.0 .) at /home/david/cpantesting/perl-5.22.0/.cpan/build/DhMakePerl-0.89-VxyS1k/blib/lib/Debian/Dependency.pm line 8.
# BEGIN failed--compilation aborted at /home/david/cpantesting/perl-5.22.0/.cpan/build/DhMakePerl-0.89-VxyS1k/blib/lib/Debian/Dependency.pm line 8.
# Compilation failed in require at t/Dep.t line 9.
# BEGIN failed--compilation aborted at t/Dep.t line 9.
# Failed test 'simple Dep constructed'
# at t/Dep.t line 14.
Can't call method "pkg" on an undefined value at t/Dep.t line 15.
# Looks like you planned 167 tests but ran 2.
# Looks like you failed 2 tests of 2 run.
# Looks like your test exited with 255 just after 2.
t/Dep.t .............................
Dubious, test returned 255 (wstat 65280, 0xff00)
Failed 167/167 subtests
# Failed test 'use Debian::Dependencies;'
# at t/Dependencies.t line 9.
# Tried to use 'Debian::Dependencies'.
# Error: Can't locate AptPkg/Config.pm in @INC (you may need to install the AptPkg::Config module) (@INC contains: /home/david/cpantesting/perl-5.22.0/.cpan/build/DhMakePerl-0.89-VxyS1k/blib/lib /home/david/cpantesting/perl-5.22.0/.cpan/build/DhMakePerl-0.89-VxyS1k/blib/arch privinc /home/david/cpantesting/perl-5.22.0/lib/site_perl/5.22.0/x86_64-linux-thread-multi /home/david/cpantesting/perl-5.22.0/lib/site_perl/5.22.0 /home/david/cpantesting/perl-5.22.0/lib/5.22.0/x86_64-linux-thread-multi /home/david/cpantesting/perl-5.22.0/lib/5.22.0 .) at /home/david/cpantesting/perl-5.22.0/.cpan/build/DhMakePerl-0.89-VxyS1k/blib/lib/Debian/Dependencies.pm line 8.
# BEGIN failed--compilation aborted at /home/david/cpantesting/perl-5.22.0/.cpan/build/DhMakePerl-0.89-VxyS1k/blib/lib/Debian/Dependencies.pm line 8.
# Compilation failed in require at t/Dependencies.t line 9.
# BEGIN failed--compilation aborted at t/Dependencies.t line 9.
Can't locate object method "new" via package "Debian::Dependencies" at t/Dependencies.t line 12.
# Looks like you failed 1 test of 1.
# Looks like your test exited with 255 just after 1.
t/Dependencies.t ....................
Dubious, test returned 255 (wstat 65280, 0xff00)
Failed 1/1 subtests
Can't exec "dpkg-architecture": No such file or directory at t/DpkgLists.t line 17.
Use of uninitialized value $arch in scalar chomp at t/DpkgLists.t line 18.
Use of uninitialized value $arch in concatenation (.) or string at t/DpkgLists.t line 21.
# Perl API is 5.22
# Failed test 'Errno is in perl-base'
# at t/DpkgLists.t line 36.
# Structures begin differing at:
# $got->[0] = Does not exist
# $expected->[0] = 'libperl5.22:'
# Failed test 'IO::Socket::UNIX is in perl-base'
# at t/DpkgLists.t line 42.
# Structures begin differing at:
# $got->[0] = Does not exist
# $expected->[0] = 'libperl5.22:'
# Failed test 'utf8 is in perl-base'
# at t/DpkgLists.t line 48.
# Structures begin differing at:
# $got->[0] = Does not exist
# $expected->[0] = 'perl-base'
# Looks like you failed 3 tests of 7.
t/DpkgLists.t .......................
Dubious, test returned 3 (wstat 768, 0x300)
Failed 3/7 subtests
Perl v5.10.0 required--this is only v5.8.8, stopped at lib/DhMakePerl.pm line 5.
BEGIN failed--compilation aborted at lib/DhMakePerl.pm line 5.
Compilation failed in require at /home/david/cpantesting/perl-5.22.0/.cpan/build/DhMakePerl-0.89-VxyS1k/t/../dh-make-perl line 6.
BEGIN failed--compilation aborted at /home/david/cpantesting/perl-5.22.0/.cpan/build/DhMakePerl-0.89-VxyS1k/t/../dh-make-perl line 6.
# Failed test 'Strange-0.1: system returned 0'
# at t/cache.t line 38.
# got: '2304'
# expected: '0'
unlink(/home/david/cpantesting/perl-5.22.0/.cpan/build/DhMakePerl-0.89-VxyS1k/t/contents.cache): No such file or directory at t/cache.t line 43.
# Looks like you failed 1 test of 1.
# Looks like your test exited with 2 just after 1.
t/cache.t ...........................
Dubious, test returned 2 (wstat 512, 0x200)
Failed 1/1 subtests
Can't locate AptPkg/Cache.pm in @INC (you may need to install the AptPkg::Cache module) (@INC contains: /home/david/cpantesting/perl-5.22.0/.cpan/build/DhMakePerl-0.89-VxyS1k/blib/lib /home/david/cpantesting/perl-5.22.0/.cpan/build/DhMakePerl-0.89-VxyS1k/blib/arch privinc /home/david/cpantesting/perl-5.22.0/lib/site_perl/5.22.0/x86_64-linux-thread-multi /home/david/cpantesting/perl-5.22.0/lib/site_perl/5.22.0 /home/david/cpantesting/perl-5.22.0/lib/5.22.0/x86_64-linux-thread-multi /home/david/cpantesting/perl-5.22.0/lib/5.22.0 .) at /home/david/cpantesting/perl-5.22.0/.cpan/build/DhMakePerl-0.89-VxyS1k/blib/lib/DhMakePerl/Utils.pm line 34.
BEGIN failed--compilation aborted at /home/david/cpantesting/perl-5.22.0/.cpan/build/DhMakePerl-0.89-VxyS1k/blib/lib/DhMakePerl/Utils.pm line 34.
Compilation failed in require at t/core-modules.t line 8.
BEGIN failed--compilation aborted at t/core-modules.t line 8.
# Looks like your test exited with 2 before it could output anything.
t/core-modules.t ....................
Dubious, test returned 2 (wstat 512, 0x200)
Failed 7/7 subtests
Can't locate AptPkg/Cache.pm in @INC (you may need to install the AptPkg::Cache module) (@INC contains: /home/david/cpantesting/perl-5.22.0/.cpan/build/DhMakePerl-0.89-VxyS1k/blib/lib /home/david/cpantesting/perl-5.22.0/.cpan/build/DhMakePerl-0.89-VxyS1k/blib/arch privinc /home/david/cpantesting/perl-5.22.0/lib/site_perl/5.22.0/x86_64-linux-thread-multi /home/david/cpantesting/perl-5.22.0/lib/site_perl/5.22.0 /home/david/cpantesting/perl-5.22.0/lib/5.22.0/x86_64-linux-thread-multi /home/david/cpantesting/perl-5.22.0/lib/5.22.0 .) at /home/david/cpantesting/perl-5.22.0/.cpan/build/DhMakePerl-0.89-VxyS1k/blib/lib/DhMakePerl/Utils.pm line 34.
BEGIN failed--compilation aborted at /home/david/cpantesting/perl-5.22.0/.cpan/build/DhMakePerl-0.89-VxyS1k/blib/lib/DhMakePerl/Utils.pm line 34.
Compilation failed in require at t/corelist.t line 8.
BEGIN failed--compilation aborted at t/corelist.t line 8.
# Looks like your test exited with 2 before it could output anything.
t/corelist.t ........................
Dubious, test returned 2 (wstat 512, 0x200)
Failed 7/7 subtests
t/critic.t .......................... ok
Can't locate AptPkg/Config.pm in @INC (you may need to install the AptPkg::Config module) (@INC contains: /home/david/cpantesting/perl-5.22.0/.cpan/build/DhMakePerl-0.89-VxyS1k/blib/lib /home/david/cpantesting/perl-5.22.0/.cpan/build/DhMakePerl-0.89-VxyS1k/blib/arch privinc /home/david/cpantesting/perl-5.22.0/lib/site_perl/5.22.0/x86_64-linux-thread-multi /home/david/cpantesting/perl-5.22.0/lib/site_perl/5.22.0 /home/david/cpantesting/perl-5.22.0/lib/5.22.0/x86_64-linux-thread-multi /home/david/cpantesting/perl-5.22.0/lib/5.22.0) at /home/david/cpantesting/perl-5.22.0/.cpan/build/DhMakePerl-0.89-VxyS1k/blib/lib/Debian/Dependency.pm line 8.
BEGIN failed--compilation aborted at /home/david/cpantesting/perl-5.22.0/.cpan/build/DhMakePerl-0.89-VxyS1k/blib/lib/Debian/Dependency.pm line 8.
Compilation failed in require at /home/david/cpantesting/perl-5.22.0/.cpan/build/DhMakePerl-0.89-VxyS1k/blib/lib/Debian/AptContents.pm line 36.
BEGIN failed--compilation aborted at /home/david/cpantesting/perl-5.22.0/.cpan/build/DhMakePerl-0.89-VxyS1k/blib/lib/Debian/AptContents.pm line 36.
Compilation failed in require at /home/david/cpantesting/perl-5.22.0/.cpan/build/DhMakePerl-0.89-VxyS1k/blib/lib/DhMakePerl.pm line 49.
BEGIN failed--compilation aborted at /home/david/cpantesting/perl-5.22.0/.cpan/build/DhMakePerl-0.89-VxyS1k/blib/lib/DhMakePerl.pm line 49.
Compilation failed in require at t/debian-version.t line 5.
BEGIN failed--compilation aborted at t/debian-version.t line 5.
t/debian-version.t ..................
Dubious, test returned 2 (wstat 512, 0x200)
No subtests run
# Failed test 'Strange-0.1 run ok (initial)'
# at t/dists.t line 102.
# $! = Illegal seek, $? = 2304
# Perl v5.10.0 required--this is only v5.8.8, stopped at lib/DhMakePerl.pm line 5.
# BEGIN failed--compilation aborted at lib/DhMakePerl.pm line 5.
# Compilation failed in require at /home/david/cpantesting/perl-5.22.0/.cpan/build/DhMakePerl-0.89-VxyS1k/t/../dh-make-perl line 6.
# BEGIN failed--compilation aborted at /home/david/cpantesting/perl-5.22.0/.cpan/build/DhMakePerl-0.89-VxyS1k/t/../dh-make-perl line 6.
# Failed test 'Strange-0.1 run ok (refresh)'
# at t/dists.t line 102.
# $! = Illegal seek, $? = 2304
# Perl v5.10.0 required--this is only v5.8.8, stopped at lib/DhMakePerl.pm line 5.
# BEGIN failed--compilation aborted at lib/DhMakePerl.pm line 5.
# Compilation failed in require at /home/david/cpantesting/perl-5.22.0/.cpan/build/DhMakePerl-0.89-VxyS1k/t/../dh-make-perl line 6.
# BEGIN failed--compilation aborted at /home/david/cpantesting/perl-5.22.0/.cpan/build/DhMakePerl-0.89-VxyS1k/t/../dh-make-perl line 6.
Can't stat /home/david/cpantesting/perl-5.22.0/.cpan/build/DhMakePerl-0.89-VxyS1k/t/dists/Strange-0.1/debian: No such file or directory
at /home/david/cpantesting/perl-5.22.0/lib/site_perl/5.22.0/File/Find/Rule.pm line 594.
# Failed test 'Strange-0.1 run ok (refresh --source-format '3.0 (quilt)')'
# at t/dists.t line 102.
# $! = Illegal seek, $? = 2304
# Perl v5.10.0 required--this is only v5.8.8, stopped at lib/DhMakePerl.pm line 5.
# BEGIN failed--compilation aborted at lib/DhMakePerl.pm line 5.
# Compilation failed in require at /home/david/cpantesting/perl-5.22.0/.cpan/build/DhMakePerl-0.89-VxyS1k/t/../dh-make-perl line 6.
# BEGIN failed--compilation aborted at /home/david/cpantesting/perl-5.22.0/.cpan/build/DhMakePerl-0.89-VxyS1k/t/../dh-make-perl line 6.
cannot open /home/david/cpantesting/perl-5.22.0/.cpan/build/DhMakePerl-0.89-VxyS1k/t/dists/Strange-0.1/debian/changelog at t/dists.t line 242.
# Looks like you planned 16 tests but ran 6.
# Looks like you failed 3 tests of 6 run.
# Looks like your test exited with 2 just after 6.
t/dists.t ...........................
Dubious, test returned 2 (wstat 512, 0x200)
Failed 13/16 subtests
(less 3 skipped subtests: 0 okay)
Can't locate AptPkg/Config.pm in @INC (you may need to install the AptPkg::Config module) (@INC contains: /home/david/cpantesting/perl-5.22.0/.cpan/build/DhMakePerl-0.89-VxyS1k/blib/lib /home/david/cpantesting/perl-5.22.0/.cpan/build/DhMakePerl-0.89-VxyS1k/blib/arch privinc /home/david/cpantesting/perl-5.22.0/lib/site_perl/5.22.0/x86_64-linux-thread-multi /home/david/cpantesting/perl-5.22.0/lib/site_perl/5.22.0 /home/david/cpantesting/perl-5.22.0/lib/5.22.0/x86_64-linux-thread-multi /home/david/cpantesting/perl-5.22.0/lib/5.22.0 .) at /home/david/cpantesting/perl-5.22.0/.cpan/build/DhMakePerl-0.89-VxyS1k/blib/lib/Debian/Dependency.pm line 8.
BEGIN failed--compilation aborted at /home/david/cpantesting/perl-5.22.0/.cpan/build/DhMakePerl-0.89-VxyS1k/blib/lib/Debian/Dependency.pm line 8.
Compilation failed in require at /home/david/cpantesting/perl-5.22.0/.cpan/build/DhMakePerl-0.89-VxyS1k/blib/lib/Debian/AptContents.pm line 36.
BEGIN failed--compilation aborted at /home/david/cpantesting/perl-5.22.0/.cpan/build/DhMakePerl-0.89-VxyS1k/blib/lib/Debian/AptContents.pm line 36.
Compilation failed in require at /home/david/cpantesting/perl-5.22.0/.cpan/build/DhMakePerl-0.89-VxyS1k/blib/lib/DhMakePerl.pm line 49.
BEGIN failed--compilation aborted at /home/david/cpantesting/perl-5.22.0/.cpan/build/DhMakePerl-0.89-VxyS1k/blib/lib/DhMakePerl.pm line 49.
Compilation failed in require at /home/david/cpantesting/perl-5.22.0/lib/5.22.0/base.pm line 99.
...propagated at /home/david/cpantesting/perl-5.22.0/lib/5.22.0/base.pm line 108.
BEGIN failed--compilation aborted at /home/david/cpantesting/perl-5.22.0/.cpan/build/DhMakePerl-0.89-VxyS1k/blib/lib/DhMakePerl/Command/Packaging.pm line 16.
Compilation failed in require at /home/david/cpantesting/perl-5.22.0/lib/5.22.0/base.pm line 99.
...propagated at /home/david/cpantesting/perl-5.22.0/lib/5.22.0/base.pm line 108.
BEGIN failed--compilation aborted at /home/david/cpantesting/perl-5.22.0/.cpan/build/DhMakePerl-0.89-VxyS1k/blib/lib/DhMakePerl/Command/make.pm line 8.
Compilation failed in require at t/extract_name_ver.t line 5.
BEGIN failed--compilation aborted at t/extract_name_ver.t line 5.
# Looks like your test exited with 2 before it could output anything.
t/extract_name_ver.t ................
Dubious, test returned 2 (wstat 512, 0x200)
Failed 5/5 subtests
Can't locate AptPkg/Config.pm in @INC (you may need to install the AptPkg::Config module) (@INC contains: /home/david/cpantesting/perl-5.22.0/.cpan/build/DhMakePerl-0.89-VxyS1k/blib/lib /home/david/cpantesting/perl-5.22.0/.cpan/build/DhMakePerl-0.89-VxyS1k/blib/arch privinc /home/david/cpantesting/perl-5.22.0/lib/site_perl/5.22.0/x86_64-linux-thread-multi /home/david/cpantesting/perl-5.22.0/lib/site_perl/5.22.0 /home/david/cpantesting/perl-5.22.0/lib/5.22.0/x86_64-linux-thread-multi /home/david/cpantesting/perl-5.22.0/lib/5.22.0 .) at /home/david/cpantesting/perl-5.22.0/.cpan/build/DhMakePerl-0.89-VxyS1k/blib/lib/Debian/Dependency.pm line 8.
BEGIN failed--compilation aborted at /home/david/cpantesting/perl-5.22.0/.cpan/build/DhMakePerl-0.89-VxyS1k/blib/lib/Debian/Dependency.pm line 8.
Compilation failed in require at /home/david/cpantesting/perl-5.22.0/.cpan/build/DhMakePerl-0.89-VxyS1k/blib/lib/Debian/AptContents.pm line 36.
BEGIN failed--compilation aborted at /home/david/cpantesting/perl-5.22.0/.cpan/build/DhMakePerl-0.89-VxyS1k/blib/lib/Debian/AptContents.pm line 36.
Compilation failed in require at /home/david/cpantesting/perl-5.22.0/.cpan/build/DhMakePerl-0.89-VxyS1k/blib/lib/DhMakePerl.pm line 49.
BEGIN failed--compilation aborted at /home/david/cpantesting/perl-5.22.0/.cpan/build/DhMakePerl-0.89-VxyS1k/blib/lib/DhMakePerl.pm line 49.
Compilation failed in require at /home/david/cpantesting/perl-5.22.0/lib/5.22.0/base.pm line 99.
...propagated at /home/david/cpantesting/perl-5.22.0/lib/5.22.0/base.pm line 108.
BEGIN failed--compilation aborted at /home/david/cpantesting/perl-5.22.0/.cpan/build/DhMakePerl-0.89-VxyS1k/blib/lib/DhMakePerl/Command/Packaging.pm line 16.
Compilation failed in require at /home/david/cpantesting/perl-5.22.0/lib/5.22.0/base.pm line 99.
...propagated at /home/david/cpantesting/perl-5.22.0/lib/5.22.0/base.pm line 108.
BEGIN failed--compilation aborted at /home/david/cpantesting/perl-5.22.0/.cpan/build/DhMakePerl-0.89-VxyS1k/blib/lib/DhMakePerl/Command/make.pm line 8.
Compilation failed in require at t/extract_name_ver_from_makefile.t line 6.
BEGIN failed--compilation aborted at t/extract_name_ver_from_makefile.t line 6.
# Looks like your test exited with 2 before it could output anything.
t/extract_name_ver_from_makefile.t ..
Dubious, test returned 2 (wstat 512, 0x200)
No subtests run
t/manifest.t ........................ skipped: Test::DistManifest only happens for RELEASE_TESTING
# Failed test 'use Debian::Control::FromCPAN;'
# at t/perl-deps.t line 10.
# Tried to use 'Debian::Control::FromCPAN'.
# Error: Can't locate AptPkg/Config.pm in @INC (you may need to install the AptPkg::Config module) (@INC contains: /home/david/cpantesting/perl-5.22.0/.cpan/build/DhMakePerl-0.89-VxyS1k/blib/lib /home/david/cpantesting/perl-5.22.0/.cpan/build/DhMakePerl-0.89-VxyS1k/blib/arch privinc /home/david/cpantesting/perl-5.22.0/lib/site_perl/5.22.0/x86_64-linux-thread-multi /home/david/cpantesting/perl-5.22.0/lib/site_perl/5.22.0 /home/david/cpantesting/perl-5.22.0/lib/5.22.0/x86_64-linux-thread-multi /home/david/cpantesting/perl-5.22.0/lib/5.22.0 .) at /home/david/cpantesting/perl-5.22.0/.cpan/build/DhMakePerl-0.89-VxyS1k/blib/lib/Debian/Dependencies.pm line 8.
# BEGIN failed--compilation aborted at /home/david/cpantesting/perl-5.22.0/.cpan/build/DhMakePerl-0.89-VxyS1k/blib/lib/Debian/Dependencies.pm line 8.
# Compilation failed in require at /home/david/cpantesting/perl-5.22.0/.cpan/build/DhMakePerl-0.89-VxyS1k/blib/lib/Debian/Control/Stanza.pm line 34.
# BEGIN failed--compilation aborted at /home/david/cpantesting/perl-5.22.0/.cpan/build/DhMakePerl-0.89-VxyS1k/blib/lib/Debian/Control/Stanza.pm line 34.
# Compilation failed in require at /home/david/cpantesting/perl-5.22.0/lib/5.22.0/base.pm line 99.
# ...propagated at /home/david/cpantesting/perl-5.22.0/lib/5.22.0/base.pm line 108.
# BEGIN failed--compilation aborted at /home/david/cpantesting/perl-5.22.0/.cpan/build/DhMakePerl-0.89-VxyS1k/blib/lib/Debian/Control/Stanza/Source.pm line 82.
# Compilation failed in require at /home/david/cpantesting/perl-5.22.0/.cpan/build/DhMakePerl-0.89-VxyS1k/blib/lib/Debian/Control.pm line 60.
# BEGIN failed--compilation aborted at /home/david/cpantesting/perl-5.22.0/.cpan/build/DhMakePerl-0.89-VxyS1k/blib/lib/Debian/Control.pm line 60.
# Compilation failed in require at /home/david/cpantesting/perl-5.22.0/lib/5.22.0/base.pm line 99.
# ...propagated at /home/david/cpantesting/perl-5.22.0/lib/5.22.0/base.pm line 108.
# BEGIN failed--compilation aborted at /home/david/cpantesting/perl-5.22.0/.cpan/build/DhMakePerl-0.89-VxyS1k/blib/lib/Debian/Control/FromCPAN.pm line 23.
# Compilation failed in require at t/perl-deps.t line 10.
# BEGIN failed--compilation aborted at t/perl-deps.t line 10.
# Failed test 'use Debian::Dependency;'
# at t/perl-deps.t line 11.
# Tried to use 'Debian::Dependency'.
# Error: Can't locate AptPkg/Config.pm in @INC (you may need to install the AptPkg::Config module) (@INC contains: /home/david/cpantesting/perl-5.22.0/.cpan/build/DhMakePerl-0.89-VxyS1k/blib/lib /home/david/cpantesting/perl-5.22.0/.cpan/build/DhMakePerl-0.89-VxyS1k/blib/arch privinc /home/david/cpantesting/perl-5.22.0/lib/site_perl/5.22.0/x86_64-linux-thread-multi /home/david/cpantesting/perl-5.22.0/lib/site_perl/5.22.0 /home/david/cpantesting/perl-5.22.0/lib/5.22.0/x86_64-linux-thread-multi /home/david/cpantesting/perl-5.22.0/lib/5.22.0 .) at /home/david/cpantesting/perl-5.22.0/.cpan/build/DhMakePerl-0.89-VxyS1k/blib/lib/Debian/Dependency.pm line 8.
# BEGIN failed--compilation aborted at /home/david/cpantesting/perl-5.22.0/.cpan/build/DhMakePerl-0.89-VxyS1k/blib/lib/Debian/Dependency.pm line 8.
# Compilation failed in require at t/perl-deps.t line 11.
# BEGIN failed--compilation aborted at t/perl-deps.t line 11.
Can't locate object method "new" via package "Debian::Dependency" at t/perl-deps.t line 21.
# Looks like you planned 12 tests but ran 3.
# Looks like you failed 2 tests of 3 run.
# Looks like your test exited with 255 just after 3.
t/perl-deps.t .......................
Dubious, test returned 255 (wstat 65280, 0xff00)
Failed 11/12 subtests
# Failed test 'use DhMakePerl::Utils;'
# at t/perl-versions.t line 9.
# Tried to use 'DhMakePerl::Utils'.
# Error: Can't locate AptPkg/Cache.pm in @INC (you may need to install the AptPkg::Cache module) (@INC contains: /home/david/cpantesting/perl-5.22.0/.cpan/build/DhMakePerl-0.89-VxyS1k/blib/lib /home/david/cpantesting/perl-5.22.0/.cpan/build/DhMakePerl-0.89-VxyS1k/blib/arch privinc /home/david/cpantesting/perl-5.22.0/lib/site_perl/5.22.0/x86_64-linux-thread-multi /home/david/cpantesting/perl-5.22.0/lib/site_perl/5.22.0 /home/david/cpantesting/perl-5.22.0/lib/5.22.0/x86_64-linux-thread-multi /home/david/cpantesting/perl-5.22.0/lib/5.22.0 .) at /home/david/cpantesting/perl-5.22.0/.cpan/build/DhMakePerl-0.89-VxyS1k/blib/lib/DhMakePerl/Utils.pm line 34.
# BEGIN failed--compilation aborted at /home/david/cpantesting/perl-5.22.0/.cpan/build/DhMakePerl-0.89-VxyS1k/blib/lib/DhMakePerl/Utils.pm line 34.
# Compilation failed in require at t/perl-versions.t line 9.
# BEGIN failed--compilation aborted at t/perl-versions.t line 9.
Undefined subroutine &DhMakePerl::Utils::nice_perl_ver called at t/perl-versions.t line 15.
# Looks like you planned 22 tests but ran 1.
# Looks like you failed 1 test of 1 run.
# Looks like your test exited with 255 just after 1.
t/perl-versions.t ...................
Dubious, test returned 255 (wstat 65280, 0xff00)
Failed 22/22 subtests
t/pod-coverage.t .................... skipped: This is a release-time test
t/pod.t ............................. skipped: This is a release-time test
t/rules.t ........................... ok
# Failed test 'use DhMakePerl::Utils;'
# at t/split_version_relation.t line 5.
# Tried to use 'DhMakePerl::Utils'.
# Error: Can't locate AptPkg/Cache.pm in @INC (you may need to install the AptPkg::Cache module) (@INC contains: /home/david/cpantesting/perl-5.22.0/.cpan/build/DhMakePerl-0.89-VxyS1k/blib/lib /home/david/cpantesting/perl-5.22.0/.cpan/build/DhMakePerl-0.89-VxyS1k/blib/arch privinc /home/david/cpantesting/perl-5.22.0/lib/site_perl/5.22.0/x86_64-linux-thread-multi /home/david/cpantesting/perl-5.22.0/lib/site_perl/5.22.0 /home/david/cpantesting/perl-5.22.0/lib/5.22.0/x86_64-linux-thread-multi /home/david/cpantesting/perl-5.22.0/lib/5.22.0) at /home/david/cpantesting/perl-5.22.0/.cpan/build/DhMakePerl-0.89-VxyS1k/blib/lib/DhMakePerl/Utils.pm line 34.
# BEGIN failed--compilation aborted at /home/david/cpantesting/perl-5.22.0/.cpan/build/DhMakePerl-0.89-VxyS1k/blib/lib/DhMakePerl/Utils.pm line 34.
# Compilation failed in require at t/split_version_relation.t line 5.
# BEGIN failed--compilation aborted at t/split_version_relation.t line 5.
Undefined subroutine &main::split_version_relation called at t/split_version_relation.t line 7.
# Looks like you planned 3 tests but ran 1.
# Looks like you failed 1 test of 1 run.
# Looks like your test exited with 255 just after 1.
t/split_version_relation.t ..........
Dubious, test returned 255 (wstat 65280, 0xff00)
Failed 3/3 subtests
Test Summary Report
-------------------
t/00-load.t (Wstat: 4864 Tests: 25 Failed: 19)
Failed tests: 1, 3-6, 9-17, 20-23, 25
Non-zero exit status: 19
t/AptContents.t (Wstat: 512 Tests: 4 Failed: 3)
Failed tests: 1-3
Non-zero exit status: 2
Parse errors: Bad plan. You planned 26 tests but ran 4.
t/Control.t (Wstat: 65280 Tests: 7 Failed: 7)
Failed tests: 1-7
Non-zero exit status: 255
Parse errors: Bad plan. You planned 22 tests but ran 7.
t/Dep.t (Wstat: 65280 Tests: 2 Failed: 2)
Failed tests: 1-2
Non-zero exit status: 255
Parse errors: Bad plan. You planned 167 tests but ran 2.
t/Dependencies.t (Wstat: 65280 Tests: 1 Failed: 1)
Failed test: 1
Non-zero exit status: 255
t/DpkgLists.t (Wstat: 768 Tests: 7 Failed: 3)
Failed tests: 5-7
Non-zero exit status: 3
t/cache.t (Wstat: 512 Tests: 1 Failed: 1)
Failed test: 1
Non-zero exit status: 2
t/core-modules.t (Wstat: 512 Tests: 0 Failed: 0)
Non-zero exit status: 2
Parse errors: Bad plan. You planned 7 tests but ran 0.
t/corelist.t (Wstat: 512 Tests: 0 Failed: 0)
Non-zero exit status: 2
Parse errors: Bad plan. You planned 7 tests but ran 0.
t/debian-version.t (Wstat: 512 Tests: 0 Failed: 0)
Non-zero exit status: 2
Parse errors: No plan found in TAP output
t/dists.t (Wstat: 512 Tests: 6 Failed: 3)
Failed tests: 1, 3, 5
Non-zero exit status: 2
Parse errors: Bad plan. You planned 16 tests but ran 6.
t/extract_name_ver.t (Wstat: 512 Tests: 0 Failed: 0)
Non-zero exit status: 2
Parse errors: Bad plan. You planned 5 tests but ran 0.
t/extract_name_ver_from_makefile.t (Wstat: 512 Tests: 0 Failed: 0)
Non-zero exit status: 2
Parse errors: No plan found in TAP output
t/perl-deps.t (Wstat: 65280 Tests: 3 Failed: 2)
Failed tests: 1-2
Non-zero exit status: 255
Parse errors: Bad plan. You planned 12 tests but ran 3.
t/perl-versions.t (Wstat: 65280 Tests: 1 Failed: 1)
Failed test: 1
Non-zero exit status: 255
Parse errors: Bad plan. You planned 22 tests but ran 1.
t/split_version_relation.t (Wstat: 65280 Tests: 1 Failed: 1)
Failed test: 1
Non-zero exit status: 255
Parse errors: Bad plan. You planned 3 tests but ran 1.
Files=22, Tests=97, 16 wallclock secs ( 0.06 usr 0.11 sys + 5.48 cusr 0.60 csys = 6.25 CPU)
Result: FAIL
Failed 16/22 test programs. 43/97 subtests failed.
------------------------------
PREREQUISITES
------------------------------
Prerequisite modules loaded:
requires:
Module Need Have
------------------------------- ----- ----------
! AptPkg::Cache 0 n/a
! AptPkg::Config 0 n/a
Array::Unique 0 0.08
Carp 0 1.36
Config::INI::Reader 0 0.025
CPAN 0 2.11
CPAN::Meta 0 2.150001
Cwd 0 3.56
! Dpkg 0 n/a
! Dpkg::Source::Package 0 n/a
Email::Address 0 1.908
Email::Date::Format 0 1.005
File::Basename 0 2.85
File::Copy 0 2.30
File::Find::Rule 0 0.33
File::Spec 0 3.56
File::Spec::Functions 0 3.56
File::Which 0 1.18
FindBin 0 1.51
Getopt::Long 0 2.45
IO::File 0 1.16
IO::Uncompress::Gunzip 0 2.068
List::MoreUtils 0 0.413
Module::Build 0 0.4214
Module::CoreList 0 5.20150520
Module::Depends 0 0.16
Module::Depends::Intrusive 0 0
Parse::DebControl 0 2.005
! Parse::DebianChangelog 0 n/a
perl 5.010 5.022000
Software::License::Artistic_2_0 0 0.103010
Storable 0 2.53
Text::Diff 0 1.43
Text::Wrap 0 2013.0523
Tie::File 0 1.01
Tie::IxHash 0 1.23
User::pwent 0 1.00
version 0 0.9909
WWW::Mechanize 0 1.75
YAML 0 1.15
build_requires:
Module Need Have
------------------------------- ----- ----------
File::DirCompare 0 0.7
File::Touch 0 0.09
IPC::Run 0 0.94
Test::Compile 0 v1.3.0
Test::Deep 0 0.117
Test::Differences 0 0.63
Test::Exception 0 0.38
Test::More 0 1.001014
configure_requires:
Module Need Have
------------------------------- ----- ----------
Module::Build 0.38 0.4214
------------------------------
ENVIRONMENT AND OTHER CONTEXT
------------------------------
Environment variables:
AUTOMATED_TESTING = 1
NONINTERACTIVE_TESTING = 1
PATH = /usr/local/bin:/usr/bin:/bin:/usr/games
PERL = 5.22.0
PERL5LIB =
PERL5OPT =
PERL5_CPANPLUS_IS_RUNNING = 4165
PERL5_CPAN_IS_RUNNING = 4165
PERLVER = 5.22.0
PERL_INLINE_DIRECTORY = /home/david/.Inline-5.22.0
PERL_MM_USE_DEFAULT = 1
SHELL = /bin/bash
TERM = screen
Perl special variables (and OS-specific diagnostics, for MSWin32):
$^X = /home/david/cpantesting/perl-5.22.0/bin/perl
$UID/$EUID = 1000 / 1000
$GID = 1000 1000
$EGID = 1000 1000
Perl module toolchain versions installed:
Module Have
------------------- --------
CPAN 2.11
CPAN::Meta 2.150001
Cwd 3.56
ExtUtils::CBuilder 0.280221
ExtUtils::Command 1.20
ExtUtils::Install 2.04
ExtUtils::MakeMaker 7.04_01
ExtUtils::Manifest 1.70
ExtUtils::ParseXS 3.28
File::Spec 3.56
JSON 2.90
JSON::PP 2.27300
Module::Build 0.4214
Module::Signature n/a
Parse::CPAN::Meta 1.4414
Test::Harness 3.35
Test::More 1.001014
YAML 1.15
YAML::Syck n/a
version 0.9909
--
Summary of my perl5 (revision 5 version 22 subversion 0) configuration:
Platform:
osname=linux, osvers=3.16.0-4-amd64, archname=x86_64-linux-thread-multi
uname='linux pigsty.barnyard.co.uk 3.16.0-4-amd64 #1 smp debian 3.16.7-ckt2-1 (2014-12-08) x86_64 gnulinux '
config_args='-de -Dprefix=/home/david/cpantesting/perl-5.22.0 -Dusethreads -Duse64bitall'
hint=recommended, useposix=true, d_sigaction=define
useithreads=define, usemultiplicity=define
use64bitint=define, use64bitall=define, uselongdouble=undef
usemymalloc=n, bincompat5005=undef
Compiler:
cc='cc', ccflags ='-D_REENTRANT -D_GNU_SOURCE -fno-strict-aliasing -pipe -fstack-protector -I/usr/local/include -D_LARGEFILE_SOURCE -D_FILE_OFFSET_BITS=64 -D_FORTIFY_SOURCE=2',
optimize='-O2',
cppflags='-D_REENTRANT -D_GNU_SOURCE -fno-strict-aliasing -pipe -fstack-protector -I/usr/local/include'
ccversion='', gccversion='4.1.2 20061115 (prerelease) (Debian 4.1.1-21)', gccosandvers=''
intsize=4, longsize=8, ptrsize=8, doublesize=8, byteorder=12345678, doublekind=3
d_longlong=define, longlongsize=8, d_longdbl=define, longdblsize=16, longdblkind=3
ivtype='long', ivsize=8, nvtype='double', nvsize=8, Off_t='off_t', lseeksize=8
alignbytes=8, prototype=define
Linker and Libraries:
ld='cc', ldflags =' -fstack-protector -L/usr/local/lib'
libpth=/usr/local/lib /usr/lib /lib /lib64 /usr/lib64
libs=-lpthread -lnsl -lgdbm -ldb -ldl -lm -lcrypt -lutil -lc -lgdbm_compat
perllibs=-lpthread -lnsl -ldl -lm -lcrypt -lutil -lc
libc=libc-2.3.6.so, so=so, useshrplib=false, libperl=libperl.a
gnulibc_version='2.3.6'
Dynamic Linking:
dlsrc=dl_dlopen.xs, dlext=so, d_dlsymun=undef, ccdlflags='-Wl,-E'
cccdlflags='-fPIC', lddlflags='-shared -O2 -L/usr/local/lib -fstack-protector'
Characteristics of this binary (from libperl):
Compile-time options: HAS_TIMES MULTIPLICITY PERLIO_LAYERS
PERL_DONT_CREATE_GVSV
PERL_HASH_FUNC_ONE_AT_A_TIME_HARD
PERL_IMPLICIT_CONTEXT PERL_MALLOC_WRAP
PERL_NEW_COPY_ON_WRITE PERL_PRESERVE_IVUV
USE_64_BIT_ALL USE_64_BIT_INT USE_ITHREADS
USE_LARGE_FILES USE_LOCALE USE_LOCALE_COLLATE
USE_LOCALE_CTYPE USE_LOCALE_NUMERIC USE_LOCALE_TIME
USE_PERLIO USE_PERL_ATOF USE_REENTRANT_API
Built under linux
Compiled at Jun 3 2015 12:16:28
%ENV:
PERL="5.22.0"
PERL5LIB=""
PERL5OPT=""
PERL5_CPANPLUS_IS_RUNNING="4165"
PERL5_CPAN_IS_RUNNING="4165"
PERLVER="5.22.0"
PERL_INLINE_DIRECTORY="/home/david/.Inline-5.22.0"
PERL_MM_USE_DEFAULT="1"
@INC:
/home/david/cpantesting/perl-5.22.0/lib/site_perl/5.22.0/x86_64-linux-thread-multi
/home/david/cpantesting/perl-5.22.0/lib/site_perl/5.22.0
/home/david/cpantesting/perl-5.22.0/lib/5.22.0/x86_64-linux-thread-multi
/home/david/cpantesting/perl-5.22.0/lib/5.22.0
.