Module-Pluggable v6.3 Perl 5 v5.18.2 amd64-freebsd

Status
Fail
From
Slaven Rezić
Dist
Module-Pluggable v6.3
Platform
Perl 5 v5.18.2 amd64-freebsd
Date
2025-01-11 12:28:48
ID
9b56da8c-d017-11ef-a4db-ad536e8775ea
This distribution has been tested as part of the CPAN Testers
project, supporting the Perl programming language.  See
http://wiki.cpantesters.org/ for more information or email
questions to cpan-testers-discuss@perl.org


--
Dear Simon Wistow,

This is a computer-generated report for Module-Pluggable-6.3
on perl 5.18.2, created by CPAN-Reporter-1.2019.

Thank you for uploading your work to CPAN.  However, there was a problem
testing your distribution.

If you think this report is invalid, please consult the CPAN Testers Wiki
for suggestions on how to avoid getting FAIL reports for missing library
or binary dependencies, unsupported operating systems, and so on:

http://wiki.cpantesters.org/wiki/CPANAuthorNotes

Sections of this report:

    * Tester comments
    * Program output
    * Prerequisites
    * Environment and other context

------------------------------
TESTER COMMENTS
------------------------------

Additional comments from tester:

none provided

------------------------------
PROGRAM OUTPUT
------------------------------

Output from '/usr/bin/make test':

PERL_DL_NONLAZY=1 "/usr/perl5.18.2/bin/perl" "-MExtUtils::Command::MM" "-MTest::Harness" "-e" "undef *Test::Harness::Switches; test_harness(0, 'blib/lib', 'blib/arch')" t/*.t
t/01use.t .................... ok
t/02alsoworks.t .............. ok
t/02works.t .................. ok
t/02works_taint.t ............ ok
t/03diffname.t ............... ok
t/04acmedir.t ................ ok
t/04acmedir_single.t ......... ok
t/04acmepath.t ............... ok
t/04acmepath_single.t ........ ok
t/05postpath.t ............... ok
t/06multipath.t .............. ok
t/07instantiate.t ............ ok
t/08nothing.t ................ ok
t/09require.t ................ ok
t/10innerpack.t .............. ok
t/10innerpack_inner.t ........ ok
t/10innerpack_noinner.t ...... ok
t/10innerpack_onefile.t ...... ok
t/10innerpack_override.t ..... ok
t/10innerpack_super.t ........ ok
t/11usetwice.t ............... ok
t/12only.t ................... ok
t/12onlyarray.t .............. ok
t/12onlyregex.t .............. ok
t/12onlyrequire.t ............ ok
t/13except.t ................. ok
t/13exceptarray.t ............ ok
t/13exceptregex.t ............ ok
t/14package.t ................ ok
t/15topicsafe.t .............. ok
t/16different_extension.t .... ok
t/17devel_inner_package.t .... ok
t/18skipped_package.t ........ ok
t/19can_ok_clobber.t ......... ok
t/20dodgy_files.t ............ ok
t/21editor_junk.t ............ ok
t/22trigger.t ................ ok
t/23depth.t .................. ok
Any::Moose is deprecated. Please use Moo instead at /usr/perl5.18.2/lib/site_perl/5.18.2/Text/Clip.pm line 8.
defined(@array) is deprecated at /usr/perl5.18.2/lib/site_perl/5.18.2/XML/XSH/Completion.pm line 111.
	(Maybe you should just omit the defined()?)
Traceback (most recent call last):
  File "<string>", line 1, in <module>
ImportError: No module named HspellPy
Useless use of '\'; doesn't escape metacharacter '{' at /usr/perl5.18.2/lib/site_perl/5.18.2/Text/Extract/MaketextCallPhrases.pm line 330.
Useless use of '\'; doesn't escape metacharacter '{' at /usr/perl5.18.2/lib/site_perl/5.18.2/Text/Extract/MaketextCallPhrases.pm line 335.
Unknown Text::BibTeX function: "cleanup" at t/24local_inc_object.t line 0.
END failed--call queue aborted.
# Looks like your test exited with 22 just after 5.
t/24local_inc_object.t ....... 
Dubious, test returned 22 (wstat 5632, 0x1600)
All 5 subtests passed 
Couldn't require Text::BibTeX : Can't load '/usr/perl5.18.2/lib/site_perl/5.18.2/amd64-freebsd/auto/Text/BibTeX/BibTeX.so' for module Text::BibTeX: Shared object "libbtparse.so" not found, required by "BibTeX.so" at /usr/perl5.18.2/lib/5.18.2/amd64-freebsd/DynaLoader.pm line 190.
 at /usr/perl5.18.2/lib/site_perl/5.18.2/Module/Runtime.pm line 314.
Compilation failed in require at /usr/perl5.18.2/lib/site_perl/5.18.2/Module/Runtime.pm line 314.
 at /usr/home/cpansand/.cpan/build/2025011021/Module-Pluggable-6.3-1/blib/lib/Module/Pluggable.pm line 31.
Subroutine Text::KnuthPlass::_init_nodelist redefined at /usr/perl5.18.2/lib/site_perl/5.18.2/amd64-freebsd/XSLoader.pm line 114.
Subroutine Text::KnuthPlass::_active_to_breaks redefined at /usr/perl5.18.2/lib/site_perl/5.18.2/amd64-freebsd/XSLoader.pm line 114.
Subroutine Text::KnuthPlass::_cleanup redefined at /usr/perl5.18.2/lib/site_perl/5.18.2/amd64-freebsd/XSLoader.pm line 114.
Subroutine Text::KnuthPlass::_mainloop redefined at /usr/perl5.18.2/lib/site_perl/5.18.2/amd64-freebsd/XSLoader.pm line 114.
Couldn't require Text::BibTeX::BibSort : Attempt to reload Text/BibTeX.pm aborted.
Compilation failed in require at /usr/perl5.18.2/lib/site_perl/5.18.2/amd64-freebsd/Text/BibTeX/Structure.pm line 29.
BEGIN failed--compilation aborted at /usr/perl5.18.2/lib/site_perl/5.18.2/amd64-freebsd/Text/BibTeX/Structure.pm line 29.
Compilation failed in require at /usr/perl5.18.2/lib/site_perl/5.18.2/amd64-freebsd/Text/BibTeX/BibSort.pm line 23.
BEGIN failed--compilation aborted at /usr/perl5.18.2/lib/site_perl/5.18.2/amd64-freebsd/Text/BibTeX/BibSort.pm line 23.
Compilation failed in require at /usr/perl5.18.2/lib/site_perl/5.18.2/Module/Runtime.pm line 314.
 at /usr/home/cpansand/.cpan/build/2025011021/Module-Pluggable-6.3-1/blib/lib/Module/Pluggable.pm line 31.
Couldn't require Text::BibTeX::BibFormat : Attempt to reload Text/BibTeX/Structure.pm aborted.
Compilation failed in require at /usr/perl5.18.2/lib/site_perl/5.18.2/amd64-freebsd/Text/BibTeX/BibFormat.pm line 26.
BEGIN failed--compilation aborted at /usr/perl5.18.2/lib/site_perl/5.18.2/amd64-freebsd/Text/BibTeX/BibFormat.pm line 26.
Compilation failed in require at /usr/perl5.18.2/lib/site_perl/5.18.2/Module/Runtime.pm line 314.
 at /usr/home/cpansand/.cpan/build/2025011021/Module-Pluggable-6.3-1/blib/lib/Module/Pluggable.pm line 31.
Couldn't require Text::BibTeX::Bib : Attempt to reload Text/BibTeX/BibSort.pm aborted.
Compilation failed in require at /usr/perl5.18.2/lib/site_perl/5.18.2/amd64-freebsd/Text/BibTeX/Bib.pm line 455.
BEGIN failed--compilation aborted at /usr/perl5.18.2/lib/site_perl/5.18.2/amd64-freebsd/Text/BibTeX/Bib.pm line 455.
Compilation failed in require at /usr/perl5.18.2/lib/site_perl/5.18.2/Module/Runtime.pm line 314.
 at /usr/home/cpansand/.cpan/build/2025011021/Module-Pluggable-6.3-1/blib/lib/Module/Pluggable.pm line 31.
Couldn't require Text::BibTeX::Value : Attempt to reload Text/BibTeX.pm aborted.
Compilation failed in require at /usr/perl5.18.2/lib/site_perl/5.18.2/amd64-freebsd/Text/BibTeX/Value.pm line 245.
BEGIN failed--compilation aborted at /usr/perl5.18.2/lib/site_perl/5.18.2/amd64-freebsd/Text/BibTeX/Value.pm line 245.
Compilation failed in require at /usr/perl5.18.2/lib/site_perl/5.18.2/Module/Runtime.pm line 314.
 at /usr/home/cpansand/.cpan/build/2025011021/Module-Pluggable-6.3-1/blib/lib/Module/Pluggable.pm line 31.
Couldn't require Text::BibTeX::Structure : Attempt to reload Text/BibTeX/Structure.pm aborted.
Compilation failed in require at /usr/perl5.18.2/lib/site_perl/5.18.2/Module/Runtime.pm line 314.
 at /usr/home/cpansand/.cpan/build/2025011021/Module-Pluggable-6.3-1/blib/lib/Module/Pluggable.pm line 31.
Subroutine mark_raw redefined at /usr/perl5.18.2/lib/site_perl/5.18.2/amd64-freebsd/Text/Xslate/PP.pm line 329.
Subroutine unmark_raw redefined at /usr/perl5.18.2/lib/site_perl/5.18.2/amd64-freebsd/Text/Xslate/PP.pm line 338.
Subroutine html_escape redefined at /usr/perl5.18.2/lib/site_perl/5.18.2/amd64-freebsd/Text/Xslate/PP.pm line 345.
Subroutine uri_escape redefined at /usr/perl5.18.2/lib/site_perl/5.18.2/amd64-freebsd/Text/Xslate/PP.pm line 356.
Subroutine is_array_ref redefined at /usr/perl5.18.2/lib/site_perl/5.18.2/amd64-freebsd/Text/Xslate/PP.pm line 366.
Subroutine is_hash_ref redefined at /usr/perl5.18.2/lib/site_perl/5.18.2/amd64-freebsd/Text/Xslate/PP.pm line 367.
Subroutine is_code_ref redefined at /usr/perl5.18.2/lib/site_perl/5.18.2/amd64-freebsd/Text/Xslate/PP.pm line 368.
Subroutine merge_hash redefined at /usr/perl5.18.2/lib/site_perl/5.18.2/amd64-freebsd/Text/Xslate/PP.pm line 370.
Subroutine Text::Xslate::Util::escaped_string redefined at /usr/perl5.18.2/lib/site_perl/5.18.2/amd64-freebsd/Text/Xslate/PP.pm line 328.
Any::Moose is deprecated. Please use Moo instead at /usr/perl5.18.2/lib/site_perl/5.18.2/Text/Clip.pm line 8.
Traceback (most recent call last):
  File "<string>", line 1, in <module>
ImportError: No module named HspellPy
Couldn't require Text::Hspell : Error -- py_eval raised an exception at /usr/perl5.18.2/lib/site_perl/5.18.2/amd64-freebsd/Inline/Python.pm line 177.
BEGIN failed--compilation aborted at /usr/perl5.18.2/lib/site_perl/5.18.2/Text/Hspell.pm line 6.
Compilation failed in require at /usr/perl5.18.2/lib/site_perl/5.18.2/Module/Runtime.pm line 314.
 at /usr/home/cpansand/.cpan/build/2025011021/Module-Pluggable-6.3-1/blib/lib/Module/Pluggable.pm line 31.
Couldn't require Text::HikiDoc::Plugin::texthighlight : Can't locate Text/Highlight.pm in @INC (you may need to install the Text::Highlight module) (@INC contains: /usr/home/cpansand/.cpan/build/2025011021/Module-Pluggable-6.3-1/_Inline/lib t/lib /usr/home/cpansand/.cpan/build/2025011021/Module-Pluggable-6.3-1/blib/lib /usr/home/cpansand/.cpan/build/2025011021/Module-Pluggable-6.3-1/blib/arch /usr/perl5.18.2/lib/site_perl/5.18.2/amd64-freebsd /usr/perl5.18.2/lib/site_perl/5.18.2 /usr/perl5.18.2/lib/5.18.2/amd64-freebsd /usr/perl5.18.2/lib/5.18.2 .) at /usr/perl5.18.2/lib/site_perl/5.18.2/Text/HikiDoc/Plugin/texthighlight.pm line 7.
BEGIN failed--compilation aborted at /usr/perl5.18.2/lib/site_perl/5.18.2/Text/HikiDoc/Plugin/texthighlight.pm line 7.
Compilation failed in require at /usr/perl5.18.2/lib/site_perl/5.18.2/Module/Runtime.pm line 314.
 at /usr/home/cpansand/.cpan/build/2025011021/Module-Pluggable-6.3-1/blib/lib/Module/Pluggable.pm line 31.
Couldn't require Text::Password::CoreCrypt : Can't disable Moo::sification after inflation has been done at /usr/perl5.18.2/lib/site_perl/5.18.2/Text/Password/CoreCrypt.pm line 16.
BEGIN failed--compilation aborted at /usr/perl5.18.2/lib/site_perl/5.18.2/Text/Password/CoreCrypt.pm line 16.
Compilation failed in require at /usr/perl5.18.2/lib/site_perl/5.18.2/Module/Runtime.pm line 314.
 at /usr/home/cpansand/.cpan/build/2025011021/Module-Pluggable-6.3-1/blib/lib/Module/Pluggable.pm line 31.
Couldn't require Text::Password::MD5 : Attempt to reload Text/Password/CoreCrypt.pm aborted.
Compilation failed in require at /usr/perl5.18.2/lib/site_perl/5.18.2/Text/Password/MD5.pm line 6.
Compilation failed in require at /usr/perl5.18.2/lib/site_perl/5.18.2/Module/Runtime.pm line 314.
 at /usr/home/cpansand/.cpan/build/2025011021/Module-Pluggable-6.3-1/blib/lib/Module/Pluggable.pm line 31.
Couldn't require Text::Password::AutoMigration : Attempt to reload Text/Password/MD5.pm aborted.
Compilation failed in require at /usr/perl5.18.2/lib/site_perl/5.18.2/Text/Password/SHA.pm line 14.
Compilation failed in require at /usr/perl5.18.2/lib/site_perl/5.18.2/Text/Password/AutoMigration.pm line 7.
Compilation failed in require at /usr/perl5.18.2/lib/site_perl/5.18.2/Module/Runtime.pm line 314.
 at /usr/home/cpansand/.cpan/build/2025011021/Module-Pluggable-6.3-1/blib/lib/Module/Pluggable.pm line 31.
Couldn't require Text::Password::SHA : Attempt to reload Text/Password/SHA.pm aborted.
Compilation failed in require at /usr/perl5.18.2/lib/site_perl/5.18.2/Module/Runtime.pm line 314.
 at /usr/home/cpansand/.cpan/build/2025011021/Module-Pluggable-6.3-1/blib/lib/Module/Pluggable.pm line 31.
Useless use of '\'; doesn't escape metacharacter '{' at /usr/perl5.18.2/lib/site_perl/5.18.2/Text/Extract/MaketextCallPhrases.pm line 330.
Useless use of '\'; doesn't escape metacharacter '{' at /usr/perl5.18.2/lib/site_perl/5.18.2/Text/Extract/MaketextCallPhrases.pm line 335.
Couldn't require Text::MicroMason::ApacheHandler : Can't locate Apache/Constants.pm in @INC (you may need to install the Apache::Constants module) (@INC contains: /usr/home/cpansand/.cpan/build/2025011021/Module-Pluggable-6.3-1/_Inline/lib t/lib /usr/home/cpansand/.cpan/build/2025011021/Module-Pluggable-6.3-1/blib/lib /usr/home/cpansand/.cpan/build/2025011021/Module-Pluggable-6.3-1/blib/arch /usr/perl5.18.2/lib/site_perl/5.18.2/amd64-freebsd /usr/perl5.18.2/lib/site_perl/5.18.2 /usr/perl5.18.2/lib/5.18.2/amd64-freebsd /usr/perl5.18.2/lib/5.18.2 .) at /usr/perl5.18.2/lib/site_perl/5.18.2/Text/MicroMason/ApacheHandler.pm line 3.
BEGIN failed--compilation aborted at /usr/perl5.18.2/lib/site_perl/5.18.2/Text/MicroMason/ApacheHandler.pm line 3.
Compilation failed in require at /usr/perl5.18.2/lib/site_perl/5.18.2/Module/Runtime.pm line 314.
 at /usr/home/cpansand/.cpan/build/2025011021/Module-Pluggable-6.3-1/blib/lib/Module/Pluggable.pm line 31.
Couldn't require Text::Markup::Asciidoc : Cannot find asciidoc, or asciidoc.py in path /usr/local/bin:/usr/bin:/bin:/usr/local/sbin:/usr/sbin:/sbin:/home/cpansand/bin/freebsd9.3:/home/cpansand/bin/sh:/home/cpansand/bin:/usr/games:/home/cpansand/devel:/usr/home/eserte/src/srezic-misc/scripts at /usr/perl5.18.2/lib/site_perl/5.18.2/Text/Markup/Asciidoc.pm line 18.
Compilation failed in require at /usr/perl5.18.2/lib/site_perl/5.18.2/Module/Runtime.pm line 314.
 at /usr/home/cpansand/.cpan/build/2025011021/Module-Pluggable-6.3-1/blib/lib/Module/Pluggable.pm line 31.
Couldn't require Text::Markup::Rest : Cannot find , or python3 in path /usr/local/bin:/usr/bin:/bin:/usr/local/sbin:/usr/sbin:/sbin:/home/cpansand/bin/freebsd9.3:/home/cpansand/bin/sh:/home/cpansand/bin:/usr/games:/home/cpansand/devel:/usr/home/eserte/src/srezic-misc/scripts at /usr/perl5.18.2/lib/site_perl/5.18.2/Text/Markup/Rest.pm line 18.
Compilation failed in require at /usr/perl5.18.2/lib/site_perl/5.18.2/Module/Runtime.pm line 314.
 at /usr/home/cpansand/.cpan/build/2025011021/Module-Pluggable-6.3-1/blib/lib/Module/Pluggable.pm line 31.
Couldn't require Text::Markup::Asciidoctor : Cannot find asciidoctor, or asciidoctor.py in path /usr/local/bin:/usr/bin:/bin:/usr/local/sbin:/usr/sbin:/sbin:/home/cpansand/bin/freebsd9.3:/home/cpansand/bin/sh:/home/cpansand/bin:/usr/games:/home/cpansand/devel:/usr/home/eserte/src/srezic-misc/scripts at /usr/perl5.18.2/lib/site_perl/5.18.2/Text/Markup/Asciidoctor.pm line 19.
Compilation failed in require at /usr/perl5.18.2/lib/site_perl/5.18.2/Module/Runtime.pm line 314.
 at /usr/home/cpansand/.cpan/build/2025011021/Module-Pluggable-6.3-1/blib/lib/Module/Pluggable.pm line 31.
Couldn't require Text::Markup::CommonMark : Can't locate CommonMark.pm in @INC (you may need to install the CommonMark module) (@INC contains: /usr/home/cpansand/.cpan/build/2025011021/Module-Pluggable-6.3-1/_Inline/lib t/lib /usr/home/cpansand/.cpan/build/2025011021/Module-Pluggable-6.3-1/blib/lib /usr/home/cpansand/.cpan/build/2025011021/Module-Pluggable-6.3-1/blib/arch /usr/perl5.18.2/lib/site_perl/5.18.2/amd64-freebsd /usr/perl5.18.2/lib/site_perl/5.18.2 /usr/perl5.18.2/lib/5.18.2/amd64-freebsd /usr/perl5.18.2/lib/5.18.2 .) at /usr/perl5.18.2/lib/site_perl/5.18.2/Text/Markup/CommonMark.pm line 6.
BEGIN failed--compilation aborted at /usr/perl5.18.2/lib/site_perl/5.18.2/Text/Markup/CommonMark.pm line 6.
Compilation failed in require at /usr/perl5.18.2/lib/site_perl/5.18.2/Module/Runtime.pm line 314.
 at /usr/home/cpansand/.cpan/build/2025011021/Module-Pluggable-6.3-1/blib/lib/Module/Pluggable.pm line 31.
Couldn't require Text::ANSITable::ColorTheme::Extra : Can't locate object method "get_color_theme" via package "Text::ANSITable" at /usr/perl5.18.2/lib/site_perl/5.18.2/Text/ANSITable/ColorTheme/Extra.pm line 14.
Compilation failed in require at /usr/perl5.18.2/lib/site_perl/5.18.2/Module/Runtime.pm line 314.
 at /usr/home/cpansand/.cpan/build/2025011021/Module-Pluggable-6.3-1/blib/lib/Module/Pluggable.pm line 31.
Couldn't require Text::ANSITable::ColorTheme::Duotone : Can't locate object method "get_color_theme" via package "Text::ANSITable" at /usr/perl5.18.2/lib/site_perl/5.18.2/Text/ANSITable/ColorTheme/Duotone.pm line 13.
Compilation failed in require at /usr/perl5.18.2/lib/site_perl/5.18.2/Module/Runtime.pm line 314.
 at /usr/home/cpansand/.cpan/build/2025011021/Module-Pluggable-6.3-1/blib/lib/Module/Pluggable.pm line 31.
Couldn't require Text::ANSITable::ColorTheme::Monotone : Can't locate object method "get_color_theme" via package "Text::ANSITable" at /usr/perl5.18.2/lib/site_perl/5.18.2/Text/ANSITable/ColorTheme/Monotone.pm line 31.
Compilation failed in require at /usr/perl5.18.2/lib/site_perl/5.18.2/Module/Runtime.pm line 314.
 at /usr/home/cpansand/.cpan/build/2025011021/Module-Pluggable-6.3-1/blib/lib/Module/Pluggable.pm line 31.
Couldn't require Text::ANSITable::ColorTheme::Demo : Can't locate object method "get_color_theme" via package "Text::ANSITable" at /usr/perl5.18.2/lib/site_perl/5.18.2/Text/ANSITable/ColorTheme/Demo.pm line 16.
Compilation failed in require at /usr/perl5.18.2/lib/site_perl/5.18.2/Module/Runtime.pm line 314.
 at /usr/home/cpansand/.cpan/build/2025011021/Module-Pluggable-6.3-1/blib/lib/Module/Pluggable.pm line 31.
Couldn't require Text::ANSITable::ColorTheme::Tint : Can't locate object method "get_color_theme" via package "Text::ANSITable" at /usr/perl5.18.2/lib/site_perl/5.18.2/Text/ANSITable/ColorTheme/Tint.pm line 17.
Compilation failed in require at /usr/perl5.18.2/lib/site_perl/5.18.2/Module/Runtime.pm line 314.
 at /usr/home/cpansand/.cpan/build/2025011021/Module-Pluggable-6.3-1/blib/lib/Module/Pluggable.pm line 31.
Unknown Text::BibTeX function: "cleanup" at t/24local_inc_package.t line 0.
END failed--call queue aborted.
# Looks like your test exited with 22 just after 1.
t/24local_inc_package.t ...... 
Dubious, test returned 22 (wstat 5632, 0x1600)
All 1 subtests passed 
t/25single_letter_package.t .. ok
t/26inc_hook.t ............... ok
t/27app_fatpacker.t .......... ok
t/28appledouble.t ............ ok
t/29unreadable.t ............. ok

Test Summary Report
-------------------
t/24local_inc_object.t     (Wstat: 5632 (exited 22) Tests: 5 Failed: 0)
  Non-zero exit status: 22
t/24local_inc_package.t    (Wstat: 5632 (exited 22) Tests: 1 Failed: 0)
  Non-zero exit status: 22
Files=45, Tests=194, 13 wallclock secs ( 0.11 usr  0.09 sys + 10.02 cusr  1.21 csys = 11.43 CPU)
Result: FAIL
Failed 2/45 test programs. 0/194 subtests failed.
*** [test_dynamic] Error code 255

Stop in /usr/home/cpansand/.cpan/build/2025011021/Module-Pluggable-6.3-1.

------------------------------
PREREQUISITES
------------------------------

Prerequisite modules loaded:

requires:

    Module                Need  Have    
    --------------------- ----- --------
    Exporter              5.57  5.78    
    File::Basename        0     2.84    
    File::Find            0     1.23    
    File::Spec            3.00  3.75    
    File::Spec::Functions 0     3.75    
    if                    0     0.0608  
    perl                  5.006 5.018002
    Scalar::Util          0     1.66    
    strict                0     1.07    

build_requires:

    Module                Need  Have    
    --------------------- ----- --------
    base                  0     2.23    
    Cwd                   0     3.75    
    Data::Dumper          0     2.183   
    ExtUtils::MakeMaker   0     7.70    
    File::Copy            0     2.26    
    File::Find            0     1.23    
    File::Path            0     2.18    
    File::Spec::Functions 0     3.75    
    File::Temp            0     0.2311  
    FindBin               0     1.53    
    strict                0     1.07    
    Test::More            0     1.302207
    warnings              0     1.18    

configure_requires:

    Module                Need  Have    
    --------------------- ----- --------
    ExtUtils::MakeMaker   0     7.70    

opt_requires:

    Module                Need  Have    
    --------------------- ----- --------
    Module::Runtime       0.012 0.016   


------------------------------
ENVIRONMENT AND OTHER CONTEXT
------------------------------

Environment variables:

    LC_ALL = de_DE.ISO8859-1
    PATH = /usr/local/bin:/usr/bin:/bin:/usr/local/sbin:/usr/sbin:/sbin:/home/cpansand/bin/freebsd9.3:/home/cpansand/bin/sh:/home/cpansand/bin:/usr/games:/home/cpansand/devel:/usr/home/eserte/src/srezic-misc/scripts
    PERL5LIB = 
    PERL5OPT = 
    PERL5_CPANPLUS_IS_RUNNING = 80498
    PERL5_CPAN_IS_RUNNING = 80498
    PERL5_CPAN_IS_RUNNING_IN_RECURSION = 79954,80498
    PERLDOC = -MPod::Perldoc::ToTextOverstrike
    PERL_BATCH = yes
    PERL_CANARY_STABILITY_NOPROMPT = 1
    PERL_CPAN_REPORTER_CONFIG = /var/tmp/cpansmoker-1023/2025011021/cpanreporter_000_config.ini
    PERL_EXTUTILS_AUTOINSTALL = --defaultdeps
    PERL_USE_UNSAFE_INC = 1
    SHELL = /usr/local/bin/zsh
    TERM = screen
    TMPDIR = /var/tmp/cpansmoker-1023/2025011021

Perl special variables (and OS-specific diagnostics, for MSWin32):

    $^X = /usr/perl5.18.2/bin/perl
    $UID/$EUID = 1023 / 1023
    $GID = 1023 1023
    $EGID = 1023 1023

Perl module toolchain versions installed:

    Module              Have    
    ------------------- --------
    CPAN                2.36    
    CPAN::Meta          2.150010
    Cwd                 3.75    
    ExtUtils::CBuilder  0.280236
    ExtUtils::Command   7.70    
    ExtUtils::Install   2.22    
    ExtUtils::MakeMaker 7.70    
    ExtUtils::Manifest  1.75    
    ExtUtils::ParseXS   3.51    
    File::Spec          3.75    
    JSON                4.10    
    JSON::PP            4.16    
    Module::Build       0.4234  
    Module::Signature   0.89    
    Parse::CPAN::Meta   2.150010
    Test2               1.302207
    Test::Harness       3.50    
    Test::More          1.302207
    YAML                1.30    
    YAML::Syck          1.34    
    version             0.9932  


--

Summary of my perl5 (revision 5 version 18 subversion 2) configuration:
   
  Platform:
    osname=freebsd, osvers=9.2-release-p4, archname=amd64-freebsd
    uname='freebsd cvrsnica-freebsd-92 9.2-release-p4 freebsd 9.2-release-p4 #0: tue apr 8 18:08:22 utc 2014 root@amd64-builder.daemonology.net:usrobjusrsrcsysgeneric amd64 '
    config_args='-ds -e -Dprefix=/usr/perl5.18.2'
    hint=recommended, useposix=true, d_sigaction=define
    useithreads=undef, usemultiplicity=undef
    useperlio=define, d_sfio=undef, uselargefiles=define, usesocks=undef
    use64bitint=define, use64bitall=define, uselongdouble=undef
    usemymalloc=n, bincompat5005=undef
  Compiler:
    cc='cc', ccflags ='-DHAS_FPSETMASK -DHAS_FLOATINGPOINT_H -fno-strict-aliasing -pipe -fstack-protector -I/usr/local/include',
    optimize='-O',
    cppflags='-DHAS_FPSETMASK -DHAS_FLOATINGPOINT_H -fno-strict-aliasing -pipe -fstack-protector -I/usr/local/include'
    ccversion='', gccversion='4.2.1 20070831 patched [FreeBSD]', gccosandvers=''
    intsize=4, longsize=8, ptrsize=8, doublesize=8, byteorder=12345678
    d_longlong=define, longlongsize=8, d_longdbl=define, longdblsize=16
    ivtype='long', ivsize=8, nvtype='double', nvsize=8, Off_t='off_t', lseeksize=8
    alignbytes=8, prototype=define
  Linker and Libraries:
    ld='cc', ldflags ='-Wl,-E  -fstack-protector -L/usr/local/lib'
    libpth=/usr/lib /usr/local/lib
    libs=-lgdbm -lm -lcrypt -lutil -lc
    perllibs=-lm -lcrypt -lutil -lc
    libc=, so=so, useshrplib=false, libperl=libperl.a
    gnulibc_version=''
  Dynamic Linking:
    dlsrc=dl_dlopen.xs, dlext=so, d_dlsymun=undef, ccdlflags=' '
    cccdlflags='-DPIC -fPIC', lddlflags='-shared  -L/usr/local/lib -fstack-protector'


Characteristics of this binary (from libperl): 
  Compile-time options: HAS_TIMES PERLIO_LAYERS PERL_DONT_CREATE_GVSV
                        PERL_HASH_FUNC_ONE_AT_A_TIME_HARD PERL_MALLOC_WRAP
                        PERL_PRESERVE_IVUV PERL_SAWAMPERSAND USE_64_BIT_ALL
                        USE_64_BIT_INT USE_LARGE_FILES USE_LOCALE
                        USE_LOCALE_COLLATE USE_LOCALE_CTYPE
                        USE_LOCALE_NUMERIC USE_PERLIO USE_PERL_ATOF
  Built under freebsd
  Compiled at May 16 2014 01:27:28
  %ENV:
    PERL5LIB=""
    PERL5OPT=""
    PERL5_CPANPLUS_IS_RUNNING="80498"
    PERL5_CPAN_IS_RUNNING="80498"
    PERL5_CPAN_IS_RUNNING_IN_RECURSION="79954,80498"
    PERLDOC="-MPod::Perldoc::ToTextOverstrike"
    PERL_BATCH="yes"
    PERL_CANARY_STABILITY_NOPROMPT="1"
    PERL_CPAN_REPORTER_CONFIG="/var/tmp/cpansmoker-1023/2025011021/cpanreporter_000_config.ini"
    PERL_EXTUTILS_AUTOINSTALL="--defaultdeps"
    PERL_USE_UNSAFE_INC="1"
  @INC:
    /usr/perl5.18.2/lib/site_perl/5.18.2/amd64-freebsd
    /usr/perl5.18.2/lib/site_perl/5.18.2
    /usr/perl5.18.2/lib/5.18.2/amd64-freebsd
    /usr/perl5.18.2/lib/5.18.2
    .