Report for XML-Filter-Dispatcher-0.52

Back
From: metabase:user:313dc9fe-2aae-11df-837a-5e0a49663a4f
Subject: FAIL XML-Filter-Dispatcher-0.52 v5.12.2 GNU/Linux
Date: 2010-11-15T21:30:46Z

This distribution has been tested as part of the CPAN Testers
project, supporting the Perl programming language.  See
http://wiki.cpantesters.org/ for more information or email
questions to cpan-testers-discuss@perl.org


--
Dear Barrie Slaymaker,

This is a computer-generated report for XML-Filter-Dispatcher-0.52
on perl 5.12.2, created by CPAN-Reporter-1.1805.

Thank you for uploading your work to CPAN.  However, there was a problem
testing your distribution.

If you think this report is invalid, please consult the CPAN Testers Wiki
for suggestions on how to avoid getting FAIL reports for missing library
or binary dependencies, unsupported operating systems, and so on:

http://wiki.cpantesters.org/wiki/CPANAuthorNotes

Sections of this report:

    * Tester comments
    * Program output
    * Prerequisites
    * Environment and other context

------------------------------
TESTER COMMENTS
------------------------------

Additional comments from tester:

this report is from an automated smoke testing program
and was not reviewed by a human for accuracy

------------------------------
PROGRAM OUTPUT
------------------------------

Output from '/usr/bin/make test':

PERL_DL_NONLAZY=1 /home/perl5122/perl/bin/perl "-MExtUtils::Command::MM" "-e" "test_harness(0, 'blib/lib', 'blib/arch')" t/*.t
Runaway prototype at /home/perl5122/.cpan/build/XML-Filter-Dispatcher-0.52-eKBhLp/blib/lib/XML/Filter/Dispatcher/Runtime.pm line 33.
Prototype mismatch:: none vs () at /home/perl5122/.cpan/build/XML-Filter-Dispatcher-0.52-eKBhLp/blib/lib/XML/Filter/Dispatcher/Runtime.pm line 33.
Undefined subroutine &XFD::is_tracing called at (eval 37) line 17.
t/builder.t ........ 
Dubious, test returned 255 (wstat 65280, 0xff00)
Failed 25/25 subtests 
Use of uninitialized value in numeric gt (>) at /home/perl5122/.cpan/build/XML-Filter-Dispatcher-0.52-eKBhLp/blib/lib/XML/Filter/Dispatcher/Compiler.pm line 288.
Use of uninitialized value in numeric gt (>) at /home/perl5122/.cpan/build/XML-Filter-Dispatcher-0.52-eKBhLp/blib/lib/XML/Filter/Dispatcher/Compiler.pm line 288.
Runaway prototype at /home/perl5122/.cpan/build/XML-Filter-Dispatcher-0.52-eKBhLp/blib/lib/XML/Filter/Dispatcher/Runtime.pm line 33.
Prototype mismatch:: none vs () at /home/perl5122/.cpan/build/XML-Filter-Dispatcher-0.52-eKBhLp/blib/lib/XML/Filter/Dispatcher/Runtime.pm line 33.
t/compiler.t ....... ok
Runaway prototype at /home/perl5122/.cpan/build/XML-Filter-Dispatcher-0.52-eKBhLp/blib/lib/XML/Filter/Dispatcher/Runtime.pm line 33.
Prototype mismatch:: none vs () at /home/perl5122/.cpan/build/XML-Filter-Dispatcher-0.52-eKBhLp/blib/lib/XML/Filter/Dispatcher/Runtime.pm line 33.
Undefined subroutine &XFD::is_tracing called at (eval 39) line 122.
t/filter.t ......... 
Dubious, test returned 255 (wstat 65280, 0xff00)
Failed 21/21 subtests 
Runaway prototype at /home/perl5122/.cpan/build/XML-Filter-Dispatcher-0.52-eKBhLp/blib/lib/XML/Filter/Dispatcher/Runtime.pm line 33.
Prototype mismatch:: none vs () at /home/perl5122/.cpan/build/XML-Filter-Dispatcher-0.52-eKBhLp/blib/lib/XML/Filter/Dispatcher/Runtime.pm line 33.
Undefined subroutine &XFD::is_tracing called at (eval 37) line 12.
t/hash.t ........... 
Dubious, test returned 255 (wstat 65280, 0xff00)
Failed 21/27 subtests 
t/helpfulerrors.t .. ok
Runaway prototype at /home/perl5122/.cpan/build/XML-Filter-Dispatcher-0.52-eKBhLp/blib/lib/XML/Filter/Dispatcher/Runtime.pm line 33.
Prototype mismatch:: none vs () at /home/perl5122/.cpan/build/XML-Filter-Dispatcher-0.52-eKBhLp/blib/lib/XML/Filter/Dispatcher/Runtime.pm line 33.
Undefined subroutine &XFD::is_tracing called at (eval 39) line 41.
t/namespaces.t ..... 
Dubious, test returned 255 (wstat 65280, 0xff00)
Failed 16/16 subtests 
t/nothing.t ........ ok
Runaway prototype at /home/perl5122/.cpan/build/XML-Filter-Dispatcher-0.52-eKBhLp/blib/lib/XML/Filter/Dispatcher/Runtime.pm line 33.
Prototype mismatch:: none vs () at /home/perl5122/.cpan/build/XML-Filter-Dispatcher-0.52-eKBhLp/blib/lib/XML/Filter/Dispatcher/Runtime.pm line 33.
Undefined subroutine &XFD::is_tracing called at (eval 37) line 14.
t/order.t .......... 
Dubious, test returned 255 (wstat 65280, 0xff00)
Failed 4/4 subtests 
Runaway prototype at /home/perl5122/.cpan/build/XML-Filter-Dispatcher-0.52-eKBhLp/blib/lib/XML/Filter/Dispatcher/Runtime.pm line 33.
Prototype mismatch:: none vs () at /home/perl5122/.cpan/build/XML-Filter-Dispatcher-0.52-eKBhLp/blib/lib/XML/Filter/Dispatcher/Runtime.pm line 33.
Undefined subroutine &XFD::is_tracing called at (eval 37) line 14.
t/postponements.t .. 
Dubious, test returned 255 (wstat 65280, 0xff00)
Failed 9/9 subtests 
Runaway prototype at /home/perl5122/.cpan/build/XML-Filter-Dispatcher-0.52-eKBhLp/blib/lib/XML/Filter/Dispatcher/Runtime.pm line 33.
Prototype mismatch:: none vs () at /home/perl5122/.cpan/build/XML-Filter-Dispatcher-0.52-eKBhLp/blib/lib/XML/Filter/Dispatcher/Runtime.pm line 33.
Undefined subroutine &XFD::is_tracing called at (eval 37) line 14.
t/stooges.t ........ 
Dubious, test returned 255 (wstat 65280, 0xff00)
Failed 9/9 subtests 
Runaway prototype at /home/perl5122/.cpan/build/XML-Filter-Dispatcher-0.52-eKBhLp/blib/lib/XML/Filter/Dispatcher/Runtime.pm line 33.
Prototype mismatch:: none vs () at /home/perl5122/.cpan/build/XML-Filter-Dispatcher-0.52-eKBhLp/blib/lib/XML/Filter/Dispatcher/Runtime.pm line 33.
Undefined subroutine &XFD::is_tracing called at (eval 37) line 12.
t/struct.t ......... 
Dubious, test returned 255 (wstat 65280, 0xff00)
Failed 22/29 subtests 
Runaway prototype at /home/perl5122/.cpan/build/XML-Filter-Dispatcher-0.52-eKBhLp/blib/lib/XML/Filter/Dispatcher/Runtime.pm line 33.
Prototype mismatch:: none vs () at /home/perl5122/.cpan/build/XML-Filter-Dispatcher-0.52-eKBhLp/blib/lib/XML/Filter/Dispatcher/Runtime.pm line 33.
Undefined subroutine &XFD::is_tracing called at (eval 38) line 83.
t/synopsis.t ....... 
Dubious, test returned 255 (wstat 65280, 0xff00)
Failed 8/8 subtests 
t/useless.t ........ ok
Runaway prototype at /home/perl5122/.cpan/build/XML-Filter-Dispatcher-0.52-eKBhLp/blib/lib/XML/Filter/Dispatcher/Runtime.pm line 33.
Prototype mismatch:: none vs () at /home/perl5122/.cpan/build/XML-Filter-Dispatcher-0.52-eKBhLp/blib/lib/XML/Filter/Dispatcher/Runtime.pm line 33.
Undefined subroutine &XFD::is_tracing called at (eval 36) line 12.
t/vars.t ........... 
Dubious, test returned 255 (wstat 65280, 0xff00)
Failed 11/13 subtests 
Runaway prototype at /home/perl5122/.cpan/build/XML-Filter-Dispatcher-0.52-eKBhLp/blib/lib/XML/Filter/Dispatcher/Runtime.pm line 33.
Prototype mismatch:: none vs () at /home/perl5122/.cpan/build/XML-Filter-Dispatcher-0.52-eKBhLp/blib/lib/XML/Filter/Dispatcher/Runtime.pm line 33.
Undefined subroutine &XFD::is_tracing called at (eval 39) line 13.
t/xpath.t .......... 
Dubious, test returned 255 (wstat 65280, 0xff00)
Failed 542/542 subtests 
Runaway prototype at /home/perl5122/.cpan/build/XML-Filter-Dispatcher-0.52-eKBhLp/blib/lib/XML/Filter/Dispatcher/Runtime.pm line 33.
Prototype mismatch:: none vs () at /home/perl5122/.cpan/build/XML-Filter-Dispatcher-0.52-eKBhLp/blib/lib/XML/Filter/Dispatcher/Runtime.pm line 33.
Undefined subroutine &XFD::is_tracing called at (eval 28) line 13.
t/xstack.t ......... 
Dubious, test returned 25 (wstat 6400, 0x1900)
Failed 16/16 subtests 

Test Summary Report
-------------------
t/builder.t      (Wstat: 65280 Tests: 0 Failed: 0)
  Non-zero exit status: 255
  Parse errors: Bad plan.  You planned 25 tests but ran 0.
t/filter.t       (Wstat: 65280 Tests: 0 Failed: 0)
  Non-zero exit status: 255
  Parse errors: Bad plan.  You planned 21 tests but ran 0.
t/hash.t         (Wstat: 65280 Tests: 6 Failed: 0)
  Non-zero exit status: 255
  Parse errors: Bad plan.  You planned 27 tests but ran 6.
t/namespaces.t   (Wstat: 65280 Tests: 0 Failed: 0)
  Non-zero exit status: 255
  Parse errors: Bad plan.  You planned 16 tests but ran 0.
t/order.t        (Wstat: 65280 Tests: 0 Failed: 0)
  Non-zero exit status: 255
  Parse errors: Bad plan.  You planned 4 tests but ran 0.
t/postponements.t (Wstat: 65280 Tests: 0 Failed: 0)
  Non-zero exit status: 255
  Parse errors: Bad plan.  You planned 9 tests but ran 0.
t/stooges.t      (Wstat: 65280 Tests: 0 Failed: 0)
  Non-zero exit status: 255
  Parse errors: Bad plan.  You planned 9 tests but ran 0.
t/struct.t       (Wstat: 65280 Tests: 7 Failed: 0)
  Non-zero exit status: 255
  Parse errors: Bad plan.  You planned 29 tests but ran 7.
t/synopsis.t     (Wstat: 65280 Tests: 0 Failed: 0)
  Non-zero exit status: 255
  Parse errors: Bad plan.  You planned 8 tests but ran 0.
t/vars.t         (Wstat: 65280 Tests: 2 Failed: 0)
  Non-zero exit status: 255
  Parse errors: Bad plan.  You planned 13 tests but ran 2.
t/xpath.t        (Wstat: 65280 Tests: 0 Failed: 0)
  Non-zero exit status: 255
  Parse errors: Bad plan.  You planned 542 tests but ran 0.
t/xstack.t       (Wstat: 6400 Tests: 0 Failed: 0)
  Non-zero exit status: 25
  Parse errors: Bad plan.  You planned 16 tests but ran 0.
Files=16, Tests=37,  4 wallclock secs ( 0.08 usr  0.04 sys +  3.21 cusr  0.45 csys =  3.78 CPU)
Result: FAIL
Failed 12/16 test programs. 0/37 subtests failed.
make: *** [test_dynamic] Error 25

------------------------------
PREREQUISITES
------------------------------

Prerequisite modules loaded:

requires:

    Module                     Need Have
    -------------------------- ---- ----
    XML::NamespaceSupport      0    1.11
    XML::SAX::Base             0    1.02
    XML::SAX::EventMethodMaker 0    0.1 
    XML::SAX::ParserFactory    0    1.01


------------------------------
ENVIRONMENT AND OTHER CONTEXT
------------------------------

Environment variables:

    AUTOMATED_TESTING = 1
    LANG = en_US.UTF-8
    PATH = /usr/local/sbin:/usr/local/bin:/usr/sbin:/usr/bin:/sbin:/bin:/usr/games
    PERL5LIB = /home/perl5122/.cpan/build/XML-SAX-Machines-0.42-pRtk5M/blib/arch:/home/perl5122/.cpan/build/XML-SAX-Machines-0.42-pRtk5M/blib/lib:/home/perl5122/.cpan/build/XML-SAX-Writer-0.53-BncmY1/blib/arch:/home/perl5122/.cpan/build/XML-SAX-Writer-0.53-BncmY1/blib/lib:/home/perl5122/.cpan/build/XML-Filter-BufferText-1.01-fY5skL/blib/arch:/home/perl5122/.cpan/build/XML-Filter-BufferText-1.01-fY5skL/blib/lib:/home/perl5122/.cpan/build/XML-SAX-Base-1.02-O02xTF/blib/arch:/home/perl5122/.cpan/build/XML-SAX-Base-1.02-O02xTF/blib/lib:/home/perl5122/.cpan/build/XML-SAX-0.96-0ke7oI/blib/arch:/home/perl5122/.cpan/build/XML-SAX-0.96-0ke7oI/blib/lib:/home/perl5122/.cpan/build/XML-NamespaceSupport-1.11-vhw1yq/blib/arch:/home/perl5122/.cpan/build/XML-NamespaceSupport-1.11-vhw1yq/blib/lib
    PERL5OPT = 
    PERL5_CPANPLUS_IS_RUNNING = 28423
    PERL5_CPAN_IS_RUNNING = 28423
    PERL5_CPAN_IS_RUNNING_IN_RECURSION = 16811,28423
    PERL_CR_SMOKER_CURRENT = XML-Filter-Dispatcher-0.52
    PERL_EXTUTILS_AUTOINSTALL = --defaultdeps
    PERL_MM_USE_DEFAULT = 1
    SHELL = /bin/bash
    TERM = xterm

Perl special variables (and OS-specific diagnostics, for MSWin32):

    $^X = /home/perl5122/perl/bin/perl
    $UID/$EUID = 1008 / 1008
    $GID = 1008 1008
    $EGID = 1008 1008

Perl module toolchain versions installed:

    Module              Have   
    ------------------- -------
    CPAN                1.94_56
    Cwd                 3.31   
    ExtUtils::CBuilder  0.2703 
    ExtUtils::Command   1.16   
    ExtUtils::Install   1.55   
    ExtUtils::MakeMaker 6.56   
    ExtUtils::Manifest  1.57   
    ExtUtils::ParseXS   2.21   
    File::Spec          3.31_01
    Module::Build       0.3607 
    Module::Signature   n/a    
    Test::Harness       3.17   
    Test::More          0.94   
    YAML                0.71   
    YAML::Syck          1.09   
    version             0.82   


--

Summary of my perl5 (revision 5 version 12 subversion 2) configuration:
   
  Platform:
    osname=linux, osvers=2.6.32-25-generic, archname=i686-linux-thread-multi
    uname='linux st47-laptop 2.6.32-25-generic #44-ubuntu smp fri sep 17 20:26:08 utc 2010 i686 gnulinux '
    config_args=''
    hint=recommended, useposix=true, d_sigaction=define
    useithreads=define, usemultiplicity=define
    useperlio=define, d_sfio=undef, uselargefiles=define, usesocks=undef
    use64bitint=undef, use64bitall=undef, uselongdouble=undef
    usemymalloc=n, bincompat5005=undef
  Compiler:
    cc='cc', ccflags ='-D_REENTRANT -D_GNU_SOURCE -fno-strict-aliasing -pipe -fstack-protector -I/usr/local/include -D_LARGEFILE_SOURCE -D_FILE_OFFSET_BITS=64',
    optimize='-O2',
    cppflags='-D_REENTRANT -D_GNU_SOURCE -fno-strict-aliasing -pipe -fstack-protector -I/usr/local/include'
    ccversion='', gccversion='4.4.3', gccosandvers=''
    intsize=4, longsize=4, ptrsize=4, doublesize=8, byteorder=1234
    d_longlong=define, longlongsize=8, d_longdbl=define, longdblsize=12
    ivtype='long', ivsize=4, nvtype='double', nvsize=8, Off_t='off_t', lseeksize=8
    alignbytes=4, prototype=define
  Linker and Libraries:
    ld='cc', ldflags =' -fstack-protector -L/usr/local/lib'
    libpth=/usr/local/lib /lib /usr/lib /usr/lib64
    libs=-lnsl -ldl -lm -lcrypt -lutil -lpthread -lc
    perllibs=-lnsl -ldl -lm -lcrypt -lutil -lpthread -lc
    libc=/lib/libc-2.11.1.so, so=so, useshrplib=false, libperl=libperl.a
    gnulibc_version='2.11.1'
  Dynamic Linking:
    dlsrc=dl_dlopen.xs, dlext=so, d_dlsymun=undef, ccdlflags='-Wl,-E'
    cccdlflags='-fPIC', lddlflags='-shared -O2 -L/usr/local/lib -fstack-protector'


Characteristics of this binary (from libperl): 
  Compile-time options: MULTIPLICITY PERL_DONT_CREATE_GVSV
                        PERL_IMPLICIT_CONTEXT PERL_MALLOC_WRAP USE_ITHREADS
                        USE_LARGE_FILES USE_PERLIO USE_PERL_ATOF
                        USE_REENTRANT_API
  Built under linux
  Compiled at Oct  9 2010 12:54:22
  %ENV:
    PERL5LIB="/home/perl5122/.cpan/build/XML-SAX-Machines-0.42-pRtk5M/blib/arch:/home/perl5122/.cpan/build/XML-SAX-Machines-0.42-pRtk5M/blib/lib:/home/perl5122/.cpan/build/XML-SAX-Writer-0.53-BncmY1/blib/arch:/home/perl5122/.cpan/build/XML-SAX-Writer-0.53-BncmY1/blib/lib:/home/perl5122/.cpan/build/XML-Filter-BufferText-1.01-fY5skL/blib/arch:/home/perl5122/.cpan/build/XML-Filter-BufferText-1.01-fY5skL/blib/lib:/home/perl5122/.cpan/build/XML-SAX-Base-1.02-O02xTF/blib/arch:/home/perl5122/.cpan/build/XML-SAX-Base-1.02-O02xTF/blib/lib:/home/perl5122/.cpan/build/XML-SAX-0.96-0ke7oI/blib/arch:/home/perl5122/.cpan/build/XML-SAX-0.96-0ke7oI/blib/lib:/home/perl5122/.cpan/build/XML-NamespaceSupport-1.11-vhw1yq/blib/arch:/home/perl5122/.cpan/build/XML-NamespaceSupport-1.11-vhw1yq/blib/lib"
    PERL5OPT=""
    PERL5_CPANPLUS_IS_RUNNING="28423"
    PERL5_CPAN_IS_RUNNING="28423"
    PERL5_CPAN_IS_RUNNING_IN_RECURSION="16811,28423"
    PERL_CR_SMOKER_CURRENT="XML-Filter-Dispatcher-0.52"
    PERL_EXTUTILS_AUTOINSTALL="--defaultdeps"
    PERL_MM_USE_DEFAULT="1"
  @INC:
    /home/perl5122/.cpan/build/XML-SAX-Machines-0.42-pRtk5M/blib/arch
    /home/perl5122/.cpan/build/XML-SAX-Machines-0.42-pRtk5M/blib/lib
    /home/perl5122/.cpan/build/XML-SAX-Writer-0.53-BncmY1/blib/arch
    /home/perl5122/.cpan/build/XML-SAX-Writer-0.53-BncmY1/blib/lib
    /home/perl5122/.cpan/build/XML-Filter-BufferText-1.01-fY5skL/blib/arch
    /home/perl5122/.cpan/build/XML-Filter-BufferText-1.01-fY5skL/blib/lib
    /home/perl5122/.cpan/build/XML-SAX-Base-1.02-O02xTF/blib/arch
    /home/perl5122/.cpan/build/XML-SAX-Base-1.02-O02xTF/blib/lib
    /home/perl5122/.cpan/build/XML-SAX-0.96-0ke7oI/blib/arch
    /home/perl5122/.cpan/build/XML-SAX-0.96-0ke7oI/blib/lib
    /home/perl5122/.cpan/build/XML-NamespaceSupport-1.11-vhw1yq/blib/arch
    /home/perl5122/.cpan/build/XML-NamespaceSupport-1.11-vhw1yq/blib/lib
    /home/perl5122/perl/lib
    /home/perl5122/perl/lib
    .