DateTime-Util-Astro v0.12000 Perl 5 v5.27.8 OpenBSD.amd64-openbsd
- Status
- Fail
- From
- Alceu Rodrigues de Freitas Junior
- Dist
-
DateTime-Util-Astro v0.12000
- Platform
- Perl 5 v5.27.8 OpenBSD.amd64-openbsd
- Date
- 2018-02-05 00:29:20
- ID
- 9bc8ffc4-0a0b-11e8-a020-f9b7f03f951d
This distribution has been tested as part of the CPAN Testers
project, supporting the Perl programming language. See
http://wiki.cpantesters.org/ for more information or email
questions to cpan-testers-discuss@perl.org
--
Dear Daisuke Maki,
This is a computer-generated report for DateTime-Util-Astro-0.12000
on perl 5.27.8, created by CPAN-Reporter-1.2018.
Thank you for uploading your work to CPAN. However, there was a problem
testing your distribution.
If you think this report is invalid, please consult the CPAN Testers Wiki
for suggestions on how to avoid getting FAIL reports for missing library
or binary dependencies, unsupported operating systems, and so on:
http://wiki.cpantesters.org/wiki/CPANAuthorNotes
Sections of this report:
* Tester comments
* Program output
* Prerequisites
* Environment and other context
------------------------------
TESTER COMMENTS
------------------------------
Additional comments from tester:
this report is from an automated smoke testing program
and was not reviewed by a human for accuracy
------------------------------
PROGRAM OUTPUT
------------------------------
Output from '/usr/bin/make test':
PERL_DL_NONLAZY=1 "/home/vegeta/perl5/perlbrew/perls/perl-5.27.8/bin/perl5.27.8" "-MExtUtils::Command::MM" "-MTest::Harness" "-e" "undef *Test::Harness::Switches; test_harness(0, 'inc', 'blib/lib', 'blib/arch')" t/01-sanity.t t/02-new_moon.t t/03-solar_longitude.t t/99-pod-coverage.t t/99-pod.t t/rt31157.t
# Failed test 'use DateTime::Util::Astro::Common;'
# at t/01-sanity.t line 6.
# Tried to use 'DateTime::Util::Astro::Common'.
# Error: syntax error at /mnt/cpan_build_dir/vegeta/DateTime-Util-Astro-0.12000-0/blib/lib/DateTime/Util/Astro/Common.pm line 322, near "$f qw(longitude latitude elevation zone)"
# Global symbol "$f" requires explicit package name (did you forget to declare "my $f"?) at /mnt/cpan_build_dir/vegeta/DateTime-Util-Astro-0.12000-0/blib/lib/DateTime/Util/Astro/Common.pm line 323.
# Global symbol "$f" requires explicit package name (did you forget to declare "my $f"?) at /mnt/cpan_build_dir/vegeta/DateTime-Util-Astro-0.12000-0/blib/lib/DateTime/Util/Astro/Common.pm line 323.
# Global symbol "$f" requires explicit package name (did you forget to declare "my $f"?) at /mnt/cpan_build_dir/vegeta/DateTime-Util-Astro-0.12000-0/blib/lib/DateTime/Util/Astro/Common.pm line 323.
# BEGIN not safe after errors--compilation aborted at /mnt/cpan_build_dir/vegeta/DateTime-Util-Astro-0.12000-0/blib/lib/DateTime/Util/Astro/Common.pm line 336.
# Compilation failed in require at t/01-sanity.t line 6.
# BEGIN failed--compilation aborted at t/01-sanity.t line 6.
# Failed test 'use DateTime::Util::Astro::Moon;'
# at t/01-sanity.t line 7.
# Tried to use 'DateTime::Util::Astro::Moon'.
# Error: Attempt to reload DateTime/Util/Astro/Common.pm aborted.
# Compilation failed in require at /mnt/cpan_build_dir/vegeta/DateTime-Util-Astro-0.12000-0/blib/lib/DateTime/Util/Astro/Moon.pm line 28.
# BEGIN failed--compilation aborted at /mnt/cpan_build_dir/vegeta/DateTime-Util-Astro-0.12000-0/blib/lib/DateTime/Util/Astro/Moon.pm line 28.
# Compilation failed in require at t/01-sanity.t line 7.
# BEGIN failed--compilation aborted at t/01-sanity.t line 7.
# Failed test 'use DateTime::Util::Astro::Sun;'
# at t/01-sanity.t line 8.
# Tried to use 'DateTime::Util::Astro::Sun'.
# Error: Attempt to reload DateTime/Util/Astro/Common.pm aborted.
# Compilation failed in require at /mnt/cpan_build_dir/vegeta/DateTime-Util-Astro-0.12000-0/blib/lib/DateTime/Util/Astro/Sun.pm line 28.
# BEGIN failed--compilation aborted at /mnt/cpan_build_dir/vegeta/DateTime-Util-Astro-0.12000-0/blib/lib/DateTime/Util/Astro/Sun.pm line 28.
# Compilation failed in require at t/01-sanity.t line 8.
# BEGIN failed--compilation aborted at t/01-sanity.t line 8.
# Looks like you failed 3 tests of 3.
t/01-sanity.t ...........
Dubious, test returned 3 (wstat 768, 0x300)
Failed 3/3 subtests
# Failed test 'use DateTime::Util::Astro::Moon;'
# at t/02-new_moon.t line 7.
# Tried to use 'DateTime::Util::Astro::Moon'.
# Error: syntax error at /mnt/cpan_build_dir/vegeta/DateTime-Util-Astro-0.12000-0/blib/lib/DateTime/Util/Astro/Common.pm line 322, near "$f qw(longitude latitude elevation zone)"
# Global symbol "$f" requires explicit package name (did you forget to declare "my $f"?) at /mnt/cpan_build_dir/vegeta/DateTime-Util-Astro-0.12000-0/blib/lib/DateTime/Util/Astro/Common.pm line 323.
# Global symbol "$f" requires explicit package name (did you forget to declare "my $f"?) at /mnt/cpan_build_dir/vegeta/DateTime-Util-Astro-0.12000-0/blib/lib/DateTime/Util/Astro/Common.pm line 323.
# Global symbol "$f" requires explicit package name (did you forget to declare "my $f"?) at /mnt/cpan_build_dir/vegeta/DateTime-Util-Astro-0.12000-0/blib/lib/DateTime/Util/Astro/Common.pm line 323.
# BEGIN not safe after errors--compilation aborted at /mnt/cpan_build_dir/vegeta/DateTime-Util-Astro-0.12000-0/blib/lib/DateTime/Util/Astro/Common.pm line 336.
# Compilation failed in require at /mnt/cpan_build_dir/vegeta/DateTime-Util-Astro-0.12000-0/blib/lib/DateTime/Util/Astro/Moon.pm line 28.
# BEGIN failed--compilation aborted at /mnt/cpan_build_dir/vegeta/DateTime-Util-Astro-0.12000-0/blib/lib/DateTime/Util/Astro/Moon.pm line 28.
# Compilation failed in require at t/02-new_moon.t line 7.
# BEGIN failed--compilation aborted at t/02-new_moon.t line 7.
# Failed test 'use DateTime::Util::Astro::Sun;'
# at t/02-new_moon.t line 8.
# Tried to use 'DateTime::Util::Astro::Sun'.
# Error: Attempt to reload DateTime/Util/Astro/Common.pm aborted.
# Compilation failed in require at /mnt/cpan_build_dir/vegeta/DateTime-Util-Astro-0.12000-0/blib/lib/DateTime/Util/Astro/Sun.pm line 28.
# BEGIN failed--compilation aborted at /mnt/cpan_build_dir/vegeta/DateTime-Util-Astro-0.12000-0/blib/lib/DateTime/Util/Astro/Sun.pm line 28.
# Compilation failed in require at t/02-new_moon.t line 8.
# BEGIN failed--compilation aborted at t/02-new_moon.t line 8.
Undefined subroutine &main::nth_new_moon called at t/02-new_moon.t line 41.
# Looks like your test exited with 255 just after 2.
t/02-new_moon.t .........
Dubious, test returned 255 (wstat 65280, 0xff00)
Failed 41/41 subtests
# Failed test 'use DateTime::Util::Astro::Sun;'
# at t/03-solar_longitude.t line 9.
# Tried to use 'DateTime::Util::Astro::Sun'.
# Error: syntax error at /mnt/cpan_build_dir/vegeta/DateTime-Util-Astro-0.12000-0/blib/lib/DateTime/Util/Astro/Common.pm line 322, near "$f qw(longitude latitude elevation zone)"
# Global symbol "$f" requires explicit package name (did you forget to declare "my $f"?) at /mnt/cpan_build_dir/vegeta/DateTime-Util-Astro-0.12000-0/blib/lib/DateTime/Util/Astro/Common.pm line 323.
# Global symbol "$f" requires explicit package name (did you forget to declare "my $f"?) at /mnt/cpan_build_dir/vegeta/DateTime-Util-Astro-0.12000-0/blib/lib/DateTime/Util/Astro/Common.pm line 323.
# Global symbol "$f" requires explicit package name (did you forget to declare "my $f"?) at /mnt/cpan_build_dir/vegeta/DateTime-Util-Astro-0.12000-0/blib/lib/DateTime/Util/Astro/Common.pm line 323.
# BEGIN not safe after errors--compilation aborted at /mnt/cpan_build_dir/vegeta/DateTime-Util-Astro-0.12000-0/blib/lib/DateTime/Util/Astro/Common.pm line 336.
# Compilation failed in require at /mnt/cpan_build_dir/vegeta/DateTime-Util-Astro-0.12000-0/blib/lib/DateTime/Util/Astro/Sun.pm line 28.
# BEGIN failed--compilation aborted at /mnt/cpan_build_dir/vegeta/DateTime-Util-Astro-0.12000-0/blib/lib/DateTime/Util/Astro/Sun.pm line 28.
# Compilation failed in require at t/03-solar_longitude.t line 9.
# BEGIN failed--compilation aborted at t/03-solar_longitude.t line 9.
Undefined subroutine &main::solar_longitude called at t/03-solar_longitude.t line 37.
# Looks like your test exited with 255 just after 1.
t/03-solar_longitude.t ..
Dubious, test returned 255 (wstat 65280, 0xff00)
Failed 25/25 subtests
t/99-pod-coverage.t ..... skipped: Enable TEST_POD environment variable to test POD
t/99-pod.t .............. skipped: Enable TEST_POD environment variable to test POD
# Failed test 'use DateTime::Util::Astro::Moon;'
# at t/rt31157.t line 6.
# Tried to use 'DateTime::Util::Astro::Moon'.
# Error: syntax error at /mnt/cpan_build_dir/vegeta/DateTime-Util-Astro-0.12000-0/blib/lib/DateTime/Util/Astro/Common.pm line 322, near "$f qw(longitude latitude elevation zone)"
# Global symbol "$f" requires explicit package name (did you forget to declare "my $f"?) at /mnt/cpan_build_dir/vegeta/DateTime-Util-Astro-0.12000-0/blib/lib/DateTime/Util/Astro/Common.pm line 323.
# Global symbol "$f" requires explicit package name (did you forget to declare "my $f"?) at /mnt/cpan_build_dir/vegeta/DateTime-Util-Astro-0.12000-0/blib/lib/DateTime/Util/Astro/Common.pm line 323.
# Global symbol "$f" requires explicit package name (did you forget to declare "my $f"?) at /mnt/cpan_build_dir/vegeta/DateTime-Util-Astro-0.12000-0/blib/lib/DateTime/Util/Astro/Common.pm line 323.
# BEGIN not safe after errors--compilation aborted at /mnt/cpan_build_dir/vegeta/DateTime-Util-Astro-0.12000-0/blib/lib/DateTime/Util/Astro/Common.pm line 336.
# Compilation failed in require at /mnt/cpan_build_dir/vegeta/DateTime-Util-Astro-0.12000-0/blib/lib/DateTime/Util/Astro/Moon.pm line 28.
# BEGIN failed--compilation aborted at /mnt/cpan_build_dir/vegeta/DateTime-Util-Astro-0.12000-0/blib/lib/DateTime/Util/Astro/Moon.pm line 28.
# Compilation failed in require at t/rt31157.t line 6.
# BEGIN failed--compilation aborted at t/rt31157.t line 6.
Undefined subroutine &main::nth_new_moon called at t/rt31157.t line 31.
# Looks like your test exited with 255 just after 1.
t/rt31157.t .............
Dubious, test returned 255 (wstat 65280, 0xff00)
Failed 12/12 subtests
Test Summary Report
-------------------
t/01-sanity.t (Wstat: 768 Tests: 3 Failed: 3)
Failed tests: 1-3
Non-zero exit status: 3
t/02-new_moon.t (Wstat: 65280 Tests: 2 Failed: 2)
Failed tests: 1-2
Non-zero exit status: 255
Parse errors: Bad plan. You planned 41 tests but ran 2.
t/03-solar_longitude.t (Wstat: 65280 Tests: 1 Failed: 1)
Failed test: 1
Non-zero exit status: 255
Parse errors: Bad plan. You planned 25 tests but ran 1.
t/rt31157.t (Wstat: 65280 Tests: 1 Failed: 1)
Failed test: 1
Non-zero exit status: 255
Parse errors: Bad plan. You planned 12 tests but ran 1.
Files=6, Tests=7, 2 wallclock secs ( 0.03 usr 0.02 sys + 1.18 cusr 0.36 csys = 1.59 CPU)
Result: FAIL
Failed 4/6 test programs. 7/7 subtests failed.
*** Error 255 in /mnt/cpan_build_dir/vegeta/DateTime-Util-Astro-0.12000-0 (Makefile:779 'test_dynamic')
------------------------------
PREREQUISITES
------------------------------
Prerequisite modules loaded:
requires:
Module Need Have
------------------------ ---- --------
Class::Data::Inheritable 0 0.08
DateTime 0 1.45
DateTime::Util::Calc 0.13 0.13003
Math::BigInt 0 1.999811
Math::Trig 0 1.23
POSIX 0 1.81
Test::More 0 1.302120
build_requires:
Module Need Have
------------------------ ---- --------
ExtUtils::MakeMaker 0 7.31_07
opt_requires:
Module Need Have
------------------------ ---- --------
Cache::MemoryCache 0 0
------------------------------
ENVIRONMENT AND OTHER CONTEXT
------------------------------
Environment variables:
AUTOMATED_TESTING = 1
DBD_MYSQL_TESTDB = test
DBD_MYSQL_TESTHOST = localhost
DBD_MYSQL_TESTPASSWORD =
DBD_MYSQL_TESTPORT = 3306
DBD_MYSQL_TESTUSER = vegeta
EXTENDED_TESTING = 1
PATH = /home/vegeta/perl5/perlbrew/bin:/home/vegeta/perl5/perlbrew/perls/perl-5.27.8/bin:/home/vegeta/bin:/usr/bin:/bin:/usr/sbin:/sbin:/usr/X11R6/bin:/usr/local/bin:/usr/local/sbin
PERL5LIB =
PERL5OPT =
PERL5_CPANPLUS_IS_RUNNING = 2994
PERL5_CPAN_IS_RUNNING = 2994
PERL5_CPAN_IS_RUNNING_IN_RECURSION = 57495,2994
PERLBREW_HOME = /home/vegeta/.perlbrew
PERLBREW_MANPATH = /home/vegeta/perl5/perlbrew/perls/perl-5.27.8/man
PERLBREW_PATH = /home/vegeta/perl5/perlbrew/bin:/home/vegeta/perl5/perlbrew/perls/perl-5.27.8/bin
PERLBREW_PERL = perl-5.27.8
PERLBREW_ROOT = /home/vegeta/perl5/perlbrew
PERLBREW_SHELLRC_VERSION = 0.82
PERLBREW_VERSION = 0.82
PERL_CR_SMOKER_CURRENT = DateTime-Util-Astro-0.12000
PERL_EXTUTILS_AUTOINSTALL = --defaultdeps
PERL_MM_USE_DEFAULT = 1
PERL_USE_UNSAFE_INC = 1
SHELL = /usr/local/bin/bash
TERM = xterm
Perl special variables (and OS-specific diagnostics, for MSWin32):
$^X = /home/vegeta/perl5/perlbrew/perls/perl-5.27.8/bin/perl5.27.8
$UID/$EUID = 1002 / 1002
$GID = 1002 1002 1001
$EGID = 1002 1002 1001
Perl module toolchain versions installed:
Module Have
------------------- --------
CPAN 2.20
CPAN::Meta 2.150010
Cwd 3.62
ExtUtils::CBuilder 0.280230
ExtUtils::Command 7.31_07
ExtUtils::Install 2.14
ExtUtils::MakeMaker 7.31_07
ExtUtils::Manifest 1.70
ExtUtils::ParseXS 3.35
File::Spec 3.62
JSON 2.90
JSON::PP 2.97001
Module::Build 0.4224
Module::Signature n/a
Parse::CPAN::Meta 2.150010
Test::Harness 3.39
Test::More 1.302120
YAML 1.24
YAML::Syck n/a
version 0.9918
--
Summary of my perl5 (revision 5 version 27 subversion 8) configuration:
Platform:
osname=openbsd
osvers=6.2
archname=OpenBSD.amd64-openbsd
uname='openbsd cpan-smoker-openbsd 6.2 generic.mp#134 amd64 '
config_args='-de -Dprefix=/home/vegeta/perl5/perlbrew/perls/perl-5.27.8 -Dusedevel -Aeval:scriptdir=/home/vegeta/perl5/perlbrew/perls/perl-5.27.8/bin'
hint=recommended
useposix=true
d_sigaction=define
useithreads=undef
usemultiplicity=undef
use64bitint=define
use64bitall=define
uselongdouble=undef
usemymalloc=n
default_inc_excludes_dot=define
bincompat5005=undef
Compiler:
cc='cc'
ccflags ='-fno-strict-aliasing -pipe -fstack-protector-strong -I/usr/local/include -D_FORTIFY_SOURCE=2'
optimize='-O2'
cppflags='-fno-strict-aliasing -pipe -fstack-protector-strong -I/usr/local/include'
ccversion=''
gccversion='4.2.1 Compatible OpenBSD Clang 4.0.0 (tags/RELEASE_400/final)'
gccosandvers=''
intsize=4
longsize=8
ptrsize=8
doublesize=8
byteorder=12345678
doublekind=3
d_longlong=define
longlongsize=8
d_longdbl=define
longdblsize=16
longdblkind=3
ivtype='long'
ivsize=8
nvtype='double'
nvsize=8
Off_t='off_t'
lseeksize=8
alignbytes=8
prototype=define
Linker and Libraries:
ld='cc'
ldflags ='-Wl,-E -fstack-protector-strong -L/usr/local/lib'
libpth=/usr/lib /usr/local/lib
libs=-lpthread -lm -lutil -lc
perllibs=-lpthread -lm -lutil -lc
libc=/usr/lib/libc.so.90.0
so=so
useshrplib=false
libperl=libperl.a
gnulibc_version=''
Dynamic Linking:
dlsrc=dl_dlopen.xs
dlext=so
d_dlsymun=undef
ccdlflags=' '
cccdlflags='-DPIC -fPIC '
lddlflags='-shared -fPIC -L/usr/local/lib -fstack-protector-strong'
Characteristics of this binary (from libperl):
Compile-time options:
HAS_TIMES
PERLIO_LAYERS
PERL_COPY_ON_WRITE
PERL_DONT_CREATE_GVSV
PERL_MALLOC_WRAP
PERL_OP_PARENT
PERL_PRESERVE_IVUV
PERL_USE_DEVEL
USE_64_BIT_ALL
USE_64_BIT_INT
USE_LARGE_FILES
USE_LOCALE
USE_LOCALE_COLLATE
USE_LOCALE_CTYPE
USE_LOCALE_NUMERIC
USE_LOCALE_TIME
USE_PERLIO
USE_PERL_ATOF
Locally applied patches:
Devel::PatchPerl 1.48
Built under openbsd
Compiled at Jan 23 2018 17:20:45
%ENV:
PERL5LIB=""
PERL5OPT=""
PERL5_CPANPLUS_IS_RUNNING="2994"
PERL5_CPAN_IS_RUNNING="2994"
PERL5_CPAN_IS_RUNNING_IN_RECURSION="57495,2994"
PERLBREW_HOME="/home/vegeta/.perlbrew"
PERLBREW_MANPATH="/home/vegeta/perl5/perlbrew/perls/perl-5.27.8/man"
PERLBREW_PATH="/home/vegeta/perl5/perlbrew/bin:/home/vegeta/perl5/perlbrew/perls/perl-5.27.8/bin"
PERLBREW_PERL="perl-5.27.8"
PERLBREW_ROOT="/home/vegeta/perl5/perlbrew"
PERLBREW_SHELLRC_VERSION="0.82"
PERLBREW_VERSION="0.82"
PERL_CR_SMOKER_CURRENT="DateTime-Util-Astro-0.12000"
PERL_EXTUTILS_AUTOINSTALL="--defaultdeps"
PERL_MM_USE_DEFAULT="1"
PERL_USE_UNSAFE_INC="1"
@INC:
/home/vegeta/perl5/perlbrew/perls/perl-5.27.8/lib/site_perl/5.27.8/OpenBSD.amd64-openbsd
/home/vegeta/perl5/perlbrew/perls/perl-5.27.8/lib/site_perl/5.27.8
/home/vegeta/perl5/perlbrew/perls/perl-5.27.8/lib/5.27.8/OpenBSD.amd64-openbsd
/home/vegeta/perl5/perlbrew/perls/perl-5.27.8/lib/5.27.8
.