Back
From: metabase:user:30977d10-2aae-11df-837a-5e0a49663a4f
Subject: FAIL Data-TUID-0.0111_3 v5.10.1 GNU/Linux
Date: 2010-09-17T13:00:56Z
This distribution has been tested as part of the CPAN Testers
project, supporting the Perl programming language. See
http://wiki.cpantesters.org/ for more information or email
questions to cpan-testers-discuss@perl.org
--
Dear Robert Krimen,
This is a computer-generated report for Data-TUID-0.0111_3
on perl 5.10.1, created by CPAN-Reporter-1.1801.
Thank you for uploading your work to CPAN. However, there was a problem
testing your distribution.
If you think this report is invalid, please consult the CPAN Testers Wiki
for suggestions on how to avoid getting FAIL reports for missing library
or binary dependencies, unsupported operating systems, and so on:
http://wiki.cpantesters.org/wiki/CPANAuthorNotes
Sections of this report:
* Tester comments
* Program output
* Prerequisites
* Environment and other context
------------------------------
TESTER COMMENTS
------------------------------
Additional comments from tester:
this report is from an automated smoke testing program
and was not reviewed by a human for accuracy
------------------------------
PROGRAM OUTPUT
------------------------------
Output from '/usr/bin/make test':
PERL_DL_NONLAZY=1 /home/stro/perl/perl5101m/bin/perl "-MExtUtils::Command::MM" "-e" "test_harness(0, 'blib/lib', 'blib/arch')" t/*.t
Can't locate Encode/Base32/Crockford.pm in @INC (@INC contains: /home/stro/cpan/build/5.10.1-m/Data-TUID-0.0111_3-CACQGz/blib/lib /home/stro/cpan/build/5.10.1-m/Data-TUID-0.0111_3-CACQGz/blib/arch /home/stro/perl/perl5101m/lib/5.10.1/i686-linux-multi /home/stro/perl/perl5101m/lib/5.10.1 /home/stro/perl/perl5101m/lib/site_perl/5.10.1/i686-linux-multi /home/stro/perl/perl5101m/lib/site_perl/5.10.1 .) at /home/stro/cpan/build/5.10.1-m/Data-TUID-0.0111_3-CACQGz/blib/lib/Data/TUID.pm line 85.
BEGIN failed--compilation aborted at /home/stro/cpan/build/5.10.1-m/Data-TUID-0.0111_3-CACQGz/blib/lib/Data/TUID.pm line 85.
Compilation failed in require at t/01-basic.t line 10.
BEGIN failed--compilation aborted at t/01-basic.t line 10.
t/01-basic.t ..........
Dubious, test returned 2 (wstat 512, 0x200)
No subtests run
# Failed test at t/02-best.t line 23.
# got: '16'
# expected: '36'
# Looks like you failed 1 test of 4.
t/02-best.t ...........
Dubious, test returned 1 (wstat 256, 0x100)
Failed 1/4 subtests
Can't locate Encode/Base32/Crockford.pm in @INC (@INC contains: /home/stro/cpan/build/5.10.1-m/Data-TUID-0.0111_3-CACQGz/blib/lib /home/stro/cpan/build/5.10.1-m/Data-TUID-0.0111_3-CACQGz/blib/arch /home/stro/perl/perl5101m/lib/5.10.1/i686-linux-multi /home/stro/perl/perl5101m/lib/5.10.1 /home/stro/perl/perl5101m/lib/site_perl/5.10.1/i686-linux-multi /home/stro/perl/perl5101m/lib/site_perl/5.10.1 .) at /home/stro/cpan/build/5.10.1-m/Data-TUID-0.0111_3-CACQGz/blib/lib/Data/TUID.pm line 85.
BEGIN failed--compilation aborted at /home/stro/cpan/build/5.10.1-m/Data-TUID-0.0111_3-CACQGz/blib/lib/Data/TUID.pm line 85.
Compilation failed in require at t/03-skip-LibUUID.t line 14.
BEGIN failed--compilation aborted at t/03-skip-LibUUID.t line 14.
t/03-skip-LibUUID.t ...
Dubious, test returned 2 (wstat 512, 0x200)
No subtests run
Can't locate Encode/Base32/Crockford.pm in @INC (@INC contains: /home/stro/cpan/build/5.10.1-m/Data-TUID-0.0111_3-CACQGz/blib/lib /home/stro/cpan/build/5.10.1-m/Data-TUID-0.0111_3-CACQGz/blib/arch /home/stro/perl/perl5101m/lib/5.10.1/i686-linux-multi /home/stro/perl/perl5101m/lib/5.10.1 /home/stro/perl/perl5101m/lib/site_perl/5.10.1/i686-linux-multi /home/stro/perl/perl5101m/lib/site_perl/5.10.1 .) at /home/stro/cpan/build/5.10.1-m/Data-TUID-0.0111_3-CACQGz/blib/lib/Data/TUID.pm line 85.
BEGIN failed--compilation aborted at /home/stro/cpan/build/5.10.1-m/Data-TUID-0.0111_3-CACQGz/blib/lib/Data/TUID.pm line 85.
Compilation failed in require at t/04-skip-DataUUID.t line 14.
BEGIN failed--compilation aborted at t/04-skip-DataUUID.t line 14.
t/04-skip-DataUUID.t ..
Dubious, test returned 2 (wstat 512, 0x200)
No subtests run
Test Summary Report
-------------------
t/01-basic.t (Wstat: 512 Tests: 0 Failed: 0)
Non-zero exit status: 2
Parse errors: No plan found in TAP output
t/02-best.t (Wstat: 256 Tests: 4 Failed: 1)
Failed test: 2
Non-zero exit status: 1
t/03-skip-LibUUID.t (Wstat: 512 Tests: 0 Failed: 0)
Non-zero exit status: 2
Parse errors: No plan found in TAP output
t/04-skip-DataUUID.t (Wstat: 512 Tests: 0 Failed: 0)
Non-zero exit status: 2
Parse errors: No plan found in TAP output
Files=4, Tests=4, 1 wallclock secs ( 0.02 usr 0.04 sys + 0.31 cusr 0.08 csys = 0.45 CPU)
Result: FAIL
Failed 4/4 test programs. 1/4 subtests failed.
make: *** [test_dynamic] Error 2
------------------------------
PREREQUISITES
------------------------------
Prerequisite modules loaded:
configure_requires:
Module Need Have
------------------- ---- ----
ExtUtils::MakeMaker 6.31 6.56
------------------------------
ENVIRONMENT AND OTHER CONTEXT
------------------------------
Environment variables:
AUTOMATED_TESTING = 1
LANG = en_US.UTF-8
PATH = /usr/local/bin:/usr/bin:/bin:/usr/games
PERL5LIB =
PERL5OPT =
PERL5_CPANPLUS_IS_RUNNING = 15134
PERL5_CPAN_IS_RUNNING = 15134
PERL5_CPAN_IS_RUNNING_IN_RECURSION = 14315,15134
PERL_CR_SMOKER_CURRENT = Data-TUID-0.0111_3
PERL_EXTUTILS_AUTOINSTALL = --defaultdeps
PERL_MM_USE_DEFAULT = 1
SHELL = /bin/bash
TERM = xterm
Perl special variables (and OS-specific diagnostics, for MSWin32):
$^X = /home/stro/perl/perl5101m/bin/perl
$UID/$EUID = 1000 / 1000
$GID = 1000 20 24 25 29 44 46 1000
$EGID = 1000 20 24 25 29 44 46 1000
Perl module toolchain versions installed:
Module Have
------------------- ------
CPAN 1.9402
Cwd 3.31
ExtUtils::CBuilder 0.2703
ExtUtils::Command 1.16
ExtUtils::Install 1.54
ExtUtils::MakeMaker 6.56
ExtUtils::Manifest 1.58
ExtUtils::ParseXS 2.2206
File::Spec 3.31
Module::Build 0.3607
Module::Signature 0.66
Test::Harness 3.22
Test::More 0.96
YAML 0.72
YAML::Syck 1.14
version 0.82
--
Summary of my perl5 (revision 5 version 10 subversion 1) configuration:
Platform:
osname=linux, osvers=2.6.26-2-686, archname=i686-linux-multi
uname='linux debian5 2.6.26-2-686 #1 smp wed may 12 21:56:10 utc 2010 i686 gnulinux '
config_args=''
hint=recommended, useposix=true, d_sigaction=define
useithreads=undef, usemultiplicity=define
useperlio=define, d_sfio=undef, uselargefiles=define, usesocks=undef
use64bitint=undef, use64bitall=undef, uselongdouble=undef
usemymalloc=n, bincompat5005=undef
Compiler:
cc='cc', ccflags ='-fno-strict-aliasing -pipe -fstack-protector -I/usr/local/include -D_LARGEFILE_SOURCE -D_FILE_OFFSET_BITS=64',
optimize='-O2',
cppflags='-fno-strict-aliasing -pipe -fstack-protector -I/usr/local/include'
ccversion='', gccversion='4.3.2', gccosandvers=''
intsize=4, longsize=4, ptrsize=4, doublesize=8, byteorder=1234
d_longlong=define, longlongsize=8, d_longdbl=define, longdblsize=12
ivtype='long', ivsize=4, nvtype='double', nvsize=8, Off_t='off_t', lseeksize=8
alignbytes=4, prototype=define
Linker and Libraries:
ld='cc', ldflags =' -fstack-protector -L/usr/local/lib'
libpth=/usr/local/lib /lib /usr/lib
libs=-lnsl -ldb -ldl -lm -lcrypt -lutil -lc
perllibs=-lnsl -ldl -lm -lcrypt -lutil -lc
libc=/lib/libc-2.7.so, so=so, useshrplib=false, libperl=libperl.a
gnulibc_version='2.7'
Dynamic Linking:
dlsrc=dl_dlopen.xs, dlext=so, d_dlsymun=undef, ccdlflags='-Wl,-E'
cccdlflags='-fPIC', lddlflags='-shared -O2 -L/usr/local/lib -fstack-protector'
Characteristics of this binary (from libperl):
Compile-time options: MULTIPLICITY PERL_DONT_CREATE_GVSV
PERL_IMPLICIT_CONTEXT PERL_MALLOC_WRAP
USE_LARGE_FILES USE_PERLIO
Built under linux
Compiled at Jun 16 2010 14:55:13
%ENV:
PERL5LIB=""
PERL5OPT=""
PERL5_CPANPLUS_IS_RUNNING="15134"
PERL5_CPAN_IS_RUNNING="15134"
PERL5_CPAN_IS_RUNNING_IN_RECURSION="14315,15134"
PERL_CR_SMOKER_CURRENT="Data-TUID-0.0111_3"
PERL_EXTUTILS_AUTOINSTALL="--defaultdeps"
PERL_MM_USE_DEFAULT="1"
@INC:
/home/stro/perl/perl5101m/lib/5.10.1/i686-linux-multi
/home/stro/perl/perl5101m/lib/5.10.1
/home/stro/perl/perl5101m/lib/site_perl/5.10.1/i686-linux-multi
/home/stro/perl/perl5101m/lib/site_perl/5.10.1
.