Back
From: metabase:user:30f0bd62-2aae-11df-837a-5e0a49663a4f
Subject: FAIL MARC-XML-0.4 v5.15.8 OpenBSD
Date: 2012-04-26T14:25:02Z
This distribution has been tested as part of the CPAN Testers
project, supporting the Perl programming language. See
http://wiki.cpantesters.org/ for more information or email
questions to cpan-testers-discuss@perl.org
--
Dear Bill Birthisel,
This is a computer-generated report for MARC-XML-0.4
on perl 5.15.8, created by CPAN-Reporter-1.2004.
Thank you for uploading your work to CPAN. However, there was a problem
testing your distribution.
If you think this report is invalid, please consult the CPAN Testers Wiki
for suggestions on how to avoid getting FAIL reports for missing library
or binary dependencies, unsupported operating systems, and so on:
http://wiki.cpantesters.org/wiki/CPANAuthorNotes
Sections of this report:
* Tester comments
* Program output
* Prerequisites
* Environment and other context
------------------------------
TESTER COMMENTS
------------------------------
Additional comments from tester:
this report is from an automated smoke testing program
and was not reviewed by a human for accuracy
------------------------------
PROGRAM OUTPUT
------------------------------
Output from '/usr/bin/make test':
PERL_DL_NONLAZY=1 /home/sts/cpansmoke/perl-5.15.8/bin/perl5.15.8 "-MExtUtils::Command::MM" "-e" "test_harness(0, 'blib/lib', 'blib/arch')" t/*.t
Can't locate MARC.pm in @INC (@INC contains: ./blib/lib ../blib/lib ./lib ../lib .. . ./t /home/sts/cpansmoke/perl-5.15.8/cpan/build/MARC-XML-0.4-nLjbxZ/blib/lib /home/sts/cpansmoke/perl-5.15.8/cpan/build/MARC-XML-0.4-nLjbxZ/blib/arch /home/sts/cpansmoke/perl-5.15.8/lib/site_perl/5.15.8/OpenBSD.i386-openbsd-thread-multi /home/sts/cpansmoke/perl-5.15.8/lib/site_perl/5.15.8 /home/sts/cpansmoke/perl-5.15.8/lib/5.15.8/OpenBSD.i386-openbsd-thread-multi /home/sts/cpansmoke/perl-5.15.8/lib/5.15.8) at blib/lib/MARC/XML.pm line 10.
BEGIN failed--compilation aborted at blib/lib/MARC/XML.pm line 10.
Compilation failed in require at t/test1.t line 14.
BEGIN failed--compilation aborted at t/test1.t line 14.
t/test1.t ..
Dubious, test returned 2 (wstat 512, 0x200)
Failed 178/178 subtests
Can't locate MARC.pm in @INC (@INC contains: ./blib/lib ../blib/lib ./lib ../lib .. . ./t /home/sts/cpansmoke/perl-5.15.8/cpan/build/MARC-XML-0.4-nLjbxZ/blib/lib /home/sts/cpansmoke/perl-5.15.8/cpan/build/MARC-XML-0.4-nLjbxZ/blib/arch /home/sts/cpansmoke/perl-5.15.8/lib/site_perl/5.15.8/OpenBSD.i386-openbsd-thread-multi /home/sts/cpansmoke/perl-5.15.8/lib/site_perl/5.15.8 /home/sts/cpansmoke/perl-5.15.8/lib/5.15.8/OpenBSD.i386-openbsd-thread-multi /home/sts/cpansmoke/perl-5.15.8/lib/5.15.8) at blib/lib/MARC/XML.pm line 10.
BEGIN failed--compilation aborted at blib/lib/MARC/XML.pm line 10.
Compilation failed in require at t/test2.t line 14.
BEGIN failed--compilation aborted at t/test2.t line 14.
t/test2.t ..
Dubious, test returned 2 (wstat 512, 0x200)
Failed 81/81 subtests
Can't locate MARC.pm in @INC (@INC contains: ./blib/lib ../blib/lib ./lib ../lib .. . ./t /home/sts/cpansmoke/perl-5.15.8/cpan/build/MARC-XML-0.4-nLjbxZ/blib/lib /home/sts/cpansmoke/perl-5.15.8/cpan/build/MARC-XML-0.4-nLjbxZ/blib/arch /home/sts/cpansmoke/perl-5.15.8/lib/site_perl/5.15.8/OpenBSD.i386-openbsd-thread-multi /home/sts/cpansmoke/perl-5.15.8/lib/site_perl/5.15.8 /home/sts/cpansmoke/perl-5.15.8/lib/5.15.8/OpenBSD.i386-openbsd-thread-multi /home/sts/cpansmoke/perl-5.15.8/lib/5.15.8) at blib/lib/MARC/XML.pm line 10.
BEGIN failed--compilation aborted at blib/lib/MARC/XML.pm line 10.
Compilation failed in require at t/MARCopt.pm line 7.
BEGIN failed--compilation aborted at t/MARCopt.pm line 7.
Compilation failed in require at t/test3.t line 14.
BEGIN failed--compilation aborted at t/test3.t line 14.
t/test3.t ..
Dubious, test returned 2 (wstat 512, 0x200)
Failed 79/79 subtests
Can't locate MARC.pm in @INC (@INC contains: ./blib/lib ../blib/lib ./lib ../lib .. . ./t /home/sts/cpansmoke/perl-5.15.8/cpan/build/MARC-XML-0.4-nLjbxZ/blib/lib /home/sts/cpansmoke/perl-5.15.8/cpan/build/MARC-XML-0.4-nLjbxZ/blib/arch /home/sts/cpansmoke/perl-5.15.8/lib/site_perl/5.15.8/OpenBSD.i386-openbsd-thread-multi /home/sts/cpansmoke/perl-5.15.8/lib/site_perl/5.15.8 /home/sts/cpansmoke/perl-5.15.8/lib/5.15.8/OpenBSD.i386-openbsd-thread-multi /home/sts/cpansmoke/perl-5.15.8/lib/5.15.8) at blib/lib/MARC/XML.pm line 10.
BEGIN failed--compilation aborted at blib/lib/MARC/XML.pm line 10.
Compilation failed in require at t/test4.t line 14.
BEGIN failed--compilation aborted at t/test4.t line 14.
t/test4.t ..
Dubious, test returned 2 (wstat 512, 0x200)
Failed 186/186 subtests
Test Summary Report
-------------------
t/test1.t (Wstat: 512 Tests: 1 Failed: 1)
Failed test: 1
Non-zero exit status: 2
Parse errors: Bad plan. You planned 178 tests but ran 1.
t/test2.t (Wstat: 512 Tests: 1 Failed: 1)
Failed test: 1
Non-zero exit status: 2
Parse errors: Bad plan. You planned 81 tests but ran 1.
t/test3.t (Wstat: 512 Tests: 1 Failed: 1)
Failed test: 1
Non-zero exit status: 2
Parse errors: Bad plan. You planned 79 tests but ran 1.
t/test4.t (Wstat: 512 Tests: 1 Failed: 1)
Failed test: 1
Non-zero exit status: 2
Parse errors: Bad plan. You planned 186 tests but ran 1.
Files=4, Tests=4, 1 wallclock secs ( 0.09 usr 0.05 sys + 0.13 cusr 0.04 csys = 0.31 CPU)
Result: FAIL
Failed 4/4 test programs. 4/4 subtests failed.
*** Error code 2
Stop in /home/sts/cpansmoke/perl-5.15.8/cpan/build/MARC-XML-0.4-nLjbxZ (line 814 of Makefile).
------------------------------
PREREQUISITES
------------------------------
Prerequisite modules loaded:
build_requires:
Module Need Have
------------------- ---- -------
ExtUtils::MakeMaker 0 6.63_02
------------------------------
ENVIRONMENT AND OTHER CONTEXT
------------------------------
Environment variables:
AUTOMATED_TESTING = 1
PATH = /home/sts/bin:/bin:/sbin:/usr/bin:/usr/sbin:/usr/X11R6/bin:/usr/local/bin:/usr/local/sbin:/usr/games:.
PERL5LIB =
PERL5OPT =
PERL5_CPANPLUS_IS_RUNNING = 763
PERL5_CPAN_IS_RUNNING = 763
PERL5_CPAN_IS_RUNNING_IN_RECURSION = 31678,763
PERL_CR_SMOKER_CURRENT = MARC-XML-0.4
PERL_EXTUTILS_AUTOINSTALL = --defaultdeps
PERL_MM_USE_DEFAULT = 1
SHELL = /usr/local/bin/bash
TERM = screen
TMPDIR = /home/sts/cpansmoke/tmp
Perl special variables (and OS-specific diagnostics, for MSWin32):
$^X = /home/sts/cpansmoke/perl-5.15.8/bin/perl5.15.8
$UID/$EUID = 1000 / 1000
$GID = 10 10 0
$EGID = 10 10 0
Perl module toolchain versions installed:
Module Have
------------------- --------
CPAN 1.9800
CPAN::Meta 2.120351
Cwd 3.39_02
ExtUtils::CBuilder 0.280205
ExtUtils::Command 1.17
ExtUtils::Install 1.58
ExtUtils::MakeMaker 6.63_02
ExtUtils::Manifest 1.61
ExtUtils::ParseXS 3.16
File::Spec 3.39_02
JSON n/a
JSON::PP 2.27200
Module::Build 0.39_01
Module::Signature n/a
Parse::CPAN::Meta 1.4402
Test::Harness 3.23
Test::More 0.98
YAML n/a
YAML::Syck n/a
version 0.96
--
Summary of my perl5 (revision 5 version 15 subversion 8) configuration:
Platform:
osname=openbsd, osvers=5.0, archname=OpenBSD.i386-openbsd-thread-multi
uname='openbsd cpansmoke5 5.0 generic.mp#59 i386 '
config_args='-des -Dusedevel -Dusethreads -Dprefix=/home/sts/cpansmoke/perl-5.15.8'
hint=recommended, useposix=true, d_sigaction=define
useithreads=define, usemultiplicity=define
useperlio=define, d_sfio=undef, uselargefiles=define, usesocks=undef
use64bitint=undef, use64bitall=undef, uselongdouble=undef
usemymalloc=y, bincompat5005=undef
Compiler:
cc='cc', ccflags ='-pthread -fno-strict-aliasing -pipe -fstack-protector -I/usr/local/include',
optimize='-O2',
cppflags='-pthread -fno-strict-aliasing -pipe -fstack-protector -I/usr/local/include'
ccversion='', gccversion='4.2.1 20070719 ', gccosandvers='openbsd5.0'
intsize=4, longsize=4, ptrsize=4, doublesize=8, byteorder=1234
d_longlong=define, longlongsize=8, d_longdbl=define, longdblsize=12
ivtype='long', ivsize=4, nvtype='double', nvsize=8, Off_t='off_t', lseeksize=8
alignbytes=4, prototype=define
Linker and Libraries:
ld='cc', ldflags ='-pthread -Wl,-E -fstack-protector -L/usr/local/lib'
libpth=/usr/local/lib /usr/lib
libs=-lgdbm -lm -lutil -lc
perllibs=-lm -lutil -lc
libc=/usr/lib/libc.so.60.1, so=so, useshrplib=false, libperl=libperl.a
gnulibc_version=''
Dynamic Linking:
dlsrc=dl_dlopen.xs, dlext=so, d_dlsymun=undef, ccdlflags=' '
cccdlflags='-DPIC -fPIC ', lddlflags='-shared -fPIC -L/usr/local/lib -fstack-protector'
Characteristics of this binary (from libperl):
Compile-time options: HAS_TIMES MULTIPLICITY MYMALLOC PERLIO_LAYERS
PERL_DONT_CREATE_GVSV PERL_IMPLICIT_CONTEXT
PERL_MALLOC_WRAP PERL_PRESERVE_IVUV PERL_USE_DEVEL
USE_ITHREADS USE_LARGE_FILES USE_LOCALE
USE_LOCALE_COLLATE USE_LOCALE_CTYPE
USE_LOCALE_NUMERIC USE_PERLIO USE_PERL_ATOF
USE_REENTRANT_API
Built under openbsd
Compiled at Feb 24 2012 12:05:44
%ENV:
PERL5LIB=""
PERL5OPT=""
PERL5_CPANPLUS_IS_RUNNING="763"
PERL5_CPAN_IS_RUNNING="763"
PERL5_CPAN_IS_RUNNING_IN_RECURSION="31678,763"
PERL_CR_SMOKER_CURRENT="MARC-XML-0.4"
PERL_EXTUTILS_AUTOINSTALL="--defaultdeps"
PERL_MM_USE_DEFAULT="1"
@INC:
/home/sts/cpansmoke/perl-5.15.8/lib/site_perl/5.15.8/OpenBSD.i386-openbsd-thread-multi
/home/sts/cpansmoke/perl-5.15.8/lib/site_perl/5.15.8
/home/sts/cpansmoke/perl-5.15.8/lib/5.15.8/OpenBSD.i386-openbsd-thread-multi
/home/sts/cpansmoke/perl-5.15.8/lib/5.15.8
.