Back
From: metabase:user:30f0bd62-2aae-11df-837a-5e0a49663a4f
Subject: FAIL Data-YUID-0.06 v5.12.3 OpenBSD
Date: 2011-08-13T17:56:46Z
This distribution has been tested as part of the CPAN Testers
project, supporting the Perl programming language. See
http://wiki.cpantesters.org/ for more information or email
questions to cpan-testers-discuss@perl.org
--
Dear SAY MEDIA,
This is a computer-generated report for Data-YUID-0.06
on perl 5.12.3, created by CPAN-Reporter-1.2002.
Thank you for uploading your work to CPAN. However, there was a problem
testing your distribution.
If you think this report is invalid, please consult the CPAN Testers Wiki
for suggestions on how to avoid getting FAIL reports for missing library
or binary dependencies, unsupported operating systems, and so on:
http://wiki.cpantesters.org/wiki/CPANAuthorNotes
Sections of this report:
* Tester comments
* Program output
* Prerequisites
* Environment and other context
------------------------------
TESTER COMMENTS
------------------------------
Additional comments from tester:
this report is from an automated smoke testing program
and was not reviewed by a human for accuracy
------------------------------
PROGRAM OUTPUT
------------------------------
Output from '/usr/bin/make test':
PERL_DL_NONLAZY=1 /home/sts/cpansmoke/perl-5.12.3/bin/perl "-MExtUtils::Command::MM" "-e" "test_harness(0, 'inc', 'blib/lib', 'blib/arch')" t/00-compile.t t/01-generator.t t/10-client.t
t/00-compile.t .... ok
Useless use of a constant (same host) in void context at t/01-generator.t line 25.
# Failed test 'switched over second boundary'
# at t/01-generator.t line 54.
# got: '366573402'
# expected: '366573401'
# let's do it again
# Failed test 'so serial is 0 again'
# at t/01-generator.t line 55.
# got: '2'
# expected: '0'
# let's do it again
# Failed test 'so serial is 0 again'
# at t/01-generator.t line 55.
# got: '4'
# expected: '0'
# let's do it again
# Failed test 'so serial is 0 again'
# at t/01-generator.t line 55.
# got: '6'
# expected: '0'
# let's do it again
# Failed test 'so serial is 0 again'
# at t/01-generator.t line 55.
# got: '8'
# expected: '0'
# Failed test 'cpu too slow to go over serial in less than a second'
# at t/01-generator.t line 58.
Use of uninitialized value $prev_ts in addition (+) at t/01-generator.t line 72.
# Failed test 'switched over sec boundary after loop'
# at t/01-generator.t line 72.
# got: '366573402'
# expected: '1'
# sleeping until next sec (958380 µs)
# Looks like you failed 7 tests of 20.
t/01-generator.t ..
Dubious, test returned 7 (wstat 1792, 0x700)
Failed 7/20 subtests
t/10-client.t ..... ok
Test Summary Report
-------------------
t/01-generator.t (Wstat: 1792 Tests: 20 Failed: 7)
Failed tests: 7, 10, 12, 14, 16-18
Non-zero exit status: 7
Files=3, Tests=46, 3 wallclock secs ( 0.06 usr 0.05 sys + 1.01 cusr 0.13 csys = 1.25 CPU)
Result: FAIL
Failed 1/3 test programs. 7/46 subtests failed.
*** Error code 255
Stop in /home/sts/cpansmoke/perl-5.12.3/cpan/build/Data-YUID-0.06-IKdoFF (line 793 of Makefile).
------------------------------
PREREQUISITES
------------------------------
Prerequisite modules loaded:
requires:
Module Need Have
------------------- -------- --------
Danga::Socket 0 1.61
Math::BigInt 0 1.89_01
perl 5.006001 5.012003
Time::HiRes 0 1.9719
URI::Escape 0 3.30
build_requires:
Module Need Have
------------------- -------- --------
ExtUtils::MakeMaker 6.42 6.59
Time::HiRes 0 1.9719
configure_requires:
Module Need Have
------------------- -------- --------
ExtUtils::MakeMaker 6.42 6.59
------------------------------
ENVIRONMENT AND OTHER CONTEXT
------------------------------
Environment variables:
AUTOMATED_TESTING = 1
PATH = /home/sts/bin:/bin:/sbin:/usr/bin:/usr/sbin:/usr/X11R6/bin:/usr/local/bin:/usr/local/sbin:/usr/games:.
PERL5LIB = /home/sts/cpansmoke/perl-5.12.3/cpan/build/Danga-Socket-1.61-4GkFBH/blib/arch:/home/sts/cpansmoke/perl-5.12.3/cpan/build/Danga-Socket-1.61-4GkFBH/blib/lib:/home/sts/cpansmoke/perl-5.12.3/cpan/build/Sys-Syscall-0.23-1swCEj/blib/arch:/home/sts/cpansmoke/perl-5.12.3/cpan/build/Sys-Syscall-0.23-1swCEj/blib/lib
PERL5OPT =
PERL5_CPANPLUS_IS_RUNNING = 15219
PERL5_CPAN_IS_RUNNING = 15219
PERL5_CPAN_IS_RUNNING_IN_RECURSION = 2615,15219
PERL_CR_SMOKER_CURRENT = Data-YUID-0.06
PERL_EXTUTILS_AUTOINSTALL = --defaultdeps
PERL_MM_USE_DEFAULT = 1
SHELL = /usr/local/bin/bash
TERM = screen
TMPDIR = /home/sts/cpansmoke/tmp
Perl special variables (and OS-specific diagnostics, for MSWin32):
$^X = /home/sts/cpansmoke/perl-5.12.3/bin/perl
$UID/$EUID = 1000 / 1000
$GID = 10 10 0
$EGID = 10 10 0
Perl module toolchain versions installed:
Module Have
------------------- --------
CPAN 1.9800
CPAN::Meta 2.112150
Cwd 3.33
ExtUtils::CBuilder 0.280202
ExtUtils::Command 1.16
ExtUtils::Install 1.55
ExtUtils::MakeMaker 6.59
ExtUtils::Manifest 1.58
ExtUtils::ParseXS 2.21
File::Spec 3.33
JSON 2.50
JSON::PP 2.27104
Module::Build 0.3800
Module::Signature n/a
Parse::CPAN::Meta 1.4401
Test::Harness 3.23
Test::More 0.98
YAML 0.73
YAML::Syck 1.17
version 0.88
--
Summary of my perl5 (revision 5 version 12 subversion 3) configuration:
Platform:
osname=openbsd, osvers=4.8, archname=OpenBSD.i386-openbsd-thread-multi
uname='openbsd cpansmoke5 4.8 generic.mp#359 i386 '
config_args='-des -Dusethreads -Dprefix=/home/sts/cpansmoke/perl-5.12.3'
hint=recommended, useposix=true, d_sigaction=define
useithreads=define, usemultiplicity=define
useperlio=define, d_sfio=undef, uselargefiles=define, usesocks=undef
use64bitint=undef, use64bitall=undef, uselongdouble=undef
usemymalloc=n, bincompat5005=undef
Compiler:
cc='cc', ccflags ='-pthread -fno-strict-aliasing -pipe -fstack-protector -I/usr/local/include',
optimize='-O2',
cppflags='-pthread -fno-strict-aliasing -pipe -fstack-protector -I/usr/local/include'
ccversion='', gccversion='4.2.1 20070719 ', gccosandvers='openbsd4.8'
intsize=4, longsize=4, ptrsize=4, doublesize=8, byteorder=1234
d_longlong=define, longlongsize=8, d_longdbl=define, longdblsize=12
ivtype='long', ivsize=4, nvtype='double', nvsize=8, Off_t='off_t', lseeksize=8
alignbytes=4, prototype=define
Linker and Libraries:
ld='cc', ldflags ='-pthread -Wl,-E -fstack-protector -L/usr/local/lib'
libpth=/usr/local/lib /usr/lib
libs=-lm -lutil -lc
perllibs=-lm -lutil -lc
libc=/usr/lib/libc.so.56.0, so=so, useshrplib=false, libperl=libperl.a
gnulibc_version=''
Dynamic Linking:
dlsrc=dl_dlopen.xs, dlext=so, d_dlsymun=undef, ccdlflags=' '
cccdlflags='-DPIC -fPIC ', lddlflags='-shared -fPIC -L/usr/local/lib -fstack-protector'
Characteristics of this binary (from libperl):
Compile-time options: MULTIPLICITY PERL_DONT_CREATE_GVSV
PERL_IMPLICIT_CONTEXT PERL_MALLOC_WRAP USE_ITHREADS
USE_LARGE_FILES USE_PERLIO USE_PERL_ATOF
USE_REENTRANT_API
Built under openbsd
Compiled at Feb 2 2011 22:53:41
%ENV:
PERL5LIB="/home/sts/cpansmoke/perl-5.12.3/cpan/build/Danga-Socket-1.61-4GkFBH/blib/arch:/home/sts/cpansmoke/perl-5.12.3/cpan/build/Danga-Socket-1.61-4GkFBH/blib/lib:/home/sts/cpansmoke/perl-5.12.3/cpan/build/Sys-Syscall-0.23-1swCEj/blib/arch:/home/sts/cpansmoke/perl-5.12.3/cpan/build/Sys-Syscall-0.23-1swCEj/blib/lib"
PERL5OPT=""
PERL5_CPANPLUS_IS_RUNNING="15219"
PERL5_CPAN_IS_RUNNING="15219"
PERL5_CPAN_IS_RUNNING_IN_RECURSION="2615,15219"
PERL_CR_SMOKER_CURRENT="Data-YUID-0.06"
PERL_EXTUTILS_AUTOINSTALL="--defaultdeps"
PERL_MM_USE_DEFAULT="1"
@INC:
/home/sts/cpansmoke/perl-5.12.3/cpan/build/Danga-Socket-1.61-4GkFBH/blib/arch
/home/sts/cpansmoke/perl-5.12.3/cpan/build/Danga-Socket-1.61-4GkFBH/blib/lib
/home/sts/cpansmoke/perl-5.12.3/cpan/build/Sys-Syscall-0.23-1swCEj/blib/arch
/home/sts/cpansmoke/perl-5.12.3/cpan/build/Sys-Syscall-0.23-1swCEj/blib/lib
/home/sts/cpansmoke/perl-5.12.3/lib/site_perl/5.12.3/OpenBSD.i386-openbsd-thread-multi
/home/sts/cpansmoke/perl-5.12.3/lib/site_perl/5.12.3
/home/sts/cpansmoke/perl-5.12.3/lib/5.12.3/OpenBSD.i386-openbsd-thread-multi
/home/sts/cpansmoke/perl-5.12.3/lib/5.12.3
.