Report for PerlIO-via-Skip-0.06

Back
From: metabase:user:322078bc-2aae-11df-837a-5e0a49663a4f
Subject: FAIL PerlIO-via-Skip-0.06 v5.12.1 FreeBSD
Date: 2011-09-10T00:48:34Z

This distribution has been tested as part of the CPAN Testers
project, supporting the Perl programming language.  See
http://wiki.cpantesters.org/ for more information or email
questions to cpan-testers-discuss@perl.org


--

Dear IOANNIS,

This is a computer-generated error report created automatically by
CPANPLUS, version 0.9109. Testers personal comments may appear
at the end of this report.


Thank you for uploading your work to CPAN.  However, it appears that
there were some problems testing your distribution.

TEST RESULTS:

Below is the error stack from stage 'make test':

[MSG] [Sat Sep 10 01:47:15 2011] Using cached file '/usr/home/cpan/pit/bare/conf/perl-5.12.1/.cpanplus/authors/id/I/IO/IOANNIS/CHECKSUMS' on disk; ttl (3600s) is not exceeded
[MSG] [Sat Sep 10 01:47:15 2011] Checksum matches for 'PerlIO-via-Skip-0.06.tar.gz'
[MSG] [Sat Sep 10 01:47:16 2011] Extracted 'PerlIO::via::Skip' to '/usr/home/cpan/pit/bare/conf/perl-5.12.1/.cpanplus/5.12.1/build/PerlIO-via-Skip-0.06'
[MSG] [Sat Sep 10 01:47:16 2011] CPANPLUS is prefering Build.PL
[MSG] [Sat Sep 10 01:47:16 2011] Loading YACSmoke database "/usr/home/cpan/pit/bare/conf/perl-5.12.1/.cpanplus/cpansmoke.dat"
[MSG] [Sat Sep 10 01:47:17 2011] Checking prerequisites...
  recommends:
    *  Test::CPAN::Meta is not installed
    *  Test::Dependencies is not installed
    *  Test::Distribution is not installed
    *  Test::Exception is not installed
    *  Test::HasVersion is not installed
    *  Test::MinimumVersion is not installed
    *  Test::Pod is not installed
    *  Test::Pod::Coverage is not installed
    *  Test::Spelling is not installed
    *  Test::Strict is not installed

ERRORS/WARNINGS FOUND IN PREREQUISITES.  You may wish to install the versions
of the modules indicated above before proceeding with this installation

Created MYMETA.yml and MYMETA.json
Creating new 'Build' script for 'PerlIO-via-Skip' version '0.06'

[MSG] [Sat Sep 10 01:47:17 2011] DEFAULT 'filter_prereqs' HANDLER RETURNING 'sub return value'
[MSG] [Sat Sep 10 01:47:17 2011] Checking for previous PASS result for "PerlIO-via-Skip-0.06"
[MSG] [Sat Sep 10 01:47:17 2011] Building PerlIO-via-Skip

[ERROR] [Sat Sep 10 01:47:19 2011] MAKE TEST failed:
t/00_load.t ............ ok
# Tests were run but no plan was declared and done_testing() was not seen.
t/01b_pod.t ............ 
All 1 subtests passed 
	(less 1 skipped subtest: 0 okay)
# Tests were run but no plan was declared and done_testing() was not seen.
t/01c_coverage.t ....... 
All 1 subtests passed 
	(less 1 skipped subtest: 0 okay)
t/01s_spelling.t ....... ok
t/02_hasversion.t ...... ok
t/03_meta.t ............ ok
t/05_minimumversion.t .. ok
t/07_strict.t .......... ok
t/binmode.t ............ ok
t/config.t ............. ok
t/dot.t ................ ok
t/main.t ............... ok
t/mode.t ............... ok
t/r01_general.t ........ ok
t/r02_eol.t ............ ok
t/r03_after.t .......... ok
t/r04_maxlines.t ....... ok
t/r05_patterns.t ....... ok
t/r06_blanklines.t ..... ok
t/r07_comments.t ....... ok
t/rr01_general.t ....... ok
t/rw01_general.t ....... ok
t/w01_general.t ........ ok
t/w02a_eol.t ........... ok
t/w02b_eol.t ........... ok
t/w03_after.t .......... ok
t/w04_maxlines.t ....... ok
t/w05_patterns.t ....... ok
t/w06_blanklines.t ..... ok
t/w07_comments.t ....... ok

Test Summary Report
-------------------
t/01b_pod.t          (Wstat: 0 Tests: 1 Failed: 0)
  Parse errors: No plan found in TAP output
t/01c_coverage.t     (Wstat: 0 Tests: 1 Failed: 0)
  Parse errors: No plan found in TAP output
Files=30, Tests=131,  1 wallclock secs ( 0.12 usr  0.11 sys +  0.65 cusr  0.41 csys =  1.29 CPU)
Result: FAIL
Failed 2/30 test programs. 0/131 subtests failed.
BEGIN failed--compilation aborted at /usr/home/cpan/pit/bare/perl-5.12.1/bin/cpanp-run-perl line 8.
 
[MSG] [Sat Sep 10 01:47:19 2011] DEFAULT 'proceed_on_test_failure' HANDLER RETURNING 'sub return value'

PREREQUISITES:

Here is a list of prerequisites you specified and versions we
managed to load:

	  Module Name                        Have     Want

Perl module toolchain versions installed:
	Module Name                        Have
	CPANPLUS                         0.9109
	CPANPLUS::Dist::Build              0.56
	Cwd                                3.33
	ExtUtils::CBuilder             0.280202
	ExtUtils::Command                  1.16
	ExtUtils::Install                  1.55
	ExtUtils::MakeMaker                6.58
	ExtUtils::Manifest                 1.58
	ExtUtils::ParseXS                2.2206
	File::Spec                         3.33
	Module::Build                    0.3800
	Test::Harness                      3.23
	Test::More                         0.98
	version                            0.91

******************************** NOTE ********************************
The comments above are created mechanically, possibly without manual
checking by the sender.  As there are many people performing automatic
tests on each upload to CPAN, it is likely that you will receive
identical messages about the same problem.

If you believe that the message is mistaken, please reply to the first
one with correction and/or additional informations, and do not take
it personally.  We appreciate your patience. :)
**********************************************************************

Additional comments:


This report was machine-generated by CPANPLUS::Dist::YACSmoke 0.64.
Powered by minismokebox version 0.54

------------------------------
ENVIRONMENT AND OTHER CONTEXT
------------------------------

Environment variables:

    AUTOMATED_TESTING = 1
    PATH = /sbin:/bin:/usr/sbin:/usr/bin:/usr/games:/usr/local/sbin:/usr/local/bin:/home/cpan/bin
    PERL5LIB = :/usr/home/cpan/pit/bare/conf/perl-5.12.1/.cpanplus/5.12.1/build/PerlIO-via-Skip-0.06/blib/lib:/usr/home/cpan/pit/bare/conf/perl-5.12.1/.cpanplus/5.12.1/build/PerlIO-via-Skip-0.06/blib/arch
    PERL5_CPANPLUS_IS_RUNNING = 10863
    PERL5_CPANPLUS_IS_VERSION = 0.9109
    PERL5_MINISMOKEBOX = 0.54
    PERL5_YACSMOKE_BASE = /usr/home/cpan/pit/bare/conf/perl-5.12.1
    PERL_EXTUTILS_AUTOINSTALL = --defaultdeps
    PERL_MM_USE_DEFAULT = 1
    SHELL = /usr/local/bin/bash
    TERM = screen

Perl special variables (and OS-specific diagnostics, for MSWin32):

    Perl: $^X = /usr/home/cpan/pit/bare/perl-5.12.1/bin/perl
    UID:  $<  = 1002
    EUID: $>  = 1002
    GID:  $(  = 1002 1002
    EGID: $)  = 1002 1002


-------------------------------


--

Summary of my perl5 (revision 5 version 12 subversion 1) configuration:
   
  Platform:
    osname=freebsd, osvers=9.0-current-201101, archname=amd64-freebsd
    uname='freebsd flooble.bingosnet.co.uk 9.0-current-201101 freebsd 9.0-current-201101 #0: mon jan 3 22:15:39 utc 2011 root@farrell.cse.buffalo.edu:usrobjusrsrcsysgeneric amd64 '
    config_args='-des -Dprefix=/usr/home/cpan/pit/bare/perl-5.12.1'
    hint=recommended, useposix=true, d_sigaction=define
    useithreads=undef, usemultiplicity=undef
    useperlio=define, d_sfio=undef, uselargefiles=define, usesocks=undef
    use64bitint=define, use64bitall=define, uselongdouble=undef
    usemymalloc=n, bincompat5005=undef
  Compiler:
    cc='cc', ccflags ='-DHAS_FPSETMASK -DHAS_FLOATINGPOINT_H -fno-strict-aliasing -pipe -fstack-protector -I/usr/local/include',
    optimize='-O',
    cppflags='-DHAS_FPSETMASK -DHAS_FLOATINGPOINT_H -fno-strict-aliasing -pipe -fstack-protector -I/usr/local/include'
    ccversion='', gccversion='4.2.1 20070719  [FreeBSD]', gccosandvers=''
    intsize=4, longsize=8, ptrsize=8, doublesize=8, byteorder=12345678
    d_longlong=define, longlongsize=8, d_longdbl=define, longdblsize=16
    ivtype='long', ivsize=8, nvtype='double', nvsize=8, Off_t='off_t', lseeksize=8
    alignbytes=8, prototype=define
  Linker and Libraries:
    ld='cc', ldflags ='-Wl,-E  -fstack-protector -L/usr/local/lib'
    libpth=/usr/lib /usr/local/lib
    libs=-lgdbm -lm -lcrypt -lutil -lc
    perllibs=-lm -lcrypt -lutil -lc
    libc=, so=so, useshrplib=false, libperl=libperl.a
    gnulibc_version=''
  Dynamic Linking:
    dlsrc=dl_dlopen.xs, dlext=so, d_dlsymun=undef, ccdlflags=' '
    cccdlflags='-DPIC -fPIC', lddlflags='-shared  -L/usr/local/lib -fstack-protector'


Characteristics of this binary (from libperl): 
  Compile-time options: PERL_DONT_CREATE_GVSV PERL_MALLOC_WRAP USE_64_BIT_ALL
                        USE_64_BIT_INT USE_LARGE_FILES USE_PERLIO
                        USE_PERL_ATOF
  Built under freebsd
  Compiled at Apr 29 2011 01:42:07
  %ENV:
    PERL5LIB=":/usr/home/cpan/pit/bare/conf/perl-5.12.1/.cpanplus/5.12.1/build/PerlIO-via-Skip-0.06/blib/lib:/usr/home/cpan/pit/bare/conf/perl-5.12.1/.cpanplus/5.12.1/build/PerlIO-via-Skip-0.06/blib/arch"
    PERL5_CPANPLUS_IS_RUNNING="10863"
    PERL5_CPANPLUS_IS_VERSION="0.9109"
    PERL5_MINISMOKEBOX="0.54"
    PERL5_YACSMOKE_BASE="/usr/home/cpan/pit/bare/conf/perl-5.12.1"
    PERL_EXTUTILS_AUTOINSTALL="--defaultdeps"
    PERL_MM_USE_DEFAULT="1"
  @INC:
    /usr/home/cpan/pit/bare/conf/perl-5.12.1/.cpanplus/5.12.1/build/PerlIO-via-Skip-0.06/blib/lib
    /usr/home/cpan/pit/bare/conf/perl-5.12.1/.cpanplus/5.12.1/build/PerlIO-via-Skip-0.06/blib/arch
    /usr/home/cpan/pit/bare/perl-5.12.1/lib/site_perl/5.12.1/amd64-freebsd
    /usr/home/cpan/pit/bare/perl-5.12.1/lib/site_perl/5.12.1
    /usr/home/cpan/pit/bare/perl-5.12.1/lib/5.12.1/amd64-freebsd
    /usr/home/cpan/pit/bare/perl-5.12.1/lib/5.12.1
    .