Report for WebService-Uptrack-v0.0.2

Back
From: metabase:user:314402c4-2aae-11df-837a-5e0a49663a4f
Subject: FAIL WebService-Uptrack-v0.0.2 v5.22.3 RC3 GNU/Linux
Date: 2016-09-04T20:10:23Z

This distribution has been tested as part of the CPAN Testers
project, supporting the Perl programming language.  See
http://wiki.cpantesters.org/ for more information or email
questions to cpan-testers-discuss@perl.org


--
Dear Steve Huff,

This is a computer-generated report for WebService-Uptrack-v0.0.2
on perl 5.22.3, created by CPAN-Reporter-1.2018.

Thank you for uploading your work to CPAN.  However, there was a problem
testing your distribution.

If you think this report is invalid, please consult the CPAN Testers Wiki
for suggestions on how to avoid getting FAIL reports for missing library
or binary dependencies, unsupported operating systems, and so on:

http://wiki.cpantesters.org/wiki/CPANAuthorNotes

Sections of this report:

    * Tester comments
    * Program output
    * Prerequisites
    * Environment and other context

------------------------------
TESTER COMMENTS
------------------------------

Additional comments from tester:

none provided

------------------------------
PROGRAM OUTPUT
------------------------------

Output from './Build test':

# Testing WebService::Uptrack 0.0.2
t/00.load.t ....... ok
# Instantiating WebService::Uptrack 0.0.2
t/01.init.t ....... ok
# Test initialization of _ua
t/02.ua.t ......... ok
# Test initialization of _json
t/03.json.t ....... ok
These tests should not be running unless AUTHOR_TESTING=1 and/or RELEASE_TESTING=1!
t/kwalitee.t ...... ok

#   Failed test 'Test::Perl::Critic for "blib/lib/WebService/Uptrack.pm"'
#   at /opt/perl-5.22.3-RC3/lib/site_perl/5.22.3/Test/Perl/Critic.pm line 104.
# 
#   Use of "require" is not allowed at line 13, column 1.  Use Require() method of MainObject instead.  (Severity: 5)
#   Use of "require" is not allowed at line 14, column 1.  Use Require() method of MainObject instead.  (Severity: 5)
#   Use of "require" is not allowed at line 15, column 1.  Use Require() method of MainObject instead.  (Severity: 5)
#   Use of "require" is not allowed at line 16, column 1.  Use Require() method of MainObject instead.  (Severity: 5)
#   Variable, subroutine, and package names have to be in CamelCase at line 21, column 14.  (no explanation).  (Severity: 5)
#   Perlsecret risk. Venus  at line 27, column 5.  Perlsecret detected: %s.  (Severity: 5)
#   Variable, subroutine, and package names have to be in CamelCase at line 36, column 20.  (no explanation).  (Severity: 5)
#   Variable, subroutine, and package names have to be in CamelCase at line 41, column 1.  (no explanation).  (Severity: 5)
#   Variable, subroutine, and package names have to be in CamelCase at line 42, column 9.  (no explanation).  (Severity: 5)
#   Variable, subroutine, and package names have to be in CamelCase at line 42, column 16.  (no explanation).  (Severity: 5)
#   Variable, subroutine, and package names have to be in CamelCase at line 42, column 22.  (no explanation).  (Severity: 5)
#   Variable, subroutine, and package names have to be in CamelCase at line 44, column 5.  (no explanation).  (Severity: 5)
#   Variable, subroutine, and package names have to be in CamelCase at line 45, column 5.  (no explanation).  (Severity: 5)
#   Variable, subroutine, and package names have to be in CamelCase at line 46, column 5.  (no explanation).  (Severity: 5)
#   Variable, subroutine, and package names have to be in CamelCase at line 47, column 13.  (no explanation).  (Severity: 5)
#   Variable, subroutine, and package names have to be in CamelCase at line 65, column 1.  (no explanation).  (Severity: 5)
#   Method invocation should use "()" at line 65, column 40.  Use "->MethodName()" instead of "->MethodName".  (Severity: 5)
#   Variable, subroutine, and package names have to be in CamelCase at line 75, column 1.  (no explanation).  (Severity: 5)
#   Method invocation should use "()" at line 75, column 36.  Use "->MethodName()" instead of "->MethodName".  (Severity: 5)
#   Variable, subroutine, and package names have to be in CamelCase at line 77, column 1.  (no explanation).  (Severity: 5)
#   Variable, subroutine, and package names have to be in CamelCase at line 78, column 9.  (no explanation).  (Severity: 5)
#   Variable, subroutine, and package names have to be in CamelCase at line 78, column 16.  (no explanation).  (Severity: 5)
#   Variable, subroutine, and package names have to be in CamelCase at line 80, column 5.  (no explanation).  (Severity: 5)
#   Variable, subroutine, and package names have to be in CamelCase at line 80, column 41.  (no explanation).  (Severity: 5)
#   Variable, subroutine, and package names have to be in CamelCase at line 83, column 9.  (no explanation).  (Severity: 5)
#   Variable, subroutine, and package names have to be in CamelCase at line 83, column 19.  (no explanation).  (Severity: 5)
#   Private Member Data shouldn't be accessed directly at line 83, column 19.  Accessing an objects data directly breaks encapsulation and should be avoided.  Example: $object->{ some_key }.  (Severity: 5)
#   Variable, subroutine, and package names have to be in CamelCase at line 84, column 9.  (no explanation).  (Severity: 5)
#   Variable, subroutine, and package names have to be in CamelCase at line 84, column 19.  (no explanation).  (Severity: 5)
#   Private Member Data shouldn't be accessed directly at line 84, column 19.  Accessing an objects data directly breaks encapsulation and should be avoided.  Example: $object->{ some_key }.  (Severity: 5)
#   Variable, subroutine, and package names have to be in CamelCase at line 85, column 9.  (no explanation).  (Severity: 5)
#   Variable, subroutine, and package names have to be in CamelCase at line 85, column 19.  (no explanation).  (Severity: 5)
#   Private Member Data shouldn't be accessed directly at line 85, column 19.  Accessing an objects data directly breaks encapsulation and should be avoided.  Example: $object->{ some_key }.  (Severity: 5)
#   Variable, subroutine, and package names have to be in CamelCase at line 88, column 23.  (no explanation).  (Severity: 5)
#   Variable, subroutine, and package names have to be in CamelCase at line 93, column 9.  (no explanation).  (Severity: 5)
#   Variable, subroutine, and package names have to be in CamelCase at line 94, column 44.  (no explanation).  (Severity: 5)
#   Method invocation should use "()" at line 94, column 49.  Use "->MethodName()" instead of "->MethodName".  (Severity: 5)
#   Variable, subroutine, and package names have to be in CamelCase at line 95, column 44.  (no explanation).  (Severity: 5)
#   Method invocation should use "()" at line 95, column 49.  Use "->MethodName()" instead of "->MethodName".  (Severity: 5)
#   Variable, subroutine, and package names have to be in CamelCase at line 99, column 9.  (no explanation).  (Severity: 5)
#   Variable, subroutine, and package names have to be in CamelCase at line 99, column 18.  (no explanation).  (Severity: 5)
#   Method invocation should use "()" at line 99, column 23.  Use "->MethodName()" instead of "->MethodName".  (Severity: 5)
#   Variable, subroutine, and package names have to be in CamelCase at line 99, column 31.  (no explanation).  (Severity: 5)
#   Variable, subroutine, and package names have to be in CamelCase at line 100, column 5.  (no explanation).  (Severity: 5)
#   Variable, subroutine, and package names have to be in CamelCase at line 103, column 9.  (no explanation).  (Severity: 5)
#   Variable, subroutine, and package names have to be in CamelCase at line 103, column 42.  (no explanation).  (Severity: 5)
#   Variable, subroutine, and package names have to be in CamelCase at line 103, column 49.  (no explanation).  (Severity: 5)
#   Variable, subroutine, and package names have to be in CamelCase at line 103, column 55.  (no explanation).  (Severity: 5)
#   Variable, subroutine, and package names have to be in CamelCase at line 103, column 63.  (no explanation).  (Severity: 5)
#   Variable, subroutine, and package names have to be in CamelCase at line 105, column 5.  (no explanation).  (Severity: 5)
#   Variable, subroutine, and package names have to be in CamelCase at line 108, column 9.  (no explanation).  (Severity: 5)
#   Variable, subroutine, and package names have to be in CamelCase at line 108, column 23.  (no explanation).  (Severity: 5)
#   Method invocation should use "()" at line 108, column 28.  Use "->MethodName()" instead of "->MethodName".  (Severity: 5)
#   Variable, subroutine, and package names have to be in CamelCase at line 108, column 44.  (no explanation).  (Severity: 5)
#   Variable, subroutine, and package names have to be in CamelCase at line 111, column 10.  (no explanation).  (Severity: 5)
#   Method invocation should use "()" at line 111, column 19.  Use "->MethodName()" instead of "->MethodName".  (Severity: 5)
#   Variable, subroutine, and package names have to be in CamelCase at line 112, column 13.  (no explanation).  (Severity: 5)
#   Variable, subroutine, and package names have to be in CamelCase at line 112, column 23.  (no explanation).  (Severity: 5)
#   Method invocation should use "()" at line 112, column 32.  Use "->MethodName()" instead of "->MethodName".  (Severity: 5)
#   Variable, subroutine, and package names have to be in CamelCase at line 114, column 13.  (no explanation).  (Severity: 5)
#   Variable, subroutine, and package names have to be in CamelCase at line 114, column 25.  (no explanation).  (Severity: 5)
#   Method invocation should use "()" at line 114, column 30.  Use "->MethodName()" instead of "->MethodName".  (Severity: 5)
#   Method invocation should use "()" at line 114, column 37.  Use "->MethodName()" instead of "->MethodName".  (Severity: 5)
#   Variable, subroutine, and package names have to be in CamelCase at line 114, column 53.  (no explanation).  (Severity: 5)
#   Variable, subroutine, and package names have to be in CamelCase at line 117, column 19.  (no explanation).  (Severity: 5)
#   Variable, subroutine, and package names have to be in CamelCase at line 118, column 24.  (no explanation).  (Severity: 5)
#   Variable, subroutine, and package names have to be in CamelCase at line 118, column 37.  (no explanation).  (Severity: 5)
#   Variable, subroutine, and package names have to be in CamelCase at line 119, column 17.  (no explanation).  (Severity: 5)
#   Variable, subroutine, and package names have to be in CamelCase at line 119, column 45.  (no explanation).  (Severity: 5)
#   Variable, subroutine, and package names have to be in CamelCase at line 123, column 13.  (no explanation).  (Severity: 5)
#   Variable, subroutine, and package names have to be in CamelCase at line 123, column 40.  (no explanation).  (Severity: 5)
#   Variable, subroutine, and package names have to be in CamelCase at line 126, column 17.  (no explanation).  (Severity: 5)
#   Variable, subroutine, and package names have to be in CamelCase at line 132, column 28.  (no explanation).  (Severity: 5)
#   Method invocation should use "()" at line 132, column 37.  Use "->MethodName()" instead of "->MethodName".  (Severity: 5)
#   Variable, subroutine, and package names have to be in CamelCase at line 133, column 28.  (no explanation).  (Severity: 5)
#   Method invocation should use "()" at line 133, column 37.  Use "->MethodName()" instead of "->MethodName".  (Severity: 5)
#   Variable, subroutine, and package names have to be in CamelCase at line 139, column 1.  (no explanation).  (Severity: 5)
#   Variable, subroutine, and package names have to be in CamelCase at line 140, column 9.  (no explanation).  (Severity: 5)
#   Variable, subroutine, and package names have to be in CamelCase at line 142, column 18.  (no explanation).  (Severity: 5)
#   Private Member Data shouldn't be accessed directly at line 142, column 18.  Accessing an objects data directly breaks encapsulation and should be avoided.  Example: $object->{ some_key }.  (Severity: 5)
#   Variable, subroutine, and package names have to be in CamelCase at line 143, column 9.  (no explanation).  (Severity: 5)
#   Private Member Data shouldn't be accessed directly at line 143, column 9.  Accessing an objects data directly breaks encapsulation and should be avoided.  Example: $object->{ some_key }.  (Severity: 5)
#   Variable, subroutine, and package names have to be in CamelCase at line 143, column 30.  (no explanation).  (Severity: 5)
#   Private Member Data shouldn't be accessed directly at line 143, column 30.  Accessing an objects data directly breaks encapsulation and should be avoided.  Example: $object->{ some_key }.  (Severity: 5)
#   Variable, subroutine, and package names have to be in CamelCase at line 146, column 13.  (no explanation).  (Severity: 5)
#   Variable, subroutine, and package names have to be in CamelCase at line 149, column 1.  (no explanation).  (Severity: 5)
#   Variable, subroutine, and package names have to be in CamelCase at line 150, column 9.  (no explanation).  (Severity: 5)
#   Variable, subroutine, and package names have to be in CamelCase at line 150, column 16.  (no explanation).  (Severity: 5)
#   Variable, subroutine, and package names have to be in CamelCase at line 150, column 26.  (no explanation).  (Severity: 5)
#   Variable, subroutine, and package names have to be in CamelCase at line 152, column 14.  (no explanation).  (Severity: 5)
#   Use of low precedence operators is not allowed at line 152, column 23.  Replace low precedence operators with the high precedence substitutes.  (Severity: 5)
#   Variable, subroutine, and package names have to be in CamelCase at line 152, column 26.  (no explanation).  (Severity: 5)
#   Variable, subroutine, and package names have to be in CamelCase at line 154, column 10.  (no explanation).  (Severity: 5)
#   Method invocation should use "()" at line 154, column 15.  Use "->MethodName()" instead of "->MethodName".  (Severity: 5)
#   Variable, subroutine, and package names have to be in CamelCase at line 154, column 26.  (no explanation).  (Severity: 5)
#   Variable, subroutine, and package names have to be in CamelCase at line 155, column 15.  (no explanation).  (Severity: 5)
#   Variable, subroutine, and package names have to be in CamelCase at line 161, column 1.  (no explanation).  (Severity: 5)
#   Variable, subroutine, and package names have to be in CamelCase at line 162, column 9.  (no explanation).  (Severity: 5)
#   Variable, subroutine, and package names have to be in CamelCase at line 164, column 9.  (no explanation).  (Severity: 5)
#   Variable, subroutine, and package names have to be in CamelCase at line 168, column 13.  (no explanation).  (Severity: 5)
#   Variable, subroutine, and package names have to be in CamelCase at line 168, column 30.  (no explanation).  (Severity: 5)
#   Variable, subroutine, and package names have to be in CamelCase at line 171, column 1.  (no explanation).  (Severity: 5)
#   Variable, subroutine, and package names have to be in CamelCase at line 172, column 9.  (no explanation).  (Severity: 5)
#   Variable, subroutine, and package names have to be in CamelCase at line 172, column 16.  (no explanation).  (Severity: 5)
#   Variable, subroutine, and package names have to be in CamelCase at line 174, column 23.  (no explanation).  (Severity: 5)
#   Variable, subroutine, and package names have to be in CamelCase at line 178, column 9.  (no explanation).  (Severity: 5)
#   Variable, subroutine, and package names have to be in CamelCase at line 182, column 13.  (no explanation).  (Severity: 5)
#   Variable, subroutine, and package names have to be in CamelCase at line 182, column 30.  (no explanation).  (Severity: 5)
#   Variable, subroutine, and package names have to be in CamelCase at line 185, column 1.  (no explanation).  (Severity: 5)
#   Variable, subroutine, and package names have to be in CamelCase at line 186, column 9.  (no explanation).  (Severity: 5)
#   Variable, subroutine, and package names have to be in CamelCase at line 186, column 16.  (no explanation).  (Severity: 5)
#   Variable, subroutine, and package names have to be in CamelCase at line 186, column 23.  (no explanation).  (Severity: 5)
#   Variable, subroutine, and package names have to be in CamelCase at line 188, column 23.  (no explanation).  (Severity: 5)
#   Variable, subroutine, and package names have to be in CamelCase at line 188, column 43.  (no explanation).  (Severity: 5)
#   Variable, subroutine, and package names have to be in CamelCase at line 193, column 5.  (no explanation).  (Severity: 5)
#   Variable, subroutine, and package names have to be in CamelCase at line 193, column 13.  (no explanation).  (Severity: 5)
#   Variable, subroutine, and package names have to be in CamelCase at line 196, column 9.  (no explanation).  (Severity: 5)
#   Variable, subroutine, and package names have to be in CamelCase at line 196, column 19.  (no explanation).  (Severity: 5)
#   Method invocation should use "()" at line 196, column 24.  Use "->MethodName()" instead of "->MethodName".  (Severity: 5)
#   Method invocation should use "()" at line 196, column 31.  Use "->MethodName()" instead of "->MethodName".  (Severity: 5)
#   Variable, subroutine, and package names have to be in CamelCase at line 196, column 63.  (no explanation).  (Severity: 5)
#   Variable, subroutine, and package names have to be in CamelCase at line 198, column 9.  (no explanation).  (Severity: 5)
#   Variable, subroutine, and package names have to be in CamelCase at line 201, column 32.  (no explanation).  (Severity: 5)
#   Variable, subroutine, and package names have to be in CamelCase at line 204, column 13.  (no explanation).  (Severity: 5)
#   Variable, subroutine, and package names have to be in CamelCase at line 204, column 30.  (no explanation).  (Severity: 5)
#   Method invocation should use "()" at line 209, column 12.  Use "->MethodName()" instead of "->MethodName".  (Severity: 5)
#   Method invocation should use "()" at line 209, column 18.  Use "->MethodName()" instead of "->MethodName".  (Severity: 5)
t/perlcritic.t .... 
Dubious, test returned 1 (wstat 256, 0x100)
Failed 1/1 subtests 
t/pod-coverage.t .. ok
t/pod.t ........... ok

Test Summary Report
-------------------
t/perlcritic.t  (Wstat: 256 Tests: 1 Failed: 1)
  Failed test:  1
  Non-zero exit status: 1
Files=8, Tests=27,  2 wallclock secs ( 0.02 usr  0.05 sys +  1.96 cusr  0.35 csys =  2.38 CPU)
Result: FAIL
Failed 1/8 test programs. 1/27 subtests failed.

------------------------------
PREREQUISITES
------------------------------

Prerequisite modules loaded:

requires:

    Module                       Need Have    
    ---------------------------- ---- --------
    Carp                         0    1.38    
    Data::Dumper                 0    2.161   
    HTTP::Request                0    6.11    
    HTTP::Response               0    6.11    
    JSON::XS                     0    3.02    
    LWP::UserAgent               0    6.15    
    Moose                        0    2.1805  
    Moose::Util::TypeConstraints 0    2.1805  
    MooseX::StrictConstructor    0    0.19    
    Readonly                     0    2.05    
    version                      0    0.9917  

build_requires:

    Module                       Need Have    
    ---------------------------- ---- --------
    Test::More                   0    1.302052

configure_requires:

    Module                       Need Have    
    ---------------------------- ---- --------
    Module::Build                0.36 0.4220  


------------------------------
ENVIRONMENT AND OTHER CONTEXT
------------------------------

Environment variables:

    LANG = C
    LC_ALL = de_DE.UTF-8
    PATH = /usr/local/bin:/usr/bin:/bin:/usr/local/sbin:/usr/sbin:/sbin:/home/cpansand/bin/linux-gnu:/home/cpansand/bin/sh:/home/cpansand/bin:/usr/games:/home/cpansand/devel:/home/eserte/src/srezic-misc/scripts
    PERL5LIB = 
    PERL5OPT = 
    PERL5_CPANPLUS_IS_RUNNING = 22397
    PERL5_CPAN_IS_RUNNING = 22397
    PERL5_CPAN_IS_RUNNING_IN_RECURSION = 20625,22397
    PERLDOC = -MPod::Perldoc::ToTextOverstrike
    PERL_BATCH = yes
    PERL_CANARY_STABILITY_NOPROMPT = 1
    PERL_CPAN_REPORTER_CONFIG = /run/user/1023/cpansmoker/2016090415/cpanreporter_001_config.ini
    PERL_EXTUTILS_AUTOINSTALL = --defaultdeps
    PERL_PARALLEL_SMOKER = yes
    PERL_USE_UNSAFE_INC = 1
    SHELL = /bin/zsh
    TERM = screen
    TMPDIR = /run/user/1023/cpansmoker/2016090415

Perl special variables (and OS-specific diagnostics, for MSWin32):

    $^X = /bbbike/perl-5.22.3-RC3/bin/perl
    $UID/$EUID = 1023 / 1023
    $GID = 1023 1023
    $EGID = 1023 1023

Perl module toolchain versions installed:

    Module              Have    
    ------------------- --------
    CPAN                2.14    
    CPAN::Meta          2.150010
    Cwd                 3.62    
    ExtUtils::CBuilder  0.280224
    ExtUtils::Command   7.24    
    ExtUtils::Install   2.04    
    ExtUtils::MakeMaker 7.24    
    ExtUtils::Manifest  1.70    
    ExtUtils::ParseXS   3.30    
    File::Spec          3.62    
    JSON                2.90    
    JSON::PP            2.27400 
    Module::Build       0.4220  
    Module::Signature   0.80    
    Parse::CPAN::Meta   2.150010
    Test::Harness       3.36    
    Test::More          1.302052
    YAML                1.18    
    YAML::Syck          1.29    
    version             0.9917  


--

Summary of my perl5 (revision 5 version 22 subversion 3) configuration:
   
  Platform:
    osname=linux, osvers=3.16.0-4-amd64, archname=x86_64-linux
    uname='linux eserte 3.16.0-4-amd64 #1 smp debian 3.16.7-ckt25-2+deb8u3 (2016-07-02) x86_64 gnulinux '
    config_args='-ds -e -Dprefix=/opt/perl-5.22.3-RC3 -Dcf_email=srezic@cpan.org'
    hint=recommended, useposix=true, d_sigaction=define
    useithreads=undef, usemultiplicity=undef
    use64bitint=define, use64bitall=define, uselongdouble=undef
    usemymalloc=n, bincompat5005=undef
  Compiler:
    cc='cc', ccflags ='-fwrapv -fno-strict-aliasing -pipe -fstack-protector-strong -I/usr/local/include -D_LARGEFILE_SOURCE -D_FILE_OFFSET_BITS=64 -D_FORTIFY_SOURCE=2',
    optimize='-O2',
    cppflags='-fwrapv -fno-strict-aliasing -pipe -fstack-protector-strong -I/usr/local/include'
    ccversion='', gccversion='4.9.2', gccosandvers=''
    intsize=4, longsize=8, ptrsize=8, doublesize=8, byteorder=12345678, doublekind=3
    d_longlong=define, longlongsize=8, d_longdbl=define, longdblsize=16, longdblkind=3
    ivtype='long', ivsize=8, nvtype='double', nvsize=8, Off_t='off_t', lseeksize=8
    alignbytes=8, prototype=define
  Linker and Libraries:
    ld='cc', ldflags =' -fstack-protector-strong -L/usr/local/lib'
    libpth=/usr/local/lib /usr/lib/gcc/x86_64-linux-gnu/4.9/include-fixed /usr/include/x86_64-linux-gnu /usr/lib /lib/x86_64-linux-gnu /lib/../lib /usr/lib/x86_64-linux-gnu /usr/lib/../lib /lib
    libs=-lpthread -lnsl -lgdbm -ldb -ldl -lm -lcrypt -lutil -lc -lgdbm_compat
    perllibs=-lpthread -lnsl -ldl -lm -lcrypt -lutil -lc
    libc=libc-2.19.so, so=so, useshrplib=false, libperl=libperl.a
    gnulibc_version='2.19'
  Dynamic Linking:
    dlsrc=dl_dlopen.xs, dlext=so, d_dlsymun=undef, ccdlflags='-Wl,-E'
    cccdlflags='-fPIC', lddlflags='-shared -O2 -L/usr/local/lib -fstack-protector-strong'


Characteristics of this binary (from libperl): 
  Compile-time options: HAS_TIMES PERLIO_LAYERS PERL_DONT_CREATE_GVSV
                        PERL_HASH_FUNC_ONE_AT_A_TIME_HARD PERL_MALLOC_WRAP
                        PERL_NEW_COPY_ON_WRITE PERL_PRESERVE_IVUV
                        USE_64_BIT_ALL USE_64_BIT_INT USE_LARGE_FILES
                        USE_LOCALE USE_LOCALE_COLLATE USE_LOCALE_CTYPE
                        USE_LOCALE_NUMERIC USE_LOCALE_TIME USE_PERLIO
                        USE_PERL_ATOF
  Locally applied patches:
	RC3
  Built under linux
  Compiled at Aug 19 2016 14:03:58
  %ENV:
    PERL5LIB=""
    PERL5OPT=""
    PERL5_CPANPLUS_IS_RUNNING="22397"
    PERL5_CPAN_IS_RUNNING="22397"
    PERL5_CPAN_IS_RUNNING_IN_RECURSION="20625,22397"
    PERLDOC="-MPod::Perldoc::ToTextOverstrike"
    PERL_BATCH="yes"
    PERL_CANARY_STABILITY_NOPROMPT="1"
    PERL_CPAN_REPORTER_CONFIG="/run/user/1023/cpansmoker/2016090415/cpanreporter_001_config.ini"
    PERL_EXTUTILS_AUTOINSTALL="--defaultdeps"
    PERL_PARALLEL_SMOKER="yes"
    PERL_USE_UNSAFE_INC="1"
  @INC:
    /opt/perl-5.22.3-RC3/lib/site_perl/5.22.3/x86_64-linux
    /opt/perl-5.22.3-RC3/lib/site_perl/5.22.3
    /opt/perl-5.22.3-RC3/lib/5.22.3/x86_64-linux
    /opt/perl-5.22.3-RC3/lib/5.22.3
    .