Back
From: metabase:user:320bfe00-2aae-11df-837a-5e0a49663a4f
Subject: FAIL SOAP-Transport-TCP-0.716 v5.18.0 GNU/Linux
Date: 2013-05-23T06:04:21Z
This distribution has been tested as part of the CPAN Testers
project, supporting the Perl programming language. See
http://wiki.cpantesters.org/ for more information or email
questions to cpan-testers-discuss@perl.org
--
Dear Fred Moyer,
This is a computer-generated report for SOAP-Transport-TCP-0.716
on perl 5.18.0, created by CPAN-Reporter-1.2010.
Thank you for uploading your work to CPAN. However, there was a problem
testing your distribution.
If you think this report is invalid, please consult the CPAN Testers Wiki
for suggestions on how to avoid getting FAIL reports for missing library
or binary dependencies, unsupported operating systems, and so on:
http://wiki.cpantesters.org/wiki/CPANAuthorNotes
Sections of this report:
* Tester comments
* Program output
* Prerequisites
* Environment and other context
------------------------------
TESTER COMMENTS
------------------------------
Additional comments from tester:
this report is from an automated smoke testing program
and was not reviewed by a human for accuracy
------------------------------
PROGRAM OUTPUT
------------------------------
Output from '/usr/bin/make test':
PERL_DL_NONLAZY=1 /home/sand/src/perl/repoperls/installed-perls/perl/v5.18.0/9980/bin/perl "-MExtUtils::Command::MM" "-e" "test_harness(0, 'blib/lib', 'blib/arch')" t/*.t
t/096_characters.t .... skipped: (no reason given)
t/097_kwalitee.t ...... skipped: (no reason given)
t/098_pod.t ........... skipped: (no reason given)
t/099_pod_coverage.t .. skipped: (no reason given)
# Failed test 'use SOAP::Transport::TCP;'
# at t/TCP.t line 4.
# Tried to use 'SOAP::Transport::TCP'.
# Error: Can't locate SOAP/Lite.pm in @INC (you may need to install the SOAP::Lite module) (@INC contains: /tmp/loop_over_bdir-2531-l0XCiL/SOAP-Transport-TCP-0.716-uJrXoL/blib/lib /tmp/loop_over_bdir-2531-l0XCiL/SOAP-Transport-TCP-0.716-uJrXoL/blib/arch /home/src/perl/repoperls/installed-perls/perl/v5.18.0/9980/lib/site_perl/5.18.0/x86_64-linux-thread-multi /home/src/perl/repoperls/installed-perls/perl/v5.18.0/9980/lib/site_perl/5.18.0 /home/src/perl/repoperls/installed-perls/perl/v5.18.0/9980/lib/5.18.0/x86_64-linux-thread-multi /home/src/perl/repoperls/installed-perls/perl/v5.18.0/9980/lib/5.18.0 .) at /tmp/loop_over_bdir-2531-l0XCiL/SOAP-Transport-TCP-0.716-uJrXoL/blib/lib/SOAP/Transport/TCP.pm line 38.
# Compilation failed in require at (eval 4) line 2.
# BEGIN failed--compilation aborted at (eval 4) line 2.
Undefined subroutine &SOAP::Trace::objects called at /tmp/loop_over_bdir-2531-l0XCiL/SOAP-Transport-TCP-0.716-uJrXoL/blib/lib/SOAP/Transport/TCP.pm line 56.
(in cleanup) Undefined subroutine &SOAP::Trace::objects called at /tmp/loop_over_bdir-2531-l0XCiL/SOAP-Transport-TCP-0.716-uJrXoL/blib/lib/SOAP/Transport/TCP.pm line 41.
# Looks like you planned 7 tests but ran 1.
# Looks like you failed 1 test of 1 run.
# Looks like your test exited with 255 just after 1.
t/TCP.t ...............
Dubious, test returned 255 (wstat 65280, 0xff00)
Failed 7/7 subtests
Test Summary Report
-------------------
t/TCP.t (Wstat: 65280 Tests: 1 Failed: 1)
Failed test: 1
Non-zero exit status: 255
Parse errors: Bad plan. You planned 7 tests but ran 1.
Files=5, Tests=1, 1 wallclock secs ( 0.03 usr 0.01 sys + 0.05 cusr 0.01 csys = 0.10 CPU)
Result: FAIL
Failed 1/5 test programs. 1/1 subtests failed.
make: *** [test_dynamic] Error 255
------------------------------
PREREQUISITES
------------------------------
Prerequisite modules loaded:
requires:
Module Need Have
------------------- ---- ----
IO::SessionData 1.03 1.03
build_requires:
Module Need Have
------------------- ---- ----
ExtUtils::MakeMaker 0 6.66
configure_requires:
Module Need Have
------------------- ---- ----
ExtUtils::MakeMaker 0 6.66
------------------------------
ENVIRONMENT AND OTHER CONTEXT
------------------------------
Environment variables:
AUTOMATED_TESTING = 1
LANG = en_US.UTF-8
LANGUAGE = en_US:en
PATH = /usr/lib/ccache:/home/sand/bin:/usr/local/bin:/usr/bin:/bin:/usr/bin/X11:/usr/games:/usr/local/perl/bin:/usr/X11/bin:/sbin:/usr/sbin
PERL5LIB =
PERL5OPT =
PERL5_CPANPLUS_IS_RUNNING = 2533
PERL5_CPAN_IS_RUNNING = 2533
PERL_MM_USE_DEFAULT = 1
SHELL = /usr/bin/zsh
TERM = screen
Perl special variables (and OS-specific diagnostics, for MSWin32):
$^X = /home/sand/src/perl/repoperls/installed-perls/perl/v5.18.0/9980/bin/perl
$UID/$EUID = 1005 / 1005
$GID = 1005 1005
$EGID = 1005 1005
Perl module toolchain versions installed:
Module Have
------------------- --------
CPAN 2.00
CPAN::Meta 2.120921
Cwd 3.40
ExtUtils::CBuilder 0.280210
ExtUtils::Command 1.17
ExtUtils::Install 1.59
ExtUtils::MakeMaker 6.66
ExtUtils::Manifest 1.63
ExtUtils::ParseXS 3.18
File::Spec 3.40
JSON 2.58
JSON::PP 2.27202
Module::Build 0.4005
Module::Signature 0.70
Parse::CPAN::Meta 1.4404
Test::Harness 3.28
Test::More 0.98
YAML 0.84
YAML::Syck 1.27
version 0.9902
--
Summary of my perl5 (revision 5 version 18 subversion 0) configuration:
Commit id: a9acda3b5f74585852a57b51b724804ac586cb0b
Platform:
osname=linux, osvers=3.8-1-amd64, archname=x86_64-linux-thread-multi
uname='linux k83 3.8-1-amd64 #1 smp debian 3.8.12-1 x86_64 gnulinux '
config_args='-Dprefix=/home/src/perl/repoperls/installed-perls/perl/v5.18.0/9980 -Dmyhostname=k83 -Dinstallusrbinperl=n -Uversiononly -Dusedevel -des -Ui_db -Duseithreads -Uuselongdouble -DDEBUGGING=-g'
hint=recommended, useposix=true, d_sigaction=define
useithreads=define, usemultiplicity=define
useperlio=define, d_sfio=undef, uselargefiles=define, usesocks=undef
use64bitint=define, use64bitall=define, uselongdouble=undef
usemymalloc=n, bincompat5005=undef
Compiler:
cc='cc', ccflags ='-D_REENTRANT -D_GNU_SOURCE -fno-strict-aliasing -pipe -fstack-protector -I/usr/local/include -D_LARGEFILE_SOURCE -D_FILE_OFFSET_BITS=64',
optimize='-O2 -g',
cppflags='-D_REENTRANT -D_GNU_SOURCE -fno-strict-aliasing -pipe -fstack-protector -I/usr/local/include'
ccversion='', gccversion='4.7.3', gccosandvers=''
intsize=4, longsize=8, ptrsize=8, doublesize=8, byteorder=12345678
d_longlong=define, longlongsize=8, d_longdbl=define, longdblsize=16
ivtype='long', ivsize=8, nvtype='double', nvsize=8, Off_t='off_t', lseeksize=8
alignbytes=8, prototype=define
Linker and Libraries:
ld='cc', ldflags =' -fstack-protector -L/usr/local/lib'
libpth=/usr/local/lib /lib/x86_64-linux-gnu /lib/../lib /usr/lib/x86_64-linux-gnu /usr/lib/../lib /lib /usr/lib
libs=-lnsl -lgdbm -ldb -ldl -lm -lcrypt -lutil -lpthread -lc -lgdbm_compat
perllibs=-lnsl -ldl -lm -lcrypt -lutil -lpthread -lc
libc=, so=so, useshrplib=false, libperl=libperl.a
gnulibc_version='2.17'
Dynamic Linking:
dlsrc=dl_dlopen.xs, dlext=so, d_dlsymun=undef, ccdlflags='-Wl,-E'
cccdlflags='-fPIC', lddlflags='-shared -O2 -g -L/usr/local/lib -fstack-protector'
Characteristics of this binary (from libperl):
Compile-time options: HAS_TIMES MULTIPLICITY PERLIO_LAYERS
PERL_DONT_CREATE_GVSV
PERL_HASH_FUNC_ONE_AT_A_TIME_HARD
PERL_IMPLICIT_CONTEXT PERL_MALLOC_WRAP
PERL_PRESERVE_IVUV PERL_SAWAMPERSAND PERL_USE_DEVEL
USE_64_BIT_ALL USE_64_BIT_INT USE_ITHREADS
USE_LARGE_FILES USE_LOCALE USE_LOCALE_COLLATE
USE_LOCALE_CTYPE USE_LOCALE_NUMERIC USE_PERLIO
USE_PERL_ATOF USE_REENTRANT_API
Built under linux
Compiled at May 18 2013 16:08:03
%ENV:
PERL5LIB=""
PERL5OPT=""
PERL5_CPANPLUS_IS_RUNNING="2533"
PERL5_CPAN_IS_RUNNING="2533"
PERL_MM_USE_DEFAULT="1"
@INC:
/home/src/perl/repoperls/installed-perls/perl/v5.18.0/9980/lib/site_perl/5.18.0/x86_64-linux-thread-multi
/home/src/perl/repoperls/installed-perls/perl/v5.18.0/9980/lib/site_perl/5.18.0
/home/src/perl/repoperls/installed-perls/perl/v5.18.0/9980/lib/5.18.0/x86_64-linux-thread-multi
/home/src/perl/repoperls/installed-perls/perl/v5.18.0/9980/lib/5.18.0
.