Back
From: metabase:user:31d414ea-2aae-11df-837a-5e0a49663a4f
Subject: FAIL Code-Splice-0.02 v5.14.3 GNU/Linux
Date: 2012-11-20T13:24:29Z
This distribution has been tested as part of the CPAN Testers
project, supporting the Perl programming language. See
http://wiki.cpantesters.org/ for more information or email
questions to cpan-testers-discuss@perl.org
--
Dear Scott Walters,
This is a computer-generated report for Code-Splice-0.02
on perl 5.14.3, created by CPAN-Reporter-1.2006.
Thank you for uploading your work to CPAN. However, there was a problem
testing your distribution.
If you think this report is invalid, please consult the CPAN Testers Wiki
for suggestions on how to avoid getting FAIL reports for missing library
or binary dependencies, unsupported operating systems, and so on:
http://wiki.cpantesters.org/wiki/CPANAuthorNotes
Sections of this report:
* Tester comments
* Program output
* Prerequisites
* Environment and other context
------------------------------
TESTER COMMENTS
------------------------------
Additional comments from tester:
this report is from an automated smoke testing program
and was not reviewed by a human for accuracy
------------------------------
PROGRAM OUTPUT
------------------------------
Output from '/usr/bin/make test':
PERL_DL_NONLAZY=1 /home/david/cpantesting/perl-5.14.3/bin/perl "-MExtUtils::Command::MM" "-e" "test_harness(0, 'blib/lib', 'blib/arch')" t/*.t
t/01.t .. ok
# Failed test 'variable remapping'
# at t/02.t line 35.
# got: '1 2 40 4 5 6 7 8 9'
# expected: '1 2 40 15 4 5 6 7 8 9'
# Looks like you failed 1 test of 1.
t/02.t ..
Dubious, test returned 1 (wstat 256, 0x100)
Failed 1/1 subtests
Can't locate object method "sv" via package "B::SPECIAL" at t/03.t line 19.
# Looks like your test exited with 255 before it could output anything.
t/03.t ..
Dubious, test returned 255 (wstat 65280, 0xff00)
Failed 1/1 subtests
# Failed test 'precondition against deparsed line'
# at t/04.t line 34.
# got: 'one two three 97 five six seven'
# expected: 'one two three fred five six seven'
# Looks like you failed 1 test of 1.
t/04.t ..
Dubious, test returned 1 (wstat 256, 0x100)
Failed 1/1 subtests
Test Summary Report
-------------------
t/02.t (Wstat: 256 Tests: 1 Failed: 1)
Failed test: 1
Non-zero exit status: 1
t/03.t (Wstat: 65280 Tests: 0 Failed: 0)
Non-zero exit status: 255
Parse errors: Bad plan. You planned 1 tests but ran 0.
t/04.t (Wstat: 256 Tests: 1 Failed: 1)
Failed test: 1
Non-zero exit status: 1
Files=4, Tests=3, 0 wallclock secs ( 0.03 usr 0.01 sys + 0.14 cusr 0.06 csys = 0.24 CPU)
Result: FAIL
Failed 3/4 test programs. 2/3 subtests failed.
make: *** [test_dynamic] Error 1
------------------------------
PREREQUISITES
------------------------------
Prerequisite modules loaded:
requires:
Module Need Have
------------------- ---- ----
B::Generate 0.1 1.47
build_requires:
Module Need Have
------------------- ---- ----
ExtUtils::MakeMaker 0 6.62
configure_requires:
Module Need Have
------------------- ---- ----
ExtUtils::MakeMaker 0 6.62
------------------------------
ENVIRONMENT AND OTHER CONTEXT
------------------------------
Environment variables:
AUTOMATED_TESTING = 1
PATH = /usr/local/bin:/usr/bin:/bin:/usr/games
PERL = 5.14.3
PERL5LIB =
PERL5OPT =
PERL5_CPANPLUS_IS_RUNNING = 4193
PERL5_CPAN_IS_RUNNING = 4193
PERLVER = 5.14.3
PERL_INLINE_DIRECTORY = /home/david/.Inline-5.14.3
SHELL = /bin/bash
TERM = screen
Perl special variables (and OS-specific diagnostics, for MSWin32):
$^X = /home/david/cpantesting/perl-5.14.3/bin/perl
$UID/$EUID = 1000 / 1000
$GID = 1000 1000
$EGID = 1000 1000
Perl module toolchain versions installed:
Module Have
------------------- ---------
CPAN 1.9600_01
CPAN::Meta 2.120921
Cwd 3.36
ExtUtils::CBuilder 0.280205
ExtUtils::Command 1.17
ExtUtils::Install 1.56
ExtUtils::MakeMaker 6.62
ExtUtils::Manifest 1.58
ExtUtils::ParseXS 2.2210
File::Spec 3.33
JSON 2.53
JSON::PP 2.27200
Module::Build 0.4003
Module::Signature n/a
Parse::CPAN::Meta 1.4404
Test::Harness 3.25
Test::More 0.98
YAML 0.84
YAML::Syck 1.21
version 0.88
--
Summary of my perl5 (revision 5 version 14 subversion 3) configuration:
Platform:
osname=linux, osvers=2.6.32-5-xen-amd64, archname=x86_64-linux-thread-multi
uname='linux pigsty.barnyard.co.uk 2.6.32-5-xen-amd64 #1 smp sun may 6 08:57:29 utc 2012 x86_64 gnulinux '
config_args='-de -Dprefix=/home/david/cpantesting/perl-5.14.3 -Dusethreads -Duse64bitall'
hint=recommended, useposix=true, d_sigaction=define
useithreads=define, usemultiplicity=define
useperlio=define, d_sfio=undef, uselargefiles=define, usesocks=undef
use64bitint=define, use64bitall=define, uselongdouble=undef
usemymalloc=n, bincompat5005=undef
Compiler:
cc='cc', ccflags ='-D_REENTRANT -D_GNU_SOURCE -fno-strict-aliasing -pipe -fstack-protector -I/usr/local/include -D_LARGEFILE_SOURCE -D_FILE_OFFSET_BITS=64',
optimize='-O2',
cppflags='-D_REENTRANT -D_GNU_SOURCE -fno-strict-aliasing -pipe -fstack-protector -I/usr/local/include'
ccversion='', gccversion='4.1.2 20061115 (prerelease) (Debian 4.1.1-21)', gccosandvers=''
intsize=4, longsize=8, ptrsize=8, doublesize=8, byteorder=12345678
d_longlong=define, longlongsize=8, d_longdbl=define, longdblsize=16
ivtype='long', ivsize=8, nvtype='double', nvsize=8, Off_t='off_t', lseeksize=8
alignbytes=8, prototype=define
Linker and Libraries:
ld='cc', ldflags =' -fstack-protector -L/usr/local/lib'
libpth=/usr/local/lib /lib /usr/lib /lib64 /usr/lib64
libs=-lnsl -lgdbm -ldb -ldl -lm -lcrypt -lutil -lpthread -lc -lgdbm_compat
perllibs=-lnsl -ldl -lm -lcrypt -lutil -lpthread -lc
libc=/lib/libc-2.3.6.so, so=so, useshrplib=false, libperl=libperl.a
gnulibc_version='2.3.6'
Dynamic Linking:
dlsrc=dl_dlopen.xs, dlext=so, d_dlsymun=undef, ccdlflags='-Wl,-E'
cccdlflags='-fPIC', lddlflags='-shared -O2 -L/usr/local/lib -fstack-protector'
Characteristics of this binary (from libperl):
Compile-time options: MULTIPLICITY PERL_DONT_CREATE_GVSV
PERL_IMPLICIT_CONTEXT PERL_MALLOC_WRAP
PERL_PRESERVE_IVUV USE_64_BIT_ALL USE_64_BIT_INT
USE_ITHREADS USE_LARGE_FILES USE_PERLIO USE_PERL_ATOF
USE_REENTRANT_API
Built under linux
Compiled at Oct 15 2012 11:59:53
%ENV:
PERL="5.14.3"
PERL5LIB=""
PERL5OPT=""
PERL5_CPANPLUS_IS_RUNNING="4193"
PERL5_CPAN_IS_RUNNING="4193"
PERLVER="5.14.3"
PERL_INLINE_DIRECTORY="/home/david/.Inline-5.14.3"
@INC:
/home/david/cpantesting/perl-5.14.3/lib/site_perl/5.14.3/x86_64-linux-thread-multi
/home/david/cpantesting/perl-5.14.3/lib/site_perl/5.14.3
/home/david/cpantesting/perl-5.14.3/lib/5.14.3/x86_64-linux-thread-multi
/home/david/cpantesting/perl-5.14.3/lib/5.14.3
.