Unicode-Digits v20090607 Perl 5 v5.26.1 OpenBSD.amd64-openbsd-thread-multi-ld
- Status
- Fail
- From
- Alceu Rodrigues de Freitas Junior
- Dist
-
Unicode-Digits v20090607
- Platform
- Perl 5 v5.26.1 OpenBSD.amd64-openbsd-thread-multi-ld
- Date
- 2018-03-25 03:00:03
- ID
- 9d8f2052-2fd8-11e8-b499-9b17ca2e601c
This distribution has been tested as part of the CPAN Testers
project, supporting the Perl programming language. See
http://wiki.cpantesters.org/ for more information or email
questions to cpan-testers-discuss@perl.org
--
Dear Chas. J. Owens IV,
This is a computer-generated report for Unicode-Digits-20090607
on perl 5.26.1, created by CPAN-Reporter-1.2018.
Thank you for uploading your work to CPAN. However, there was a problem
testing your distribution.
If you think this report is invalid, please consult the CPAN Testers Wiki
for suggestions on how to avoid getting FAIL reports for missing library
or binary dependencies, unsupported operating systems, and so on:
http://wiki.cpantesters.org/wiki/CPANAuthorNotes
Sections of this report:
* Tester comments
* Program output
* Prerequisites
* Environment and other context
------------------------------
TESTER COMMENTS
------------------------------
Additional comments from tester:
this report is from an automated smoke testing program
and was not reviewed by a human for accuracy
------------------------------
PROGRAM OUTPUT
------------------------------
Output from './Build test':
# Testing Unicode::Digits 20090607, Perl 5.026001, /home/vegeta/perl5/perlbrew/perls/perl-5.26.1/bin/perl
t/00-load.t ........... ok
# Failed test at t/01-digits_to_int.t line 12.
# got: 'string '4á Â' contains digits from different ranges at t/01-digits_to_int.t line 30.
# '
# expected: 'string '4á Â' contains digits from different ranges at t/01-digits_to_int.t line 30
# '
# Failed test at t/01-digits_to_int.t line 12.
# got: 'string 'a is ôò' contains non-digit characters at t/01-digits_to_int.t line 31.
# '
# expected: 'string 'a is ôò' contains non-digit characters at t/01-digits_to_int.t line 31
# '
# Failed test at t/01-digits_to_int.t line 12.
# got: 'string '4á Â' contains digits from different ranges at t/01-digits_to_int.t line 35.
# '
# expected: 'string '4á Â' contains digits from different ranges at t/01-digits_to_int.t line 35
# '
# Failed test at t/01-digits_to_int.t line 37.
# got: 'string 'a is ôò' contains non-digit characters at t/01-digits_to_int.t line 36.
# '
# expected: 'string 'a is ôò' contains non-digit characters at t/01-digits_to_int.t line 36
# '
# Failed test at t/01-digits_to_int.t line 12.
# got: 'Wide character in print at /home/vegeta/perl5/perlbrew/perls/perl-5.26.1/lib/site_perl/5.26.1/Test2/Formatter/TAP.pm line 113.
# '
# expected: ''
# Failed test at t/01-digits_to_int.t line 42.
# got: 'string '4á Â' contains digits from different ranges at t/01-digits_to_int.t line 41.
# '
# expected: 'string '4á Â' contains digits from different ranges at t/01-digits_to_int.t line 41
# '
# Failed test at t/01-digits_to_int.t line 44.
# got: 'string 'a is ôò' contains non-digit characters at t/01-digits_to_int.t line 43.
# '
# expected: 'string 'a is ôò' contains non-digit characters at t/01-digits_to_int.t line 43
# '
# Looks like you failed 7 tests of 37.
t/01-digits_to_int.t ..
Dubious, test returned 7 (wstat 1792, 0x700)
Failed 7/37 subtests
t/boilerplate.t ....... ok
t/pod-coverage.t ...... ok
t/pod.t ............... ok
Test Summary Report
-------------------
t/01-digits_to_int.t (Wstat: 1792 Tests: 37 Failed: 7)
Failed tests: 22, 24, 30-31, 33, 36-37
Non-zero exit status: 7
Files=5, Tests=43, 1 wallclock secs ( 0.02 usr 0.07 sys + 0.70 cusr 0.29 csys = 1.08 CPU)
Result: FAIL
Failed 1/5 test programs. 7/43 subtests failed.
------------------------------
PREREQUISITES
------------------------------
Prerequisite modules loaded:
build_requires:
Module Need Have
------------ ---- --------
Carp 0 1.38
Exporter 0 5.72
strict 0 1.11
Test::More 0 1.302134
Unicode::UCD 0 0.68
warnings 0 1.37
------------------------------
ENVIRONMENT AND OTHER CONTEXT
------------------------------
Environment variables:
AUTOMATED_TESTING = 1
DBD_MYSQL_TESTDB = test
DBD_MYSQL_TESTHOST = localhost
DBD_MYSQL_TESTPASSWORD =
DBD_MYSQL_TESTPORT = 3306
DBD_MYSQL_TESTUSER = vegeta
EXTENDED_TESTING = 1
PATH = /home/vegeta/perl5/perlbrew/bin:/home/vegeta/perl5/perlbrew/perls/perl-5.26.1/bin:/home/vegeta/bin:/usr/bin:/bin:/usr/sbin:/sbin:/usr/X11R6/bin:/usr/local/bin:/usr/local/sbin
PERL5LIB =
PERL5OPT =
PERL5_CPANPLUS_IS_RUNNING = 87620
PERL5_CPAN_IS_RUNNING = 87620
PERL5_CPAN_IS_RUNNING_IN_RECURSION = 20552,87620
PERLBREW_HOME = /home/vegeta/.perlbrew
PERLBREW_MANPATH = /home/vegeta/perl5/perlbrew/perls/perl-5.26.1/man
PERLBREW_PATH = /home/vegeta/perl5/perlbrew/bin:/home/vegeta/perl5/perlbrew/perls/perl-5.26.1/bin
PERLBREW_PERL = perl-5.26.1
PERLBREW_ROOT = /home/vegeta/perl5/perlbrew
PERLBREW_SHELLRC_VERSION = 0.82
PERLBREW_VERSION = 0.82
PERL_CR_SMOKER_CURRENT = Unicode-Digits-20090607
PERL_EXTUTILS_AUTOINSTALL = --defaultdeps
PERL_MM_USE_DEFAULT = 1
SHELL = /usr/local/bin/bash
TERM = xterm
Perl special variables (and OS-specific diagnostics, for MSWin32):
$^X = /home/vegeta/perl5/perlbrew/perls/perl-5.26.1/bin/perl
$UID/$EUID = 1002 / 1002
$GID = 1002 1002 1001
$EGID = 1002 1002 1001
Perl module toolchain versions installed:
Module Have
------------------- --------
CPAN 2.16
CPAN::Meta 2.150010
Cwd 3.74
ExtUtils::CBuilder 0.280230
ExtUtils::Command 7.34
ExtUtils::Install 2.14
ExtUtils::MakeMaker 7.34
ExtUtils::Manifest 1.70
ExtUtils::ParseXS 3.35
File::Spec 3.74
JSON 2.90
JSON::PP 2.97001
Module::Build 0.4224
Module::Signature n/a
Parse::CPAN::Meta 2.150010
Test::Harness 3.42
Test::More 1.302134
YAML 1.24
YAML::Syck 1.30
version 0.9918
--
Summary of my perl5 (revision 5 version 26 subversion 1) configuration:
Platform:
osname=openbsd
osvers=6.2
archname=OpenBSD.amd64-openbsd-thread-multi-ld
uname='openbsd cpan-smoker-openbsd 6.2 generic.mp#134 amd64 '
config_args='-de -Dprefix=/home/vegeta/perl5/perlbrew/perls/perl-5.26.1 -Dman1dir=none -Dman3dir=none -Duse64bitint -Duselongdouble -Duse64bitall -Dusethreads -Dusemultiplicity -Aeval:scriptdir=/home/vegeta/perl5/perlbrew/perls/perl-5.26.1/bin'
hint=recommended
useposix=true
d_sigaction=define
useithreads=define
usemultiplicity=define
use64bitint=define
use64bitall=define
uselongdouble=define
usemymalloc=n
default_inc_excludes_dot=define
bincompat5005=undef
Compiler:
cc='cc'
ccflags ='-pthread -fno-strict-aliasing -pipe -fstack-protector-strong -I/usr/local/include -D_FORTIFY_SOURCE=2'
optimize='-O2'
cppflags='-pthread -fno-strict-aliasing -pipe -fstack-protector-strong -I/usr/local/include'
ccversion=''
gccversion='4.2.1 Compatible OpenBSD Clang 4.0.0 (tags/RELEASE_400/final)'
gccosandvers=''
intsize=4
longsize=8
ptrsize=8
doublesize=8
byteorder=12345678
doublekind=3
d_longlong=define
longlongsize=8
d_longdbl=define
longdblsize=16
longdblkind=3
ivtype='long'
ivsize=8
nvtype='long double'
nvsize=16
Off_t='off_t'
lseeksize=8
alignbytes=16
prototype=define
Linker and Libraries:
ld='cc'
ldflags ='-pthread -Wl,-E -fstack-protector-strong -L/usr/local/lib'
libpth=/usr/lib /usr/local/lib
libs=-lpthread -lm -lutil -lc
perllibs=-lpthread -lm -lutil -lc
libc=/usr/lib/libc.so.90.0
so=so
useshrplib=false
libperl=libperl.a
gnulibc_version=''
Dynamic Linking:
dlsrc=dl_dlopen.xs
dlext=so
d_dlsymun=undef
ccdlflags=' '
cccdlflags='-DPIC -fPIC '
lddlflags='-shared -fPIC -L/usr/local/lib -fstack-protector-strong'
Characteristics of this binary (from libperl):
Compile-time options:
HAS_TIMES
MULTIPLICITY
PERLIO_LAYERS
PERL_COPY_ON_WRITE
PERL_DONT_CREATE_GVSV
PERL_IMPLICIT_CONTEXT
PERL_MALLOC_WRAP
PERL_OP_PARENT
PERL_PRESERVE_IVUV
USE_64_BIT_ALL
USE_64_BIT_INT
USE_ITHREADS
USE_LARGE_FILES
USE_LOCALE
USE_LOCALE_COLLATE
USE_LOCALE_CTYPE
USE_LOCALE_NUMERIC
USE_LOCALE_TIME
USE_LONG_DOUBLE
USE_PERLIO
USE_PERL_ATOF
USE_REENTRANT_API
Locally applied patches:
Devel::PatchPerl 1.48
Built under openbsd
Compiled at Mar 6 2018 14:52:27
%ENV:
PERL5LIB=""
PERL5OPT=""
PERL5_CPANPLUS_IS_RUNNING="87620"
PERL5_CPAN_IS_RUNNING="87620"
PERL5_CPAN_IS_RUNNING_IN_RECURSION="20552,87620"
PERLBREW_HOME="/home/vegeta/.perlbrew"
PERLBREW_MANPATH="/home/vegeta/perl5/perlbrew/perls/perl-5.26.1/man"
PERLBREW_PATH="/home/vegeta/perl5/perlbrew/bin:/home/vegeta/perl5/perlbrew/perls/perl-5.26.1/bin"
PERLBREW_PERL="perl-5.26.1"
PERLBREW_ROOT="/home/vegeta/perl5/perlbrew"
PERLBREW_SHELLRC_VERSION="0.82"
PERLBREW_VERSION="0.82"
PERL_CR_SMOKER_CURRENT="Unicode-Digits-20090607"
PERL_EXTUTILS_AUTOINSTALL="--defaultdeps"
PERL_MM_USE_DEFAULT="1"
@INC:
/home/vegeta/perl5/perlbrew/perls/perl-5.26.1/lib/site_perl/5.26.1/OpenBSD.amd64-openbsd-thread-multi-ld
/home/vegeta/perl5/perlbrew/perls/perl-5.26.1/lib/site_perl/5.26.1
/home/vegeta/perl5/perlbrew/perls/perl-5.26.1/lib/5.26.1/OpenBSD.amd64-openbsd-thread-multi-ld
/home/vegeta/perl5/perlbrew/perls/perl-5.26.1/lib/5.26.1